47.128.28.18 - - [09/Jun/2026:10:37:28 -0400] "GET /?listing%2F13480588%2F HTTP/1.1" 200 31147 "-" "Mozilla/5.0 (Linux; Android 5.0) AppleWebKit/537.36 (KHTML, like Gecko) Mobile Safari/537.36 (compatible; Bytespider; spider-feedback@bytedance.com)"
47.128.28.18 - - [09/Jun/2026:10:37:29 -0400] "GET /wp-content/plugins/elementor/assets/lib/font-awesome/css/all.min.css?ver=4.1.1 HTTP/1.1" 200 12380 "https://radiantskinclinics.org/?listing%2F13480588%2F" "Mozilla/5.0 (Linux; Android 5.0) AppleWebKit/537.36 (KHTML, like Gecko) Mobile Safari/537.36 (compatible; Bytespider; spider-feedback@bytedance.com)"
47.128.28.18 - - [09/Jun/2026:10:37:30 -0400] "GET /wp-content/plugins/elementor/assets/lib/font-awesome/css/font-awesome.min.css?ver=4.7.0 HTTP/1.1" 200 6657 "https://radiantskinclinics.org/?listing%2F13480588%2F" "Mozilla/5.0 (Linux; Android 5.0) AppleWebKit/537.36 (KHTML, like Gecko) Mobile Safari/537.36 (compatible; Bytespider; spider-feedback@bytedance.com)"
47.128.28.18 - - [09/Jun/2026:10:37:30 -0400] "GET /wp-content/themes/medizco/assets/css/woocommerce.css?ver=3.6.0 HTTP/1.1" 200 1767 "https://radiantskinclinics.org/?listing%2F13480588%2F" "Mozilla/5.0 (Linux; Android 5.0) AppleWebKit/537.36 (KHTML, like Gecko) Mobile Safari/537.36 (compatible; Bytespider; spider-feedback@bytedance.com)"
47.128.28.18 - - [09/Jun/2026:10:37:30 -0400] "GET /wp-content/plugins/elementor/assets/css/widget-menu-anchor.min.css?ver=4.1.1 HTTP/1.1" 200 69 "https://radiantskinclinics.org/?listing%2F13480588%2F" "Mozilla/5.0 (Linux; Android 5.0) AppleWebKit/537.36 (KHTML, like Gecko) Mobile Safari/537.36 (compatible; Bytespider; spider-feedback@bytedance.com)"
47.128.28.18 - - [09/Jun/2026:10:37:30 -0400] "GET /wp-content/plugins/elementskit-lite/widgets/init/assets/css/widget-styles.css?ver=3.9.7 HTTP/1.1" 200 49271 "https://radiantskinclinics.org/?listing%2F13480588%2F" "Mozilla/5.0 (Linux; Android 5.0) AppleWebKit/537.36 (KHTML, like Gecko) Mobile Safari/537.36 (compatible; Bytespider; spider-feedback@bytedance.com)"
47.128.28.18 - - [09/Jun/2026:10:37:30 -0400] "GET /wp-content/themes/medizco/assets/images/preloader/oval.svg HTTP/1.1" 206 490 "https://radiantskinclinics.org/?listing%2F13480588%2F" "Mozilla/5.0 (Linux; Android 5.0) AppleWebKit/537.36 (KHTML, like Gecko) Mobile Safari/537.36 (compatible; Bytespider; spider-feedback@bytedance.com)"
47.128.28.18 - - [09/Jun/2026:10:37:30 -0400] "GET /wp-content/plugins/elementskit-lite/modules/elementskit-icon-pack/assets/css/ekiticons.css?ver=3.9.7 HTTP/1.1" 200 9832 "https://radiantskinclinics.org/?listing%2F13480588%2F" "Mozilla/5.0 (Linux; Android 5.0) AppleWebKit/537.36 (KHTML, like Gecko) Mobile Safari/537.36 (compatible; Bytespider; spider-feedback@bytedance.com)"
47.128.28.18 - - [09/Jun/2026:10:37:31 -0400] "GET /wp-content/themes/medizco/assets/css/widget-styles-pro.css?ver=3.6.0 HTTP/1.1" 200 1981 "https://radiantskinclinics.org/?listing%2F13480588%2F" "Mozilla/5.0 (Linux; Android 5.0) AppleWebKit/537.36 (KHTML, like Gecko) Mobile Safari/537.36 (compatible; Bytespider; spider-feedback@bytedance.com)"
47.128.28.18 - - [09/Jun/2026:10:37:31 -0400] "GET /wp-content/uploads/2025/04/hydrafacial.jpg HTTP/1.1" 206 500 "https://radiantskinclinics.org/wp-content/uploads/elementor/css/post-5961.css?ver=1780497356" "Mozilla/5.0 (Linux; Android 5.0) AppleWebKit/537.36 (KHTML, like Gecko) Mobile Safari/537.36 (compatible; Bytespider; spider-feedback@bytedance.com)"
47.128.28.18 - - [09/Jun/2026:10:37:31 -0400] "GET /wp-content/uploads/2025/04/tatoo-removal-600x400.jpg HTTP/1.1" 206 500 "https://radiantskinclinics.org/?listing%2F13480588%2F" "Mozilla/5.0 (Linux; Android 5.0) AppleWebKit/537.36 (KHTML, like Gecko) Mobile Safari/537.36 (compatible; Bytespider; spider-feedback@bytedance.com)"
47.128.28.18 - - [09/Jun/2026:10:37:31 -0400] "GET /wp-content/uploads/2025/04/laser-hair-removal-600x400.jpg HTTP/1.1" 206 500 "https://radiantskinclinics.org/?listing%2F13480588%2F" "Mozilla/5.0 (Linux; Android 5.0) AppleWebKit/537.36 (KHTML, like Gecko) Mobile Safari/537.36 (compatible; Bytespider; spider-feedback@bytedance.com)"
47.128.28.18 - - [09/Jun/2026:10:37:31 -0400] "GET /wp-content/uploads/2025/04/prp-600x336.jpg HTTP/1.1" 206 500 "https://radiantskinclinics.org/?listing%2F13480588%2F" "Mozilla/5.0 (Linux; Android 5.0) AppleWebKit/537.36 (KHTML, like Gecko) Mobile Safari/537.36 (compatible; Bytespider; spider-feedback@bytedance.com)"
47.128.28.18 - - [09/Jun/2026:10:37:31 -0400] "GET /wp-content/uploads/2025/04/tatoo-removal-600x400.jpg HTTP/1.1" 304 0 "https://radiantskinclinics.org/?listing%2F13480588%2F" "Mozilla/5.0 (Linux; Android 5.0) AppleWebKit/537.36 (KHTML, like Gecko) Mobile Safari/537.36 (compatible; Bytespider; spider-feedback@bytedance.com)"
47.128.28.18 - - [09/Jun/2026:10:37:32 -0400] "GET /wp-content/uploads/2025/04/prp-600x336.jpg HTTP/1.1" 304 0 "https://radiantskinclinics.org/?listing%2F13480588%2F" "Mozilla/5.0 (Linux; Android 5.0) AppleWebKit/537.36 (KHTML, like Gecko) Mobile Safari/537.36 (compatible; Bytespider; spider-feedback@bytedance.com)"
47.128.28.18 - - [09/Jun/2026:10:37:32 -0400] "GET /wp-content/uploads/2025/04/tatoo-removal-600x400.jpg HTTP/1.1" 206 32767 "https://radiantskinclinics.org/?listing%2F13480588%2F" "Mozilla/5.0 (Linux; Android 5.0) AppleWebKit/537.36 (KHTML, like Gecko) Mobile Safari/537.36 (compatible; Bytespider; spider-feedback@bytedance.com)"
47.128.28.18 - - [09/Jun/2026:10:37:32 -0400] "GET /wp-content/uploads/2025/04/prp-600x336.jpg HTTP/1.1" 206 48378 "https://radiantskinclinics.org/?listing%2F13480588%2F" "Mozilla/5.0 (Linux; Android 5.0) AppleWebKit/537.36 (KHTML, like Gecko) Mobile Safari/537.36 (compatible; Bytespider; spider-feedback@bytedance.com)"
63.250.38.253 - - [09/Jun/2026:10:42:33 -0400] "POST /wp-cron.php?doing_wp_cron=1781016153.6631050109863281250000 HTTP/1.1" 200 0 "-" "WordPress/7.0; https://radiantskinclinics.org"
66.249.69.7 - - [09/Jun/2026:10:42:29 -0400] "GET /?listing/7261577/ HTTP/1.1" 301 0 "-" "Mozilla/5.0 (Linux; Android 6.0.1; Nexus 5X Build/MMB29P) AppleWebKit/537.36 (KHTML, like Gecko) Chrome/148.0.7778.96 Mobile Safari/537.36 (compatible; Googlebot/2.1; +http://www.google.com/bot.html)"
66.249.69.6 - - [09/Jun/2026:10:42:34 -0400] "GET /?listing%2F7261577%2F HTTP/1.1" 200 31145 "-" "Mozilla/5.0 (Linux; Android 6.0.1; Nexus 5X Build/MMB29P) AppleWebKit/537.36 (KHTML, like Gecko) Chrome/148.0.7778.96 Mobile Safari/537.36 (compatible; Googlebot/2.1; +http://www.google.com/bot.html)"
20.153.140.50 - - [09/Jun/2026:10:50:21 -0400] "GET /wp-login.php HTTP/1.1" 200 1992 "-" "Mozilla/5.0 (Macintosh; Intel Mac OS X 10_15_7) AppleWebKit/605.1.15 (KHTML, like Gecko) Version/18.3 Safari/605.1.15"
63.250.38.253 - - [09/Jun/2026:10:50:25 -0400] "POST /wp-cron.php?doing_wp_cron=1781016625.7534470558166503906250 HTTP/1.1" 200 0 "-" "WordPress/7.0; https://radiantskinclinics.org"
20.153.140.50 - - [09/Jun/2026:10:50:22 -0400] "POST /wp-login.php HTTP/1.1" 200 2099 "https://radiantskinclinics.org/wp-login.php" "Mozilla/5.0 (Macintosh; Intel Mac OS X 10_15_7) AppleWebKit/605.1.15 (KHTML, like Gecko) Version/18.3 Safari/605.1.15"
63.250.38.253 - - [09/Jun/2026:10:59:50 -0400] "POST /wp-cron.php?doing_wp_cron=1781017190.2921280860900878906250 HTTP/1.1" 200 0 "-" "WordPress/7.0; https://radiantskinclinics.org"
66.249.69.5 - - [09/Jun/2026:10:59:47 -0400] "GET /?listing/8352666/ HTTP/1.1" 301 0 "-" "Mozilla/5.0 (Linux; Android 6.0.1; Nexus 5X Build/MMB29P) AppleWebKit/537.36 (KHTML, like Gecko) Chrome/148.0.7778.96 Mobile Safari/537.36 (compatible; Googlebot/2.1; +http://www.google.com/bot.html)"
66.249.69.6 - - [09/Jun/2026:10:59:50 -0400] "GET /?listing%2F8352666%2F HTTP/1.1" 200 31144 "-" "Mozilla/5.0 (Linux; Android 6.0.1; Nexus 5X Build/MMB29P) AppleWebKit/537.36 (KHTML, like Gecko) Chrome/148.0.7778.96 Mobile Safari/537.36 (compatible; Googlebot/2.1; +http://www.google.com/bot.html)"
63.250.38.253 - - [09/Jun/2026:11:03:10 -0400] "POST /wp-cron.php?doing_wp_cron=1781017390.1961810588836669921875 HTTP/1.1" 200 0 "-" "WordPress/7.0; https://radiantskinclinics.org"
43.130.53.252 - - [09/Jun/2026:11:03:06 -0400] "GET / HTTP/1.1" 301 0 "http://www.radiantskinclinics.org" "Mozilla/5.0 (iPhone; CPU iPhone OS 13_2_3 like Mac OS X) AppleWebKit/605.1.15 (KHTML, like Gecko) Version/13.0.3 Mobile/15E148 Safari/604.1"
43.130.53.252 - - [09/Jun/2026:11:03:10 -0400] "GET / HTTP/1.1" 200 35555 "https://www.radiantskinclinics.org/" "Mozilla/5.0 (iPhone; CPU iPhone OS 13_2_3 like Mac OS X) AppleWebKit/605.1.15 (KHTML, like Gecko) Version/13.0.3 Mobile/15E148 Safari/604.1"
40.88.21.235 - - [09/Jun/2026:11:04:15 -0400] "GET / HTTP/1.1" 200 35555 "http://radiantskinclinics.org" "DuckDuckBot/1.1; (+http://duckduckgo.com/duckduckbot.html)"
40.88.21.235 - - [09/Jun/2026:11:04:15 -0400] "GET /wp-content/uploads/2025/04/radiant-logo.png HTTP/1.1" 200 12307 "-" "DuckDuckBot/1.1; (+http://duckduckgo.com/duckduckbot.html)"
51.68.111.205 - - [09/Jun/2026:11:06:55 -0400] "GET /robots.txt HTTP/1.1" 200 77 "-" "Mozilla/5.0 (compatible; MJ12bot/v2.0.5; http://mj12bot.com/)"
51.68.111.205 - - [09/Jun/2026:11:06:55 -0400] "GET / HTTP/1.1" 200 31140 "-" "Mozilla/5.0 (compatible; MJ12bot/v2.0.5; http://mj12bot.com/)"
63.250.38.253 - - [09/Jun/2026:11:09:33 -0400] "POST /wp-cron.php?doing_wp_cron=1781017773.1501560211181640625000 HTTP/1.1" 200 0 "-" "WordPress/7.0; https://radiantskinclinics.org"
47.128.28.191 - - [09/Jun/2026:11:09:29 -0400] "GET /?listing/7814011/ HTTP/1.1" 301 0 "-" "Mozilla/5.0 (Linux; Android 5.0) AppleWebKit/537.36 (KHTML, like Gecko) Mobile Safari/537.36 (compatible; Bytespider; spider-feedback@bytedance.com)"
47.128.28.191 - - [09/Jun/2026:11:09:33 -0400] "GET /?listing%2F7814011%2F HTTP/1.1" 200 31146 "-" "Mozilla/5.0 (Linux; Android 5.0) AppleWebKit/537.36 (KHTML, like Gecko) Mobile Safari/537.36 (compatible; Bytespider; spider-feedback@bytedance.com)"
47.128.28.191 - - [09/Jun/2026:11:09:34 -0400] "GET /wp-content/plugins/elementor/assets/lib/font-awesome/css/all.min.css?ver=4.1.1 HTTP/1.1" 200 12380 "https://radiantskinclinics.org/?listing%2F7814011%2F" "Mozilla/5.0 (Linux; Android 5.0) AppleWebKit/537.36 (KHTML, like Gecko) Mobile Safari/537.36 (compatible; Bytespider; spider-feedback@bytedance.com)"
47.128.28.191 - - [09/Jun/2026:11:09:34 -0400] "GET /wp-content/plugins/woocommerce/assets/css/woocommerce.css?ver=10.8.1 HTTP/1.1" 200 10456 "https://radiantskinclinics.org/?listing%2F7814011%2F" "Mozilla/5.0 (Linux; Android 5.0) AppleWebKit/537.36 (KHTML, like Gecko) Mobile Safari/537.36 (compatible; Bytespider; spider-feedback@bytedance.com)"
47.128.28.191 - - [09/Jun/2026:11:09:35 -0400] "GET /wp-content/plugins/elementor/assets/lib/animations/styles/fadeInRight.min.css?ver=4.1.1 HTTP/1.1" 200 139 "https://radiantskinclinics.org/?listing%2F7814011%2F" "Mozilla/5.0 (Linux; Android 5.0) AppleWebKit/537.36 (KHTML, like Gecko) Mobile Safari/537.36 (compatible; Bytespider; spider-feedback@bytedance.com)"
47.128.28.191 - - [09/Jun/2026:11:09:35 -0400] "GET /wp-content/plugins/elementor/assets/lib/animations/styles/fadeInDown.min.css?ver=4.1.1 HTTP/1.1" 200 137 "https://radiantskinclinics.org/?listing%2F7814011%2F" "Mozilla/5.0 (Linux; Android 5.0) AppleWebKit/537.36 (KHTML, like Gecko) Mobile Safari/537.36 (compatible; Bytespider; spider-feedback@bytedance.com)"
47.128.28.191 - - [09/Jun/2026:11:09:35 -0400] "GET /wp-content/plugins/elementskit-lite/widgets/init/assets/css/widget-styles.css?ver=3.9.7 HTTP/1.1" 200 49271 "https://radiantskinclinics.org/?listing%2F7814011%2F" "Mozilla/5.0 (Linux; Android 5.0) AppleWebKit/537.36 (KHTML, like Gecko) Mobile Safari/537.36 (compatible; Bytespider; spider-feedback@bytedance.com)"
47.128.28.191 - - [09/Jun/2026:11:09:35 -0400] "GET /wp-content/themes/medizco/assets/images/preloader/oval.svg HTTP/1.1" 206 490 "https://radiantskinclinics.org/?listing%2F7814011%2F" "Mozilla/5.0 (Linux; Android 5.0) AppleWebKit/537.36 (KHTML, like Gecko) Mobile Safari/537.36 (compatible; Bytespider; spider-feedback@bytedance.com)"
47.128.28.191 - - [09/Jun/2026:11:09:36 -0400] "GET /wp-content/uploads/2025/04/radiant-logo.png HTTP/1.1" 206 500 "https://radiantskinclinics.org/?listing%2F7814011%2F" "Mozilla/5.0 (Linux; Android 5.0) AppleWebKit/537.36 (KHTML, like Gecko) Mobile Safari/537.36 (compatible; Bytespider; spider-feedback@bytedance.com)"
63.250.38.253 - - [09/Jun/2026:11:13:54 -0400] "POST /wp-cron.php?doing_wp_cron=1781018034.1741380691528320312500 HTTP/1.1" 200 0 "-" "WordPress/7.0; https://radiantskinclinics.org"
52.167.144.179 - - [09/Jun/2026:11:13:50 -0400] "GET /?listing/11564822/ HTTP/1.1" 301 0 "-" "Mozilla/5.0 AppleWebKit/537.36 (KHTML, like Gecko; compatible; bingbot/2.0; +http://www.bing.com/bingbot.htm) Chrome/116.0.1938.76 Safari/537.36"
40.77.167.241 - - [09/Jun/2026:11:13:55 -0400] "GET /?listing/21444166/ HTTP/1.1" 301 0 "-" "Mozilla/5.0 AppleWebKit/537.36 (KHTML, like Gecko; compatible; bingbot/2.0; +http://www.bing.com/bingbot.htm) Chrome/116.0.1938.76 Safari/537.36"
40.77.167.241 - - [09/Jun/2026:11:13:55 -0400] "GET /?listing/19024777/ HTTP/1.1" 301 0 "-" "Mozilla/5.0 AppleWebKit/537.36 (KHTML, like Gecko; compatible; bingbot/2.0; +http://www.bing.com/bingbot.htm) Chrome/116.0.1938.76 Safari/537.36"
40.77.167.241 - - [09/Jun/2026:11:13:55 -0400] "GET /?listing/18320611/ HTTP/1.1" 301 0 "-" "Mozilla/5.0 AppleWebKit/537.36 (KHTML, like Gecko; compatible; bingbot/2.0; +http://www.bing.com/bingbot.htm) Chrome/116.0.1938.76 Safari/537.36"
40.77.167.241 - - [09/Jun/2026:11:13:57 -0400] "GET /?listing/11968999/ HTTP/1.1" 301 0 "-" "Mozilla/5.0 AppleWebKit/537.36 (KHTML, like Gecko; compatible; bingbot/2.0; +http://www.bing.com/bingbot.htm) Chrome/116.0.1938.76 Safari/537.36"
40.77.167.241 - - [09/Jun/2026:11:13:57 -0400] "GET /?listing/9610977/ HTTP/1.1" 301 0 "-" "Mozilla/5.0 AppleWebKit/537.36 (KHTML, like Gecko; compatible; bingbot/2.0; +http://www.bing.com/bingbot.htm) Chrome/116.0.1938.76 Safari/537.36"
52.167.144.179 - - [09/Jun/2026:11:14:00 -0400] "GET /?listing/2689799/ HTTP/1.1" 301 0 "-" "Mozilla/5.0 AppleWebKit/537.36 (KHTML, like Gecko; compatible; bingbot/2.0; +http://www.bing.com/bingbot.htm) Chrome/116.0.1938.76 Safari/537.36"
52.167.144.179 - - [09/Jun/2026:11:14:01 -0400] "GET /?listing/8280600/ HTTP/1.1" 301 0 "-" "Mozilla/5.0 AppleWebKit/537.36 (KHTML, like Gecko; compatible; bingbot/2.0; +http://www.bing.com/bingbot.htm) Chrome/116.0.1938.76 Safari/537.36"
52.167.144.179 - - [09/Jun/2026:11:14:02 -0400] "GET /?listing/24233333/ HTTP/1.1" 301 0 "-" "Mozilla/5.0 AppleWebKit/537.36 (KHTML, like Gecko; compatible; bingbot/2.0; +http://www.bing.com/bingbot.htm) Chrome/116.0.1938.76 Safari/537.36"
40.77.167.241 - - [09/Jun/2026:11:14:02 -0400] "GET /?listing/19734655/ HTTP/1.1" 301 0 "-" "Mozilla/5.0 AppleWebKit/537.36 (KHTML, like Gecko; compatible; bingbot/2.0; +http://www.bing.com/bingbot.htm) Chrome/116.0.1938.76 Safari/537.36"
40.77.167.241 - - [09/Jun/2026:11:14:05 -0400] "GET /?listing/12012044/ HTTP/1.1" 301 0 "-" "Mozilla/5.0 AppleWebKit/537.36 (KHTML, like Gecko; compatible; bingbot/2.0; +http://www.bing.com/bingbot.htm) Chrome/116.0.1938.76 Safari/537.36"
40.77.167.241 - - [09/Jun/2026:11:14:06 -0400] "GET /?listing/7367455/ HTTP/1.1" 301 0 "-" "Mozilla/5.0 AppleWebKit/537.36 (KHTML, like Gecko; compatible; bingbot/2.0; +http://www.bing.com/bingbot.htm) Chrome/116.0.1938.76 Safari/537.36"
40.77.167.241 - - [09/Jun/2026:11:14:06 -0400] "GET /?listing/16205566/ HTTP/1.1" 301 0 "-" "Mozilla/5.0 AppleWebKit/537.36 (KHTML, like Gecko; compatible; bingbot/2.0; +http://www.bing.com/bingbot.htm) Chrome/116.0.1938.76 Safari/537.36"
40.77.167.241 - - [09/Jun/2026:11:14:06 -0400] "GET /?listing/19708466/ HTTP/1.1" 301 0 "-" "Mozilla/5.0 AppleWebKit/537.36 (KHTML, like Gecko; compatible; bingbot/2.0; +http://www.bing.com/bingbot.htm) Chrome/116.0.1938.76 Safari/537.36"
40.77.167.241 - - [09/Jun/2026:11:14:07 -0400] "GET /?listing/23466499/ HTTP/1.1" 301 0 "-" "Mozilla/5.0 AppleWebKit/537.36 (KHTML, like Gecko; compatible; bingbot/2.0; +http://www.bing.com/bingbot.htm) Chrome/116.0.1938.76 Safari/537.36"
40.77.167.241 - - [09/Jun/2026:11:14:07 -0400] "GET /?listing/11909300/ HTTP/1.1" 301 0 "-" "Mozilla/5.0 AppleWebKit/537.36 (KHTML, like Gecko; compatible; bingbot/2.0; +http://www.bing.com/bingbot.htm) Chrome/116.0.1938.76 Safari/537.36"
40.77.167.241 - - [09/Jun/2026:11:14:11 -0400] "GET /?listing/22939544/ HTTP/1.1" 301 0 "-" "Mozilla/5.0 AppleWebKit/537.36 (KHTML, like Gecko; compatible; bingbot/2.0; +http://www.bing.com/bingbot.htm) Chrome/116.0.1938.76 Safari/537.36"
40.77.167.241 - - [09/Jun/2026:11:14:12 -0400] "GET /?listing/7896499/ HTTP/1.1" 301 0 "-" "Mozilla/5.0 AppleWebKit/537.36 (KHTML, like Gecko; compatible; bingbot/2.0; +http://www.bing.com/bingbot.htm) Chrome/116.0.1938.76 Safari/537.36"
40.77.167.241 - - [09/Jun/2026:11:14:14 -0400] "GET /?listing/15605055/ HTTP/1.1" 301 0 "-" "Mozilla/5.0 AppleWebKit/537.36 (KHTML, like Gecko; compatible; bingbot/2.0; +http://www.bing.com/bingbot.htm) Chrome/116.0.1938.76 Safari/537.36"
40.77.167.241 - - [09/Jun/2026:11:14:15 -0400] "GET /?listing/7169799/ HTTP/1.1" 301 0 "-" "Mozilla/5.0 AppleWebKit/537.36 (KHTML, like Gecko; compatible; bingbot/2.0; +http://www.bing.com/bingbot.htm) Chrome/116.0.1938.76 Safari/537.36"
40.77.167.241 - - [09/Jun/2026:11:14:16 -0400] "GET /?listing/5966922/ HTTP/1.1" 301 0 "-" "Mozilla/5.0 AppleWebKit/537.36 (KHTML, like Gecko; compatible; bingbot/2.0; +http://www.bing.com/bingbot.htm) Chrome/116.0.1938.76 Safari/537.36"
40.77.167.241 - - [09/Jun/2026:11:14:17 -0400] "GET /?listing/17986455/ HTTP/1.1" 301 0 "-" "Mozilla/5.0 AppleWebKit/537.36 (KHTML, like Gecko; compatible; bingbot/2.0; +http://www.bing.com/bingbot.htm) Chrome/116.0.1938.76 Safari/537.36"
40.77.167.241 - - [09/Jun/2026:11:14:17 -0400] "GET /?listing/4293499/ HTTP/1.1" 301 0 "-" "Mozilla/5.0 AppleWebKit/537.36 (KHTML, like Gecko; compatible; bingbot/2.0; +http://www.bing.com/bingbot.htm) Chrome/116.0.1938.76 Safari/537.36"
40.77.167.241 - - [09/Jun/2026:11:14:18 -0400] "GET /?listing/10147600/ HTTP/1.1" 301 0 "-" "Mozilla/5.0 AppleWebKit/537.36 (KHTML, like Gecko; compatible; bingbot/2.0; +http://www.bing.com/bingbot.htm) Chrome/116.0.1938.76 Safari/537.36"
40.77.167.241 - - [09/Jun/2026:11:14:18 -0400] "GET /?listing/21919977/ HTTP/1.1" 301 0 "-" "Mozilla/5.0 AppleWebKit/537.36 (KHTML, like Gecko; compatible; bingbot/2.0; +http://www.bing.com/bingbot.htm) Chrome/116.0.1938.76 Safari/537.36"
40.77.167.241 - - [09/Jun/2026:11:14:19 -0400] "GET /?listing/1348666/ HTTP/1.1" 301 0 "-" "Mozilla/5.0 AppleWebKit/537.36 (KHTML, like Gecko; compatible; bingbot/2.0; +http://www.bing.com/bingbot.htm) Chrome/116.0.1938.76 Safari/537.36"
40.77.167.241 - - [09/Jun/2026:11:14:19 -0400] "GET /?listing/19014422/ HTTP/1.1" 301 0 "-" "Mozilla/5.0 AppleWebKit/537.36 (KHTML, like Gecko; compatible; bingbot/2.0; +http://www.bing.com/bingbot.htm) Chrome/116.0.1938.76 Safari/537.36"
52.167.144.179 - - [09/Jun/2026:11:14:21 -0400] "GET /?listing/1210688/ HTTP/1.1" 301 0 "-" "Mozilla/5.0 AppleWebKit/537.36 (KHTML, like Gecko; compatible; bingbot/2.0; +http://www.bing.com/bingbot.htm) Chrome/116.0.1938.76 Safari/537.36"
52.167.144.179 - - [09/Jun/2026:11:14:23 -0400] "GET /?listing/3294088/ HTTP/1.1" 301 0 "-" "Mozilla/5.0 AppleWebKit/537.36 (KHTML, like Gecko; compatible; bingbot/2.0; +http://www.bing.com/bingbot.htm) Chrome/116.0.1938.76 Safari/537.36"
40.77.167.241 - - [09/Jun/2026:11:14:23 -0400] "GET /?listing/12653566/ HTTP/1.1" 301 0 "-" "Mozilla/5.0 AppleWebKit/537.36 (KHTML, like Gecko; compatible; bingbot/2.0; +http://www.bing.com/bingbot.htm) Chrome/116.0.1938.76 Safari/537.36"
52.167.144.179 - - [09/Jun/2026:11:14:24 -0400] "GET /?listing/23022700/ HTTP/1.1" 301 0 "-" "Mozilla/5.0 AppleWebKit/537.36 (KHTML, like Gecko; compatible; bingbot/2.0; +http://www.bing.com/bingbot.htm) Chrome/116.0.1938.76 Safari/537.36"
40.77.167.241 - - [09/Jun/2026:11:14:31 -0400] "GET /?listing/10961166/ HTTP/1.1" 301 0 "-" "Mozilla/5.0 AppleWebKit/537.36 (KHTML, like Gecko; compatible; bingbot/2.0; +http://www.bing.com/bingbot.htm) Chrome/116.0.1938.76 Safari/537.36"
40.77.167.241 - - [09/Jun/2026:11:14:32 -0400] "GET /?listing/22451233/ HTTP/1.1" 301 0 "-" "Mozilla/5.0 AppleWebKit/537.36 (KHTML, like Gecko; compatible; bingbot/2.0; +http://www.bing.com/bingbot.htm) Chrome/116.0.1938.76 Safari/537.36"
40.77.167.241 - - [09/Jun/2026:11:14:32 -0400] "GET /?listing/2210844/ HTTP/1.1" 301 0 "-" "Mozilla/5.0 AppleWebKit/537.36 (KHTML, like Gecko; compatible; bingbot/2.0; +http://www.bing.com/bingbot.htm) Chrome/116.0.1938.76 Safari/537.36"
52.167.144.179 - - [09/Jun/2026:11:14:35 -0400] "GET /?listing/23315288/ HTTP/1.1" 301 0 "-" "Mozilla/5.0 AppleWebKit/537.36 (KHTML, like Gecko; compatible; bingbot/2.0; +http://www.bing.com/bingbot.htm) Chrome/116.0.1938.76 Safari/537.36"
52.167.144.179 - - [09/Jun/2026:11:14:36 -0400] "GET /?listing/11328399/ HTTP/1.1" 301 0 "-" "Mozilla/5.0 AppleWebKit/537.36 (KHTML, like Gecko; compatible; bingbot/2.0; +http://www.bing.com/bingbot.htm) Chrome/116.0.1938.76 Safari/537.36"
52.167.144.179 - - [09/Jun/2026:11:14:36 -0400] "GET /?listing/4125144/ HTTP/1.1" 301 0 "-" "Mozilla/5.0 AppleWebKit/537.36 (KHTML, like Gecko; compatible; bingbot/2.0; +http://www.bing.com/bingbot.htm) Chrome/116.0.1938.76 Safari/537.36"
40.77.167.241 - - [09/Jun/2026:11:14:43 -0400] "GET /?listing/21883099/ HTTP/1.1" 301 0 "-" "Mozilla/5.0 AppleWebKit/537.36 (KHTML, like Gecko; compatible; bingbot/2.0; +http://www.bing.com/bingbot.htm) Chrome/116.0.1938.76 Safari/537.36"
40.77.167.241 - - [09/Jun/2026:11:14:44 -0400] "GET /?listing/20348700/ HTTP/1.1" 301 0 "-" "Mozilla/5.0 AppleWebKit/537.36 (KHTML, like Gecko; compatible; bingbot/2.0; +http://www.bing.com/bingbot.htm) Chrome/116.0.1938.76 Safari/537.36"
40.77.167.241 - - [09/Jun/2026:11:14:45 -0400] "GET /?listing/23227988/ HTTP/1.1" 301 0 "-" "Mozilla/5.0 AppleWebKit/537.36 (KHTML, like Gecko; compatible; bingbot/2.0; +http://www.bing.com/bingbot.htm) Chrome/116.0.1938.76 Safari/537.36"
63.250.38.253 - - [09/Jun/2026:11:15:12 -0400] "POST /wp-cron.php?doing_wp_cron=1781018112.7898540496826171875000 HTTP/1.1" 200 0 "-" "WordPress/7.0; https://radiantskinclinics.org"
66.249.69.6 - - [09/Jun/2026:11:15:12 -0400] "GET /?listing/12825633/ HTTP/1.1" 301 0 "-" "Mozilla/5.0 (Linux; Android 6.0.1; Nexus 5X Build/MMB29P) AppleWebKit/537.36 (KHTML, like Gecko) Chrome/148.0.7778.96 Mobile Safari/537.36 (compatible; Googlebot/2.1; +http://www.google.com/bot.html)"
66.249.69.7 - - [09/Jun/2026:11:15:13 -0400] "GET /?listing%2F12825633%2F HTTP/1.1" 200 31158 "-" "Mozilla/5.0 (Linux; Android 6.0.1; Nexus 5X Build/MMB29P) AppleWebKit/537.36 (KHTML, like Gecko) Chrome/148.0.7778.96 Mobile Safari/537.36 (compatible; Googlebot/2.1; +http://www.google.com/bot.html)"
63.250.38.253 - - [09/Jun/2026:11:16:12 -0400] "POST /wp-cron.php?doing_wp_cron=1781018172.5376439094543457031250 HTTP/1.1" 200 0 "-" "WordPress/7.0; https://radiantskinclinics.org"
52.167.144.179 - - [09/Jun/2026:11:16:12 -0400] "GET /?listing/25528900/ HTTP/1.1" 301 0 "-" "Mozilla/5.0 AppleWebKit/537.36 (KHTML, like Gecko; compatible; bingbot/2.0; +http://www.bing.com/bingbot.htm) Chrome/116.0.1938.76 Safari/537.36"
52.167.144.179 - - [09/Jun/2026:11:16:13 -0400] "GET /?listing/9113744/ HTTP/1.1" 301 0 "-" "Mozilla/5.0 AppleWebKit/537.36 (KHTML, like Gecko; compatible; bingbot/2.0; +http://www.bing.com/bingbot.htm) Chrome/116.0.1938.76 Safari/537.36"
40.77.167.241 - - [09/Jun/2026:11:16:16 -0400] "GET /?listing/16525455/ HTTP/1.1" 301 0 "-" "Mozilla/5.0 AppleWebKit/537.36 (KHTML, like Gecko; compatible; bingbot/2.0; +http://www.bing.com/bingbot.htm) Chrome/116.0.1938.76 Safari/537.36"
40.77.167.241 - - [09/Jun/2026:11:16:17 -0400] "GET /?listing/21615200/ HTTP/1.1" 301 0 "-" "Mozilla/5.0 AppleWebKit/537.36 (KHTML, like Gecko; compatible; bingbot/2.0; +http://www.bing.com/bingbot.htm) Chrome/116.0.1938.76 Safari/537.36"
40.77.167.241 - - [09/Jun/2026:11:16:17 -0400] "GET /?listing/6594077/ HTTP/1.1" 301 0 "-" "Mozilla/5.0 AppleWebKit/537.36 (KHTML, like Gecko; compatible; bingbot/2.0; +http://www.bing.com/bingbot.htm) Chrome/116.0.1938.76 Safari/537.36"
40.77.167.241 - - [09/Jun/2026:11:16:18 -0400] "GET /?listing/16672699/ HTTP/1.1" 301 0 "-" "Mozilla/5.0 AppleWebKit/537.36 (KHTML, like Gecko; compatible; bingbot/2.0; +http://www.bing.com/bingbot.htm) Chrome/116.0.1938.76 Safari/537.36"
40.77.167.241 - - [09/Jun/2026:11:16:19 -0400] "GET /?listing/5369300/ HTTP/1.1" 301 0 "-" "Mozilla/5.0 AppleWebKit/537.36 (KHTML, like Gecko; compatible; bingbot/2.0; +http://www.bing.com/bingbot.htm) Chrome/116.0.1938.76 Safari/537.36"
40.77.167.241 - - [09/Jun/2026:11:16:21 -0400] "GET /?listing/17296511/ HTTP/1.1" 301 0 "-" "Mozilla/5.0 AppleWebKit/537.36 (KHTML, like Gecko; compatible; bingbot/2.0; +http://www.bing.com/bingbot.htm) Chrome/116.0.1938.76 Safari/537.36"
40.77.167.241 - - [09/Jun/2026:11:16:22 -0400] "GET /?listing/21578211/ HTTP/1.1" 301 0 "-" "Mozilla/5.0 AppleWebKit/537.36 (KHTML, like Gecko; compatible; bingbot/2.0; +http://www.bing.com/bingbot.htm) Chrome/116.0.1938.76 Safari/537.36"
40.77.167.241 - - [09/Jun/2026:11:16:23 -0400] "GET /?listing/13477600/ HTTP/1.1" 301 0 "-" "Mozilla/5.0 AppleWebKit/537.36 (KHTML, like Gecko; compatible; bingbot/2.0; +http://www.bing.com/bingbot.htm) Chrome/116.0.1938.76 Safari/537.36"
52.167.144.179 - - [09/Jun/2026:11:16:26 -0400] "GET /?listing/14594733/ HTTP/1.1" 301 0 "-" "Mozilla/5.0 AppleWebKit/537.36 (KHTML, like Gecko; compatible; bingbot/2.0; +http://www.bing.com/bingbot.htm) Chrome/116.0.1938.76 Safari/537.36"
52.167.144.179 - - [09/Jun/2026:11:16:26 -0400] "GET /?listing/24668722/ HTTP/1.1" 301 0 "-" "Mozilla/5.0 AppleWebKit/537.36 (KHTML, like Gecko; compatible; bingbot/2.0; +http://www.bing.com/bingbot.htm) Chrome/116.0.1938.76 Safari/537.36"
52.167.144.179 - - [09/Jun/2026:11:16:28 -0400] "GET /?listing/9816288/ HTTP/1.1" 301 0 "-" "Mozilla/5.0 AppleWebKit/537.36 (KHTML, like Gecko; compatible; bingbot/2.0; +http://www.bing.com/bingbot.htm) Chrome/116.0.1938.76 Safari/537.36"
52.167.144.179 - - [09/Jun/2026:11:16:28 -0400] "GET /?listing/6816888/ HTTP/1.1" 301 0 "-" "Mozilla/5.0 AppleWebKit/537.36 (KHTML, like Gecko; compatible; bingbot/2.0; +http://www.bing.com/bingbot.htm) Chrome/116.0.1938.76 Safari/537.36"
52.167.144.179 - - [09/Jun/2026:11:16:29 -0400] "GET /?listing/22290877/ HTTP/1.1" 301 0 "-" "Mozilla/5.0 AppleWebKit/537.36 (KHTML, like Gecko; compatible; bingbot/2.0; +http://www.bing.com/bingbot.htm) Chrome/116.0.1938.76 Safari/537.36"
52.167.144.179 - - [09/Jun/2026:11:16:31 -0400] "GET /?listing/8765211/ HTTP/1.1" 301 0 "-" "Mozilla/5.0 AppleWebKit/537.36 (KHTML, like Gecko; compatible; bingbot/2.0; +http://www.bing.com/bingbot.htm) Chrome/116.0.1938.76 Safari/537.36"
52.167.144.179 - - [09/Jun/2026:11:16:31 -0400] "GET /?listing/12497199/ HTTP/1.1" 301 0 "-" "Mozilla/5.0 AppleWebKit/537.36 (KHTML, like Gecko; compatible; bingbot/2.0; +http://www.bing.com/bingbot.htm) Chrome/116.0.1938.76 Safari/537.36"
52.167.144.179 - - [09/Jun/2026:11:16:32 -0400] "GET /?listing/7143077/ HTTP/1.1" 301 0 "-" "Mozilla/5.0 AppleWebKit/537.36 (KHTML, like Gecko; compatible; bingbot/2.0; +http://www.bing.com/bingbot.htm) Chrome/116.0.1938.76 Safari/537.36"
40.77.167.241 - - [09/Jun/2026:11:16:36 -0400] "GET /?listing/2065300/ HTTP/1.1" 301 0 "-" "Mozilla/5.0 AppleWebKit/537.36 (KHTML, like Gecko; compatible; bingbot/2.0; +http://www.bing.com/bingbot.htm) Chrome/116.0.1938.76 Safari/537.36"
40.77.167.241 - - [09/Jun/2026:11:16:36 -0400] "GET /?listing/24666133/ HTTP/1.1" 301 0 "-" "Mozilla/5.0 AppleWebKit/537.36 (KHTML, like Gecko; compatible; bingbot/2.0; +http://www.bing.com/bingbot.htm) Chrome/116.0.1938.76 Safari/537.36"
40.77.167.241 - - [09/Jun/2026:11:16:37 -0400] "GET /?listing/23830666/ HTTP/1.1" 301 0 "-" "Mozilla/5.0 AppleWebKit/537.36 (KHTML, like Gecko; compatible; bingbot/2.0; +http://www.bing.com/bingbot.htm) Chrome/116.0.1938.76 Safari/537.36"
40.77.167.241 - - [09/Jun/2026:11:16:38 -0400] "GET /?listing/10230611/ HTTP/1.1" 301 0 "-" "Mozilla/5.0 AppleWebKit/537.36 (KHTML, like Gecko; compatible; bingbot/2.0; +http://www.bing.com/bingbot.htm) Chrome/116.0.1938.76 Safari/537.36"
52.167.144.179 - - [09/Jun/2026:11:16:41 -0400] "GET /?listing/22136899/ HTTP/1.1" 301 0 "-" "Mozilla/5.0 AppleWebKit/537.36 (KHTML, like Gecko; compatible; bingbot/2.0; +http://www.bing.com/bingbot.htm) Chrome/116.0.1938.76 Safari/537.36"
52.167.144.179 - - [09/Jun/2026:11:16:41 -0400] "GET /?listing/21691100/ HTTP/1.1" 301 0 "-" "Mozilla/5.0 AppleWebKit/537.36 (KHTML, like Gecko; compatible; bingbot/2.0; +http://www.bing.com/bingbot.htm) Chrome/116.0.1938.76 Safari/537.36"
40.77.167.241 - - [09/Jun/2026:11:16:46 -0400] "GET /?listing/18565499/ HTTP/1.1" 301 0 "-" "Mozilla/5.0 AppleWebKit/537.36 (KHTML, like Gecko; compatible; bingbot/2.0; +http://www.bing.com/bingbot.htm) Chrome/116.0.1938.76 Safari/537.36"
63.250.38.253 - - [09/Jun/2026:11:16:48 -0400] "POST /wp-cron.php?doing_wp_cron=1781018208.2200579643249511718750 HTTP/1.1" 200 0 "-" "WordPress/7.0; https://radiantskinclinics.org"
40.77.167.241 - - [09/Jun/2026:11:16:47 -0400] "GET /?listing/12130755/ HTTP/1.1" 301 0 "-" "Mozilla/5.0 AppleWebKit/537.36 (KHTML, like Gecko; compatible; bingbot/2.0; +http://www.bing.com/bingbot.htm) Chrome/116.0.1938.76 Safari/537.36"
40.77.167.241 - - [09/Jun/2026:11:16:48 -0400] "GET /?listing/7355766/ HTTP/1.1" 301 0 "-" "Mozilla/5.0 AppleWebKit/537.36 (KHTML, like Gecko; compatible; bingbot/2.0; +http://www.bing.com/bingbot.htm) Chrome/116.0.1938.76 Safari/537.36"
40.77.167.241 - - [09/Jun/2026:11:16:56 -0400] "GET /?listing/23598188/ HTTP/1.1" 301 0 "-" "Mozilla/5.0 AppleWebKit/537.36 (KHTML, like Gecko; compatible; bingbot/2.0; +http://www.bing.com/bingbot.htm) Chrome/116.0.1938.76 Safari/537.36"
40.77.167.241 - - [09/Jun/2026:11:16:56 -0400] "GET /?listing/24405455/ HTTP/1.1" 301 0 "-" "Mozilla/5.0 AppleWebKit/537.36 (KHTML, like Gecko; compatible; bingbot/2.0; +http://www.bing.com/bingbot.htm) Chrome/116.0.1938.76 Safari/537.36"
40.77.167.241 - - [09/Jun/2026:11:16:57 -0400] "GET /?listing/2026466/ HTTP/1.1" 301 0 "-" "Mozilla/5.0 AppleWebKit/537.36 (KHTML, like Gecko; compatible; bingbot/2.0; +http://www.bing.com/bingbot.htm) Chrome/116.0.1938.76 Safari/537.36"
63.250.38.253 - - [09/Jun/2026:11:19:34 -0400] "POST /wp-cron.php?doing_wp_cron=1781018374.2900180816650390625000 HTTP/1.1" 200 0 "-" "WordPress/7.0; https://radiantskinclinics.org"
44.223.193.255 - - [09/Jun/2026:11:19:30 -0400] "GET /wp-json/wp/v2/pages/6473 HTTP/1.1" 200 33016 "-" "Mozilla/5.0 AppleWebKit/537.36 (KHTML, like Gecko; compatible; Amazonbot/0.1; +https://developer.amazon.com/support/amazonbot) Chrome/119.0.6045.214 Safari/537.36"
40.77.167.230 - - [09/Jun/2026:11:19:43 -0400] "GET /?listing/11601400/ HTTP/1.1" 301 0 "-" "Mozilla/5.0 AppleWebKit/537.36 (KHTML, like Gecko; compatible; bingbot/2.0; +http://www.bing.com/bingbot.htm) Chrome/116.0.1938.76 Safari/537.36"
40.77.167.230 - - [09/Jun/2026:11:19:43 -0400] "GET /?listing/8999077/ HTTP/1.1" 301 0 "-" "Mozilla/5.0 AppleWebKit/537.36 (KHTML, like Gecko; compatible; bingbot/2.0; +http://www.bing.com/bingbot.htm) Chrome/116.0.1938.76 Safari/537.36"
40.77.167.131 - - [09/Jun/2026:11:19:44 -0400] "GET /?listing/11907644/ HTTP/1.1" 301 0 "-" "Mozilla/5.0 AppleWebKit/537.36 (KHTML, like Gecko; compatible; bingbot/2.0; +http://www.bing.com/bingbot.htm) Chrome/116.0.1938.76 Safari/537.36"
40.77.167.230 - - [09/Jun/2026:11:19:45 -0400] "GET /?listing/11598688/ HTTP/1.1" 301 0 "-" "Mozilla/5.0 AppleWebKit/537.36 (KHTML, like Gecko; compatible; bingbot/2.0; +http://www.bing.com/bingbot.htm) Chrome/116.0.1938.76 Safari/537.36"
40.77.167.230 - - [09/Jun/2026:11:19:46 -0400] "GET /?listing/2278999/ HTTP/1.1" 301 0 "-" "Mozilla/5.0 AppleWebKit/537.36 (KHTML, like Gecko; compatible; bingbot/2.0; +http://www.bing.com/bingbot.htm) Chrome/116.0.1938.76 Safari/537.36"
40.77.167.230 - - [09/Jun/2026:11:19:46 -0400] "GET /?listing/10529777/ HTTP/1.1" 301 0 "-" "Mozilla/5.0 AppleWebKit/537.36 (KHTML, like Gecko; compatible; bingbot/2.0; +http://www.bing.com/bingbot.htm) Chrome/116.0.1938.76 Safari/537.36"
40.77.167.230 - - [09/Jun/2026:11:19:46 -0400] "GET /?listing/19829811/ HTTP/1.1" 301 0 "-" "Mozilla/5.0 AppleWebKit/537.36 (KHTML, like Gecko; compatible; bingbot/2.0; +http://www.bing.com/bingbot.htm) Chrome/116.0.1938.76 Safari/537.36"
40.77.167.230 - - [09/Jun/2026:11:19:47 -0400] "GET /?listing/9142899/ HTTP/1.1" 301 0 "-" "Mozilla/5.0 AppleWebKit/537.36 (KHTML, like Gecko; compatible; bingbot/2.0; +http://www.bing.com/bingbot.htm) Chrome/116.0.1938.76 Safari/537.36"
63.250.38.253 - - [09/Jun/2026:11:19:54 -0400] "POST /wp-cron.php?doing_wp_cron=1781018394.2908020019531250000000 HTTP/1.1" 200 0 "-" "WordPress/7.0; https://radiantskinclinics.org"
40.77.167.241 - - [09/Jun/2026:11:19:54 -0400] "GET /?listing/2650288/ HTTP/1.1" 301 0 "-" "Mozilla/5.0 AppleWebKit/537.36 (KHTML, like Gecko; compatible; bingbot/2.0; +http://www.bing.com/bingbot.htm) Chrome/116.0.1938.76 Safari/537.36"
40.77.167.241 - - [09/Jun/2026:11:19:54 -0400] "GET /?listing/5604799/ HTTP/1.1" 301 0 "-" "Mozilla/5.0 AppleWebKit/537.36 (KHTML, like Gecko; compatible; bingbot/2.0; +http://www.bing.com/bingbot.htm) Chrome/116.0.1938.76 Safari/537.36"
40.77.167.241 - - [09/Jun/2026:11:19:55 -0400] "GET /?listing/15181388/ HTTP/1.1" 301 0 "-" "Mozilla/5.0 AppleWebKit/537.36 (KHTML, like Gecko; compatible; bingbot/2.0; +http://www.bing.com/bingbot.htm) Chrome/116.0.1938.76 Safari/537.36"
40.77.167.241 - - [09/Jun/2026:11:19:55 -0400] "GET /?listing/6872000/ HTTP/1.1" 301 0 "-" "Mozilla/5.0 AppleWebKit/537.36 (KHTML, like Gecko; compatible; bingbot/2.0; +http://www.bing.com/bingbot.htm) Chrome/116.0.1938.76 Safari/537.36"
40.77.167.241 - - [09/Jun/2026:11:19:55 -0400] "GET /?listing/4822766/ HTTP/1.1" 301 0 "-" "Mozilla/5.0 AppleWebKit/537.36 (KHTML, like Gecko; compatible; bingbot/2.0; +http://www.bing.com/bingbot.htm) Chrome/116.0.1938.76 Safari/537.36"
40.77.167.241 - - [09/Jun/2026:11:19:58 -0400] "GET /?listing/25275522/ HTTP/1.1" 301 0 "-" "Mozilla/5.0 AppleWebKit/537.36 (KHTML, like Gecko; compatible; bingbot/2.0; +http://www.bing.com/bingbot.htm) Chrome/116.0.1938.76 Safari/537.36"
40.77.167.241 - - [09/Jun/2026:11:19:58 -0400] "GET /?listing/17529566/ HTTP/1.1" 301 0 "-" "Mozilla/5.0 AppleWebKit/537.36 (KHTML, like Gecko; compatible; bingbot/2.0; +http://www.bing.com/bingbot.htm) Chrome/116.0.1938.76 Safari/537.36"
40.77.167.131 - - [09/Jun/2026:11:20:04 -0400] "GET /?listing/9296933/ HTTP/1.1" 301 0 "-" "Mozilla/5.0 AppleWebKit/537.36 (KHTML, like Gecko; compatible; bingbot/2.0; +http://www.bing.com/bingbot.htm) Chrome/116.0.1938.76 Safari/537.36"
40.77.167.131 - - [09/Jun/2026:11:20:05 -0400] "GET /?listing/22683888/ HTTP/1.1" 301 0 "-" "Mozilla/5.0 AppleWebKit/537.36 (KHTML, like Gecko; compatible; bingbot/2.0; +http://www.bing.com/bingbot.htm) Chrome/116.0.1938.76 Safari/537.36"
40.77.167.131 - - [09/Jun/2026:11:20:05 -0400] "GET /?listing/10582788/ HTTP/1.1" 301 0 "-" "Mozilla/5.0 AppleWebKit/537.36 (KHTML, like Gecko; compatible; bingbot/2.0; +http://www.bing.com/bingbot.htm) Chrome/116.0.1938.76 Safari/537.36"
40.77.167.131 - - [09/Jun/2026:11:20:07 -0400] "GET /?listing/20209700/ HTTP/1.1" 301 0 "-" "Mozilla/5.0 AppleWebKit/537.36 (KHTML, like Gecko; compatible; bingbot/2.0; +http://www.bing.com/bingbot.htm) Chrome/116.0.1938.76 Safari/537.36"
40.77.167.131 - - [09/Jun/2026:11:20:07 -0400] "GET /?listing/1398300/ HTTP/1.1" 301 0 "-" "Mozilla/5.0 AppleWebKit/537.36 (KHTML, like Gecko; compatible; bingbot/2.0; +http://www.bing.com/bingbot.htm) Chrome/116.0.1938.76 Safari/537.36"
63.250.38.253 - - [09/Jun/2026:11:22:16 -0400] "POST /wp-cron.php?doing_wp_cron=1781018536.2276949882507324218750 HTTP/1.1" 200 0 "-" "WordPress/7.0; https://radiantskinclinics.org"
40.77.167.241 - - [09/Jun/2026:11:22:12 -0400] "GET /?listing/3447611/ HTTP/1.1" 301 0 "-" "Mozilla/5.0 AppleWebKit/537.36 (KHTML, like Gecko; compatible; bingbot/2.0; +http://www.bing.com/bingbot.htm) Chrome/116.0.1938.76 Safari/537.36"
40.77.167.241 - - [09/Jun/2026:11:22:16 -0400] "GET /?listing/23567344/ HTTP/1.1" 301 0 "-" "Mozilla/5.0 AppleWebKit/537.36 (KHTML, like Gecko; compatible; bingbot/2.0; +http://www.bing.com/bingbot.htm) Chrome/116.0.1938.76 Safari/537.36"
40.77.167.241 - - [09/Jun/2026:11:22:17 -0400] "GET /?listing/17964522/ HTTP/1.1" 301 0 "-" "Mozilla/5.0 AppleWebKit/537.36 (KHTML, like Gecko; compatible; bingbot/2.0; +http://www.bing.com/bingbot.htm) Chrome/116.0.1938.76 Safari/537.36"
40.77.167.131 - - [09/Jun/2026:11:22:21 -0400] "GET /?listing/11909122/ HTTP/1.1" 301 0 "-" "Mozilla/5.0 AppleWebKit/537.36 (KHTML, like Gecko; compatible; bingbot/2.0; +http://www.bing.com/bingbot.htm) Chrome/116.0.1938.76 Safari/537.36"
40.77.167.131 - - [09/Jun/2026:11:22:22 -0400] "GET /?listing/1330677/ HTTP/1.1" 301 0 "-" "Mozilla/5.0 AppleWebKit/537.36 (KHTML, like Gecko; compatible; bingbot/2.0; +http://www.bing.com/bingbot.htm) Chrome/116.0.1938.76 Safari/537.36"
40.77.167.131 - - [09/Jun/2026:11:22:22 -0400] "GET /?listing/17362733/ HTTP/1.1" 301 0 "-" "Mozilla/5.0 AppleWebKit/537.36 (KHTML, like Gecko; compatible; bingbot/2.0; +http://www.bing.com/bingbot.htm) Chrome/116.0.1938.76 Safari/537.36"
40.77.167.241 - - [09/Jun/2026:11:22:26 -0400] "GET /?listing/21906088/ HTTP/1.1" 301 0 "-" "Mozilla/5.0 AppleWebKit/537.36 (KHTML, like Gecko; compatible; bingbot/2.0; +http://www.bing.com/bingbot.htm) Chrome/116.0.1938.76 Safari/537.36"
40.77.167.241 - - [09/Jun/2026:11:22:26 -0400] "GET /?listing/3297655/ HTTP/1.1" 301 0 "-" "Mozilla/5.0 AppleWebKit/537.36 (KHTML, like Gecko; compatible; bingbot/2.0; +http://www.bing.com/bingbot.htm) Chrome/116.0.1938.76 Safari/537.36"
40.77.167.241 - - [09/Jun/2026:11:22:27 -0400] "GET /?listing/21842166/ HTTP/1.1" 301 0 "-" "Mozilla/5.0 AppleWebKit/537.36 (KHTML, like Gecko; compatible; bingbot/2.0; +http://www.bing.com/bingbot.htm) Chrome/116.0.1938.76 Safari/537.36"
40.77.167.131 - - [09/Jun/2026:11:22:31 -0400] "GET /?listing/14693288/ HTTP/1.1" 301 0 "-" "Mozilla/5.0 AppleWebKit/537.36 (KHTML, like Gecko; compatible; bingbot/2.0; +http://www.bing.com/bingbot.htm) Chrome/116.0.1938.76 Safari/537.36"
40.77.167.131 - - [09/Jun/2026:11:22:32 -0400] "GET /?listing/25452877/ HTTP/1.1" 301 0 "-" "Mozilla/5.0 AppleWebKit/537.36 (KHTML, like Gecko; compatible; bingbot/2.0; +http://www.bing.com/bingbot.htm) Chrome/116.0.1938.76 Safari/537.36"
40.77.167.131 - - [09/Jun/2026:11:22:32 -0400] "GET /?listing/19000155/ HTTP/1.1" 301 0 "-" "Mozilla/5.0 AppleWebKit/537.36 (KHTML, like Gecko; compatible; bingbot/2.0; +http://www.bing.com/bingbot.htm) Chrome/116.0.1938.76 Safari/537.36"
40.77.167.131 - - [09/Jun/2026:11:22:34 -0400] "GET /?listing/20636000/ HTTP/1.1" 301 0 "-" "Mozilla/5.0 AppleWebKit/537.36 (KHTML, like Gecko; compatible; bingbot/2.0; +http://www.bing.com/bingbot.htm) Chrome/116.0.1938.76 Safari/537.36"
40.77.167.230 - - [09/Jun/2026:11:22:34 -0400] "GET /?listing/7579311/ HTTP/1.1" 301 0 "-" "Mozilla/5.0 AppleWebKit/537.36 (KHTML, like Gecko; compatible; bingbot/2.0; +http://www.bing.com/bingbot.htm) Chrome/116.0.1938.76 Safari/537.36"
40.77.167.131 - - [09/Jun/2026:11:22:35 -0400] "GET /?listing/7014722/ HTTP/1.1" 301 0 "-" "Mozilla/5.0 AppleWebKit/537.36 (KHTML, like Gecko; compatible; bingbot/2.0; +http://www.bing.com/bingbot.htm) Chrome/116.0.1938.76 Safari/537.36"
40.77.167.241 - - [09/Jun/2026:11:22:36 -0400] "GET /?listing/4739800/ HTTP/1.1" 301 0 "-" "Mozilla/5.0 AppleWebKit/537.36 (KHTML, like Gecko; compatible; bingbot/2.0; +http://www.bing.com/bingbot.htm) Chrome/116.0.1938.76 Safari/537.36"
40.77.167.241 - - [09/Jun/2026:11:22:36 -0400] "GET /?listing/1923744/ HTTP/1.1" 301 0 "-" "Mozilla/5.0 AppleWebKit/537.36 (KHTML, like Gecko; compatible; bingbot/2.0; +http://www.bing.com/bingbot.htm) Chrome/116.0.1938.76 Safari/537.36"
40.77.167.241 - - [09/Jun/2026:11:22:37 -0400] "GET /?listing/7967655/ HTTP/1.1" 301 0 "-" "Mozilla/5.0 AppleWebKit/537.36 (KHTML, like Gecko; compatible; bingbot/2.0; +http://www.bing.com/bingbot.htm) Chrome/116.0.1938.76 Safari/537.36"
40.77.167.131 - - [09/Jun/2026:11:22:40 -0400] "GET /?listing/21465411/ HTTP/1.1" 301 0 "-" "Mozilla/5.0 AppleWebKit/537.36 (KHTML, like Gecko; compatible; bingbot/2.0; +http://www.bing.com/bingbot.htm) Chrome/116.0.1938.76 Safari/537.36"
40.77.167.131 - - [09/Jun/2026:11:22:41 -0400] "GET /?listing/16754955/ HTTP/1.1" 301 0 "-" "Mozilla/5.0 AppleWebKit/537.36 (KHTML, like Gecko; compatible; bingbot/2.0; +http://www.bing.com/bingbot.htm) Chrome/116.0.1938.76 Safari/537.36"
40.77.167.131 - - [09/Jun/2026:11:22:41 -0400] "GET /?listing/17696099/ HTTP/1.1" 301 0 "-" "Mozilla/5.0 AppleWebKit/537.36 (KHTML, like Gecko; compatible; bingbot/2.0; +http://www.bing.com/bingbot.htm) Chrome/116.0.1938.76 Safari/537.36"
40.77.167.131 - - [09/Jun/2026:11:22:42 -0400] "GET /?listing/14319388/ HTTP/1.1" 301 0 "-" "Mozilla/5.0 AppleWebKit/537.36 (KHTML, like Gecko; compatible; bingbot/2.0; +http://www.bing.com/bingbot.htm) Chrome/116.0.1938.76 Safari/537.36"
40.77.167.131 - - [09/Jun/2026:11:22:42 -0400] "GET /?listing/4001411/ HTTP/1.1" 301 0 "-" "Mozilla/5.0 AppleWebKit/537.36 (KHTML, like Gecko; compatible; bingbot/2.0; +http://www.bing.com/bingbot.htm) Chrome/116.0.1938.76 Safari/537.36"
63.250.38.253 - - [09/Jun/2026:11:22:43 -0400] "POST /wp-cron.php?doing_wp_cron=1781018563.9356400966644287109375 HTTP/1.1" 200 0 "-" "WordPress/7.0; https://radiantskinclinics.org"
40.77.167.241 - - [09/Jun/2026:11:22:43 -0400] "GET /?listing/19200888/ HTTP/1.1" 301 0 "-" "Mozilla/5.0 AppleWebKit/537.36 (KHTML, like Gecko; compatible; bingbot/2.0; +http://www.bing.com/bingbot.htm) Chrome/116.0.1938.76 Safari/537.36"
40.77.167.230 - - [09/Jun/2026:11:22:46 -0400] "GET /?listing/19636577/ HTTP/1.1" 301 0 "-" "Mozilla/5.0 AppleWebKit/537.36 (KHTML, like Gecko; compatible; bingbot/2.0; +http://www.bing.com/bingbot.htm) Chrome/116.0.1938.76 Safari/537.36"
40.77.167.230 - - [09/Jun/2026:11:22:46 -0400] "GET /?listing/6869900/ HTTP/1.1" 301 0 "-" "Mozilla/5.0 AppleWebKit/537.36 (KHTML, like Gecko; compatible; bingbot/2.0; +http://www.bing.com/bingbot.htm) Chrome/116.0.1938.76 Safari/537.36"
40.77.167.230 - - [09/Jun/2026:11:22:47 -0400] "GET /?listing/4420366/ HTTP/1.1" 301 0 "-" "Mozilla/5.0 AppleWebKit/537.36 (KHTML, like Gecko; compatible; bingbot/2.0; +http://www.bing.com/bingbot.htm) Chrome/116.0.1938.76 Safari/537.36"
40.77.167.230 - - [09/Jun/2026:11:22:47 -0400] "GET /?listing/16652655/ HTTP/1.1" 301 0 "-" "Mozilla/5.0 AppleWebKit/537.36 (KHTML, like Gecko; compatible; bingbot/2.0; +http://www.bing.com/bingbot.htm) Chrome/116.0.1938.76 Safari/537.36"
63.250.38.253 - - [09/Jun/2026:11:22:48 -0400] "POST /wp-cron.php?doing_wp_cron=1781018568.2213120460510253906250 HTTP/1.1" 200 0 "-" "WordPress/7.0; https://radiantskinclinics.org"
40.77.167.230 - - [09/Jun/2026:11:22:47 -0400] "GET /?listing/11431055/ HTTP/1.1" 301 0 "-" "Mozilla/5.0 AppleWebKit/537.36 (KHTML, like Gecko; compatible; bingbot/2.0; +http://www.bing.com/bingbot.htm) Chrome/116.0.1938.76 Safari/537.36"
40.77.167.241 - - [09/Jun/2026:11:22:58 -0400] "GET /?listing/3127322/ HTTP/1.1" 301 0 "-" "Mozilla/5.0 AppleWebKit/537.36 (KHTML, like Gecko; compatible; bingbot/2.0; +http://www.bing.com/bingbot.htm) Chrome/116.0.1938.76 Safari/537.36"
40.77.167.241 - - [09/Jun/2026:11:22:59 -0400] "GET /?listing/9860400/ HTTP/1.1" 301 0 "-" "Mozilla/5.0 AppleWebKit/537.36 (KHTML, like Gecko; compatible; bingbot/2.0; +http://www.bing.com/bingbot.htm) Chrome/116.0.1938.76 Safari/537.36"
40.77.167.241 - - [09/Jun/2026:11:23:00 -0400] "GET /?listing/3654800/ HTTP/1.1" 301 0 "-" "Mozilla/5.0 AppleWebKit/537.36 (KHTML, like Gecko; compatible; bingbot/2.0; +http://www.bing.com/bingbot.htm) Chrome/116.0.1938.76 Safari/537.36"
40.77.167.241 - - [09/Jun/2026:11:23:01 -0400] "GET /?listing/25741622/ HTTP/1.1" 301 0 "-" "Mozilla/5.0 AppleWebKit/537.36 (KHTML, like Gecko; compatible; bingbot/2.0; +http://www.bing.com/bingbot.htm) Chrome/116.0.1938.76 Safari/537.36"
40.77.167.131 - - [09/Jun/2026:11:23:03 -0400] "GET /?listing/12294333/ HTTP/1.1" 301 0 "-" "Mozilla/5.0 AppleWebKit/537.36 (KHTML, like Gecko; compatible; bingbot/2.0; +http://www.bing.com/bingbot.htm) Chrome/116.0.1938.76 Safari/537.36"
40.77.167.131 - - [09/Jun/2026:11:23:03 -0400] "GET /?listing/15956355/ HTTP/1.1" 301 0 "-" "Mozilla/5.0 AppleWebKit/537.36 (KHTML, like Gecko; compatible; bingbot/2.0; +http://www.bing.com/bingbot.htm) Chrome/116.0.1938.76 Safari/537.36"
40.77.167.131 - - [09/Jun/2026:11:23:04 -0400] "GET /?listing/15344922/ HTTP/1.1" 301 0 "-" "Mozilla/5.0 AppleWebKit/537.36 (KHTML, like Gecko; compatible; bingbot/2.0; +http://www.bing.com/bingbot.htm) Chrome/116.0.1938.76 Safari/537.36"
40.77.167.131 - - [09/Jun/2026:11:23:04 -0400] "GET /?listing/7350833/ HTTP/1.1" 301 0 "-" "Mozilla/5.0 AppleWebKit/537.36 (KHTML, like Gecko; compatible; bingbot/2.0; +http://www.bing.com/bingbot.htm) Chrome/116.0.1938.76 Safari/537.36"
40.77.167.131 - - [09/Jun/2026:11:23:05 -0400] "GET /?listing/4969988/ HTTP/1.1" 301 0 "-" "Mozilla/5.0 AppleWebKit/537.36 (KHTML, like Gecko; compatible; bingbot/2.0; +http://www.bing.com/bingbot.htm) Chrome/116.0.1938.76 Safari/537.36"
40.77.167.131 - - [09/Jun/2026:11:23:05 -0400] "GET /?listing/10779977/ HTTP/1.1" 301 0 "-" "Mozilla/5.0 AppleWebKit/537.36 (KHTML, like Gecko; compatible; bingbot/2.0; +http://www.bing.com/bingbot.htm) Chrome/116.0.1938.76 Safari/537.36"
40.77.167.230 - - [09/Jun/2026:11:23:09 -0400] "GET /?listing/14894155/ HTTP/1.1" 301 0 "-" "Mozilla/5.0 AppleWebKit/537.36 (KHTML, like Gecko; compatible; bingbot/2.0; +http://www.bing.com/bingbot.htm) Chrome/116.0.1938.76 Safari/537.36"
40.77.167.230 - - [09/Jun/2026:11:23:09 -0400] "GET /?listing/21974977/ HTTP/1.1" 301 0 "-" "Mozilla/5.0 AppleWebKit/537.36 (KHTML, like Gecko; compatible; bingbot/2.0; +http://www.bing.com/bingbot.htm) Chrome/116.0.1938.76 Safari/537.36"
40.77.167.131 - - [09/Jun/2026:11:23:13 -0400] "GET /?listing/7588866/ HTTP/1.1" 301 0 "-" "Mozilla/5.0 AppleWebKit/537.36 (KHTML, like Gecko; compatible; bingbot/2.0; +http://www.bing.com/bingbot.htm) Chrome/116.0.1938.76 Safari/537.36"
63.250.38.253 - - [09/Jun/2026:11:24:22 -0400] "POST /wp-cron.php?doing_wp_cron=1781018662.7970130443572998046875 HTTP/1.1" 200 0 "-" "WordPress/7.0; https://radiantskinclinics.org"
40.77.167.131 - - [09/Jun/2026:11:24:22 -0400] "GET /?listing/14117555/ HTTP/1.1" 301 0 "-" "Mozilla/5.0 AppleWebKit/537.36 (KHTML, like Gecko; compatible; bingbot/2.0; +http://www.bing.com/bingbot.htm) Chrome/116.0.1938.76 Safari/537.36"
40.77.167.131 - - [09/Jun/2026:11:24:23 -0400] "GET /?listing/5811455/ HTTP/1.1" 301 0 "-" "Mozilla/5.0 AppleWebKit/537.36 (KHTML, like Gecko; compatible; bingbot/2.0; +http://www.bing.com/bingbot.htm) Chrome/116.0.1938.76 Safari/537.36"
40.77.167.131 - - [09/Jun/2026:11:24:23 -0400] "GET /?listing/21967000/ HTTP/1.1" 301 0 "-" "Mozilla/5.0 AppleWebKit/537.36 (KHTML, like Gecko; compatible; bingbot/2.0; +http://www.bing.com/bingbot.htm) Chrome/116.0.1938.76 Safari/537.36"
40.77.167.131 - - [09/Jun/2026:11:24:23 -0400] "GET /?listing/12947611/ HTTP/1.1" 301 0 "-" "Mozilla/5.0 AppleWebKit/537.36 (KHTML, like Gecko; compatible; bingbot/2.0; +http://www.bing.com/bingbot.htm) Chrome/116.0.1938.76 Safari/537.36"
40.77.167.230 - - [09/Jun/2026:11:24:26 -0400] "GET /?listing/3984466/ HTTP/1.1" 301 0 "-" "Mozilla/5.0 AppleWebKit/537.36 (KHTML, like Gecko; compatible; bingbot/2.0; +http://www.bing.com/bingbot.htm) Chrome/116.0.1938.76 Safari/537.36"
40.77.167.230 - - [09/Jun/2026:11:24:27 -0400] "GET /?listing/18875677/ HTTP/1.1" 301 0 "-" "Mozilla/5.0 AppleWebKit/537.36 (KHTML, like Gecko; compatible; bingbot/2.0; +http://www.bing.com/bingbot.htm) Chrome/116.0.1938.76 Safari/537.36"
40.77.167.230 - - [09/Jun/2026:11:24:27 -0400] "GET /?listing/20333855/ HTTP/1.1" 301 0 "-" "Mozilla/5.0 AppleWebKit/537.36 (KHTML, like Gecko; compatible; bingbot/2.0; +http://www.bing.com/bingbot.htm) Chrome/116.0.1938.76 Safari/537.36"
40.77.167.230 - - [09/Jun/2026:11:24:29 -0400] "GET /?listing/5368666/ HTTP/1.1" 301 0 "-" "Mozilla/5.0 AppleWebKit/537.36 (KHTML, like Gecko; compatible; bingbot/2.0; +http://www.bing.com/bingbot.htm) Chrome/116.0.1938.76 Safari/537.36"
40.77.167.230 - - [09/Jun/2026:11:24:29 -0400] "GET /?listing/13384633/ HTTP/1.1" 301 0 "-" "Mozilla/5.0 AppleWebKit/537.36 (KHTML, like Gecko; compatible; bingbot/2.0; +http://www.bing.com/bingbot.htm) Chrome/116.0.1938.76 Safari/537.36"
63.250.38.253 - - [09/Jun/2026:11:24:32 -0400] "POST /wp-cron.php?doing_wp_cron=1781018672.0034310817718505859375 HTTP/1.1" 200 0 "-" "WordPress/7.0; https://radiantskinclinics.org"
40.77.167.230 - - [09/Jun/2026:11:24:31 -0400] "GET /?listing/22047566/ HTTP/1.1" 301 0 "-" "Mozilla/5.0 AppleWebKit/537.36 (KHTML, like Gecko; compatible; bingbot/2.0; +http://www.bing.com/bingbot.htm) Chrome/116.0.1938.76 Safari/537.36"
40.77.167.230 - - [09/Jun/2026:11:24:32 -0400] "GET /?listing/17263966/ HTTP/1.1" 301 0 "-" "Mozilla/5.0 AppleWebKit/537.36 (KHTML, like Gecko; compatible; bingbot/2.0; +http://www.bing.com/bingbot.htm) Chrome/116.0.1938.76 Safari/537.36"
40.77.167.230 - - [09/Jun/2026:11:24:32 -0400] "GET /?listing/9797588/ HTTP/1.1" 301 0 "-" "Mozilla/5.0 AppleWebKit/537.36 (KHTML, like Gecko; compatible; bingbot/2.0; +http://www.bing.com/bingbot.htm) Chrome/116.0.1938.76 Safari/537.36"
63.250.38.253 - - [09/Jun/2026:11:24:33 -0400] "POST /wp-cron.php?doing_wp_cron=1781018673.3506860733032226562500 HTTP/1.1" 200 0 "-" "WordPress/7.0; https://radiantskinclinics.org"
