52.167.144.231 - - [09/Jun/2026:08:33:42 -0400] "GET /?listing/4494622/ HTTP/1.1" 301 0 "-" "Mozilla/5.0 AppleWebKit/537.36 (KHTML, like Gecko; compatible; bingbot/2.0; +http://www.bing.com/bingbot.htm) Chrome/116.0.1938.76 Safari/537.36"
52.167.144.182 - - [09/Jun/2026:08:33:45 -0400] "GET /?listing/24218111/ HTTP/1.1" 301 0 "-" "Mozilla/5.0 AppleWebKit/537.36 (KHTML, like Gecko; compatible; bingbot/2.0; +http://www.bing.com/bingbot.htm) Chrome/116.0.1938.76 Safari/537.36"
52.167.144.182 - - [09/Jun/2026:08:33:46 -0400] "GET /?listing/15513366/ HTTP/1.1" 301 0 "-" "Mozilla/5.0 AppleWebKit/537.36 (KHTML, like Gecko; compatible; bingbot/2.0; +http://www.bing.com/bingbot.htm) Chrome/116.0.1938.76 Safari/537.36"
52.167.144.182 - - [09/Jun/2026:08:33:46 -0400] "GET /?listing/21254811/ HTTP/1.1" 301 0 "-" "Mozilla/5.0 AppleWebKit/537.36 (KHTML, like Gecko; compatible; bingbot/2.0; +http://www.bing.com/bingbot.htm) Chrome/116.0.1938.76 Safari/537.36"
52.167.144.231 - - [09/Jun/2026:08:33:47 -0400] "GET /?listing/7946100/ HTTP/1.1" 301 0 "-" "Mozilla/5.0 AppleWebKit/537.36 (KHTML, like Gecko; compatible; bingbot/2.0; +http://www.bing.com/bingbot.htm) Chrome/116.0.1938.76 Safari/537.36"
63.250.38.253 - - [09/Jun/2026:08:33:50 -0400] "POST /wp-cron.php?doing_wp_cron=1781008430.1014189720153808593750 HTTP/1.1" 200 0 "-" "WordPress/7.0; https://radiantskinclinics.org"
52.167.144.231 - - [09/Jun/2026:08:33:49 -0400] "GET /?listing/19682366/ HTTP/1.1" 301 0 "-" "Mozilla/5.0 AppleWebKit/537.36 (KHTML, like Gecko; compatible; bingbot/2.0; +http://www.bing.com/bingbot.htm) Chrome/116.0.1938.76 Safari/537.36"
52.167.144.231 - - [09/Jun/2026:08:33:50 -0400] "GET /?listing/6896033/ HTTP/1.1" 301 0 "-" "Mozilla/5.0 AppleWebKit/537.36 (KHTML, like Gecko; compatible; bingbot/2.0; +http://www.bing.com/bingbot.htm) Chrome/116.0.1938.76 Safari/537.36"
52.167.144.182 - - [09/Jun/2026:08:33:56 -0400] "GET /?listing/9731733/ HTTP/1.1" 301 0 "-" "Mozilla/5.0 AppleWebKit/537.36 (KHTML, like Gecko; compatible; bingbot/2.0; +http://www.bing.com/bingbot.htm) Chrome/116.0.1938.76 Safari/537.36"
52.167.144.182 - - [09/Jun/2026:08:33:56 -0400] "GET /?listing/10551899/ HTTP/1.1" 301 0 "-" "Mozilla/5.0 AppleWebKit/537.36 (KHTML, like Gecko; compatible; bingbot/2.0; +http://www.bing.com/bingbot.htm) Chrome/116.0.1938.76 Safari/537.36"
40.77.167.14 - - [09/Jun/2026:08:33:58 -0400] "GET /?listing/9677700/ HTTP/1.1" 301 0 "-" "Mozilla/5.0 AppleWebKit/537.36 (KHTML, like Gecko; compatible; bingbot/2.0; +http://www.bing.com/bingbot.htm) Chrome/116.0.1938.76 Safari/537.36"
40.77.167.14 - - [09/Jun/2026:08:34:00 -0400] "GET /?listing/4856855/ HTTP/1.1" 301 0 "-" "Mozilla/5.0 AppleWebKit/537.36 (KHTML, like Gecko; compatible; bingbot/2.0; +http://www.bing.com/bingbot.htm) Chrome/116.0.1938.76 Safari/537.36"
40.77.167.14 - - [09/Jun/2026:08:34:00 -0400] "GET /?listing/5074355/ HTTP/1.1" 301 0 "-" "Mozilla/5.0 AppleWebKit/537.36 (KHTML, like Gecko; compatible; bingbot/2.0; +http://www.bing.com/bingbot.htm) Chrome/116.0.1938.76 Safari/537.36"
40.77.167.14 - - [09/Jun/2026:08:34:01 -0400] "GET /?listing/20507177/ HTTP/1.1" 301 0 "-" "Mozilla/5.0 AppleWebKit/537.36 (KHTML, like Gecko; compatible; bingbot/2.0; +http://www.bing.com/bingbot.htm) Chrome/116.0.1938.76 Safari/537.36"
40.77.167.14 - - [09/Jun/2026:08:34:01 -0400] "GET /?listing/11823488/ HTTP/1.1" 301 0 "-" "Mozilla/5.0 AppleWebKit/537.36 (KHTML, like Gecko; compatible; bingbot/2.0; +http://www.bing.com/bingbot.htm) Chrome/116.0.1938.76 Safari/537.36"
63.250.38.253 - - [09/Jun/2026:08:34:49 -0400] "POST /wp-cron.php?doing_wp_cron=1781008489.4707520008087158203125 HTTP/1.1" 200 0 "-" "WordPress/7.0; https://radiantskinclinics.org"
40.77.167.14 - - [09/Jun/2026:08:34:49 -0400] "GET /?listing/7087655/ HTTP/1.1" 301 0 "-" "Mozilla/5.0 AppleWebKit/537.36 (KHTML, like Gecko; compatible; bingbot/2.0; +http://www.bing.com/bingbot.htm) Chrome/116.0.1938.76 Safari/537.36"
40.77.167.14 - - [09/Jun/2026:08:34:49 -0400] "GET /?listing/3169200/ HTTP/1.1" 301 0 "-" "Mozilla/5.0 AppleWebKit/537.36 (KHTML, like Gecko; compatible; bingbot/2.0; +http://www.bing.com/bingbot.htm) Chrome/116.0.1938.76 Safari/537.36"
40.77.167.14 - - [09/Jun/2026:08:34:50 -0400] "GET /?listing/7746911/ HTTP/1.1" 301 0 "-" "Mozilla/5.0 AppleWebKit/537.36 (KHTML, like Gecko; compatible; bingbot/2.0; +http://www.bing.com/bingbot.htm) Chrome/116.0.1938.76 Safari/537.36"
52.167.144.182 - - [09/Jun/2026:08:34:55 -0400] "GET /?listing/25107199/ HTTP/1.1" 301 0 "-" "Mozilla/5.0 AppleWebKit/537.36 (KHTML, like Gecko; compatible; bingbot/2.0; +http://www.bing.com/bingbot.htm) Chrome/116.0.1938.76 Safari/537.36"
52.167.144.182 - - [09/Jun/2026:08:34:55 -0400] "GET /?listing/6706877/ HTTP/1.1" 301 0 "-" "Mozilla/5.0 AppleWebKit/537.36 (KHTML, like Gecko; compatible; bingbot/2.0; +http://www.bing.com/bingbot.htm) Chrome/116.0.1938.76 Safari/537.36"
52.167.144.182 - - [09/Jun/2026:08:34:56 -0400] "GET /?listing/22979533/ HTTP/1.1" 301 0 "-" "Mozilla/5.0 AppleWebKit/537.36 (KHTML, like Gecko; compatible; bingbot/2.0; +http://www.bing.com/bingbot.htm) Chrome/116.0.1938.76 Safari/537.36"
52.167.144.182 - - [09/Jun/2026:08:34:56 -0400] "GET /?listing/11182677/ HTTP/1.1" 301 0 "-" "Mozilla/5.0 AppleWebKit/537.36 (KHTML, like Gecko; compatible; bingbot/2.0; +http://www.bing.com/bingbot.htm) Chrome/116.0.1938.76 Safari/537.36"
40.77.167.121 - - [09/Jun/2026:08:34:57 -0400] "GET /?listing/5357655/ HTTP/1.1" 301 0 "-" "Mozilla/5.0 AppleWebKit/537.36 (KHTML, like Gecko; compatible; bingbot/2.0; +http://www.bing.com/bingbot.htm) Chrome/116.0.1938.76 Safari/537.36"
40.77.167.14 - - [09/Jun/2026:08:34:58 -0400] "GET /?listing/6663988/ HTTP/1.1" 301 0 "-" "Mozilla/5.0 AppleWebKit/537.36 (KHTML, like Gecko; compatible; bingbot/2.0; +http://www.bing.com/bingbot.htm) Chrome/116.0.1938.76 Safari/537.36"
52.167.144.182 - - [09/Jun/2026:08:34:59 -0400] "GET /?listing/6176088/ HTTP/1.1" 301 0 "-" "Mozilla/5.0 AppleWebKit/537.36 (KHTML, like Gecko; compatible; bingbot/2.0; +http://www.bing.com/bingbot.htm) Chrome/116.0.1938.76 Safari/537.36"
40.77.167.121 - - [09/Jun/2026:08:35:06 -0400] "GET /?listing/6930200/ HTTP/1.1" 301 0 "-" "Mozilla/5.0 AppleWebKit/537.36 (KHTML, like Gecko; compatible; bingbot/2.0; +http://www.bing.com/bingbot.htm) Chrome/116.0.1938.76 Safari/537.36"
40.77.167.121 - - [09/Jun/2026:08:35:07 -0400] "GET /?listing/14269600/ HTTP/1.1" 301 0 "-" "Mozilla/5.0 AppleWebKit/537.36 (KHTML, like Gecko; compatible; bingbot/2.0; +http://www.bing.com/bingbot.htm) Chrome/116.0.1938.76 Safari/537.36"
40.77.167.121 - - [09/Jun/2026:08:35:07 -0400] "GET /?listing/4720566/ HTTP/1.1" 301 0 "-" "Mozilla/5.0 AppleWebKit/537.36 (KHTML, like Gecko; compatible; bingbot/2.0; +http://www.bing.com/bingbot.htm) Chrome/116.0.1938.76 Safari/537.36"
40.77.167.121 - - [09/Jun/2026:08:35:08 -0400] "GET /?listing/20081199/ HTTP/1.1" 301 0 "-" "Mozilla/5.0 AppleWebKit/537.36 (KHTML, like Gecko; compatible; bingbot/2.0; +http://www.bing.com/bingbot.htm) Chrome/116.0.1938.76 Safari/537.36"
40.77.167.121 - - [09/Jun/2026:08:35:08 -0400] "GET /?listing/3380000/ HTTP/1.1" 301 0 "-" "Mozilla/5.0 AppleWebKit/537.36 (KHTML, like Gecko; compatible; bingbot/2.0; +http://www.bing.com/bingbot.htm) Chrome/116.0.1938.76 Safari/537.36"
40.77.167.14 - - [09/Jun/2026:08:35:14 -0400] "GET /?listing/20527677/ HTTP/1.1" 301 0 "-" "Mozilla/5.0 AppleWebKit/537.36 (KHTML, like Gecko; compatible; bingbot/2.0; +http://www.bing.com/bingbot.htm) Chrome/116.0.1938.76 Safari/537.36"
40.77.167.14 - - [09/Jun/2026:08:35:15 -0400] "GET /?listing/10522411/ HTTP/1.1" 301 0 "-" "Mozilla/5.0 AppleWebKit/537.36 (KHTML, like Gecko; compatible; bingbot/2.0; +http://www.bing.com/bingbot.htm) Chrome/116.0.1938.76 Safari/537.36"
40.77.167.14 - - [09/Jun/2026:08:35:15 -0400] "GET /?listing/16687100/ HTTP/1.1" 301 0 "-" "Mozilla/5.0 AppleWebKit/537.36 (KHTML, like Gecko; compatible; bingbot/2.0; +http://www.bing.com/bingbot.htm) Chrome/116.0.1938.76 Safari/537.36"
52.167.144.182 - - [09/Jun/2026:08:35:16 -0400] "GET /?listing/24762688/ HTTP/1.1" 301 0 "-" "Mozilla/5.0 AppleWebKit/537.36 (KHTML, like Gecko; compatible; bingbot/2.0; +http://www.bing.com/bingbot.htm) Chrome/116.0.1938.76 Safari/537.36"
52.167.144.182 - - [09/Jun/2026:08:35:16 -0400] "GET /?listing/17026700/ HTTP/1.1" 301 0 "-" "Mozilla/5.0 AppleWebKit/537.36 (KHTML, like Gecko; compatible; bingbot/2.0; +http://www.bing.com/bingbot.htm) Chrome/116.0.1938.76 Safari/537.36"
52.167.144.182 - - [09/Jun/2026:08:35:17 -0400] "GET /?listing/4965300/ HTTP/1.1" 301 0 "-" "Mozilla/5.0 AppleWebKit/537.36 (KHTML, like Gecko; compatible; bingbot/2.0; +http://www.bing.com/bingbot.htm) Chrome/116.0.1938.76 Safari/537.36"
149.30.129.50 - - [09/Jun/2026:08:35:26 -0400] "GET /wp-json/oembed/1.0/embed?format=xml&url=https%3A%2F%2Fradiantskinclinics.org%2Fresults%2F HTTP/1.1" 200 1441 "-" "Mozilla/5.0 (Windows NT 10.0; Win64; x64) AppleWebKit/537.36 (KHTML, like Gecko) Chrome/116.0.0.0 Safari/537.36"
74.7.175.164 - - [09/Jun/2026:08:36:13 -0400] "GET /robots.txt HTTP/1.1" 200 77 "http://radiantskinclinics.org/robots.txt" "Mozilla/5.0 (Macintosh; Intel Mac OS X 10_15_7) AppleWebKit/537.36 (KHTML, like Gecko) Chrome/131.0.0.0 Safari/537.36; compatible; OAI-SearchBot/1.4; robots.txt; +https://openai.com/searchbot"
63.250.38.253 - - [09/Jun/2026:08:39:32 -0400] "POST /wp-cron.php?doing_wp_cron=1781008772.6537339687347412109375 HTTP/1.1" 200 0 "-" "WordPress/7.0; https://radiantskinclinics.org"
66.249.69.6 - - [09/Jun/2026:08:39:29 -0400] "GET /?listing/12760433/ HTTP/1.1" 301 0 "-" "Mozilla/5.0 (Linux; Android 6.0.1; Nexus 5X Build/MMB29P) AppleWebKit/537.36 (KHTML, like Gecko) Chrome/148.0.7778.96 Mobile Safari/537.36 (compatible; Googlebot/2.1; +http://www.google.com/bot.html)"
66.249.69.5 - - [09/Jun/2026:08:39:33 -0400] "GET /?listing%2F12760433%2F HTTP/1.1" 200 31146 "-" "Mozilla/5.0 (Linux; Android 6.0.1; Nexus 5X Build/MMB29P) AppleWebKit/537.36 (KHTML, like Gecko) Chrome/148.0.7778.96 Mobile Safari/537.36 (compatible; Googlebot/2.1; +http://www.google.com/bot.html)"
52.167.144.220 - - [09/Jun/2026:08:39:43 -0400] "GET /?listing/4446355/ HTTP/1.1" 301 0 "-" "Mozilla/5.0 AppleWebKit/537.36 (KHTML, like Gecko; compatible; bingbot/2.0; +http://www.bing.com/bingbot.htm) Chrome/116.0.1938.76 Safari/537.36"
52.167.144.220 - - [09/Jun/2026:08:39:44 -0400] "GET /?listing/6963799/ HTTP/1.1" 301 0 "-" "Mozilla/5.0 AppleWebKit/537.36 (KHTML, like Gecko; compatible; bingbot/2.0; +http://www.bing.com/bingbot.htm) Chrome/116.0.1938.76 Safari/537.36"
52.167.144.220 - - [09/Jun/2026:08:39:44 -0400] "GET /?listing/17864033/ HTTP/1.1" 301 0 "-" "Mozilla/5.0 AppleWebKit/537.36 (KHTML, like Gecko; compatible; bingbot/2.0; +http://www.bing.com/bingbot.htm) Chrome/116.0.1938.76 Safari/537.36"
52.167.144.220 - - [09/Jun/2026:08:39:45 -0400] "GET /?listing/17313977/ HTTP/1.1" 301 0 "-" "Mozilla/5.0 AppleWebKit/537.36 (KHTML, like Gecko; compatible; bingbot/2.0; +http://www.bing.com/bingbot.htm) Chrome/116.0.1938.76 Safari/537.36"
52.167.144.220 - - [09/Jun/2026:08:39:46 -0400] "GET /?listing/21427766/ HTTP/1.1" 301 0 "-" "Mozilla/5.0 AppleWebKit/537.36 (KHTML, like Gecko; compatible; bingbot/2.0; +http://www.bing.com/bingbot.htm) Chrome/116.0.1938.76 Safari/537.36"
52.167.144.220 - - [09/Jun/2026:08:39:46 -0400] "GET /?listing/1911222/ HTTP/1.1" 301 0 "-" "Mozilla/5.0 AppleWebKit/537.36 (KHTML, like Gecko; compatible; bingbot/2.0; +http://www.bing.com/bingbot.htm) Chrome/116.0.1938.76 Safari/537.36"
63.250.38.253 - - [09/Jun/2026:08:39:48 -0400] "POST /wp-cron.php?doing_wp_cron=1781008788.6370270252227783203125 HTTP/1.1" 200 0 "-" "WordPress/7.0; https://radiantskinclinics.org"
52.167.144.182 - - [09/Jun/2026:08:39:48 -0400] "GET /?listing/2986577/ HTTP/1.1" 301 0 "-" "Mozilla/5.0 AppleWebKit/537.36 (KHTML, like Gecko; compatible; bingbot/2.0; +http://www.bing.com/bingbot.htm) Chrome/116.0.1938.76 Safari/537.36"
52.167.144.182 - - [09/Jun/2026:08:39:49 -0400] "GET /?listing/5629066/ HTTP/1.1" 301 0 "-" "Mozilla/5.0 AppleWebKit/537.36 (KHTML, like Gecko; compatible; bingbot/2.0; +http://www.bing.com/bingbot.htm) Chrome/116.0.1938.76 Safari/537.36"
52.167.144.182 - - [09/Jun/2026:08:39:50 -0400] "GET /?listing/9291988/ HTTP/1.1" 301 0 "-" "Mozilla/5.0 AppleWebKit/537.36 (KHTML, like Gecko; compatible; bingbot/2.0; +http://www.bing.com/bingbot.htm) Chrome/116.0.1938.76 Safari/537.36"
52.167.144.182 - - [09/Jun/2026:08:39:51 -0400] "GET /?listing/22441700/ HTTP/1.1" 301 0 "-" "Mozilla/5.0 AppleWebKit/537.36 (KHTML, like Gecko; compatible; bingbot/2.0; +http://www.bing.com/bingbot.htm) Chrome/116.0.1938.76 Safari/537.36"
52.167.144.182 - - [09/Jun/2026:08:39:51 -0400] "GET /?listing/15367366/ HTTP/1.1" 301 0 "-" "Mozilla/5.0 AppleWebKit/537.36 (KHTML, like Gecko; compatible; bingbot/2.0; +http://www.bing.com/bingbot.htm) Chrome/116.0.1938.76 Safari/537.36"
52.167.144.182 - - [09/Jun/2026:08:39:53 -0400] "GET /?listing/20907599/ HTTP/1.1" 301 0 "-" "Mozilla/5.0 AppleWebKit/537.36 (KHTML, like Gecko; compatible; bingbot/2.0; +http://www.bing.com/bingbot.htm) Chrome/116.0.1938.76 Safari/537.36"
40.77.167.121 - - [09/Jun/2026:08:39:58 -0400] "GET /?listing/16823888/ HTTP/1.1" 301 0 "-" "Mozilla/5.0 AppleWebKit/537.36 (KHTML, like Gecko; compatible; bingbot/2.0; +http://www.bing.com/bingbot.htm) Chrome/116.0.1938.76 Safari/537.36"
40.77.167.121 - - [09/Jun/2026:08:39:58 -0400] "GET /?listing/20204377/ HTTP/1.1" 301 0 "-" "Mozilla/5.0 AppleWebKit/537.36 (KHTML, like Gecko; compatible; bingbot/2.0; +http://www.bing.com/bingbot.htm) Chrome/116.0.1938.76 Safari/537.36"
40.77.167.121 - - [09/Jun/2026:08:39:59 -0400] "GET /?listing/16630444/ HTTP/1.1" 301 0 "-" "Mozilla/5.0 AppleWebKit/537.36 (KHTML, like Gecko; compatible; bingbot/2.0; +http://www.bing.com/bingbot.htm) Chrome/116.0.1938.76 Safari/537.36"
40.77.167.121 - - [09/Jun/2026:08:40:01 -0400] "GET /?listing/15818722/ HTTP/1.1" 301 0 "-" "Mozilla/5.0 AppleWebKit/537.36 (KHTML, like Gecko; compatible; bingbot/2.0; +http://www.bing.com/bingbot.htm) Chrome/116.0.1938.76 Safari/537.36"
40.77.167.121 - - [09/Jun/2026:08:40:01 -0400] "GET /?listing/24094255/ HTTP/1.1" 301 0 "-" "Mozilla/5.0 AppleWebKit/537.36 (KHTML, like Gecko; compatible; bingbot/2.0; +http://www.bing.com/bingbot.htm) Chrome/116.0.1938.76 Safari/537.36"
52.167.144.220 - - [09/Jun/2026:08:40:03 -0400] "GET /?listing/19799044/ HTTP/1.1" 301 0 "-" "Mozilla/5.0 AppleWebKit/537.36 (KHTML, like Gecko; compatible; bingbot/2.0; +http://www.bing.com/bingbot.htm) Chrome/116.0.1938.76 Safari/537.36"
52.167.144.220 - - [09/Jun/2026:08:40:03 -0400] "GET /?listing/11438822/ HTTP/1.1" 301 0 "-" "Mozilla/5.0 AppleWebKit/537.36 (KHTML, like Gecko; compatible; bingbot/2.0; +http://www.bing.com/bingbot.htm) Chrome/116.0.1938.76 Safari/537.36"
52.167.144.220 - - [09/Jun/2026:08:40:04 -0400] "GET /?listing/12732477/ HTTP/1.1" 301 0 "-" "Mozilla/5.0 AppleWebKit/537.36 (KHTML, like Gecko; compatible; bingbot/2.0; +http://www.bing.com/bingbot.htm) Chrome/116.0.1938.76 Safari/537.36"
52.167.144.220 - - [09/Jun/2026:08:40:04 -0400] "GET /?listing/5088511/ HTTP/1.1" 301 0 "-" "Mozilla/5.0 AppleWebKit/537.36 (KHTML, like Gecko; compatible; bingbot/2.0; +http://www.bing.com/bingbot.htm) Chrome/116.0.1938.76 Safari/537.36"
52.167.144.182 - - [09/Jun/2026:08:40:07 -0400] "GET /?listing/18242577/ HTTP/1.1" 301 0 "-" "Mozilla/5.0 AppleWebKit/537.36 (KHTML, like Gecko; compatible; bingbot/2.0; +http://www.bing.com/bingbot.htm) Chrome/116.0.1938.76 Safari/537.36"
40.77.167.121 - - [09/Jun/2026:08:40:07 -0400] "GET /?listing/1408344/ HTTP/1.1" 301 0 "-" "Mozilla/5.0 AppleWebKit/537.36 (KHTML, like Gecko; compatible; bingbot/2.0; +http://www.bing.com/bingbot.htm) Chrome/116.0.1938.76 Safari/537.36"
52.167.144.182 - - [09/Jun/2026:08:40:17 -0400] "GET /?listing/15018588/ HTTP/1.1" 301 0 "-" "Mozilla/5.0 AppleWebKit/537.36 (KHTML, like Gecko; compatible; bingbot/2.0; +http://www.bing.com/bingbot.htm) Chrome/116.0.1938.76 Safari/537.36"
52.167.144.182 - - [09/Jun/2026:08:40:18 -0400] "GET /?listing/19815133/ HTTP/1.1" 301 0 "-" "Mozilla/5.0 AppleWebKit/537.36 (KHTML, like Gecko; compatible; bingbot/2.0; +http://www.bing.com/bingbot.htm) Chrome/116.0.1938.76 Safari/537.36"
52.167.144.182 - - [09/Jun/2026:08:40:18 -0400] "GET /?listing/14121400/ HTTP/1.1" 301 0 "-" "Mozilla/5.0 AppleWebKit/537.36 (KHTML, like Gecko; compatible; bingbot/2.0; +http://www.bing.com/bingbot.htm) Chrome/116.0.1938.76 Safari/537.36"
63.250.38.253 - - [09/Jun/2026:08:41:33 -0400] "POST /wp-cron.php?doing_wp_cron=1781008893.4445838928222656250000 HTTP/1.1" 200 0 "-" "WordPress/7.0; https://radiantskinclinics.org"
77.28.18.68 - - [09/Jun/2026:08:41:32 -0400] "GET /wp-json/wp/v2/pages/6492 HTTP/1.1" 200 17765 "-" "Mozilla/5.0 (Windows NT 10.0; Win64; x64) AppleWebKit/537.36 (KHTML, like Gecko) Chrome/133.0.0.0 Safari/537.36"
63.250.38.253 - - [09/Jun/2026:08:42:19 -0400] "POST /wp-cron.php?doing_wp_cron=1781008939.3722920417785644531250 HTTP/1.1" 200 0 "-" "WordPress/7.0; https://radiantskinclinics.org"
52.167.144.220 - - [09/Jun/2026:08:42:19 -0400] "GET /?listing/25993088/ HTTP/1.1" 301 0 "-" "Mozilla/5.0 AppleWebKit/537.36 (KHTML, like Gecko; compatible; bingbot/2.0; +http://www.bing.com/bingbot.htm) Chrome/116.0.1938.76 Safari/537.36"
52.167.144.220 - - [09/Jun/2026:08:42:19 -0400] "GET /?listing/25399422/ HTTP/1.1" 301 0 "-" "Mozilla/5.0 AppleWebKit/537.36 (KHTML, like Gecko; compatible; bingbot/2.0; +http://www.bing.com/bingbot.htm) Chrome/116.0.1938.76 Safari/537.36"
52.167.144.182 - - [09/Jun/2026:08:42:25 -0400] "GET /?listing/8815311/ HTTP/1.1" 301 0 "-" "Mozilla/5.0 AppleWebKit/537.36 (KHTML, like Gecko; compatible; bingbot/2.0; +http://www.bing.com/bingbot.htm) Chrome/116.0.1938.76 Safari/537.36"
52.167.144.182 - - [09/Jun/2026:08:42:26 -0400] "GET /?listing/16746633/ HTTP/1.1" 301 0 "-" "Mozilla/5.0 AppleWebKit/537.36 (KHTML, like Gecko; compatible; bingbot/2.0; +http://www.bing.com/bingbot.htm) Chrome/116.0.1938.76 Safari/537.36"
52.167.144.182 - - [09/Jun/2026:08:42:26 -0400] "GET /?listing/5984955/ HTTP/1.1" 301 0 "-" "Mozilla/5.0 AppleWebKit/537.36 (KHTML, like Gecko; compatible; bingbot/2.0; +http://www.bing.com/bingbot.htm) Chrome/116.0.1938.76 Safari/537.36"
52.167.144.182 - - [09/Jun/2026:08:42:26 -0400] "GET /?listing/19749644/ HTTP/1.1" 301 0 "-" "Mozilla/5.0 AppleWebKit/537.36 (KHTML, like Gecko; compatible; bingbot/2.0; +http://www.bing.com/bingbot.htm) Chrome/116.0.1938.76 Safari/537.36"
52.167.144.182 - - [09/Jun/2026:08:42:27 -0400] "GET /?listing/21916777/ HTTP/1.1" 301 0 "-" "Mozilla/5.0 AppleWebKit/537.36 (KHTML, like Gecko; compatible; bingbot/2.0; +http://www.bing.com/bingbot.htm) Chrome/116.0.1938.76 Safari/537.36"
40.77.167.121 - - [09/Jun/2026:08:42:27 -0400] "GET /?listing/10701611/ HTTP/1.1" 301 0 "-" "Mozilla/5.0 AppleWebKit/537.36 (KHTML, like Gecko; compatible; bingbot/2.0; +http://www.bing.com/bingbot.htm) Chrome/116.0.1938.76 Safari/537.36"
52.167.144.182 - - [09/Jun/2026:08:42:27 -0400] "GET /?listing/17607133/ HTTP/1.1" 301 0 "-" "Mozilla/5.0 AppleWebKit/537.36 (KHTML, like Gecko; compatible; bingbot/2.0; +http://www.bing.com/bingbot.htm) Chrome/116.0.1938.76 Safari/537.36"
52.167.144.220 - - [09/Jun/2026:08:42:29 -0400] "GET /?listing/22809400/ HTTP/1.1" 301 0 "-" "Mozilla/5.0 AppleWebKit/537.36 (KHTML, like Gecko; compatible; bingbot/2.0; +http://www.bing.com/bingbot.htm) Chrome/116.0.1938.76 Safari/537.36"
40.77.167.121 - - [09/Jun/2026:08:42:29 -0400] "GET /?listing/11838177/ HTTP/1.1" 301 0 "-" "Mozilla/5.0 AppleWebKit/537.36 (KHTML, like Gecko; compatible; bingbot/2.0; +http://www.bing.com/bingbot.htm) Chrome/116.0.1938.76 Safari/537.36"
40.77.167.121 - - [09/Jun/2026:08:42:30 -0400] "GET /?listing/4963200/ HTTP/1.1" 301 0 "-" "Mozilla/5.0 AppleWebKit/537.36 (KHTML, like Gecko; compatible; bingbot/2.0; +http://www.bing.com/bingbot.htm) Chrome/116.0.1938.76 Safari/537.36"
40.77.167.121 - - [09/Jun/2026:08:42:31 -0400] "GET /?listing/1823255/ HTTP/1.1" 301 0 "-" "Mozilla/5.0 AppleWebKit/537.36 (KHTML, like Gecko; compatible; bingbot/2.0; +http://www.bing.com/bingbot.htm) Chrome/116.0.1938.76 Safari/537.36"
40.77.167.121 - - [09/Jun/2026:08:42:31 -0400] "GET /?listing/11984877/ HTTP/1.1" 301 0 "-" "Mozilla/5.0 AppleWebKit/537.36 (KHTML, like Gecko; compatible; bingbot/2.0; +http://www.bing.com/bingbot.htm) Chrome/116.0.1938.76 Safari/537.36"
52.167.144.182 - - [09/Jun/2026:08:42:35 -0400] "GET /?listing/12925666/ HTTP/1.1" 301 0 "-" "Mozilla/5.0 AppleWebKit/537.36 (KHTML, like Gecko; compatible; bingbot/2.0; +http://www.bing.com/bingbot.htm) Chrome/116.0.1938.76 Safari/537.36"
52.167.144.182 - - [09/Jun/2026:08:42:36 -0400] "GET /?listing/23509244/ HTTP/1.1" 301 0 "-" "Mozilla/5.0 AppleWebKit/537.36 (KHTML, like Gecko; compatible; bingbot/2.0; +http://www.bing.com/bingbot.htm) Chrome/116.0.1938.76 Safari/537.36"
52.167.144.220 - - [09/Jun/2026:08:42:40 -0400] "GET /?listing/19609999/ HTTP/1.1" 301 0 "-" "Mozilla/5.0 AppleWebKit/537.36 (KHTML, like Gecko; compatible; bingbot/2.0; +http://www.bing.com/bingbot.htm) Chrome/116.0.1938.76 Safari/537.36"
52.167.144.220 - - [09/Jun/2026:08:42:40 -0400] "GET /?listing/18299822/ HTTP/1.1" 301 0 "-" "Mozilla/5.0 AppleWebKit/537.36 (KHTML, like Gecko; compatible; bingbot/2.0; +http://www.bing.com/bingbot.htm) Chrome/116.0.1938.76 Safari/537.36"
63.250.38.253 - - [09/Jun/2026:08:43:56 -0400] "POST /wp-cron.php?doing_wp_cron=1781009036.0353739261627197265625 HTTP/1.1" 200 0 "-" "WordPress/7.0; https://radiantskinclinics.org"
66.249.69.6 - - [09/Jun/2026:08:43:55 -0400] "GET /?listing/5518888/ HTTP/1.1" 301 0 "-" "Mozilla/5.0 (Linux; Android 6.0.1; Nexus 5X Build/MMB29P) AppleWebKit/537.36 (KHTML, like Gecko) Chrome/148.0.7778.96 Mobile Safari/537.36 (compatible; Googlebot/2.1; +http://www.google.com/bot.html)"
66.249.69.7 - - [09/Jun/2026:08:43:56 -0400] "GET /?listing%2F5518888%2F HTTP/1.1" 200 31145 "-" "Mozilla/5.0 (Linux; Android 6.0.1; Nexus 5X Build/MMB29P) AppleWebKit/537.36 (KHTML, like Gecko) Chrome/148.0.7778.96 Mobile Safari/537.36 (compatible; Googlebot/2.1; +http://www.google.com/bot.html)"
178.105.183.10 - - [09/Jun/2026:08:44:16 -0400] "GET / HTTP/1.1" 200 35555 "http://radiantskinclinics.org" "2ip bot/1.1 (+https://2ip.io/bot/)"
63.250.38.253 - - [09/Jun/2026:08:45:47 -0400] "POST /wp-cron.php?doing_wp_cron=1781009147.1422319412231445312500 HTTP/1.1" 200 0 "-" "WordPress/7.0; https://radiantskinclinics.org"
66.249.69.6 - - [09/Jun/2026:08:45:43 -0400] "GET /?listing/21999777/ HTTP/1.1" 301 0 "-" "Mozilla/5.0 (Linux; Android 6.0.1; Nexus 5X Build/MMB29P) AppleWebKit/537.36 (KHTML, like Gecko) Chrome/148.0.7778.96 Mobile Safari/537.36 (compatible; Googlebot/2.1; +http://www.google.com/bot.html)"
66.249.69.6 - - [09/Jun/2026:08:45:47 -0400] "GET /?listing%2F21999777%2F HTTP/1.1" 200 31146 "-" "Mozilla/5.0 (Linux; Android 6.0.1; Nexus 5X Build/MMB29P) AppleWebKit/537.36 (KHTML, like Gecko) Chrome/148.0.7778.96 Mobile Safari/537.36 (compatible; Googlebot/2.1; +http://www.google.com/bot.html)"
193.186.4.164 - - [09/Jun/2026:08:47:01 -0400] "GET / HTTP/1.1" 200 31140 "https://www.google.com/" "Mozilla/5.0 (Linux; Android 10; K) AppleWebKit/537.36 (KHTML, like Gecko) Chrome/143.0.0.0 Mobile Safari/537.36"
63.250.38.253 - - [09/Jun/2026:08:50:10 -0400] "POST /wp-cron.php?doing_wp_cron=1781009410.4047129154205322265625 HTTP/1.1" 200 0 "-" "WordPress/7.0; https://radiantskinclinics.org"
63.250.38.253 - - [09/Jun/2026:08:50:10 -0400] "POST /wp-cron.php?doing_wp_cron=1781009410.4049730300903320312500 HTTP/1.1" 200 0 "-" "WordPress/7.0; https://radiantskinclinics.org"
40.77.167.38 - - [09/Jun/2026:08:50:09 -0400] "GET /?listing/7095833/ HTTP/1.1" 301 0 "-" "Mozilla/5.0 AppleWebKit/537.36 (KHTML, like Gecko; compatible; bingbot/2.0; +http://www.bing.com/bingbot.htm) Chrome/116.0.1938.76 Safari/537.36"
52.167.144.233 - - [09/Jun/2026:08:50:06 -0400] "GET /?listing/7153355/ HTTP/1.1" 301 0 "-" "Mozilla/5.0 AppleWebKit/537.36 (KHTML, like Gecko; compatible; bingbot/2.0; +http://www.bing.com/bingbot.htm) Chrome/116.0.1938.76 Safari/537.36"
52.167.144.233 - - [09/Jun/2026:08:50:10 -0400] "GET /?listing/10607466/ HTTP/1.1" 301 0 "-" "Mozilla/5.0 AppleWebKit/537.36 (KHTML, like Gecko; compatible; bingbot/2.0; +http://www.bing.com/bingbot.htm) Chrome/116.0.1938.76 Safari/537.36"
40.77.167.73 - - [09/Jun/2026:08:50:11 -0400] "GET /?listing/21028611/ HTTP/1.1" 301 0 "-" "Mozilla/5.0 AppleWebKit/537.36 (KHTML, like Gecko; compatible; bingbot/2.0; +http://www.bing.com/bingbot.htm) Chrome/116.0.1938.76 Safari/537.36"
40.77.167.73 - - [09/Jun/2026:08:50:11 -0400] "GET /?listing/3965544/ HTTP/1.1" 301 0 "-" "Mozilla/5.0 AppleWebKit/537.36 (KHTML, like Gecko; compatible; bingbot/2.0; +http://www.bing.com/bingbot.htm) Chrome/116.0.1938.76 Safari/537.36"
40.77.167.73 - - [09/Jun/2026:08:50:12 -0400] "GET /?listing/18453466/ HTTP/1.1" 301 0 "-" "Mozilla/5.0 AppleWebKit/537.36 (KHTML, like Gecko; compatible; bingbot/2.0; +http://www.bing.com/bingbot.htm) Chrome/116.0.1938.76 Safari/537.36"
40.77.167.73 - - [09/Jun/2026:08:50:12 -0400] "GET /?listing/24436999/ HTTP/1.1" 301 0 "-" "Mozilla/5.0 AppleWebKit/537.36 (KHTML, like Gecko; compatible; bingbot/2.0; +http://www.bing.com/bingbot.htm) Chrome/116.0.1938.76 Safari/537.36"
40.77.167.73 - - [09/Jun/2026:08:50:13 -0400] "GET /?listing/15002299/ HTTP/1.1" 301 0 "-" "Mozilla/5.0 AppleWebKit/537.36 (KHTML, like Gecko; compatible; bingbot/2.0; +http://www.bing.com/bingbot.htm) Chrome/116.0.1938.76 Safari/537.36"
52.167.144.233 - - [09/Jun/2026:08:50:16 -0400] "GET /?listing/6830866/ HTTP/1.1" 301 0 "-" "Mozilla/5.0 AppleWebKit/537.36 (KHTML, like Gecko; compatible; bingbot/2.0; +http://www.bing.com/bingbot.htm) Chrome/116.0.1938.76 Safari/537.36"
52.167.144.233 - - [09/Jun/2026:08:50:17 -0400] "GET /?listing/17541377/ HTTP/1.1" 301 0 "-" "Mozilla/5.0 AppleWebKit/537.36 (KHTML, like Gecko; compatible; bingbot/2.0; +http://www.bing.com/bingbot.htm) Chrome/116.0.1938.76 Safari/537.36"
40.77.167.73 - - [09/Jun/2026:08:50:18 -0400] "GET /?listing/3837566/ HTTP/1.1" 301 0 "-" "Mozilla/5.0 AppleWebKit/537.36 (KHTML, like Gecko; compatible; bingbot/2.0; +http://www.bing.com/bingbot.htm) Chrome/116.0.1938.76 Safari/537.36"
40.77.167.38 - - [09/Jun/2026:08:50:21 -0400] "GET /?listing/20564644/ HTTP/1.1" 301 0 "-" "Mozilla/5.0 AppleWebKit/537.36 (KHTML, like Gecko; compatible; bingbot/2.0; +http://www.bing.com/bingbot.htm) Chrome/116.0.1938.76 Safari/537.36"
40.77.167.38 - - [09/Jun/2026:08:50:22 -0400] "GET /?listing/9097466/ HTTP/1.1" 301 0 "-" "Mozilla/5.0 AppleWebKit/537.36 (KHTML, like Gecko; compatible; bingbot/2.0; +http://www.bing.com/bingbot.htm) Chrome/116.0.1938.76 Safari/537.36"
40.77.167.38 - - [09/Jun/2026:08:50:22 -0400] "GET /?listing/13250166/ HTTP/1.1" 301 0 "-" "Mozilla/5.0 AppleWebKit/537.36 (KHTML, like Gecko; compatible; bingbot/2.0; +http://www.bing.com/bingbot.htm) Chrome/116.0.1938.76 Safari/537.36"
40.77.167.38 - - [09/Jun/2026:08:50:23 -0400] "GET /?listing/13212688/ HTTP/1.1" 301 0 "-" "Mozilla/5.0 AppleWebKit/537.36 (KHTML, like Gecko; compatible; bingbot/2.0; +http://www.bing.com/bingbot.htm) Chrome/116.0.1938.76 Safari/537.36"
40.77.167.38 - - [09/Jun/2026:08:50:23 -0400] "GET /?listing/23444811/ HTTP/1.1" 301 0 "-" "Mozilla/5.0 AppleWebKit/537.36 (KHTML, like Gecko; compatible; bingbot/2.0; +http://www.bing.com/bingbot.htm) Chrome/116.0.1938.76 Safari/537.36"
40.77.167.73 - - [09/Jun/2026:08:50:27 -0400] "GET /?listing/18610566/ HTTP/1.1" 301 0 "-" "Mozilla/5.0 AppleWebKit/537.36 (KHTML, like Gecko; compatible; bingbot/2.0; +http://www.bing.com/bingbot.htm) Chrome/116.0.1938.76 Safari/537.36"
40.77.167.38 - - [09/Jun/2026:08:50:31 -0400] "GET /?listing/9963144/ HTTP/1.1" 301 0 "-" "Mozilla/5.0 AppleWebKit/537.36 (KHTML, like Gecko; compatible; bingbot/2.0; +http://www.bing.com/bingbot.htm) Chrome/116.0.1938.76 Safari/537.36"
40.77.167.38 - - [09/Jun/2026:08:50:32 -0400] "GET /?listing/12939322/ HTTP/1.1" 301 0 "-" "Mozilla/5.0 AppleWebKit/537.36 (KHTML, like Gecko; compatible; bingbot/2.0; +http://www.bing.com/bingbot.htm) Chrome/116.0.1938.76 Safari/537.36"
40.77.167.38 - - [09/Jun/2026:08:50:32 -0400] "GET /?listing/13835133/ HTTP/1.1" 301 0 "-" "Mozilla/5.0 AppleWebKit/537.36 (KHTML, like Gecko; compatible; bingbot/2.0; +http://www.bing.com/bingbot.htm) Chrome/116.0.1938.76 Safari/537.36"
40.77.167.38 - - [09/Jun/2026:08:50:33 -0400] "GET /?listing/2301088/ HTTP/1.1" 301 0 "-" "Mozilla/5.0 AppleWebKit/537.36 (KHTML, like Gecko; compatible; bingbot/2.0; +http://www.bing.com/bingbot.htm) Chrome/116.0.1938.76 Safari/537.36"
40.77.167.38 - - [09/Jun/2026:08:50:33 -0400] "GET /?listing/6897300/ HTTP/1.1" 301 0 "-" "Mozilla/5.0 AppleWebKit/537.36 (KHTML, like Gecko; compatible; bingbot/2.0; +http://www.bing.com/bingbot.htm) Chrome/116.0.1938.76 Safari/537.36"
52.167.144.233 - - [09/Jun/2026:08:50:37 -0400] "GET /?listing/3122700/ HTTP/1.1" 301 0 "-" "Mozilla/5.0 AppleWebKit/537.36 (KHTML, like Gecko; compatible; bingbot/2.0; +http://www.bing.com/bingbot.htm) Chrome/116.0.1938.76 Safari/537.36"
52.167.144.233 - - [09/Jun/2026:08:50:37 -0400] "GET /?listing/4253733/ HTTP/1.1" 301 0 "-" "Mozilla/5.0 AppleWebKit/537.36 (KHTML, like Gecko; compatible; bingbot/2.0; +http://www.bing.com/bingbot.htm) Chrome/116.0.1938.76 Safari/537.36"
52.167.144.233 - - [09/Jun/2026:08:50:38 -0400] "GET /?listing/25223644/ HTTP/1.1" 301 0 "-" "Mozilla/5.0 AppleWebKit/537.36 (KHTML, like Gecko; compatible; bingbot/2.0; +http://www.bing.com/bingbot.htm) Chrome/116.0.1938.76 Safari/537.36"
40.77.167.38 - - [09/Jun/2026:08:58:29 -0400] "GET /?listing%2F3285055%2F HTTP/1.1" 200 31145 "-" "Mozilla/5.0 AppleWebKit/537.36 (KHTML, like Gecko; compatible; bingbot/2.0; +http://www.bing.com/bingbot.htm) Chrome/116.0.1938.76 Safari/537.36"
63.250.38.253 - - [09/Jun/2026:08:58:43 -0400] "POST /wp-cron.php?doing_wp_cron=1781009923.5061640739440917968750 HTTP/1.1" 200 0 "-" "WordPress/7.0; https://radiantskinclinics.org"
40.77.167.38 - - [09/Jun/2026:08:58:40 -0400] "GET /?listing/25457544/ HTTP/1.1" 301 0 "-" "Mozilla/5.0 AppleWebKit/537.36 (KHTML, like Gecko; compatible; bingbot/2.0; +http://www.bing.com/bingbot.htm) Chrome/116.0.1938.76 Safari/537.36"
40.77.167.38 - - [09/Jun/2026:08:58:44 -0400] "GET /?listing/25511911/ HTTP/1.1" 301 0 "-" "Mozilla/5.0 AppleWebKit/537.36 (KHTML, like Gecko; compatible; bingbot/2.0; +http://www.bing.com/bingbot.htm) Chrome/116.0.1938.76 Safari/537.36"
63.250.38.253 - - [09/Jun/2026:08:58:48 -0400] "POST /wp-cron.php?doing_wp_cron=1781009928.1758038997650146484375 HTTP/1.1" 200 0 "-" "WordPress/7.0; https://radiantskinclinics.org"
40.77.167.74 - - [09/Jun/2026:08:58:47 -0400] "GET /?listing/8939688/ HTTP/1.1" 301 0 "-" "Mozilla/5.0 AppleWebKit/537.36 (KHTML, like Gecko; compatible; bingbot/2.0; +http://www.bing.com/bingbot.htm) Chrome/116.0.1938.76 Safari/537.36"
40.77.167.38 - - [09/Jun/2026:08:58:51 -0400] "GET /?listing/5167499/ HTTP/1.1" 301 0 "-" "Mozilla/5.0 AppleWebKit/537.36 (KHTML, like Gecko; compatible; bingbot/2.0; +http://www.bing.com/bingbot.htm) Chrome/116.0.1938.76 Safari/537.36"
52.167.144.176 - - [09/Jun/2026:08:58:52 -0400] "GET /?listing/21357499/ HTTP/1.1" 301 0 "-" "Mozilla/5.0 AppleWebKit/537.36 (KHTML, like Gecko; compatible; bingbot/2.0; +http://www.bing.com/bingbot.htm) Chrome/116.0.1938.76 Safari/537.36"
52.167.144.176 - - [09/Jun/2026:08:58:52 -0400] "GET /?listing/19498566/ HTTP/1.1" 301 0 "-" "Mozilla/5.0 AppleWebKit/537.36 (KHTML, like Gecko; compatible; bingbot/2.0; +http://www.bing.com/bingbot.htm) Chrome/116.0.1938.76 Safari/537.36"
52.167.144.176 - - [09/Jun/2026:08:58:53 -0400] "GET /?listing/7385655/ HTTP/1.1" 301 0 "-" "Mozilla/5.0 AppleWebKit/537.36 (KHTML, like Gecko; compatible; bingbot/2.0; +http://www.bing.com/bingbot.htm) Chrome/116.0.1938.76 Safari/537.36"
52.167.144.176 - - [09/Jun/2026:08:58:53 -0400] "GET /?listing/10803544/ HTTP/1.1" 301 0 "-" "Mozilla/5.0 AppleWebKit/537.36 (KHTML, like Gecko; compatible; bingbot/2.0; +http://www.bing.com/bingbot.htm) Chrome/116.0.1938.76 Safari/537.36"
52.167.144.176 - - [09/Jun/2026:08:58:54 -0400] "GET /?listing/19672733/ HTTP/1.1" 301 0 "-" "Mozilla/5.0 AppleWebKit/537.36 (KHTML, like Gecko; compatible; bingbot/2.0; +http://www.bing.com/bingbot.htm) Chrome/116.0.1938.76 Safari/537.36"
52.167.144.176 - - [09/Jun/2026:08:58:54 -0400] "GET /?listing/6625766/ HTTP/1.1" 301 0 "-" "Mozilla/5.0 AppleWebKit/537.36 (KHTML, like Gecko; compatible; bingbot/2.0; +http://www.bing.com/bingbot.htm) Chrome/116.0.1938.76 Safari/537.36"
52.167.144.176 - - [09/Jun/2026:08:58:59 -0400] "GET /?listing/24161944/ HTTP/1.1" 301 0 "-" "Mozilla/5.0 AppleWebKit/537.36 (KHTML, like Gecko; compatible; bingbot/2.0; +http://www.bing.com/bingbot.htm) Chrome/116.0.1938.76 Safari/537.36"
52.167.144.176 - - [09/Jun/2026:08:59:00 -0400] "GET /?listing/17488300/ HTTP/1.1" 301 0 "-" "Mozilla/5.0 AppleWebKit/537.36 (KHTML, like Gecko; compatible; bingbot/2.0; +http://www.bing.com/bingbot.htm) Chrome/116.0.1938.76 Safari/537.36"
52.167.144.176 - - [09/Jun/2026:08:59:00 -0400] "GET /?listing/13488177/ HTTP/1.1" 301 0 "-" "Mozilla/5.0 AppleWebKit/537.36 (KHTML, like Gecko; compatible; bingbot/2.0; +http://www.bing.com/bingbot.htm) Chrome/116.0.1938.76 Safari/537.36"
40.77.167.38 - - [09/Jun/2026:08:59:03 -0400] "GET /?listing/3437177/ HTTP/1.1" 301 0 "-" "Mozilla/5.0 AppleWebKit/537.36 (KHTML, like Gecko; compatible; bingbot/2.0; +http://www.bing.com/bingbot.htm) Chrome/116.0.1938.76 Safari/537.36"
40.77.167.38 - - [09/Jun/2026:08:59:04 -0400] "GET /?listing/7529500/ HTTP/1.1" 301 0 "-" "Mozilla/5.0 AppleWebKit/537.36 (KHTML, like Gecko; compatible; bingbot/2.0; +http://www.bing.com/bingbot.htm) Chrome/116.0.1938.76 Safari/537.36"
40.77.167.38 - - [09/Jun/2026:08:59:04 -0400] "GET /?listing/4388555/ HTTP/1.1" 301 0 "-" "Mozilla/5.0 AppleWebKit/537.36 (KHTML, like Gecko; compatible; bingbot/2.0; +http://www.bing.com/bingbot.htm) Chrome/116.0.1938.76 Safari/537.36"
40.77.167.38 - - [09/Jun/2026:08:59:05 -0400] "GET /?listing/23141522/ HTTP/1.1" 301 0 "-" "Mozilla/5.0 AppleWebKit/537.36 (KHTML, like Gecko; compatible; bingbot/2.0; +http://www.bing.com/bingbot.htm) Chrome/116.0.1938.76 Safari/537.36"
40.77.167.38 - - [09/Jun/2026:08:59:05 -0400] "GET /?listing/25499222/ HTTP/1.1" 301 0 "-" "Mozilla/5.0 AppleWebKit/537.36 (KHTML, like Gecko; compatible; bingbot/2.0; +http://www.bing.com/bingbot.htm) Chrome/116.0.1938.76 Safari/537.36"
40.77.167.74 - - [09/Jun/2026:08:59:09 -0400] "GET /?listing/22345822/ HTTP/1.1" 301 0 "-" "Mozilla/5.0 AppleWebKit/537.36 (KHTML, like Gecko; compatible; bingbot/2.0; +http://www.bing.com/bingbot.htm) Chrome/116.0.1938.76 Safari/537.36"
40.77.167.74 - - [09/Jun/2026:08:59:09 -0400] "GET /?listing/1952222/ HTTP/1.1" 301 0 "-" "Mozilla/5.0 AppleWebKit/537.36 (KHTML, like Gecko; compatible; bingbot/2.0; +http://www.bing.com/bingbot.htm) Chrome/116.0.1938.76 Safari/537.36"
40.77.167.74 - - [09/Jun/2026:08:59:10 -0400] "GET /?listing/5937122/ HTTP/1.1" 301 0 "-" "Mozilla/5.0 AppleWebKit/537.36 (KHTML, like Gecko; compatible; bingbot/2.0; +http://www.bing.com/bingbot.htm) Chrome/116.0.1938.76 Safari/537.36"
40.77.167.74 - - [09/Jun/2026:08:59:10 -0400] "GET /?listing/13312088/ HTTP/1.1" 301 0 "-" "Mozilla/5.0 AppleWebKit/537.36 (KHTML, like Gecko; compatible; bingbot/2.0; +http://www.bing.com/bingbot.htm) Chrome/116.0.1938.76 Safari/537.36"
40.77.167.74 - - [09/Jun/2026:08:59:11 -0400] "GET /?listing/20653700/ HTTP/1.1" 301 0 "-" "Mozilla/5.0 AppleWebKit/537.36 (KHTML, like Gecko; compatible; bingbot/2.0; +http://www.bing.com/bingbot.htm) Chrome/116.0.1938.76 Safari/537.36"
40.77.167.38 - - [09/Jun/2026:08:59:14 -0400] "GET /?listing/14896444/ HTTP/1.1" 301 0 "-" "Mozilla/5.0 AppleWebKit/537.36 (KHTML, like Gecko; compatible; bingbot/2.0; +http://www.bing.com/bingbot.htm) Chrome/116.0.1938.76 Safari/537.36"
40.77.167.74 - - [09/Jun/2026:08:59:19 -0400] "GET /?listing/1592055/ HTTP/1.1" 301 0 "-" "Mozilla/5.0 AppleWebKit/537.36 (KHTML, like Gecko; compatible; bingbot/2.0; +http://www.bing.com/bingbot.htm) Chrome/116.0.1938.76 Safari/537.36"
40.77.167.74 - - [09/Jun/2026:08:59:19 -0400] "GET /?listing/6530333/ HTTP/1.1" 301 0 "-" "Mozilla/5.0 AppleWebKit/537.36 (KHTML, like Gecko; compatible; bingbot/2.0; +http://www.bing.com/bingbot.htm) Chrome/116.0.1938.76 Safari/537.36"
40.77.167.74 - - [09/Jun/2026:08:59:20 -0400] "GET /?listing/3142133/ HTTP/1.1" 301 0 "-" "Mozilla/5.0 AppleWebKit/537.36 (KHTML, like Gecko; compatible; bingbot/2.0; +http://www.bing.com/bingbot.htm) Chrome/116.0.1938.76 Safari/537.36"
40.77.167.74 - - [09/Jun/2026:08:59:20 -0400] "GET /?listing/18078500/ HTTP/1.1" 301 0 "-" "Mozilla/5.0 AppleWebKit/537.36 (KHTML, like Gecko; compatible; bingbot/2.0; +http://www.bing.com/bingbot.htm) Chrome/116.0.1938.76 Safari/537.36"
40.77.167.74 - - [09/Jun/2026:08:59:21 -0400] "GET /?listing/12531111/ HTTP/1.1" 301 0 "-" "Mozilla/5.0 AppleWebKit/537.36 (KHTML, like Gecko; compatible; bingbot/2.0; +http://www.bing.com/bingbot.htm) Chrome/116.0.1938.76 Safari/537.36"
52.167.144.176 - - [09/Jun/2026:08:59:24 -0400] "GET /?listing/5499811/ HTTP/1.1" 301 0 "-" "Mozilla/5.0 AppleWebKit/537.36 (KHTML, like Gecko; compatible; bingbot/2.0; +http://www.bing.com/bingbot.htm) Chrome/116.0.1938.76 Safari/537.36"
52.167.144.176 - - [09/Jun/2026:08:59:25 -0400] "GET /?listing/8109833/ HTTP/1.1" 301 0 "-" "Mozilla/5.0 AppleWebKit/537.36 (KHTML, like Gecko; compatible; bingbot/2.0; +http://www.bing.com/bingbot.htm) Chrome/116.0.1938.76 Safari/537.36"
63.250.38.253 - - [09/Jun/2026:09:00:18 -0400] "POST /wp-cron.php?doing_wp_cron=1781010018.6604540348052978515625 HTTP/1.1" 200 0 "-" "WordPress/7.0; https://radiantskinclinics.org"
66.249.69.6 - - [09/Jun/2026:09:00:18 -0400] "GET /?listing/10356999/ HTTP/1.1" 301 0 "-" "Mozilla/5.0 (Linux; Android 6.0.1; Nexus 5X Build/MMB29P) AppleWebKit/537.36 (KHTML, like Gecko) Chrome/148.0.7778.96 Mobile Safari/537.36 (compatible; Googlebot/2.1; +http://www.google.com/bot.html)"
66.249.69.5 - - [09/Jun/2026:09:00:19 -0400] "GET /?listing%2F10356999%2F HTTP/1.1" 200 31147 "-" "Mozilla/5.0 (Linux; Android 6.0.1; Nexus 5X Build/MMB29P) AppleWebKit/537.36 (KHTML, like Gecko) Chrome/148.0.7778.96 Mobile Safari/537.36 (compatible; Googlebot/2.1; +http://www.google.com/bot.html)"
63.250.38.253 - - [09/Jun/2026:09:05:49 -0400] "POST /wp-cron.php?doing_wp_cron=1781010349.8610980510711669921875 HTTP/1.1" 200 0 "-" "WordPress/7.0; https://radiantskinclinics.org"
40.77.167.73 - - [09/Jun/2026:09:05:46 -0400] "GET /?sitemap.xml HTTP/1.1" 301 0 "-" "Mozilla/5.0 AppleWebKit/537.36 (KHTML, like Gecko; compatible; bingbot/2.0; +http://www.bing.com/bingbot.htm) Chrome/116.0.1938.76 Safari/537.36"
40.77.167.73 - - [09/Jun/2026:09:05:50 -0400] "GET /?sitemap_xml HTTP/1.1" 200 31158 "-" "Mozilla/5.0 AppleWebKit/537.36 (KHTML, like Gecko; compatible; bingbot/2.0; +http://www.bing.com/bingbot.htm) Chrome/116.0.1938.76 Safari/537.36"
157.66.191.8 - - [09/Jun/2026:09:06:41 -0400] "GET /wp-login.php HTTP/1.1" 200 1992 "-" "Mozilla/5.0 (X11; Fedora; Linux x86_64) AppleWebKit/537.36 (KHTML, like Gecko) Chrome/133.0.0.0 Safari/537.36"
157.66.191.8 - - [09/Jun/2026:09:06:42 -0400] "POST /wp-login.php HTTP/1.1" 200 2099 "https://radiantskinclinics.org/wp-login.php" "Mozilla/5.0 (X11; Fedora; Linux x86_64) AppleWebKit/537.36 (KHTML, like Gecko) Chrome/133.0.0.0 Safari/537.36"
66.249.69.5 - - [09/Jun/2026:09:12:02 -0400] "GET /services/ HTTP/1.1" 200 29727 "-" "Mozilla/5.0 (Linux; Android 6.0.1; Nexus 5X Build/MMB29P) AppleWebKit/537.36 (KHTML, like Gecko) Chrome/148.0.7778.96 Mobile Safari/537.36 (compatible; Googlebot/2.1; +http://www.google.com/bot.html)"
66.249.69.5 - - [09/Jun/2026:09:12:25 -0400] "GET /wp-content/uploads/elementor/css/post-2308.css?ver=1780522545 HTTP/1.1" 200 2141 "https://radiantskinclinics.org/services/" "Mozilla/5.0 (Linux; Android 6.0.1; Nexus 5X Build/MMB29P) AppleWebKit/537.36 (KHTML, like Gecko) Chrome/148.0.7778.96 Mobile Safari/537.36 (compatible; Googlebot/2.1; +http://www.google.com/bot.html)"
66.249.69.5 - - [09/Jun/2026:09:12:25 -0400] "GET /wp-content/plugins/elementor/assets/lib/swiper/v8/css/swiper.min.css?ver=8.4.5 HTTP/1.1" 200 4248 "https://radiantskinclinics.org/services/" "Mozilla/5.0 (Linux; Android 6.0.1; Nexus 5X Build/MMB29P) AppleWebKit/537.36 (KHTML, like Gecko) Chrome/148.0.7778.96 Mobile Safari/537.36 (compatible; Googlebot/2.1; +http://www.google.com/bot.html)"
66.249.69.5 - - [09/Jun/2026:09:12:25 -0400] "GET /wp-content/uploads/elementor/css/post-2980.css?ver=1780522546 HTTP/1.1" 200 5962 "https://radiantskinclinics.org/services/" "Mozilla/5.0 (Linux; Android 6.0.1; Nexus 5X Build/MMB29P) AppleWebKit/537.36 (KHTML, like Gecko) Chrome/148.0.7778.96 Mobile Safari/537.36 (compatible; Googlebot/2.1; +http://www.google.com/bot.html)"
66.249.69.5 - - [09/Jun/2026:09:12:26 -0400] "GET /wp-content/plugins/elementor/assets/css/widget-heading.min.css?ver=4.1.1 HTTP/1.1" 200 126 "https://radiantskinclinics.org/services/" "Mozilla/5.0 (Linux; Android 6.0.1; Nexus 5X Build/MMB29P) AppleWebKit/537.36 (KHTML, like Gecko) Chrome/148.0.7778.96 Mobile Safari/537.36 (compatible; Googlebot/2.1; +http://www.google.com/bot.html)"
66.249.69.5 - - [09/Jun/2026:09:12:27 -0400] "GET /wp-content/plugins/elementor/assets/lib/swiper/v8/swiper.min.js?ver=8.4.5 HTTP/1.1" 200 38152 "https://radiantskinclinics.org/services/" "Mozilla/5.0 (Linux; Android 6.0.1; Nexus 5X Build/MMB29P) AppleWebKit/537.36 (KHTML, like Gecko) Chrome/148.0.7778.96 Mobile Safari/537.36 (compatible; Googlebot/2.1; +http://www.google.com/bot.html)"
63.250.38.253 - - [09/Jun/2026:09:12:30 -0400] "POST /wp-cron.php?doing_wp_cron=1781010750.4402201175689697265625 HTTP/1.1" 200 0 "-" "WordPress/7.0; https://radiantskinclinics.org"
66.249.69.5 - - [09/Jun/2026:09:12:26 -0400] "POST /wp-json/metform/v1/forms/views/2980 HTTP/1.1" 403 90 "https://radiantskinclinics.org/services/" "Mozilla/5.0 (Linux; Android 6.0.1; Nexus 5X Build/MMB29P) AppleWebKit/537.36 (KHTML, like Gecko) Chrome/148.0.7778.96 Mobile Safari/537.36 (compatible; Googlebot/2.1; +http://www.google.com/bot.html)"
63.250.38.253 - - [09/Jun/2026:09:12:55 -0400] "POST /wp-cron.php?doing_wp_cron=1781010775.6641929149627685546875 HTTP/1.1" 200 0 "-" "WordPress/7.0; https://radiantskinclinics.org"
66.249.69.5 - - [09/Jun/2026:09:12:55 -0400] "GET /?listing/23680833/ HTTP/1.1" 301 0 "-" "Mozilla/5.0 (Linux; Android 6.0.1; Nexus 5X Build/MMB29P) AppleWebKit/537.36 (KHTML, like Gecko) Chrome/148.0.7778.96 Mobile Safari/537.36 (compatible; Googlebot/2.1; +http://www.google.com/bot.html)"
66.249.69.5 - - [09/Jun/2026:09:12:55 -0400] "GET /?listing%2F23680833%2F HTTP/1.1" 200 31147 "-" "Mozilla/5.0 (Linux; Android 6.0.1; Nexus 5X Build/MMB29P) AppleWebKit/537.36 (KHTML, like Gecko) Chrome/148.0.7778.96 Mobile Safari/537.36 (compatible; Googlebot/2.1; +http://www.google.com/bot.html)"
66.249.69.5 - - [09/Jun/2026:09:13:02 -0400] "GET /wp-content/plugins/elementor/assets/lib/font-awesome/js/v4-shims.min.js?ver=4.1.1 HTTP/1.1" 200 4042 "https://radiantskinclinics.org/?listing%2F23680833%2F" "Mozilla/5.0 (Linux; Android 6.0.1; Nexus 5X Build/MMB29P) AppleWebKit/537.36 (KHTML, like Gecko) Chrome/148.0.7778.96 Mobile Safari/537.36 (compatible; Googlebot/2.1; +http://www.google.com/bot.html)"
66.249.69.6 - - [09/Jun/2026:09:13:03 -0400] "GET /wp-includes/js/jquery/ui/core.min.js?ver=1.13.3 HTTP/1.1" 200 6812 "https://radiantskinclinics.org/?listing%2F23680833%2F" "Mozilla/5.0 (Linux; Android 6.0.1; Nexus 5X Build/MMB29P) AppleWebKit/537.36 (KHTML, like Gecko) Chrome/148.0.7778.96 Mobile Safari/537.36 (compatible; Googlebot/2.1; +http://www.google.com/bot.html)"
49.51.183.15 - - [09/Jun/2026:09:16:37 -0400] "GET / HTTP/1.1" 200 35555 "http://radiantskinclinics.org" "Mozilla/5.0 (iPhone; CPU iPhone OS 13_2_3 like Mac OS X) AppleWebKit/605.1.15 (KHTML, like Gecko) Version/13.0.3 Mobile/15E148 Safari/604.1"
66.249.69.6 - - [09/Jun/2026:09:20:37 -0400] "GET /services/acne-and-acne-scars/ HTTP/1.1" 200 23747 "-" "Mozilla/5.0 (iPad; CPU OS 9_1 like Mac OS X) AppleWebKit/601.1 (KHTML, like Gecko) CriOS/79.0.3945.117 Mobile/13B143 Safari/601.1.46 (compatible; GoogleOther)"
66.249.69.7 - - [09/Jun/2026:09:20:38 -0400] "GET /wp-includes/css/dist/block-library/style.min.css?ver=7.0 HTTP/1.1" 200 16250 "https://radiantskinclinics.org/services/acne-and-acne-scars/" "Mozilla/5.0 (iPad; CPU OS 9_1 like Mac OS X) AppleWebKit/601.1 (KHTML, like Gecko) CriOS/79.0.3945.117 Mobile/13B143 Safari/601.1.46 (compatible; GoogleOther)"
66.249.69.5 - - [09/Jun/2026:09:20:38 -0400] "GET /wp-content/plugins/medizco-essential/modules/parallax/assets/css/style.css?ver=1.0.2 HTTP/1.1" 200 576 "https://radiantskinclinics.org/services/acne-and-acne-scars/" "Mozilla/5.0 (iPad; CPU OS 9_1 like Mac OS X) AppleWebKit/601.1 (KHTML, like Gecko) CriOS/79.0.3945.117 Mobile/13B143 Safari/601.1.46 (compatible; GoogleOther)"
66.249.69.7 - - [09/Jun/2026:09:20:39 -0400] "GET /wp-content/plugins/elementor/assets/lib/font-awesome/css/all.min.css?ver=4.1.1 HTTP/1.1" 200 12380 "https://radiantskinclinics.org/services/acne-and-acne-scars/" "Mozilla/5.0 (iPad; CPU OS 9_1 like Mac OS X) AppleWebKit/601.1 (KHTML, like Gecko) CriOS/79.0.3945.117 Mobile/13B143 Safari/601.1.46 (compatible; GoogleOther)"
66.249.69.6 - - [09/Jun/2026:09:20:40 -0400] "GET /wp-content/plugins/revslider/public/css/sr7.css?ver=6.7.13 HTTP/1.1" 200 1243 "https://radiantskinclinics.org/services/acne-and-acne-scars/" "Mozilla/5.0 (iPad; CPU OS 9_1 like Mac OS X) AppleWebKit/601.1 (KHTML, like Gecko) CriOS/79.0.3945.117 Mobile/13B143 Safari/601.1.46 (compatible; GoogleOther)"
66.249.69.7 - - [09/Jun/2026:09:20:41 -0400] "GET /wp-content/plugins/woocommerce/assets/css/woocommerce-smallscreen.css?ver=10.8.1 HTTP/1.1" 200 1282 "https://radiantskinclinics.org/services/acne-and-acne-scars/" "Mozilla/5.0 (iPad; CPU OS 9_1 like Mac OS X) AppleWebKit/601.1 (KHTML, like Gecko) CriOS/79.0.3945.117 Mobile/13B143 Safari/601.1.46 (compatible; GoogleOther)"
66.249.69.5 - - [09/Jun/2026:09:20:41 -0400] "GET /wp-content/themes/medizco/assets/css/woocommerce.css?ver=3.6.0 HTTP/1.1" 200 1767 "https://radiantskinclinics.org/services/acne-and-acne-scars/" "Mozilla/5.0 (iPad; CPU OS 9_1 like Mac OS X) AppleWebKit/601.1 (KHTML, like Gecko) CriOS/79.0.3945.117 Mobile/13B143 Safari/601.1.46 (compatible; GoogleOther)"
66.249.69.5 - - [09/Jun/2026:09:20:42 -0400] "GET /wp-content/themes/medizco/assets/css/gutenberg-custom.css?ver=3.6.0 HTTP/1.1" 200 4614 "https://radiantskinclinics.org/services/acne-and-acne-scars/" "Mozilla/5.0 (iPad; CPU OS 9_1 like Mac OS X) AppleWebKit/601.1 (KHTML, like Gecko) CriOS/79.0.3945.117 Mobile/13B143 Safari/601.1.46 (compatible; GoogleOther)"
66.249.69.6 - - [09/Jun/2026:09:20:43 -0400] "GET /wp-content/themes/medizco/assets/images/preloader/oval.svg HTTP/1.1" 200 280 "https://radiantskinclinics.org/services/acne-and-acne-scars/" "Mozilla/5.0 (iPad; CPU OS 9_1 like Mac OS X) AppleWebKit/601.1 (KHTML, like Gecko) CriOS/79.0.3945.117 Mobile/13B143 Safari/601.1.46 (compatible; GoogleOther)"
66.249.69.5 - - [09/Jun/2026:09:20:44 -0400] "GET /wp-content/plugins/elementskit-lite/widgets/init/assets/css/responsive.css?ver=3.9.6 HTTP/1.1" 200 2857 "https://radiantskinclinics.org/services/acne-and-acne-scars/" "Mozilla/5.0 (iPad; CPU OS 9_1 like Mac OS X) AppleWebKit/601.1 (KHTML, like Gecko) CriOS/79.0.3945.117 Mobile/13B143 Safari/601.1.46 (compatible; GoogleOther)"
66.249.69.6 - - [09/Jun/2026:09:20:45 -0400] "GET /wp-content/themes/medizco/assets/css/bootstrap.min.css?ver=3.6.0 HTTP/1.1" 200 18586 "https://radiantskinclinics.org/services/acne-and-acne-scars/" "Mozilla/5.0 (iPad; CPU OS 9_1 like Mac OS X) AppleWebKit/601.1 (KHTML, like Gecko) CriOS/79.0.3945.117 Mobile/13B143 Safari/601.1.46 (compatible; GoogleOther)"
66.249.69.5 - - [09/Jun/2026:09:20:46 -0400] "GET /wp-content/plugins/elementskit-lite/widgets/init/assets/css/widget-styles.css?ver=3.9.6 HTTP/1.1" 200 49271 "https://radiantskinclinics.org/services/acne-and-acne-scars/" "Mozilla/5.0 (iPad; CPU OS 9_1 like Mac OS X) AppleWebKit/601.1 (KHTML, like Gecko) CriOS/79.0.3945.117 Mobile/13B143 Safari/601.1.46 (compatible; GoogleOther)"
66.249.69.5 - - [09/Jun/2026:09:20:46 -0400] "GET /wp-content/plugins/woocommerce/assets/css/woocommerce-layout.css?ver=10.8.1 HTTP/1.1" 200 3164 "https://radiantskinclinics.org/services/acne-and-acne-scars/" "Mozilla/5.0 (iPad; CPU OS 9_1 like Mac OS X) AppleWebKit/601.1 (KHTML, like Gecko) CriOS/79.0.3945.117 Mobile/13B143 Safari/601.1.46 (compatible; GoogleOther)"
66.249.69.5 - - [09/Jun/2026:09:20:47 -0400] "GET /wp-content/plugins/metform/public/assets/lib/cute-alert/style.css?ver=4.1.4 HTTP/1.1" 200 1064 "https://radiantskinclinics.org/services/acne-and-acne-scars/" "Mozilla/5.0 (iPad; CPU OS 9_1 like Mac OS X) AppleWebKit/601.1 (KHTML, like Gecko) CriOS/79.0.3945.117 Mobile/13B143 Safari/601.1.46 (compatible; GoogleOther)"
66.249.69.5 - - [09/Jun/2026:09:20:48 -0400] "GET /wp-content/plugins/metform/public/assets/css/text-editor.css?ver=4.1.4 HTTP/1.1" 200 3261 "https://radiantskinclinics.org/services/acne-and-acne-scars/" "Mozilla/5.0 (iPad; CPU OS 9_1 like Mac OS X) AppleWebKit/601.1 (KHTML, like Gecko) CriOS/79.0.3945.117 Mobile/13B143 Safari/601.1.46 (compatible; GoogleOther)"
66.249.69.5 - - [09/Jun/2026:09:20:49 -0400] "GET /wp-content/plugins/woocommerce/assets/css/woocommerce.css?ver=10.8.1 HTTP/1.1" 200 10456 "https://radiantskinclinics.org/services/acne-and-acne-scars/" "Mozilla/5.0 (iPad; CPU OS 9_1 like Mac OS X) AppleWebKit/601.1 (KHTML, like Gecko) CriOS/79.0.3945.117 Mobile/13B143 Safari/601.1.46 (compatible; GoogleOther)"
