66.249.69.67 - - [09/Jun/2026:10:30:24 -0400] "GET /products/13818701 HTTP/1.1" 404 20947 "-" "Mozilla/5.0 (Linux; Android 6.0.1; Nexus 5X Build/MMB29P) AppleWebKit/537.36 (KHTML, like Gecko) Chrome/148.0.7778.96 Mobile Safari/537.36 (compatible; Googlebot/2.1; +http://www.google.com/bot.html)"
63.250.38.253 - - [09/Jun/2026:10:31:44 -0400] "POST /wp-cron.php?doing_wp_cron=1781015504.4522240161895751953125 HTTP/1.1" 200 0 "-" "WordPress/7.0; https://blissfulnepal.com"
66.249.69.65 - - [09/Jun/2026:10:31:43 -0400] "GET /products/29470801 HTTP/1.1" 404 20947 "-" "Mozilla/5.0 (Linux; Android 6.0.1; Nexus 5X Build/MMB29P) AppleWebKit/537.36 (KHTML, like Gecko) Chrome/148.0.7778.96 Mobile Safari/537.36 (compatible; Googlebot/2.1; +http://www.google.com/bot.html)"
63.250.38.253 - - [09/Jun/2026:10:32:49 -0400] "POST /wp-cron.php?doing_wp_cron=1781015569.2064208984375000000000 HTTP/1.1" 200 0 "-" "WordPress/7.0; https://blissfulnepal.com"
66.249.69.67 - - [09/Jun/2026:10:32:48 -0400] "GET /products/7021456 HTTP/1.1" 404 20947 "-" "Mozilla/5.0 (Linux; Android 6.0.1; Nexus 5X Build/MMB29P) AppleWebKit/537.36 (KHTML, like Gecko) Chrome/148.0.7778.96 Mobile Safari/537.36 (compatible; Googlebot/2.1; +http://www.google.com/bot.html)"
63.250.38.253 - - [09/Jun/2026:10:33:27 -0400] "POST /wp-cron.php?doing_wp_cron=1781015607.9431390762329101562500 HTTP/1.1" 200 0 "-" "WordPress/7.0; https://blissfulnepal.com"
66.249.69.67 - - [09/Jun/2026:10:33:26 -0400] "GET /products/15331701 HTTP/1.1" 404 20947 "-" "Mozilla/5.0 (Linux; Android 6.0.1; Nexus 5X Build/MMB29P) AppleWebKit/537.36 (KHTML, like Gecko) Chrome/148.0.7778.96 Mobile Safari/537.36 (compatible; Googlebot/2.1; +http://www.google.com/bot.html)"
66.249.69.67 - - [09/Jun/2026:10:34:01 -0400] "GET /products/26773489 HTTP/1.1" 404 20947 "-" "Mozilla/5.0 (Linux; Android 6.0.1; Nexus 5X Build/MMB29P) AppleWebKit/537.36 (KHTML, like Gecko) Chrome/148.0.7778.96 Mobile Safari/537.36 (compatible; Googlebot/2.1; +http://www.google.com/bot.html)"
63.250.38.253 - - [09/Jun/2026:10:34:14 -0400] "POST /wp-cron.php?doing_wp_cron=1781015654.3894340991973876953125 HTTP/1.1" 200 0 "-" "WordPress/7.0; https://blissfulnepal.com"
103.106.241.168 - - [09/Jun/2026:10:34:13 -0400] "GET /products/8736778 HTTP/1.1" 404 24088 "-" "Mozilla/5.0 (Macintosh; Intel Mac OS X 10_15_7) AppleWebKit/537.36 (KHTML, like Gecko) Chrome/94.0.4606.71 Safari/537.36"
66.249.69.66 - - [09/Jun/2026:10:34:48 -0400] "GET /products/6915401 HTTP/1.1" 404 20945 "-" "Mozilla/5.0 (Linux; Android 6.0.1; Nexus 5X Build/MMB29P) AppleWebKit/537.36 (KHTML, like Gecko) Chrome/148.0.7778.96 Mobile Safari/537.36 (compatible; Googlebot/2.1; +http://www.google.com/bot.html)"
63.250.38.253 - - [09/Jun/2026:10:35:35 -0400] "POST /wp-cron.php?doing_wp_cron=1781015735.1861109733581542968750 HTTP/1.1" 200 0 "-" "WordPress/7.0; https://blissfulnepal.com"
66.249.69.65 - - [09/Jun/2026:10:35:34 -0400] "GET /products/28320378 HTTP/1.1" 404 20947 "-" "Mozilla/5.0 (Linux; Android 6.0.1; Nexus 5X Build/MMB29P) AppleWebKit/537.36 (KHTML, like Gecko) Chrome/148.0.7778.96 Mobile Safari/537.36 (compatible; Googlebot/2.1; +http://www.google.com/bot.html)"
63.250.38.253 - - [09/Jun/2026:10:36:21 -0400] "POST /wp-cron.php?doing_wp_cron=1781015781.3531849384307861328125 HTTP/1.1" 200 0 "-" "WordPress/7.0; https://blissfulnepal.com"
66.249.69.65 - - [09/Jun/2026:10:36:20 -0400] "GET /products/22775823 HTTP/1.1" 404 20947 "-" "Mozilla/5.0 (Linux; Android 6.0.1; Nexus 5X Build/MMB29P) AppleWebKit/537.36 (KHTML, like Gecko) Chrome/148.0.7778.96 Mobile Safari/537.36 (compatible; Googlebot/2.1; +http://www.google.com/bot.html)"
63.250.38.253 - - [09/Jun/2026:10:37:31 -0400] "POST /wp-cron.php?doing_wp_cron=1781015851.3300321102142333984375 HTTP/1.1" 200 0 "-" "WordPress/7.0; https://blissfulnepal.com"
66.249.69.66 - - [09/Jun/2026:10:37:30 -0400] "GET /products/22254901 HTTP/1.1" 404 20947 "-" "Mozilla/5.0 (Linux; Android 6.0.1; Nexus 5X Build/MMB29P) AppleWebKit/537.36 (KHTML, like Gecko) Chrome/148.0.7778.96 Mobile Safari/537.36 (compatible; Googlebot/2.1; +http://www.google.com/bot.html)"
66.42.61.105 - - [09/Jun/2026:10:39:05 -0400] "POST /wp-load.php?30147a=84481 HTTP/1.1" 200 7012 "-" "Mozilla/5.0 (Windows NT 10.0; Win64; x64) AppleWebKit/537.36 (KHTML, like Gecko) Chrome/138.0.0.0 Safari/537.36"
178.156.136.36 - - [09/Jun/2026:10:39:13 -0400] "POST /wp-load.php?e44a4f=61576 HTTP/1.1" 200 2136 "https://blissfulnepal.com/" "Mozilla/5.0 (Windows NT 10.0; Win64; x64) AppleWebKit/537.36 (KHTML, like Gecko) Chrome/138.0.0.0 Safari/537.36"
120.240.178.146 - - [09/Jun/2026:10:39:23 -0400] "GET /wp-content/uploads/2023/01/Best-time.svg HTTP/1.1" 200 2078 "https://blissfulnepal.com/tour/a-complete-wildlife-tour-in-nepal/" "Mozilla/5.0 (Windows NT 10.0; Win64; x64) AppleWebKit/537.36 (KHTML, like Gecko) Chrome/143.0.0.0 Safari/537.36"
63.250.38.253 - - [09/Jun/2026:10:39:40 -0400] "POST /wp-cron.php?doing_wp_cron=1781015980.8511159420013427734375 HTTP/1.1" 200 0 "-" "WordPress/7.0; https://blissfulnepal.com"
193.19.109.241 - - [09/Jun/2026:10:39:37 -0400] "POST /wp-login.php HTTP/1.1" 503 7732 "-" "Mozilla/5.0 (Macintosh; Intel Mac OS X 10_15_7) AppleWebKit/605.1.15 Version/17.0 Safari/605.1.15"
66.249.69.66 - - [09/Jun/2026:10:39:38 -0400] "GET /products/23339445 HTTP/1.1" 404 20947 "-" "Mozilla/5.0 (Linux; Android 6.0.1; Nexus 5X Build/MMB29P) AppleWebKit/537.36 (KHTML, like Gecko) Chrome/148.0.7778.96 Mobile Safari/537.36 (compatible; Googlebot/2.1; +http://www.google.com/bot.html)"
66.249.69.66 - - [09/Jun/2026:10:39:38 -0400] "GET /products/17138212 HTTP/1.1" 404 20947 "-" "Mozilla/5.0 (Linux; Android 6.0.1; Nexus 5X Build/MMB29P) AppleWebKit/537.36 (KHTML, like Gecko) Chrome/148.0.7778.96 Mobile Safari/537.36 (compatible; Googlebot/2.1; +http://www.google.com/bot.html)"
63.250.38.253 - - [09/Jun/2026:10:40:44 -0400] "POST /wp-cron.php?doing_wp_cron=1781016044.2661559581756591796875 HTTP/1.1" 200 0 "-" "WordPress/7.0; https://blissfulnepal.com"
123.20.116.46 - - [09/Jun/2026:10:40:43 -0400] "GET /products/9337767 HTTP/1.1" 404 24088 "-" "Mozilla/5.0 (Windows NT 10.0) AppleWebKit/537.36 (KHTML, like Gecko) Brave Chrome/89.0.4389.114 Safari/537.36"
63.250.38.253 - - [09/Jun/2026:10:42:16 -0400] "POST /wp-cron.php?doing_wp_cron=1781016136.7181689739227294921875 HTTP/1.1" 200 0 "-" "WordPress/7.0; https://blissfulnepal.com"
66.249.69.65 - - [09/Jun/2026:10:42:12 -0400] "GET /products/28490623 HTTP/1.1" 404 20947 "-" "Mozilla/5.0 (Linux; Android 6.0.1; Nexus 5X Build/MMB29P) AppleWebKit/537.36 (KHTML, like Gecko) Chrome/148.0.7778.96 Mobile Safari/537.36 (compatible; Googlebot/2.1; +http://www.google.com/bot.html)"
63.250.38.253 - - [09/Jun/2026:10:43:11 -0400] "POST /wp-cron.php?doing_wp_cron=1781016191.8559041023254394531250 HTTP/1.1" 200 0 "-" "WordPress/7.0; https://blissfulnepal.com"
34.63.117.220 - - [09/Jun/2026:10:43:11 -0400] "HEAD / HTTP/1.1" 200 0 "-" "Mozilla/5.0 (X11; Linux x86_64) AppleWebKit/537.36 (KHTML, like Gecko) Chrome/136.0.0.0 Safari/537.36"
34.63.117.220 - - [09/Jun/2026:10:43:11 -0400] "GET / HTTP/1.1" 200 42463 "-" "Mozilla/5.0 (X11; Linux x86_64) AppleWebKit/537.36 (KHTML, like Gecko) Chrome/136.0.0.0 Safari/537.36"
66.249.69.66 - - [09/Jun/2026:10:43:31 -0400] "GET /products/10311412 HTTP/1.1" 404 20947 "-" "Mozilla/5.0 (Linux; Android 6.0.1; Nexus 5X Build/MMB29P) AppleWebKit/537.36 (KHTML, like Gecko) Chrome/148.0.7778.96 Mobile Safari/537.36 (compatible; Googlebot/2.1; +http://www.google.com/bot.html)"
63.250.38.253 - - [09/Jun/2026:10:44:49 -0400] "POST /wp-cron.php?doing_wp_cron=1781016288.9912281036376953125000 HTTP/1.1" 200 0 "-" "WordPress/7.0; https://blissfulnepal.com"
66.249.69.65 - - [09/Jun/2026:10:44:48 -0400] "GET /products/18522101 HTTP/1.1" 404 20947 "-" "Mozilla/5.0 (Linux; Android 6.0.1; Nexus 5X Build/MMB29P) AppleWebKit/537.36 (KHTML, like Gecko) Chrome/148.0.7778.96 Mobile Safari/537.36 (compatible; Googlebot/2.1; +http://www.google.com/bot.html)"
63.250.38.253 - - [09/Jun/2026:10:46:25 -0400] "POST /wp-cron.php?doing_wp_cron=1781016385.7807030677795410156250 HTTP/1.1" 200 0 "-" "WordPress/7.0; https://blissfulnepal.com"
31.41.95.0 - - [09/Jun/2026:10:46:22 -0400] "GET /products/23449301 HTTP/1.1" 301 0 "-" "Mozilla/5.0 (Macintosh; Intel Mac OS X 10_8_2) AppleWebKit/537.17 (KHTML, like Gecko) Chrome/24.0.1309.0 Safari/537.17"
124.6.235.133 - - [09/Jun/2026:10:46:27 -0400] "GET /products/23449301 HTTP/1.1" 404 24088 "-" "Mozilla/5.0 (Macintosh; Intel Mac OS X 10_8_2) AppleWebKit/537.17 (KHTML, like Gecko) Chrome/24.0.1309.0 Safari/537.17"
197.232.138.53 - - [09/Jun/2026:10:46:39 -0400] "GET /products/22034867 HTTP/1.1" 301 0 "-" "Mozilla/5.0 (Macintosh; Intel Mac OS X 10_2) AppleWebKit/537.36 (KHTML, like Gecko) Chrome/98.0.4691.94 Safari/537.36"
109.107.230.108 - - [09/Jun/2026:10:46:43 -0400] "GET /products/22034867 HTTP/1.1" 404 24088 "-" "Mozilla/5.0 (Macintosh; Intel Mac OS X 10_2) AppleWebKit/537.36 (KHTML, like Gecko) Chrome/98.0.4691.94 Safari/537.36"
63.250.38.253 - - [09/Jun/2026:10:47:39 -0400] "POST /wp-cron.php?doing_wp_cron=1781016459.3794140815734863281250 HTTP/1.1" 200 0 "-" "WordPress/7.0; https://blissfulnepal.com"
43.161.224.78 - - [09/Jun/2026:10:47:37 -0400] "GET / HTTP/1.1" 200 42463 "http://blissfulnepal.com" "Mozilla/5.0 (iPhone; CPU iPhone OS 13_2_3 like Mac OS X) AppleWebKit/605.1.15 (KHTML, like Gecko) Version/13.0.3 Mobile/15E148 Safari/604.1"
187.245.114.108 - - [09/Jun/2026:10:47:56 -0400] "GET /products/19344512 HTTP/1.1" 301 0 "-" "Mozilla/5.0 (Windows NT 10.0; Win64; x64) AppleWebKit/537.36 (KHTML, like Gecko) Chrome/99.0.4844.84 Safari/537.36"
190.13.19.39 - - [09/Jun/2026:10:47:59 -0400] "GET /products/19344512 HTTP/1.1" 404 24088 "-" "Mozilla/5.0 (Windows NT 10.0; Win64; x64) AppleWebKit/537.36 (KHTML, like Gecko) Chrome/99.0.4844.84 Safari/537.36"
63.250.38.253 - - [09/Jun/2026:10:48:40 -0400] "POST /wp-cron.php?doing_wp_cron=1781016520.1131000518798828125000 HTTP/1.1" 200 0 "-" "WordPress/7.0; https://blissfulnepal.com"
66.249.69.65 - - [09/Jun/2026:10:48:39 -0400] "GET /products/27316345 HTTP/1.1" 404 20947 "-" "Mozilla/5.0 (Linux; Android 6.0.1; Nexus 5X Build/MMB29P) AppleWebKit/537.36 (KHTML, like Gecko) Chrome/148.0.7778.96 Mobile Safari/537.36 (compatible; Googlebot/2.1; +http://www.google.com/bot.html)"
63.250.38.253 - - [09/Jun/2026:10:49:25 -0400] "POST /wp-cron.php?doing_wp_cron=1781016565.9458560943603515625000 HTTP/1.1" 200 0 "-" "WordPress/7.0; https://blissfulnepal.com"
66.249.69.66 - - [09/Jun/2026:10:49:25 -0400] "GET /products/20385901 HTTP/1.1" 404 20947 "-" "Mozilla/5.0 (Linux; Android 6.0.1; Nexus 5X Build/MMB29P) AppleWebKit/537.36 (KHTML, like Gecko) Chrome/148.0.7778.96 Mobile Safari/537.36 (compatible; Googlebot/2.1; +http://www.google.com/bot.html)"
63.250.38.253 - - [09/Jun/2026:10:50:10 -0400] "POST /wp-cron.php?doing_wp_cron=1781016610.4749081134796142578125 HTTP/1.1" 200 0 "-" "WordPress/7.0; https://blissfulnepal.com"
17.241.75.208 - - [09/Jun/2026:10:50:09 -0400] "GET /tour/bardia-national-park-wildlife-safari/ HTTP/1.1" 200 42848 "-" "Mozilla/5.0 (Macintosh; Intel Mac OS X 10_15_7) AppleWebKit/605.1.15 (KHTML, like Gecko) Version/17.4 Safari/605.1.15 (Applebot/0.1; +http://www.apple.com/go/applebot)"
63.250.38.253 - - [09/Jun/2026:10:53:36 -0400] "POST /wp-cron.php?doing_wp_cron=1781016815.9932410717010498046875 HTTP/1.1" 200 0 "-" "WordPress/7.0; https://blissfulnepal.com"
193.19.109.228 - - [09/Jun/2026:10:53:32 -0400] "POST /wp-login.php HTTP/1.1" 503 7732 "-" "Mozilla/5.0 (Windows NT 10.0; Win64; rv:143.0) Gecko/20100101 Firefox/143.0"
66.249.69.66 - - [09/Jun/2026:10:53:32 -0400] "GET /products/20556856 HTTP/1.1" 404 20947 "-" "Mozilla/5.0 (Linux; Android 6.0.1; Nexus 5X Build/MMB29P) AppleWebKit/537.36 (KHTML, like Gecko) Chrome/148.0.7778.96 Mobile Safari/537.36 (compatible; Googlebot/2.1; +http://www.google.com/bot.html)"
17.241.75.40 - - [09/Jun/2026:10:53:58 -0400] "GET /wp-includes/js/jquery/jquery.min.js?ver=3.7.1 HTTP/1.1" 200 29744 "https://blissfulnepal.com/tour/bardia-national-park-wildlife-safari/" "Mozilla/5.0 (Macintosh; Intel Mac OS X 10_15_7) AppleWebKit/605.1.15 (KHTML, like Gecko) Version/17.4 Safari/605.1.15 (Applebot/0.1; +http://www.apple.com/go/applebot)"
17.241.75.40 - - [09/Jun/2026:10:53:59 -0400] "GET /wp-includes/js/jquery/jquery-migrate.min.js?ver=3.4.1 HTTP/1.1" 200 4678 "https://blissfulnepal.com/tour/bardia-national-park-wildlife-safari/" "Mozilla/5.0 (Macintosh; Intel Mac OS X 10_15_7) AppleWebKit/605.1.15 (KHTML, like Gecko) Version/17.4 Safari/605.1.15 (Applebot/0.1; +http://www.apple.com/go/applebot)"
17.241.75.40 - - [09/Jun/2026:10:54:00 -0400] "GET /wp-content/plugins/wp-tripadvisor-review-slider/public/js/wprev-public.js?ver=14.3 HTTP/1.1" 200 1543 "https://blissfulnepal.com/tour/bardia-national-park-wildlife-safari/" "Mozilla/5.0 (Macintosh; Intel Mac OS X 10_15_7) AppleWebKit/605.1.15 (KHTML, like Gecko) Version/17.4 Safari/605.1.15 (Applebot/0.1; +http://www.apple.com/go/applebot)"
17.241.75.40 - - [09/Jun/2026:10:54:01 -0400] "GET /wp-content/themes/traveltour-child/moreless.js?ver=7.0 HTTP/1.1" 200 0 "https://blissfulnepal.com/tour/bardia-national-park-wildlife-safari/" "Mozilla/5.0 (Macintosh; Intel Mac OS X 10_15_7) AppleWebKit/605.1.15 (KHTML, like Gecko) Version/17.4 Safari/605.1.15 (Applebot/0.1; +http://www.apple.com/go/applebot)"
17.241.75.40 - - [09/Jun/2026:10:54:01 -0400] "GET /wp-content/plugins/wp-tripadvisor-review-slider/public/js/wprs-unslider-swipe.js?ver=14.3 HTTP/1.1" 200 4286 "https://blissfulnepal.com/tour/bardia-national-park-wildlife-safari/" "Mozilla/5.0 (Macintosh; Intel Mac OS X 10_15_7) AppleWebKit/605.1.15 (KHTML, like Gecko) Version/17.4 Safari/605.1.15 (Applebot/0.1; +http://www.apple.com/go/applebot)"
66.249.69.66 - - [09/Jun/2026:10:54:01 -0400] "GET /products/9599401 HTTP/1.1" 404 20947 "-" "Mozilla/5.0 (Linux; Android 6.0.1; Nexus 5X Build/MMB29P) AppleWebKit/537.36 (KHTML, like Gecko) Chrome/148.0.7778.96 Mobile Safari/537.36 (compatible; Googlebot/2.1; +http://www.google.com/bot.html)"
17.241.75.40 - - [09/Jun/2026:10:54:02 -0400] "GET /wp-content/themes/traveltour-child/child-script.js?ver=7.0 HTTP/1.1" 200 190 "https://blissfulnepal.com/tour/bardia-national-park-wildlife-safari/" "Mozilla/5.0 (Macintosh; Intel Mac OS X 10_15_7) AppleWebKit/605.1.15 (KHTML, like Gecko) Version/17.4 Safari/605.1.15 (Applebot/0.1; +http://www.apple.com/go/applebot)"
17.241.75.40 - - [09/Jun/2026:10:54:03 -0400] "GET /wp-content/plugins/goodlayers-core/plugins/script.js?ver=1760010053 HTTP/1.1" 200 114327 "https://blissfulnepal.com/tour/bardia-national-park-wildlife-safari/" "Mozilla/5.0 (Macintosh; Intel Mac OS X 10_15_7) AppleWebKit/605.1.15 (KHTML, like Gecko) Version/17.4 Safari/605.1.15 (Applebot/0.1; +http://www.apple.com/go/applebot)"
5.161.44.164 - - [09/Jun/2026:10:54:04 -0400] "POST /wp-load.php?d7a813=7748 HTTP/1.1" 200 7592 "-" "Mozilla/5.0 (Windows NT 10.0; Win64; x64) AppleWebKit/537.36 (KHTML, like Gecko) Chrome/138.0.0.0 Safari/537.36"
17.241.75.40 - - [09/Jun/2026:10:54:04 -0400] "GET /wp-content/plugins/goodlayers-core/include/js/page-builder.js?ver=1.3.9 HTTP/1.1" 200 17186 "https://blissfulnepal.com/tour/bardia-national-park-wildlife-safari/" "Mozilla/5.0 (Macintosh; Intel Mac OS X 10_15_7) AppleWebKit/605.1.15 (KHTML, like Gecko) Version/17.4 Safari/605.1.15 (Applebot/0.1; +http://www.apple.com/go/applebot)"
17.241.75.40 - - [09/Jun/2026:10:54:05 -0400] "GET /wp-content/plugins/table-of-contents-plus/front.min.js?ver=2411.1 HTTP/1.1" 200 2198 "https://blissfulnepal.com/tour/bardia-national-park-wildlife-safari/" "Mozilla/5.0 (Macintosh; Intel Mac OS X 10_15_7) AppleWebKit/605.1.15 (KHTML, like Gecko) Version/17.4 Safari/605.1.15 (Applebot/0.1; +http://www.apple.com/go/applebot)"
17.241.75.40 - - [09/Jun/2026:10:54:06 -0400] "GET /wp-includes/js/jquery/ui/core.min.js?ver=1.13.3 HTTP/1.1" 200 6812 "https://blissfulnepal.com/tour/bardia-national-park-wildlife-safari/" "Mozilla/5.0 (Macintosh; Intel Mac OS X 10_15_7) AppleWebKit/605.1.15 (KHTML, like Gecko) Version/17.4 Safari/605.1.15 (Applebot/0.1; +http://www.apple.com/go/applebot)"
17.241.75.40 - - [09/Jun/2026:10:54:07 -0400] "GET /wp-includes/js/jquery/ui/datepicker.min.js?ver=1.13.3 HTTP/1.1" 200 10506 "https://blissfulnepal.com/tour/bardia-national-park-wildlife-safari/" "Mozilla/5.0 (Macintosh; Intel Mac OS X 10_15_7) AppleWebKit/605.1.15 (KHTML, like Gecko) Version/17.4 Safari/605.1.15 (Applebot/0.1; +http://www.apple.com/go/applebot)"
17.241.75.40 - - [09/Jun/2026:10:54:08 -0400] "GET /wp-includes/js/jquery/ui/effect.min.js?ver=1.13.3 HTTP/1.1" 200 3724 "https://blissfulnepal.com/tour/bardia-national-park-wildlife-safari/" "Mozilla/5.0 (Macintosh; Intel Mac OS X 10_15_7) AppleWebKit/605.1.15 (KHTML, like Gecko) Version/17.4 Safari/605.1.15 (Applebot/0.1; +http://www.apple.com/go/applebot)"
17.241.75.40 - - [09/Jun/2026:10:54:09 -0400] "GET /wp-content/plugins/tourmaster/tourmaster.js?ver=7.0 HTTP/1.1" 200 14678 "https://blissfulnepal.com/tour/bardia-national-park-wildlife-safari/" "Mozilla/5.0 (Macintosh; Intel Mac OS X 10_15_7) AppleWebKit/605.1.15 (KHTML, like Gecko) Version/17.4 Safari/605.1.15 (Applebot/0.1; +http://www.apple.com/go/applebot)"
17.241.75.40 - - [09/Jun/2026:10:54:10 -0400] "GET /wp-includes/js/imagesloaded.min.js?ver=5.0.0 HTTP/1.1" 200 1687 "https://blissfulnepal.com/tour/bardia-national-park-wildlife-safari/" "Mozilla/5.0 (Macintosh; Intel Mac OS X 10_15_7) AppleWebKit/605.1.15 (KHTML, like Gecko) Version/17.4 Safari/605.1.15 (Applebot/0.1; +http://www.apple.com/go/applebot)"
17.241.75.40 - - [09/Jun/2026:10:54:11 -0400] "GET /wp-includes/js/masonry.min.js?ver=4.2.2 HTTP/1.1" 200 7117 "https://blissfulnepal.com/tour/bardia-national-park-wildlife-safari/" "Mozilla/5.0 (Macintosh; Intel Mac OS X 10_15_7) AppleWebKit/605.1.15 (KHTML, like Gecko) Version/17.4 Safari/605.1.15 (Applebot/0.1; +http://www.apple.com/go/applebot)"
17.241.75.40 - - [09/Jun/2026:10:54:12 -0400] "GET /wp-includes/js/jquery/jquery.masonry.min.js?ver=3.1.2b HTTP/1.1" 200 628 "https://blissfulnepal.com/tour/bardia-national-park-wildlife-safari/" "Mozilla/5.0 (Macintosh; Intel Mac OS X 10_15_7) AppleWebKit/605.1.15 (KHTML, like Gecko) Version/17.4 Safari/605.1.15 (Applebot/0.1; +http://www.apple.com/go/applebot)"
17.241.75.40 - - [09/Jun/2026:10:54:13 -0400] "GET /wp-content/plugins/wp-google-map-plugin/assets/js/maps.js?ver=4.9.5 HTTP/1.1" 200 174669 "https://blissfulnepal.com/tour/bardia-national-park-wildlife-safari/" "Mozilla/5.0 (Macintosh; Intel Mac OS X 10_15_7) AppleWebKit/605.1.15 (KHTML, like Gecko) Version/17.4 Safari/605.1.15 (Applebot/0.1; +http://www.apple.com/go/applebot)"
178.156.128.204 - - [09/Jun/2026:10:54:14 -0400] "POST /wp-load.php?b5d25c=48018 HTTP/1.1" 200 4394 "https://blissfulnepal.com/" "Mozilla/5.0 (Windows NT 10.0; Win64; x64) AppleWebKit/537.36 (KHTML, like Gecko) Chrome/138.0.0.0 Safari/537.36"
17.241.75.40 - - [09/Jun/2026:10:54:14 -0400] "GET /wp-content/plugins/wp-google-map-plugin/assets/js/wpgmp_frontend.js?ver=4.9.5 HTTP/1.1" 200 135266 "https://blissfulnepal.com/tour/bardia-national-park-wildlife-safari/" "Mozilla/5.0 (Macintosh; Intel Mac OS X 10_15_7) AppleWebKit/605.1.15 (KHTML, like Gecko) Version/17.4 Safari/605.1.15 (Applebot/0.1; +http://www.apple.com/go/applebot)"
17.241.75.40 - - [09/Jun/2026:10:54:15 -0400] "GET /wp-content/themes/traveltour/js/script-core.js?ver=1.0.0 HTTP/1.1" 200 13024 "https://blissfulnepal.com/tour/bardia-national-park-wildlife-safari/" "Mozilla/5.0 (Macintosh; Intel Mac OS X 10_15_7) AppleWebKit/605.1.15 (KHTML, like Gecko) Version/17.4 Safari/605.1.15 (Applebot/0.1; +http://www.apple.com/go/applebot)"
17.241.75.40 - - [09/Jun/2026:10:54:16 -0400] "GET /wp-content/plugins/newsletter/main.js?ver=9.2.6 HTTP/1.1" 200 319 "https://blissfulnepal.com/tour/bardia-national-park-wildlife-safari/" "Mozilla/5.0 (Macintosh; Intel Mac OS X 10_15_7) AppleWebKit/605.1.15 (KHTML, like Gecko) Version/17.4 Safari/605.1.15 (Applebot/0.1; +http://www.apple.com/go/applebot)"
17.241.75.40 - - [09/Jun/2026:10:54:17 -0400] "GET /wp-content/plugins/tourmaster/tour/tourmaster-tour.js?ver=7.0 HTTP/1.1" 200 11183 "https://blissfulnepal.com/tour/bardia-national-park-wildlife-safari/" "Mozilla/5.0 (Macintosh; Intel Mac OS X 10_15_7) AppleWebKit/605.1.15 (KHTML, like Gecko) Version/17.4 Safari/605.1.15 (Applebot/0.1; +http://www.apple.com/go/applebot)"
17.241.75.40 - - [09/Jun/2026:10:54:18 -0400] "GET /wp-includes/js/wp-emoji-release.min.js?ver=7.0 HTTP/1.1" 200 4949 "https://blissfulnepal.com/tour/bardia-national-park-wildlife-safari/" "Mozilla/5.0 (Macintosh; Intel Mac OS X 10_15_7) AppleWebKit/605.1.15 (KHTML, like Gecko) Version/17.4 Safari/605.1.15 (Applebot/0.1; +http://www.apple.com/go/applebot)"
17.241.75.40 - - [09/Jun/2026:10:54:19 -0400] "GET /wp-content/plugins/wp-tripadvisor-review-slider/public/css/lity.min.css HTTP/1.1" 200 866 "https://blissfulnepal.com/tour/bardia-national-park-wildlife-safari/" "Mozilla/5.0 (Macintosh; Intel Mac OS X 10_15_7) AppleWebKit/605.1.15 (KHTML, like Gecko) Version/17.4 Safari/605.1.15 (Applebot/0.1; +http://www.apple.com/go/applebot)"
17.241.75.40 - - [09/Jun/2026:10:54:20 -0400] "GET /wp-content/plugins/wp-tripadvisor-review-slider/public/js/lity.min.js?_=1781016838938 HTTP/1.1" 200 2711 "https://blissfulnepal.com/tour/bardia-national-park-wildlife-safari/" "Mozilla/5.0 (Macintosh; Intel Mac OS X 10_15_7) AppleWebKit/605.1.15 (KHTML, like Gecko) Version/17.4 Safari/605.1.15 (Applebot/0.1; +http://www.apple.com/go/applebot)"
63.250.38.253 - - [09/Jun/2026:10:54:22 -0400] "POST /wp-cron.php?doing_wp_cron=1781016862.6958189010620117187500 HTTP/1.1" 200 0 "-" "WordPress/7.0; https://blissfulnepal.com"
52.167.144.25 - - [09/Jun/2026:10:54:21 -0400] "GET /tag/everest-base-camp/ HTTP/1.1" 200 22502 "-" "Mozilla/5.0 AppleWebKit/537.36 (KHTML, like Gecko; compatible; bingbot/2.0; +http://www.bing.com/bingbot.htm) Chrome/116.0.1938.76 Safari/537.36"
63.250.38.253 - - [09/Jun/2026:10:57:10 -0400] "POST /wp-cron.php?doing_wp_cron=1781017030.8958699703216552734375 HTTP/1.1" 200 0 "-" "WordPress/7.0; https://blissfulnepal.com"
66.249.69.66 - - [09/Jun/2026:10:57:07 -0400] "GET /products/28407467 HTTP/1.1" 404 20947 "-" "Mozilla/5.0 (Linux; Android 6.0.1; Nexus 5X Build/MMB29P) AppleWebKit/537.36 (KHTML, like Gecko) Chrome/148.0.7778.96 Mobile Safari/537.36 (compatible; Googlebot/2.1; +http://www.google.com/bot.html)"
63.250.38.253 - - [09/Jun/2026:10:57:46 -0400] "POST /wp-cron.php?doing_wp_cron=1781017066.7808361053466796875000 HTTP/1.1" 200 0 "-" "WordPress/7.0; https://blissfulnepal.com"
34.173.239.49 - - [09/Jun/2026:10:57:46 -0400] "HEAD / HTTP/1.1" 200 0 "-" "Mozilla/5.0 (X11; Linux x86_64) AppleWebKit/537.36 (KHTML, like Gecko) Chrome/136.0.0.0 Safari/537.36"
34.173.239.49 - - [09/Jun/2026:10:57:46 -0400] "GET / HTTP/1.1" 200 42468 "-" "Mozilla/5.0 (X11; Linux x86_64) AppleWebKit/537.36 (KHTML, like Gecko) Chrome/136.0.0.0 Safari/537.36"
116.76.196.232 - - [09/Jun/2026:10:58:19 -0400] "GET /wp-content/uploads/2023/11/everest-base-camp-10-900x500.jpg HTTP/1.1" 200 106309 "https://blissfulnepal.com/tour/manaslu-circuit-trek/" "Mozilla/5.0 (Windows NT 10.0; Win64; x64) AppleWebKit/537.36 (KHTML, like Gecko) Chrome/143.0.0.0 Safari/537.36"
63.250.38.253 - - [09/Jun/2026:10:59:54 -0400] "POST /wp-cron.php?doing_wp_cron=1781017194.2321259975433349609375 HTTP/1.1" 200 0 "-" "WordPress/7.0; https://blissfulnepal.com"
103.18.34.255 - - [09/Jun/2026:10:59:50 -0400] "GET /products/21675556 HTTP/1.1" 301 0 "-" "Mozilla/5.0 (Windows NT 10.0; WOW64) AppleWebKit/537.36 (KHTML, like Gecko) Chrome/91.0.4472.101 Safari/537.36"
63.250.38.253 - - [09/Jun/2026:11:00:07 -0400] "POST /wp-cron.php?doing_wp_cron=1781017206.9942710399627685546875 HTTP/1.1" 200 0 "-" "WordPress/7.0; https://blissfulnepal.com"
103.183.140.108 - - [09/Jun/2026:11:00:06 -0400] "GET /products/21675556 HTTP/1.1" 301 0 "-" "Mozilla/5.0 (Windows NT 6.2; WOW64) AppleWebKit/537.36 (KHTML, like Gecko) Chrome/27.0.1453.93 Safari/537.36"
123.25.85.184 - - [09/Jun/2026:11:00:08 -0400] "GET /products/21675556 HTTP/1.1" 404 24087 "-" "Mozilla/5.0 (Windows NT 6.2; WOW64) AppleWebKit/537.36 (KHTML, like Gecko) Chrome/27.0.1453.93 Safari/537.36"
63.250.38.253 - - [09/Jun/2026:11:02:59 -0400] "POST /wp-cron.php?doing_wp_cron=1781017379.4638090133666992187500 HTTP/1.1" 200 0 "-" "WordPress/7.0; https://blissfulnepal.com"
89.124.113.107 - - [09/Jun/2026:11:02:55 -0400] "GET /ghorepani-poon-hill-weather/ HTTP/1.0" 200 132248 "https://blissfulnepal.com/ghorepani-poon-hill-weather/" "Mozilla/5.0 (Windows NT 10.0; Win64; x64) AppleWebKit/537.36 (KHTML, like Gecko) Chrome/129.0.0.0 Safari/537.36"
89.124.113.107 - - [09/Jun/2026:11:03:00 -0400] "POST /wp-comments-post.php HTTP/1.0" 403 1242 "https://blissfulnepal.com/ghorepani-poon-hill-weather/" "Mozilla/5.0 (Windows NT 10.0; Win64; x64) AppleWebKit/537.36 (KHTML, like Gecko) Chrome/129.0.0.0 Safari/537.36"
63.250.38.253 - - [09/Jun/2026:11:06:12 -0400] "POST /wp-cron.php?doing_wp_cron=1781017572.9362900257110595703125 HTTP/1.1" 200 0 "-" "WordPress/7.0; https://blissfulnepal.com"
66.249.69.66 - - [09/Jun/2026:11:06:09 -0400] "GET /products/6275989 HTTP/1.1" 404 20946 "-" "Mozilla/5.0 (Linux; Android 6.0.1; Nexus 5X Build/MMB29P) AppleWebKit/537.36 (KHTML, like Gecko) Chrome/148.0.7778.96 Mobile Safari/537.36 (compatible; Googlebot/2.1; +http://www.google.com/bot.html)"
63.250.38.253 - - [09/Jun/2026:11:06:56 -0400] "POST /wp-cron.php?doing_wp_cron=1781017616.9428238868713378906250 HTTP/1.1" 200 0 "-" "WordPress/7.0; https://blissfulnepal.com"
34.56.168.230 - - [09/Jun/2026:11:06:56 -0400] "HEAD / HTTP/1.1" 200 0 "-" "Mozilla/5.0 (X11; Linux x86_64) AppleWebKit/537.36 (KHTML, like Gecko) Chrome/136.0.0.0 Safari/537.36"
34.56.168.230 - - [09/Jun/2026:11:06:57 -0400] "GET / HTTP/1.1" 200 42462 "-" "Mozilla/5.0 (X11; Linux x86_64) AppleWebKit/537.36 (KHTML, like Gecko) Chrome/136.0.0.0 Safari/537.36"
63.250.38.253 - - [09/Jun/2026:11:07:38 -0400] "POST /wp-cron.php?doing_wp_cron=1781017658.3855528831481933593750 HTTP/1.1" 200 0 "-" "WordPress/7.0; https://blissfulnepal.com"
193.19.109.227 - - [09/Jun/2026:11:07:37 -0400] "POST /wp-login.php HTTP/1.1" 503 7732 "-" "Mozilla/5.0 (Macintosh; Intel Mac OS X 10_15_7) AppleWebKit/605.1.15 Version/17.0 Safari/605.1.15"
66.249.69.66 - - [09/Jun/2026:11:07:44 -0400] "GET /products/26415534 HTTP/1.1" 404 20946 "-" "Mozilla/5.0 (Linux; Android 6.0.1; Nexus 5X Build/MMB29P) AppleWebKit/537.36 (KHTML, like Gecko) Chrome/148.0.7778.96 Mobile Safari/537.36 (compatible; Googlebot/2.1; +http://www.google.com/bot.html)"
63.250.38.253 - - [09/Jun/2026:11:08:19 -0400] "POST /wp-cron.php?doing_wp_cron=1781017699.6795310974121093750000 HTTP/1.1" 200 0 "-" "WordPress/7.0; https://blissfulnepal.com"
66.249.69.66 - - [09/Jun/2026:11:08:18 -0400] "GET /products/15414856 HTTP/1.1" 404 20946 "-" "Mozilla/5.0 (Linux; Android 6.0.1; Nexus 5X Build/MMB29P) AppleWebKit/537.36 (KHTML, like Gecko) Chrome/148.0.7778.96 Mobile Safari/537.36 (compatible; Googlebot/2.1; +http://www.google.com/bot.html)"
66.42.61.105 - - [09/Jun/2026:11:09:04 -0400] "POST /wp-load.php?ced014=70026 HTTP/1.1" 200 6533 "-" "Mozilla/5.0 (Windows NT 10.0; Win64; x64) AppleWebKit/537.36 (KHTML, like Gecko) Chrome/138.0.0.0 Safari/537.36"
178.156.128.204 - - [09/Jun/2026:11:09:13 -0400] "POST /wp-load.php?15d865=85108 HTTP/1.1" 200 14939 "https://blissfulnepal.com/" "Mozilla/5.0 (Windows NT 10.0; Win64; x64) AppleWebKit/537.36 (KHTML, like Gecko) Chrome/138.0.0.0 Safari/537.36"
63.250.38.253 - - [09/Jun/2026:11:09:23 -0400] "POST /wp-cron.php?doing_wp_cron=1781017763.3314990997314453125000 HTTP/1.1" 200 0 "-" "WordPress/7.0; https://blissfulnepal.com"
66.249.69.66 - - [09/Jun/2026:11:09:22 -0400] "GET /products/14618723 HTTP/1.1" 404 20946 "-" "Mozilla/5.0 (Linux; Android 6.0.1; Nexus 5X Build/MMB29P) AppleWebKit/537.36 (KHTML, like Gecko) Chrome/148.0.7778.96 Mobile Safari/537.36 (compatible; Googlebot/2.1; +http://www.google.com/bot.html)"
66.249.69.66 - - [09/Jun/2026:11:09:54 -0400] "GET /products/12362045 HTTP/1.1" 404 20946 "-" "Mozilla/5.0 (Linux; Android 6.0.1; Nexus 5X Build/MMB29P) AppleWebKit/537.36 (KHTML, like Gecko) Chrome/148.0.7778.96 Mobile Safari/537.36 (compatible; Googlebot/2.1; +http://www.google.com/bot.html)"
63.250.38.253 - - [09/Jun/2026:11:10:22 -0400] "POST /wp-cron.php?doing_wp_cron=1781017822.2378480434417724609375 HTTP/1.1" 200 0 "-" "WordPress/7.0; https://blissfulnepal.com"
185.37.27.161 - - [09/Jun/2026:11:10:21 -0400] "GET /products/3883189 HTTP/1.1" 404 24087 "-" "Mozilla/5.0 (Windows NT 6.3) AppleWebKit/537.36 (KHTML, like Gecko) Chrome/94.0.4606.61 Safari/537.36"
34.63.117.220 - - [09/Jun/2026:11:10:45 -0400] "HEAD / HTTP/1.1" 200 0 "-" "Mozilla/5.0 (X11; Linux x86_64) AppleWebKit/537.36 (KHTML, like Gecko) Chrome/136.0.0.0 Safari/537.36"
34.63.117.220 - - [09/Jun/2026:11:10:46 -0400] "GET / HTTP/1.1" 200 42464 "-" "Mozilla/5.0 (X11; Linux x86_64) AppleWebKit/537.36 (KHTML, like Gecko) Chrome/136.0.0.0 Safari/537.36"
156.59.198.136 - - [09/Jun/2026:11:11:30 -0400] "GET /wp-content/uploads/2023/11/trail-2165226-scaled-600x450.jpg HTTP/1.1" 200 65152 "https://blissfulnepal.com/discovering-nepal-peaks-culture-and-the-spirit-of-the-himalayas/" "Mozilla/5.0 (Linux; Android 5.0) AppleWebKit/537.36 (KHTML, like Gecko) Mobile Safari/537.36 (compatible; Bytespider; spider-feedback@bytedance.com)"
63.250.38.253 - - [09/Jun/2026:11:13:30 -0400] "POST /wp-cron.php?doing_wp_cron=1781018010.4485189914703369140625 HTTP/1.1" 200 0 "-" "WordPress/7.0; https://blissfulnepal.com"
66.249.69.65 - - [09/Jun/2026:11:13:26 -0400] "GET /products/16301289 HTTP/1.1" 404 20946 "-" "Mozilla/5.0 (Linux; Android 6.0.1; Nexus 5X Build/MMB29P) AppleWebKit/537.36 (KHTML, like Gecko) Chrome/148.0.7778.96 Mobile Safari/537.36 (compatible; Googlebot/2.1; +http://www.google.com/bot.html)"
66.249.69.66 - - [09/Jun/2026:11:13:31 -0400] "GET /products/14560923 HTTP/1.1" 404 20946 "-" "Mozilla/5.0 (Linux; Android 6.0.1; Nexus 5X Build/MMB29P) AppleWebKit/537.36 (KHTML, like Gecko) Chrome/148.0.7778.96 Mobile Safari/537.36 (compatible; Googlebot/2.1; +http://www.google.com/bot.html)"
116.76.196.232 - - [09/Jun/2026:11:17:54 -0400] "GET /robots.txt HTTP/1.1" 200 173 "-" "Mozilla/5.0 (Windows NT 10.0; WOW64) AppleWebKit/537.36 (KHTML, like Gecko) Chrome/75.0.3971.47 Safari/537.36 QIHU 360SE"
63.250.38.253 - - [09/Jun/2026:11:18:17 -0400] "POST /wp-cron.php?doing_wp_cron=1781018296.9910819530487060546875 HTTP/1.1" 200 0 "-" "WordPress/7.0; https://blissfulnepal.com"
41.158.254.51 - - [09/Jun/2026:11:18:13 -0400] "GET /products/14048767 HTTP/1.1" 301 0 "-" "Mozilla/5.0 (Macintosh; Intel Mac OS X 10_8_3) AppleWebKit/537.36 (KHTML, like Gecko) Chrome/27.0.1453.93 Safari/537.36"
38.41.188.204 - - [09/Jun/2026:11:18:19 -0400] "GET /products/14048767 HTTP/1.1" 404 24087 "-" "Mozilla/5.0 (Macintosh; Intel Mac OS X 10_8_3) AppleWebKit/537.36 (KHTML, like Gecko) Chrome/27.0.1453.93 Safari/537.36"
34.63.170.141 - - [09/Jun/2026:11:18:43 -0400] "HEAD / HTTP/1.1" 200 0 "-" "Mozilla/5.0 (X11; Linux x86_64) AppleWebKit/537.36 (KHTML, like Gecko) Chrome/136.0.0.0 Safari/537.36"
34.63.170.141 - - [09/Jun/2026:11:18:44 -0400] "GET / HTTP/1.1" 200 42462 "-" "Mozilla/5.0 (X11; Linux x86_64) AppleWebKit/537.36 (KHTML, like Gecko) Chrome/136.0.0.0 Safari/537.36"
189.6.210.209 - - [09/Jun/2026:11:19:03 -0400] "GET /products/8422801 HTTP/1.1" 404 24087 "-" "Mozilla/5.0 (Macintosh; Intel Mac OS X 10_13_6) AppleWebKit/537.36 (KHTML, like Gecko) Chrome/94.0.4606.61 Safari/537.36"
63.250.38.253 - - [09/Jun/2026:11:19:11 -0400] "POST /wp-cron.php?doing_wp_cron=1781018351.0601990222930908203125 HTTP/1.1" 200 0 "-" "WordPress/7.0; https://blissfulnepal.com"
66.249.69.66 - - [09/Jun/2026:11:19:10 -0400] "GET /products/15115556 HTTP/1.1" 404 20946 "-" "Mozilla/5.0 (Linux; Android 6.0.1; Nexus 5X Build/MMB29P) AppleWebKit/537.36 (KHTML, like Gecko) Chrome/148.0.7778.96 Mobile Safari/537.36 (compatible; Googlebot/2.1; +http://www.google.com/bot.html)"
63.250.38.253 - - [09/Jun/2026:11:20:46 -0400] "POST /wp-cron.php?doing_wp_cron=1781018446.9305820465087890625000 HTTP/1.1" 200 0 "-" "WordPress/7.0; https://blissfulnepal.com"
66.249.69.66 - - [09/Jun/2026:11:20:43 -0400] "GET /products/28364767 HTTP/1.1" 404 20946 "-" "Mozilla/5.0 (Linux; Android 6.0.1; Nexus 5X Build/MMB29P) AppleWebKit/537.36 (KHTML, like Gecko) Chrome/148.0.7778.96 Mobile Safari/537.36 (compatible; Googlebot/2.1; +http://www.google.com/bot.html)"
66.249.69.65 - - [09/Jun/2026:11:20:47 -0400] "GET /products/22420623 HTTP/1.1" 404 20946 "-" "Mozilla/5.0 (Linux; Android 6.0.1; Nexus 5X Build/MMB29P) AppleWebKit/537.36 (KHTML, like Gecko) Chrome/148.0.7778.96 Mobile Safari/537.36 (compatible; Googlebot/2.1; +http://www.google.com/bot.html)"
63.250.38.253 - - [09/Jun/2026:11:21:24 -0400] "POST /wp-cron.php?doing_wp_cron=1781018484.1143031120300292968750 HTTP/1.1" 200 0 "-" "WordPress/7.0; https://blissfulnepal.com"
181.143.170.26 - - [09/Jun/2026:11:21:23 -0400] "GET /products/6080245 HTTP/1.1" 404 24087 "-" "Mozilla/5.0 (Windows NT 10.0; Win64; x64) AppleWebKit/537.36 (KHTML, like Gecko) Chrome/93.0.4564.0 Safari/537.36"
40.77.167.6 - - [09/Jun/2026:11:21:37 -0400] "GET /products/17457945 HTTP/1.1" 301 0 "-" "Mozilla/5.0 AppleWebKit/537.36 (KHTML, like Gecko; compatible; bingbot/2.0; +http://www.bing.com/bingbot.htm) Chrome/116.0.1938.76 Safari/537.36"
193.19.109.248 - - [09/Jun/2026:11:21:38 -0400] "POST /wp-login.php HTTP/1.1" 503 7732 "-" "Mozilla/5.0 (Windows NT 10.0; Win64; rv:143.0) Gecko/20100101 Firefox/143.0"
63.250.38.253 - - [09/Jun/2026:11:22:39 -0400] "POST /wp-cron.php?doing_wp_cron=1781018559.0349569320678710937500 HTTP/1.1" 200 0 "-" "WordPress/7.0; https://blissfulnepal.com"
103.73.44.80 - - [09/Jun/2026:11:22:38 -0400] "GET /products/7537312 HTTP/1.1" 404 24087 "-" "Mozilla/5.0 (Windows NT 6.1; Win64; x64) AppleWebKit/537.36 (KHTML, like Gecko) Chrome/66.0.3359.117 Safari/537.36"
63.250.38.253 - - [09/Jun/2026:11:23:26 -0400] "POST /wp-cron.php?doing_wp_cron=1781018606.3634929656982421875000 HTTP/1.1" 200 0 "-" "WordPress/7.0; https://blissfulnepal.com"
40.77.167.6 - - [09/Jun/2026:11:23:25 -0400] "GET /products/1017989 HTTP/1.1" 301 0 "-" "Mozilla/5.0 AppleWebKit/537.36 (KHTML, like Gecko; compatible; bingbot/2.0; +http://www.bing.com/bingbot.htm) Chrome/116.0.1938.76 Safari/537.36"
66.42.61.105 - - [09/Jun/2026:11:24:05 -0400] "POST /wp-load.php?4cc6ac=54494 HTTP/1.1" 200 6682 "-" "Mozilla/5.0 (Windows NT 10.0; Win64; x64) AppleWebKit/537.36 (KHTML, like Gecko) Chrome/138.0.0.0 Safari/537.36"
178.156.136.36 - - [09/Jun/2026:11:24:15 -0400] "POST /wp-load.php?b5b7b7=94871 HTTP/1.1" 200 3743 "https://blissfulnepal.com/" "Mozilla/5.0 (Windows NT 10.0; Win64; x64) AppleWebKit/537.36 (KHTML, like Gecko) Chrome/138.0.0.0 Safari/537.36"
129.121.96.159 - - [09/Jun/2026:11:24:30 -0400] "GET /api/.env HTTP/1.1" 403 1242 "-" "Mozilla/5.0 (Macintosh; Intel Mac OS X 10_15_7) AppleWebKit/537.36 (KHTML, like Gecko) Chrome/91.0.4472.124 Safari/537.36"
129.121.96.159 - - [09/Jun/2026:11:24:30 -0400] "GET /backend/.env HTTP/1.1" 403 1242 "-" "Mozilla/5.0 (Macintosh; Intel Mac OS X 10_15_7) AppleWebKit/537.36 (KHTML, like Gecko) Chrome/91.0.4472.124 Safari/537.36"
129.121.96.159 - - [09/Jun/2026:11:24:30 -0400] "GET /new/.env HTTP/1.1" 403 1242 "-" "Mozilla/5.0 (Macintosh; Intel Mac OS X 10_15_7) AppleWebKit/537.36 (KHTML, like Gecko) Chrome/91.0.4472.124 Safari/537.36"
129.121.96.159 - - [09/Jun/2026:11:24:30 -0400] "GET /bank/.env HTTP/1.1" 403 1242 "-" "Mozilla/5.0 (Macintosh; Intel Mac OS X 10_15_7) AppleWebKit/537.36 (KHTML, like Gecko) Chrome/91.0.4472.124 Safari/537.36"
129.121.96.159 - - [09/Jun/2026:11:24:30 -0400] "GET /member/.env HTTP/1.1" 403 1242 "-" "Mozilla/5.0 (Macintosh; Intel Mac OS X 10_15_7) AppleWebKit/537.36 (KHTML, like Gecko) Chrome/91.0.4472.124 Safari/537.36"
129.121.96.159 - - [09/Jun/2026:11:24:31 -0400] "GET /core/.env HTTP/1.1" 403 1242 "-" "Mozilla/5.0 (Macintosh; Intel Mac OS X 10_15_7) AppleWebKit/537.36 (KHTML, like Gecko) Chrome/91.0.4472.124 Safari/537.36"
129.121.96.159 - - [09/Jun/2026:11:24:31 -0400] "GET /.env HTTP/1.1" 403 1242 "-" "Mozilla/5.0 (Macintosh; Intel Mac OS X 10_15_7) AppleWebKit/537.36 (KHTML, like Gecko) Chrome/91.0.4472.124 Safari/537.36"
129.121.96.159 - - [09/Jun/2026:11:24:31 -0400] "GET /admin/.env HTTP/1.1" 403 1242 "-" "Mozilla/5.0 (Macintosh; Intel Mac OS X 10_15_7) AppleWebKit/537.36 (KHTML, like Gecko) Chrome/91.0.4472.124 Safari/537.36"
63.250.38.253 - - [09/Jun/2026:11:25:54 -0400] "POST /wp-cron.php?doing_wp_cron=1781018754.2880740165710449218750 HTTP/1.1" 200 0 "-" "WordPress/7.0; https://blissfulnepal.com"
66.249.69.65 - - [09/Jun/2026:11:25:50 -0400] "GET /products/5634712 HTTP/1.1" 404 20946 "-" "Mozilla/5.0 (Linux; Android 6.0.1; Nexus 5X Build/MMB29P) AppleWebKit/537.36 (KHTML, like Gecko) Chrome/148.0.7778.96 Mobile Safari/537.36 (compatible; Googlebot/2.1; +http://www.google.com/bot.html)"
63.250.38.253 - - [09/Jun/2026:11:26:41 -0400] "POST /wp-cron.php?doing_wp_cron=1781018801.1608819961547851562500 HTTP/1.1" 200 0 "-" "WordPress/7.0; https://blissfulnepal.com"
103.198.133.134 - - [09/Jun/2026:11:26:40 -0400] "GET /products/24348189 HTTP/1.1" 404 24087 "-" "Mozilla/5.0 (Macintosh; Intel Mac OS X 10_15_7) AppleWebKit/537.36 (KHTML, like Gecko) Chrome/86.0.4240.198 Safari/537.36"
31.76.150.148 - - [09/Jun/2026:11:27:11 -0400] "GET /wp-content/uploads/2026/06/getautoseocom_1780583399_MvHhjvDG-scaled.jpg HTTP/1.1" 200 313452 "-" "Mozilla/5.0 (compatible; crawler)"
63.250.38.253 - - [09/Jun/2026:11:27:30 -0400] "POST /wp-cron.php?doing_wp_cron=1781018850.4462509155273437500000 HTTP/1.1" 200 0 "-" "WordPress/7.0; https://blissfulnepal.com"
181.61.246.183 - - [09/Jun/2026:11:27:29 -0400] "GET /products/20178912 HTTP/1.1" 404 24087 "-" "Mozilla/5.0 (Macintosh; Intel Mac OS X 10_16_0) AppleWebKit/537.36 (KHTML, like Gecko) Chrome/84.0.4147.89 Safari/537.36"
66.249.69.67 - - [09/Jun/2026:11:27:32 -0400] "GET /products/5385290 HTTP/1.1" 404 20946 "-" "Mozilla/5.0 (Linux; Android 6.0.1; Nexus 5X Build/MMB29P) AppleWebKit/537.36 (KHTML, like Gecko) Chrome/148.0.7778.96 Mobile Safari/537.36 (compatible; Googlebot/2.1; +http://www.google.com/bot.html)"
198.49.72.2 - - [09/Jun/2026:11:28:03 -0400] "GET /.well-known/acme-challenge/PIP-67CPXFUO3AT4K1NIUO8CDQD6QK3F HTTP/1.1" 404 1251 "-" "Cpanel-HTTP-Client/1.0"
198.49.72.2 - - [09/Jun/2026:11:28:03 -0400] "GET /.well-known/acme-challenge/W14KPFJFXNIG9NJO-OU2BXK8JXQDOYY3 HTTP/1.1" 404 1251 "-" "Cpanel-HTTP-Client/1.0"
198.49.72.2 - - [09/Jun/2026:11:28:05 -0400] "GET /.well-known/acme-challenge/YA78FOJL_3O73L4YRKLFO348APTXF8AD HTTP/1.1" 404 1251 "-" "Cpanel-HTTP-Client/1.0"
198.49.72.2 - - [09/Jun/2026:11:28:05 -0400] "GET /.well-known/acme-challenge/KL-NBQ_V2JL6_A605HPEI25AKFU-Z397 HTTP/1.1" 404 1251 "-" "Cpanel-HTTP-Client/1.0"
198.49.72.2 - - [09/Jun/2026:11:28:06 -0400] "GET /.well-known/acme-challenge/631GND71NEXWAQLWWA-J1ANJ2NCX5G2H HTTP/1.1" 404 1251 "-" "Cpanel-HTTP-Client/1.0"
63.250.38.253 - - [09/Jun/2026:11:29:17 -0400] "POST /wp-cron.php?doing_wp_cron=1781018957.7771949768066406250000 HTTP/1.1" 200 0 "-" "WordPress/7.0; https://blissfulnepal.com"
66.249.69.66 - - [09/Jun/2026:11:29:14 -0400] "GET /products/21296767 HTTP/1.1" 404 20946 "-" "Mozilla/5.0 (Linux; Android 6.0.1; Nexus 5X Build/MMB29P) AppleWebKit/537.36 (KHTML, like Gecko) Chrome/148.0.7778.96 Mobile Safari/537.36 (compatible; Googlebot/2.1; +http://www.google.com/bot.html)"
123.20.35.161 - - [09/Jun/2026:11:29:24 -0400] "GET /products/5713901 HTTP/1.1" 404 24087 "-" "Mozilla/5.0 (Windows NT 10.0; Win64; x64) AppleWebKit/537.36 (KHTML, like Gecko) Chrome/66.0.3359.139 Safari/537.36"
34.63.117.220 - - [09/Jun/2026:11:29:49 -0400] "HEAD / HTTP/1.1" 200 0 "-" "Mozilla/5.0 (X11; Linux x86_64) AppleWebKit/537.36 (KHTML, like Gecko) Chrome/136.0.0.0 Safari/537.36"
34.63.117.220 - - [09/Jun/2026:11:29:50 -0400] "GET / HTTP/1.1" 200 42466 "-" "Mozilla/5.0 (X11; Linux x86_64) AppleWebKit/537.36 (KHTML, like Gecko) Chrome/136.0.0.0 Safari/537.36"
52.167.144.176 - - [09/Jun/2026:11:30:03 -0400] "GET /products/19289012 HTTP/1.1" 301 0 "-" "Mozilla/5.0 AppleWebKit/537.36 (KHTML, like Gecko; compatible; bingbot/2.0; +http://www.bing.com/bingbot.htm) Chrome/116.0.1938.76 Safari/537.36"
63.250.38.253 - - [09/Jun/2026:11:33:10 -0400] "POST /wp-cron.php?doing_wp_cron=1781019190.6076190471649169921875 HTTP/1.1" 200 0 "-" "WordPress/7.0; https://blissfulnepal.com"
66.249.69.65 - - [09/Jun/2026:11:33:06 -0400] "GET /products/23468512 HTTP/1.1" 404 20946 "-" "Mozilla/5.0 (Linux; Android 6.0.1; Nexus 5X Build/MMB29P) AppleWebKit/537.36 (KHTML, like Gecko) Chrome/148.0.7778.96 Mobile Safari/537.36 (compatible; Googlebot/2.1; +http://www.google.com/bot.html)"
63.250.38.253 - - [09/Jun/2026:11:35:48 -0400] "POST /wp-cron.php?doing_wp_cron=1781019348.3884029388427734375000 HTTP/1.1" 200 0 "-" "WordPress/7.0; https://blissfulnepal.com"
193.19.109.233 - - [09/Jun/2026:11:35:44 -0400] "POST /wp-login.php HTTP/1.1" 503 7732 "-" "Mozilla/5.0 (Macintosh; Intel Mac OS X 10_15_7) AppleWebKit/605.1.15 Version/17.0 Safari/605.1.15"
66.249.69.67 - - [09/Jun/2026:11:35:54 -0400] "GET /products/1580378 HTTP/1.1" 404 20946 "-" "Mozilla/5.0 (Linux; Android 6.0.1; Nexus 5X Build/MMB29P) AppleWebKit/537.36 (KHTML, like Gecko) Chrome/148.0.7778.96 Mobile Safari/537.36 (compatible; Googlebot/2.1; +http://www.google.com/bot.html)"
63.250.38.253 - - [09/Jun/2026:11:38:06 -0400] "POST /wp-cron.php?doing_wp_cron=1781019486.9569900035858154296875 HTTP/1.1" 200 0 "-" "WordPress/7.0; https://blissfulnepal.com"
85.106.151.77 - - [09/Jun/2026:11:38:02 -0400] "GET /trekking-seasons/ HTTP/1.1" 404 24087 "-" "Mozilla/5.0 (Macintosh; Intel Mac OS X 13_6_3) AppleWebKit/537.36 (KHTML, like Gecko) Chrome/127.0.6533.17 Safari/537.36"
5.161.201.188 - - [09/Jun/2026:11:39:06 -0400] "POST /wp-load.php?fc2b90=98866 HTTP/1.1" 200 5826 "-" "Mozilla/5.0 (Windows NT 10.0; Win64; x64) AppleWebKit/537.36 (KHTML, like Gecko) Chrome/138.0.0.0 Safari/537.36"
178.156.128.204 - - [09/Jun/2026:11:39:15 -0400] "POST /wp-load.php?86896d=18067 HTTP/1.1" 200 3934 "https://blissfulnepal.com/" "Mozilla/5.0 (Windows NT 10.0; Win64; x64) AppleWebKit/537.36 (KHTML, like Gecko) Chrome/138.0.0.0 Safari/537.36"
63.250.38.253 - - [09/Jun/2026:11:39:53 -0400] "POST /wp-cron.php?doing_wp_cron=1781019593.3949480056762695312500 HTTP/1.1" 200 0 "-" "WordPress/7.0; https://blissfulnepal.com"
178.89.85.77 - - [09/Jun/2026:11:39:52 -0400] "GET /products/16627878 HTTP/1.1" 301 0 "-" "Mozilla/5.0 (Macintosh; Intel Mac OS X 11_2_3) AppleWebKit/537.36 (KHTML, like Gecko) Chrome/88.0.4324.192 Safari/537.36"
200.95.221.175 - - [09/Jun/2026:11:39:56 -0400] "GET /products/16627878 HTTP/1.1" 404 24087 "-" "Mozilla/5.0 (Macintosh; Intel Mac OS X 11_2_3) AppleWebKit/537.36 (KHTML, like Gecko) Chrome/88.0.4324.192 Safari/537.36"
63.250.38.253 - - [09/Jun/2026:11:40:54 -0400] "POST /wp-cron.php?doing_wp_cron=1781019654.8255579471588134765625 HTTP/1.1" 200 0 "-" "WordPress/7.0; https://blissfulnepal.com"
114.119.156.111 - - [09/Jun/2026:11:40:53 -0400] "GET /2024/02/15/ HTTP/1.1" 200 22244 "https://blissfulnepal.com/author/admin/page/2/" "Mozilla/5.0 (Linux; Android 7.0;) AppleWebKit/537.36 (HTML, like Gecko) Mobile Safari/537.36 (compatible; PetalBot;+https://webmaster.petalsearch.com/site/petalbot)"
63.250.38.253 - - [09/Jun/2026:11:44:52 -0400] "POST /wp-cron.php?doing_wp_cron=1781019892.5007269382476806640625 HTTP/1.1" 200 0 "-" "WordPress/7.0; https://blissfulnepal.com"
66.249.69.66 - - [09/Jun/2026:11:44:48 -0400] "GET /products/12114656 HTTP/1.1" 404 20946 "-" "Mozilla/5.0 (Linux; Android 6.0.1; Nexus 5X Build/MMB29P) AppleWebKit/537.36 (KHTML, like Gecko) Chrome/148.0.7778.96 Mobile Safari/537.36 (compatible; Googlebot/2.1; +http://www.google.com/bot.html)"
105.188.45.212 - - [09/Jun/2026:11:44:53 -0400] "GET /products/21622034 HTTP/1.1" 301 0 "-" "Mozilla/5.0 (Windows NT 10.0; WOW64) AppleWebKit/537.36 (KHTML, like Gecko) Chrome/93.0.4577.63 Safari/537.36"
37.111.231.125 - - [09/Jun/2026:11:45:05 -0400] "GET /products/21622034 HTTP/1.1" 301 0 "-" "Mozilla/5.0 (Windows NT 6.3; Win64; x64) AppleWebKit/537.36 (KHTML, like Gecko) Chrome/100.0.4896.127 Safari/537.36"
63.250.38.253 - - [09/Jun/2026:11:45:09 -0400] "POST /wp-cron.php?doing_wp_cron=1781019909.7915530204772949218750 HTTP/1.1" 200 0 "-" "WordPress/7.0; https://blissfulnepal.com"
80.77.191.171 - - [09/Jun/2026:11:45:08 -0400] "GET /products/21622034 HTTP/1.1" 404 24087 "-" "Mozilla/5.0 (Windows NT 6.3; Win64; x64) AppleWebKit/537.36 (KHTML, like Gecko) Chrome/100.0.4896.127 Safari/537.36"
63.250.38.253 - - [09/Jun/2026:11:47:17 -0400] "POST /wp-cron.php?doing_wp_cron=1781020037.7793219089508056640625 HTTP/1.1" 200 0 "-" "WordPress/7.0; https://blissfulnepal.com"
195.2.79.165 - - [09/Jun/2026:11:47:13 -0400] "GET /manaslu/ HTTP/1.0" 200 136698 "https://blissfulnepal.com/manaslu/#comment-2142" "Mozilla/5.0 (Windows NT 10.0; Win64; x64) AppleWebKit/537.36 (KHTML, like Gecko) Chrome/131.0.0.0 Safari/537.36 Avast/131.0.0.0"
195.2.79.165 - - [09/Jun/2026:11:47:19 -0400] "POST /wp-comments-post.php HTTP/1.0" 403 1242 "https://blissfulnepal.com/manaslu/#comment-2142" "Mozilla/5.0 (Windows NT 10.0; Win64; x64) AppleWebKit/537.36 (KHTML, like Gecko) Chrome/131.0.0.0 Safari/537.36 Avast/131.0.0.0"
66.249.69.65 - - [09/Jun/2026:11:47:58 -0400] "GET /products/2266645 HTTP/1.1" 404 20946 "-" "Mozilla/5.0 (Linux; Android 6.0.1; Nexus 5X Build/MMB29P) AppleWebKit/537.36 (KHTML, like Gecko) Chrome/148.0.7778.96 Mobile Safari/537.36 (compatible; Googlebot/2.1; +http://www.google.com/bot.html)"
63.250.38.253 - - [09/Jun/2026:11:49:41 -0400] "POST /wp-cron.php?doing_wp_cron=1781020181.5307719707489013671875 HTTP/1.1" 200 0 "-" "WordPress/7.0; https://blissfulnepal.com"
193.19.109.217 - - [09/Jun/2026:11:49:37 -0400] "POST /wp-login.php HTTP/1.1" 503 7732 "-" "Mozilla/5.0 (Windows NT 10.0; Win64; x64) AppleWebKit/537.36 Chrome/129.0.0.0 Safari/537.36"
63.250.38.253 - - [09/Jun/2026:11:50:35 -0400] "POST /wp-cron.php?doing_wp_cron=1781020235.6513280868530273437500 HTTP/1.1" 200 0 "-" "WordPress/7.0; https://blissfulnepal.com"
82.35.109.33 - - [09/Jun/2026:11:50:34 -0400] "GET /tour/everest-base-camp-trek/?msclkid=05a06d561c72156ab74c077e2a353528 HTTP/1.1" 200 49996 "https://www.bing.com/" "Mozilla/5.0 (Windows NT 10.0; Win64; x64) AppleWebKit/537.36 (KHTML, like Gecko) Chrome/148.0.0.0 Safari/537.36 Edg/148.0.0.0"
82.35.109.33 - - [09/Jun/2026:11:50:36 -0400] "GET /wp-content/plugins/getautoseo-ai-content-publisher/assets/js/conversion-tracker.js?ver=1.3.84 HTTP/1.1" 200 3704 "https://blissfulnepal.com/tour/everest-base-camp-trek/?msclkid=05a06d561c72156ab74c077e2a353528" "Mozilla/5.0 (Windows NT 10.0; Win64; x64) AppleWebKit/537.36 (KHTML, like Gecko) Chrome/148.0.0.0 Safari/537.36 Edg/148.0.0.0"
82.35.109.33 - - [09/Jun/2026:11:50:36 -0400] "GET /wp-content/plugins/instagram-feed/css/sbi-styles.min.css?ver=6.11.0 HTTP/1.1" 200 8179 "https://blissfulnepal.com/tour/everest-base-camp-trek/?msclkid=05a06d561c72156ab74c077e2a353528" "Mozilla/5.0 (Windows NT 10.0; Win64; x64) AppleWebKit/537.36 (KHTML, like Gecko) Chrome/148.0.0.0 Safari/537.36 Edg/148.0.0.0"
82.35.109.33 - - [09/Jun/2026:11:50:36 -0400] "GET /wp-content/plugins/goodlayers-core/include/css/page-builder.css?ver=7.0 HTTP/1.1" 200 41799 "https://blissfulnepal.com/tour/everest-base-camp-trek/?msclkid=05a06d561c72156ab74c077e2a353528" "Mozilla/5.0 (Windows NT 10.0; Win64; x64) AppleWebKit/537.36 (KHTML, like Gecko) Chrome/148.0.0.0 Safari/537.36 Edg/148.0.0.0"
82.35.109.33 - - [09/Jun/2026:11:50:36 -0400] "GET /wp-content/plugins/goodlayers-core/plugins/elegant/elegant-font.css?ver=7.0 HTTP/1.1" 200 3848 "https://blissfulnepal.com/tour/everest-base-camp-trek/?msclkid=05a06d561c72156ab74c077e2a353528" "Mozilla/5.0 (Windows NT 10.0; Win64; x64) AppleWebKit/537.36 (KHTML, like Gecko) Chrome/148.0.0.0 Safari/537.36 Edg/148.0.0.0"
82.35.109.33 - - [09/Jun/2026:11:50:36 -0400] "GET /wp-content/plugins/table-of-contents-plus/screen.min.css?ver=2411.1 HTTP/1.1" 200 378 "https://blissfulnepal.com/tour/everest-base-camp-trek/?msclkid=05a06d561c72156ab74c077e2a353528" "Mozilla/5.0 (Windows NT 10.0; Win64; x64) AppleWebKit/537.36 (KHTML, like Gecko) Chrome/148.0.0.0 Safari/537.36 Edg/148.0.0.0"
82.35.109.33 - - [09/Jun/2026:11:50:36 -0400] "GET /wp-content/plugins/wp-google-map-plugin/assets/css/wpgmp_all_frontend.css?ver=4.9.5 HTTP/1.1" 200 19707 "https://blissfulnepal.com/tour/everest-base-camp-trek/?msclkid=05a06d561c72156ab74c077e2a353528" "Mozilla/5.0 (Windows NT 10.0; Win64; x64) AppleWebKit/537.36 (KHTML, like Gecko) Chrome/148.0.0.0 Safari/537.36 Edg/148.0.0.0"
82.35.109.33 - - [09/Jun/2026:11:50:36 -0400] "GET /wp-content/plugins/tourmaster/plugins/gdlr-travel/style.css?ver=7.0 HTTP/1.1" 200 971 "https://blissfulnepal.com/tour/everest-base-camp-trek/?msclkid=05a06d561c72156ab74c077e2a353528" "Mozilla/5.0 (Windows NT 10.0; Win64; x64) AppleWebKit/537.36 (KHTML, like Gecko) Chrome/148.0.0.0 Safari/537.36 Edg/148.0.0.0"
82.35.109.33 - - [09/Jun/2026:11:50:36 -0400] "GET /wp-content/plugins/wp-tripadvisor-review-slider/public/css/wptripadvisor_all.css?ver=14.3 HTTP/1.1" 200 2556 "https://blissfulnepal.com/tour/everest-base-camp-trek/?msclkid=05a06d561c72156ab74c077e2a353528" "Mozilla/5.0 (Windows NT 10.0; Win64; x64) AppleWebKit/537.36 (KHTML, like Gecko) Chrome/148.0.0.0 Safari/537.36 Edg/148.0.0.0"
