184.154.139.41 - - [09/Jun/2026:09:30:31 -0400] "GET /kathmandu-claims-top-honor-as-tripadvisors-best-nature-destination-2024/feed/ HTTP/1.1" 200 945 "http://www.google.com/url?url=blissfulnepal.com&yahoo.com" "Mozilla/5.0 (compatible; MSIE 9.0; Windows NT 6.1; WOW64; Trident/6.0)"
184.154.139.41 - - [09/Jun/2026:09:30:32 -0400] "GET /trekking-in-nepal-in-february/feed/ HTTP/1.1" 200 812 "http://www.google.com/url?url=blissfulnepal.com&yahoo.com" "Mozilla/5.0 (compatible; MSIE 9.0; Windows NT 6.1; WOW64; Trident/6.0)"
184.154.139.41 - - [09/Jun/2026:09:30:33 -0400] "GET /tag/poon-hill-trek/ HTTP/1.1" 200 110714 "http://www.google.com/url?url=blissfulnepal.com&yahoo.com" "Mozilla/5.0 (compatible; MSIE 9.0; Windows NT 6.1; WOW64; Trident/6.0)"
184.154.139.41 - - [09/Jun/2026:09:30:35 -0400] "GET /hbl-online-payment/?=1399&adv_payment=1&arrival_date=1&city=1&country=1&departure_date=1&email_address=1&full_payment=1&fullname=1&inform=1&no_persons=1&pay_later=1&payment-percent=1&travel_date=1&trip_name=Everest%20Base%20Camp%20Trek HTTP/1.1" 200 2711 "http://www.google.com/url?url=blissfulnepal.com&yahoo.com" "Mozilla/5.0 (compatible; MSIE 9.0; Windows NT 6.1; WOW64; Trident/6.0)"
184.154.139.41 - - [09/Jun/2026:09:30:58 -0400] "GET /tag/altitude-acclimatization/ HTTP/1.1" 200 111182 "http://www.google.com/url?url=blissfulnepal.com&yahoo.com" "Mozilla/5.0 (compatible; MSIE 9.0; Windows NT 6.1; WOW64; Trident/6.0)"
184.154.139.41 - - [09/Jun/2026:09:31:00 -0400] "GET /tag/nepal/ HTTP/1.1" 200 113155 "http://www.google.com/url?url=blissfulnepal.com&yahoo.com" "Mozilla/5.0 (compatible; MSIE 9.0; Windows NT 6.1; WOW64; Trident/6.0)"
184.154.139.41 - - [09/Jun/2026:09:31:02 -0400] "GET /everest-summit-record/feed/ HTTP/1.1" 200 802 "http://www.google.com/url?url=blissfulnepal.com&yahoo.com" "Mozilla/5.0 (compatible; MSIE 9.0; Windows NT 6.1; WOW64; Trident/6.0)"
184.154.139.41 - - [09/Jun/2026:09:31:03 -0400] "GET /everest-base-camp-packing-list/feed/ HTTP/1.1" 200 840 "http://www.google.com/url?url=blissfulnepal.com&yahoo.com" "Mozilla/5.0 (compatible; MSIE 9.0; Windows NT 6.1; WOW64; Trident/6.0)"
184.154.139.41 - - [09/Jun/2026:09:31:04 -0400] "GET /tour-activity/heli-tours/ HTTP/1.1" 200 116177 "http://www.google.com/url?url=blissfulnepal.com&yahoo.com" "Mozilla/5.0 (compatible; MSIE 9.0; Windows NT 6.1; WOW64; Trident/6.0)"
63.250.38.253 - - [09/Jun/2026:09:31:07 -0400] "POST /wp-cron.php?doing_wp_cron=1781011867.2985670566558837890625 HTTP/1.1" 200 0 "-" "WordPress/7.0; https://blissfulnepal.com"
184.154.139.41 - - [09/Jun/2026:09:31:06 -0400] "GET /tour-category/adventure-traveler/ HTTP/1.1" 200 134870 "http://www.google.com/url?url=blissfulnepal.com&yahoo.com" "Mozilla/5.0 (compatible; MSIE 9.0; Windows NT 6.1; WOW64; Trident/6.0)"
184.154.139.41 - - [09/Jun/2026:09:31:08 -0400] "GET /tour/a-complete-wildlife-tour-in-nepal/ HTTP/1.1" 200 270875 "http://www.google.com/url?url=blissfulnepal.com&yahoo.com" "Mozilla/5.0 (compatible; MSIE 9.0; Windows NT 6.1; WOW64; Trident/6.0)"
184.154.139.41 - - [09/Jun/2026:09:31:12 -0400] "GET /tour/kathmandu-day-tour/ HTTP/1.1" 200 176308 "http://www.google.com/url?url=blissfulnepal.com&yahoo.com" "Mozilla/5.0 (compatible; MSIE 9.0; Windows NT 6.1; WOW64; Trident/6.0)"
184.154.139.41 - - [09/Jun/2026:09:31:15 -0400] "GET /tour-search/?=Search&tax-tour-activity=1&tax-tour-destination=1&tour-search=1 HTTP/1.1" 200 112065 "http://www.google.com/url?url=blissfulnepal.com&yahoo.com" "Mozilla/5.0 (compatible; MSIE 9.0; Windows NT 6.1; WOW64; Trident/6.0)"
184.154.139.41 - - [09/Jun/2026:09:31:17 -0400] "GET /tag/trekking-packages/ HTTP/1.1" 200 110820 "http://www.google.com/url?url=blissfulnepal.com&yahoo.com" "Mozilla/5.0 (compatible; MSIE 9.0; Windows NT 6.1; WOW64; Trident/6.0)"
184.154.139.41 - - [09/Jun/2026:09:31:19 -0400] "GET /tag/natt/feed/ HTTP/1.1" 200 2748 "http://www.google.com/url?url=blissfulnepal.com&yahoo.com" "Mozilla/5.0 (compatible; MSIE 9.0; Windows NT 6.1; WOW64; Trident/6.0)"
184.154.139.41 - - [09/Jun/2026:09:31:20 -0400] "GET /wp-includes/js/zxcvbn-async.min.js?ver=1.0 HTTP/1.1" 200 351 "http://www.google.com/url?url=blissfulnepal.com&yahoo.com" "Mozilla/5.0 (compatible; MSIE 9.0; Windows NT 6.1; WOW64; Trident/6.0)"
184.154.139.41 - - [09/Jun/2026:09:31:20 -0400] "GET /2024/02/18/ HTTP/1.1" 200 110707 "http://www.google.com/url?url=blissfulnepal.com&yahoo.com" "Mozilla/5.0 (compatible; MSIE 9.0; Windows NT 6.1; WOW64; Trident/6.0)"
184.154.139.41 - - [09/Jun/2026:09:31:22 -0400] "GET /blogs/page/3/ HTTP/1.1" 200 119265 "http://www.google.com/url?url=blissfulnepal.com&yahoo.com" "Mozilla/5.0 (compatible; MSIE 9.0; Windows NT 6.1; WOW64; Trident/6.0)"
184.154.139.41 - - [09/Jun/2026:09:31:24 -0400] "GET /wp-includes/js/wp-util.min.js?ver=7.0 HTTP/1.1" 200 1431 "-" "SiteLockSpider [en] (WinNT; I ;Nav)"
184.154.139.41 - - [09/Jun/2026:09:31:25 -0400] "GET /tag/lukla-airport/feed/ HTTP/1.1" 200 4541 "http://www.google.com/url?url=blissfulnepal.com&yahoo.com" "Mozilla/5.0 (compatible; MSIE 9.0; Windows NT 6.1; WOW64; Trident/6.0)"
184.154.139.41 - - [09/Jun/2026:09:31:26 -0400] "GET /tour-activity/day-tours/feed/ HTTP/1.1" 200 5090 "http://www.google.com/url?url=blissfulnepal.com&yahoo.com" "Mozilla/5.0 (compatible; MSIE 9.0; Windows NT 6.1; WOW64; Trident/6.0)"
184.154.139.41 - - [09/Jun/2026:09:31:27 -0400] "GET /wp-content/uploads/tourmaster-style-custom.css?1704637314&ver=7.0 HTTP/1.1" 200 15502 "http://www.google.com/url?url=blissfulnepal.com&yahoo.com" "Mozilla/5.0 (compatible; MSIE 9.0; Windows NT 6.1; WOW64; Trident/6.0)"
17.241.75.70 - - [09/Jun/2026:09:31:27 -0400] "GET /wp-content/plugins/getautoseo-ai-content-publisher/assets/css/frontend.css?ver=1.3.84 HTTP/1.1" 200 607 "https://blissfulnepal.com/everest-base-camp-trek-the-ultimate-2026-guide-to-the-khumbu/" "Mozilla/5.0 (Macintosh; Intel Mac OS X 10_15_7) AppleWebKit/605.1.15 (KHTML, like Gecko) Version/17.4 Safari/605.1.15 (Applebot/0.1; +http://www.apple.com/go/applebot)"
17.241.75.70 - - [09/Jun/2026:09:31:28 -0400] "GET /wp-content/plugins/goodlayers-core/plugins/style.css?ver=1760010053 HTTP/1.1" 200 4902 "https://blissfulnepal.com/everest-base-camp-trek-the-ultimate-2026-guide-to-the-khumbu/" "Mozilla/5.0 (Macintosh; Intel Mac OS X 10_15_7) AppleWebKit/605.1.15 (KHTML, like Gecko) Version/17.4 Safari/605.1.15 (Applebot/0.1; +http://www.apple.com/go/applebot)"
184.154.139.41 - - [09/Jun/2026:09:31:27 -0400] "GET /2026/06/03/ HTTP/1.1" 200 115993 "http://www.google.com/url?url=blissfulnepal.com&yahoo.com" "Mozilla/5.0 (compatible; MSIE 9.0; Windows NT 6.1; WOW64; Trident/6.0)"
17.241.75.70 - - [09/Jun/2026:09:31:29 -0400] "GET /wp-content/plugins/instagram-feed/css/sbi-styles.min.css?ver=6.11.0 HTTP/1.1" 200 8179 "https://blissfulnepal.com/everest-base-camp-trek-the-ultimate-2026-guide-to-the-khumbu/" "Mozilla/5.0 (Macintosh; Intel Mac OS X 10_15_7) AppleWebKit/605.1.15 (KHTML, like Gecko) Version/17.4 Safari/605.1.15 (Applebot/0.1; +http://www.apple.com/go/applebot)"
17.241.75.70 - - [09/Jun/2026:09:31:30 -0400] "GET /wp-content/plugins/goodlayers-core/plugins/fontawesome/font-awesome.css?ver=7.0 HTTP/1.1" 200 6600 "https://blissfulnepal.com/everest-base-camp-trek-the-ultimate-2026-guide-to-the-khumbu/" "Mozilla/5.0 (Macintosh; Intel Mac OS X 10_15_7) AppleWebKit/605.1.15 (KHTML, like Gecko) Version/17.4 Safari/605.1.15 (Applebot/0.1; +http://www.apple.com/go/applebot)"
184.154.139.41 - - [09/Jun/2026:09:31:29 -0400] "GET /2024/05/13/ HTTP/1.1" 200 110453 "http://www.google.com/url?url=blissfulnepal.com&yahoo.com" "Mozilla/5.0 (compatible; MSIE 9.0; Windows NT 6.1; WOW64; Trident/6.0)"
17.241.75.70 - - [09/Jun/2026:09:31:31 -0400] "GET /wp-content/plugins/goodlayers-core/include/css/page-builder.css?ver=7.0 HTTP/1.1" 200 41799 "https://blissfulnepal.com/everest-base-camp-trek-the-ultimate-2026-guide-to-the-khumbu/" "Mozilla/5.0 (Macintosh; Intel Mac OS X 10_15_7) AppleWebKit/605.1.15 (KHTML, like Gecko) Version/17.4 Safari/605.1.15 (Applebot/0.1; +http://www.apple.com/go/applebot)"
17.241.75.70 - - [09/Jun/2026:09:31:32 -0400] "GET /wp-content/plugins/table-of-contents-plus/screen.min.css?ver=2411.1 HTTP/1.1" 200 378 "https://blissfulnepal.com/everest-base-camp-trek-the-ultimate-2026-guide-to-the-khumbu/" "Mozilla/5.0 (Macintosh; Intel Mac OS X 10_15_7) AppleWebKit/605.1.15 (KHTML, like Gecko) Version/17.4 Safari/605.1.15 (Applebot/0.1; +http://www.apple.com/go/applebot)"
184.154.139.41 - - [09/Jun/2026:09:31:31 -0400] "GET /tag/trekking-in-nepal/feed/ HTTP/1.1" 200 4815 "http://www.google.com/url?url=blissfulnepal.com&yahoo.com" "Mozilla/5.0 (compatible; MSIE 9.0; Windows NT 6.1; WOW64; Trident/6.0)"
17.241.75.70 - - [09/Jun/2026:09:31:33 -0400] "GET /wp-content/plugins/tourmaster/plugins/gdlr-travel/style.css?ver=7.0 HTTP/1.1" 200 971 "https://blissfulnepal.com/everest-base-camp-trek-the-ultimate-2026-guide-to-the-khumbu/" "Mozilla/5.0 (Macintosh; Intel Mac OS X 10_15_7) AppleWebKit/605.1.15 (KHTML, like Gecko) Version/17.4 Safari/605.1.15 (Applebot/0.1; +http://www.apple.com/go/applebot)"
184.154.139.41 - - [09/Jun/2026:09:31:32 -0400] "GET /category/trekking-and-hiking/feed/ HTTP/1.1" 200 17403 "http://www.google.com/url?url=blissfulnepal.com&yahoo.com" "Mozilla/5.0 (compatible; MSIE 9.0; Windows NT 6.1; WOW64; Trident/6.0)"
184.154.139.41 - - [09/Jun/2026:09:31:34 -0400] "GET /wp-includes/js/clipboard.min.js?ver=2.0.11 HTTP/1.1" 200 9009 "-" "SiteLockSpider [en] (WinNT; I ;Nav)"
17.241.75.70 - - [09/Jun/2026:09:31:34 -0400] "GET /wp-content/plugins/tourmaster/tourmaster.css?ver=4.1.4 HTTP/1.1" 200 25245 "https://blissfulnepal.com/everest-base-camp-trek-the-ultimate-2026-guide-to-the-khumbu/" "Mozilla/5.0 (Macintosh; Intel Mac OS X 10_15_7) AppleWebKit/605.1.15 (KHTML, like Gecko) Version/17.4 Safari/605.1.15 (Applebot/0.1; +http://www.apple.com/go/applebot)"
184.154.139.41 - - [09/Jun/2026:09:31:34 -0400] "GET /tag/everest-base-camp-trek/feed/ HTTP/1.1" 200 2939 "http://www.google.com/url?url=blissfulnepal.com&yahoo.com" "Mozilla/5.0 (compatible; MSIE 9.0; Windows NT 6.1; WOW64; Trident/6.0)"
17.241.75.70 - - [09/Jun/2026:09:31:35 -0400] "GET /wp-content/uploads/tourmaster-global-style-custom.css?1706106265&ver=7.0 HTTP/1.1" 200 2379 "https://blissfulnepal.com/everest-base-camp-trek-the-ultimate-2026-guide-to-the-khumbu/" "Mozilla/5.0 (Macintosh; Intel Mac OS X 10_15_7) AppleWebKit/605.1.15 (KHTML, like Gecko) Version/17.4 Safari/605.1.15 (Applebot/0.1; +http://www.apple.com/go/applebot)"
184.154.139.41 - - [09/Jun/2026:09:31:35 -0400] "GET /tour-activity/heli-tours/feed/ HTTP/1.1" 200 1956 "http://www.google.com/url?url=blissfulnepal.com&yahoo.com" "Mozilla/5.0 (compatible; MSIE 9.0; Windows NT 6.1; WOW64; Trident/6.0)"
17.241.75.70 - - [09/Jun/2026:09:31:36 -0400] "GET /wp-content/plugins/wp-google-map-plugin/assets/css/wpgmp_all_frontend.css?ver=4.9.5 HTTP/1.1" 200 19707 "https://blissfulnepal.com/everest-base-camp-trek-the-ultimate-2026-guide-to-the-khumbu/" "Mozilla/5.0 (Macintosh; Intel Mac OS X 10_15_7) AppleWebKit/605.1.15 (KHTML, like Gecko) Version/17.4 Safari/605.1.15 (Applebot/0.1; +http://www.apple.com/go/applebot)"
184.154.139.41 - - [09/Jun/2026:09:31:36 -0400] "GET /tour-destination/everest-region/feed/ HTTP/1.1" 200 5083 "http://www.google.com/url?url=blissfulnepal.com&yahoo.com" "Mozilla/5.0 (compatible; MSIE 9.0; Windows NT 6.1; WOW64; Trident/6.0)"
17.241.75.70 - - [09/Jun/2026:09:31:39 -0400] "GET /wp-content/themes/traveltour/css/style-core.css?ver=7.0 HTTP/1.1" 200 15506 "https://blissfulnepal.com/everest-base-camp-trek-the-ultimate-2026-guide-to-the-khumbu/" "Mozilla/5.0 (Macintosh; Intel Mac OS X 10_15_7) AppleWebKit/605.1.15 (KHTML, like Gecko) Version/17.4 Safari/605.1.15 (Applebot/0.1; +http://www.apple.com/go/applebot)"
184.154.139.41 - - [09/Jun/2026:09:31:38 -0400] "GET /tour-destination/nepal/feed/ HTTP/1.1" 200 10270 "http://www.google.com/url?url=blissfulnepal.com&yahoo.com" "Mozilla/5.0 (compatible; MSIE 9.0; Windows NT 6.1; WOW64; Trident/6.0)"
17.241.75.70 - - [09/Jun/2026:09:31:40 -0400] "GET /wp-content/uploads/traveltour-style-custom.css?1760010053&ver=7.0 HTTP/1.1" 200 11458 "https://blissfulnepal.com/everest-base-camp-trek-the-ultimate-2026-guide-to-the-khumbu/" "Mozilla/5.0 (Macintosh; Intel Mac OS X 10_15_7) AppleWebKit/605.1.15 (KHTML, like Gecko) Version/17.4 Safari/605.1.15 (Applebot/0.1; +http://www.apple.com/go/applebot)"
17.241.75.70 - - [09/Jun/2026:09:31:41 -0400] "GET /wp-content/plugins/tlp-team/assets/css/tlpteam.css?ver=5.0.16 HTTP/1.1" 200 22214 "https://blissfulnepal.com/everest-base-camp-trek-the-ultimate-2026-guide-to-the-khumbu/" "Mozilla/5.0 (Macintosh; Intel Mac OS X 10_15_7) AppleWebKit/605.1.15 (KHTML, like Gecko) Version/17.4 Safari/605.1.15 (Applebot/0.1; +http://www.apple.com/go/applebot)"
184.154.139.41 - - [09/Jun/2026:09:31:40 -0400] "GET /tag/adventure-travel/feed/ HTTP/1.1" 200 3089 "http://www.google.com/url?url=blissfulnepal.com&yahoo.com" "Mozilla/5.0 (compatible; MSIE 9.0; Windows NT 6.1; WOW64; Trident/6.0)"
17.241.75.70 - - [09/Jun/2026:09:31:42 -0400] "GET /wp-content/plugins/newsletter/style.css?ver=9.2.6 HTTP/1.1" 200 1431 "https://blissfulnepal.com/everest-base-camp-trek-the-ultimate-2026-guide-to-the-khumbu/" "Mozilla/5.0 (Macintosh; Intel Mac OS X 10_15_7) AppleWebKit/605.1.15 (KHTML, like Gecko) Version/17.4 Safari/605.1.15 (Applebot/0.1; +http://www.apple.com/go/applebot)"
184.154.139.41 - - [09/Jun/2026:09:31:42 -0400] "GET /tour-activity/voluntourism/feed/ HTTP/1.1" 200 1248 "http://www.google.com/url?url=blissfulnepal.com&yahoo.com" "Mozilla/5.0 (compatible; MSIE 9.0; Windows NT 6.1; WOW64; Trident/6.0)"
17.241.75.70 - - [09/Jun/2026:09:31:43 -0400] "GET /wp-content/uploads/tourmaster-style-custom.css?1704637314&ver=7.0 HTTP/1.1" 200 2069 "https://blissfulnepal.com/everest-base-camp-trek-the-ultimate-2026-guide-to-the-khumbu/" "Mozilla/5.0 (Macintosh; Intel Mac OS X 10_15_7) AppleWebKit/605.1.15 (KHTML, like Gecko) Version/17.4 Safari/605.1.15 (Applebot/0.1; +http://www.apple.com/go/applebot)"
17.241.75.70 - - [09/Jun/2026:09:31:44 -0400] "GET /wp-includes/js/jquery/jquery.min.js?ver=3.7.1 HTTP/1.1" 200 29744 "https://blissfulnepal.com/everest-base-camp-trek-the-ultimate-2026-guide-to-the-khumbu/" "Mozilla/5.0 (Macintosh; Intel Mac OS X 10_15_7) AppleWebKit/605.1.15 (KHTML, like Gecko) Version/17.4 Safari/605.1.15 (Applebot/0.1; +http://www.apple.com/go/applebot)"
184.154.139.41 - - [09/Jun/2026:09:31:43 -0400] "GET /tag/trekking-packages/feed/ HTTP/1.1" 200 3094 "http://www.google.com/url?url=blissfulnepal.com&yahoo.com" "Mozilla/5.0 (compatible; MSIE 9.0; Windows NT 6.1; WOW64; Trident/6.0)"
17.241.75.70 - - [09/Jun/2026:09:31:45 -0400] "GET /wp-includes/js/jquery/jquery-migrate.min.js?ver=3.4.1 HTTP/1.1" 200 4678 "https://blissfulnepal.com/everest-base-camp-trek-the-ultimate-2026-guide-to-the-khumbu/" "Mozilla/5.0 (Macintosh; Intel Mac OS X 10_15_7) AppleWebKit/605.1.15 (KHTML, like Gecko) Version/17.4 Safari/605.1.15 (Applebot/0.1; +http://www.apple.com/go/applebot)"
17.241.75.70 - - [09/Jun/2026:09:31:46 -0400] "GET /wp-content/plugins/wp-tripadvisor-review-slider/public/js/wprs-unslider-swipe.js?ver=14.3 HTTP/1.1" 200 4286 "https://blissfulnepal.com/everest-base-camp-trek-the-ultimate-2026-guide-to-the-khumbu/" "Mozilla/5.0 (Macintosh; Intel Mac OS X 10_15_7) AppleWebKit/605.1.15 (KHTML, like Gecko) Version/17.4 Safari/605.1.15 (Applebot/0.1; +http://www.apple.com/go/applebot)"
184.154.139.41 - - [09/Jun/2026:09:31:45 -0400] "GET /tag/annapurna-trek/feed/ HTTP/1.1" 200 2798 "http://www.google.com/url?url=blissfulnepal.com&yahoo.com" "Mozilla/5.0 (compatible; MSIE 9.0; Windows NT 6.1; WOW64; Trident/6.0)"
17.241.75.70 - - [09/Jun/2026:09:31:46 -0400] "GET /wp-content/plugins/wp-tripadvisor-review-slider/public/js/wprev-public.js?ver=14.3 HTTP/1.1" 200 1543 "https://blissfulnepal.com/everest-base-camp-trek-the-ultimate-2026-guide-to-the-khumbu/" "Mozilla/5.0 (Macintosh; Intel Mac OS X 10_15_7) AppleWebKit/605.1.15 (KHTML, like Gecko) Version/17.4 Safari/605.1.15 (Applebot/0.1; +http://www.apple.com/go/applebot)"
184.154.139.41 - - [09/Jun/2026:09:31:46 -0400] "GET /2024/02/15/ HTTP/1.1" 200 110071 "http://www.google.com/url?url=blissfulnepal.com&yahoo.com" "Mozilla/5.0 (compatible; MSIE 9.0; Windows NT 6.1; WOW64; Trident/6.0)"
17.241.75.70 - - [09/Jun/2026:09:31:47 -0400] "GET /wp-content/themes/traveltour-child/moreless.js?ver=7.0 HTTP/1.1" 200 0 "https://blissfulnepal.com/everest-base-camp-trek-the-ultimate-2026-guide-to-the-khumbu/" "Mozilla/5.0 (Macintosh; Intel Mac OS X 10_15_7) AppleWebKit/605.1.15 (KHTML, like Gecko) Version/17.4 Safari/605.1.15 (Applebot/0.1; +http://www.apple.com/go/applebot)"
89.124.113.107 - - [09/Jun/2026:09:31:47 -0400] "GET /beautiful-places-in-pokhara-valley/ HTTP/1.0" 200 135100 "https://blissfulnepal.com/beautiful-places-in-pokhara-valley/" "Mozilla/5.0 (Windows NT 10.0; Win64; x64) AppleWebKit/537.36 (KHTML, like Gecko) Chrome/130.0.0.0 Safari/537.36 CCleaner/130.0.0.0"
89.124.113.107 - - [09/Jun/2026:09:31:49 -0400] "POST /wp-comments-post.php HTTP/1.0" 403 1242 "https://blissfulnepal.com/beautiful-places-in-pokhara-valley/" "Mozilla/5.0 (Windows NT 10.0; Win64; x64) AppleWebKit/537.36 (KHTML, like Gecko) Chrome/130.0.0.0 Safari/537.36 CCleaner/130.0.0.0"
17.241.227.63 - - [09/Jun/2026:09:31:50 -0400] "GET /wp-content/themes/traveltour-child/child-script.js?ver=7.0 HTTP/1.1" 200 190 "https://blissfulnepal.com/everest-base-camp-trek-the-ultimate-2026-guide-to-the-khumbu/" "Mozilla/5.0 (Macintosh; Intel Mac OS X 10_15_7) AppleWebKit/605.1.15 (KHTML, like Gecko) Version/17.4 Safari/605.1.15 (Applebot/0.1; +http://www.apple.com/go/applebot)"
17.241.75.70 - - [09/Jun/2026:09:31:50 -0400] "GET /wp-content/plugins/goodlayers-core/plugins/script.js?ver=1760010053 HTTP/1.1" 200 114327 "https://blissfulnepal.com/everest-base-camp-trek-the-ultimate-2026-guide-to-the-khumbu/" "Mozilla/5.0 (Macintosh; Intel Mac OS X 10_15_7) AppleWebKit/605.1.15 (KHTML, like Gecko) Version/17.4 Safari/605.1.15 (Applebot/0.1; +http://www.apple.com/go/applebot)"
184.154.139.41 - - [09/Jun/2026:09:31:50 -0400] "GET /tag/travel-guide-2026/feed/ HTTP/1.1" 200 2914 "http://www.google.com/url?url=blissfulnepal.com&yahoo.com" "Mozilla/5.0 (compatible; MSIE 9.0; Windows NT 6.1; WOW64; Trident/6.0)"
17.241.227.63 - - [09/Jun/2026:09:31:51 -0400] "GET /wp-content/plugins/goodlayers-core/include/js/page-builder.js?ver=1.3.9 HTTP/1.1" 200 17186 "https://blissfulnepal.com/everest-base-camp-trek-the-ultimate-2026-guide-to-the-khumbu/" "Mozilla/5.0 (Macintosh; Intel Mac OS X 10_15_7) AppleWebKit/605.1.15 (KHTML, like Gecko) Version/17.4 Safari/605.1.15 (Applebot/0.1; +http://www.apple.com/go/applebot)"
17.241.227.63 - - [09/Jun/2026:09:31:52 -0400] "GET /wp-content/plugins/table-of-contents-plus/front.min.js?ver=2411.1 HTTP/1.1" 200 2198 "https://blissfulnepal.com/everest-base-camp-trek-the-ultimate-2026-guide-to-the-khumbu/" "Mozilla/5.0 (Macintosh; Intel Mac OS X 10_15_7) AppleWebKit/605.1.15 (KHTML, like Gecko) Version/17.4 Safari/605.1.15 (Applebot/0.1; +http://www.apple.com/go/applebot)"
184.154.139.41 - - [09/Jun/2026:09:31:53 -0400] "GET /wp-admin/js/user-profile.min.js?ver=7.0 HTTP/1.1" 200 7997 "http://www.google.com/url?url=blissfulnepal.com&yahoo.com" "Mozilla/5.0 (compatible; MSIE 9.0; Windows NT 6.1; WOW64; Trident/6.0)"
17.241.75.70 - - [09/Jun/2026:09:31:53 -0400] "GET /wp-includes/js/jquery/ui/core.min.js?ver=1.13.3 HTTP/1.1" 200 6812 "https://blissfulnepal.com/everest-base-camp-trek-the-ultimate-2026-guide-to-the-khumbu/" "Mozilla/5.0 (Macintosh; Intel Mac OS X 10_15_7) AppleWebKit/605.1.15 (KHTML, like Gecko) Version/17.4 Safari/605.1.15 (Applebot/0.1; +http://www.apple.com/go/applebot)"
184.154.139.41 - - [09/Jun/2026:09:31:53 -0400] "GET /tag/nepal-travel-2026/feed/ HTTP/1.1" 200 2964 "http://www.google.com/url?url=blissfulnepal.com&yahoo.com" "Mozilla/5.0 (compatible; MSIE 9.0; Windows NT 6.1; WOW64; Trident/6.0)"
17.241.227.63 - - [09/Jun/2026:09:31:54 -0400] "GET /wp-includes/js/jquery/ui/datepicker.min.js?ver=1.13.3 HTTP/1.1" 200 10506 "https://blissfulnepal.com/everest-base-camp-trek-the-ultimate-2026-guide-to-the-khumbu/" "Mozilla/5.0 (Macintosh; Intel Mac OS X 10_15_7) AppleWebKit/605.1.15 (KHTML, like Gecko) Version/17.4 Safari/605.1.15 (Applebot/0.1; +http://www.apple.com/go/applebot)"
17.241.227.63 - - [09/Jun/2026:09:31:55 -0400] "GET /wp-includes/js/jquery/ui/effect.min.js?ver=1.13.3 HTTP/1.1" 200 3724 "https://blissfulnepal.com/everest-base-camp-trek-the-ultimate-2026-guide-to-the-khumbu/" "Mozilla/5.0 (Macintosh; Intel Mac OS X 10_15_7) AppleWebKit/605.1.15 (KHTML, like Gecko) Version/17.4 Safari/605.1.15 (Applebot/0.1; +http://www.apple.com/go/applebot)"
184.154.139.41 - - [09/Jun/2026:09:31:55 -0400] "GET /2024/04/19/ HTTP/1.1" 200 110943 "http://www.google.com/url?url=blissfulnepal.com&yahoo.com" "Mozilla/5.0 (compatible; MSIE 9.0; Windows NT 6.1; WOW64; Trident/6.0)"
17.241.75.70 - - [09/Jun/2026:09:31:56 -0400] "GET /wp-content/plugins/tourmaster/tourmaster.js?ver=7.0 HTTP/1.1" 200 14678 "https://blissfulnepal.com/everest-base-camp-trek-the-ultimate-2026-guide-to-the-khumbu/" "Mozilla/5.0 (Macintosh; Intel Mac OS X 10_15_7) AppleWebKit/605.1.15 (KHTML, like Gecko) Version/17.4 Safari/605.1.15 (Applebot/0.1; +http://www.apple.com/go/applebot)"
17.241.227.63 - - [09/Jun/2026:09:31:57 -0400] "GET /wp-includes/js/imagesloaded.min.js?ver=5.0.0 HTTP/1.1" 200 1687 "https://blissfulnepal.com/everest-base-camp-trek-the-ultimate-2026-guide-to-the-khumbu/" "Mozilla/5.0 (Macintosh; Intel Mac OS X 10_15_7) AppleWebKit/605.1.15 (KHTML, like Gecko) Version/17.4 Safari/605.1.15 (Applebot/0.1; +http://www.apple.com/go/applebot)"
17.241.227.63 - - [09/Jun/2026:09:31:58 -0400] "GET /wp-includes/js/masonry.min.js?ver=4.2.2 HTTP/1.1" 200 7117 "https://blissfulnepal.com/everest-base-camp-trek-the-ultimate-2026-guide-to-the-khumbu/" "Mozilla/5.0 (Macintosh; Intel Mac OS X 10_15_7) AppleWebKit/605.1.15 (KHTML, like Gecko) Version/17.4 Safari/605.1.15 (Applebot/0.1; +http://www.apple.com/go/applebot)"
184.154.139.41 - - [09/Jun/2026:09:31:58 -0400] "GET /tag/high-altitude-trekking/feed/ HTTP/1.1" 200 3119 "http://www.google.com/url?url=blissfulnepal.com&yahoo.com" "Mozilla/5.0 (compatible; MSIE 9.0; Windows NT 6.1; WOW64; Trident/6.0)"
17.241.75.70 - - [09/Jun/2026:09:31:59 -0400] "GET /wp-includes/js/jquery/jquery.masonry.min.js?ver=3.1.2b HTTP/1.1" 200 628 "https://blissfulnepal.com/everest-base-camp-trek-the-ultimate-2026-guide-to-the-khumbu/" "Mozilla/5.0 (Macintosh; Intel Mac OS X 10_15_7) AppleWebKit/605.1.15 (KHTML, like Gecko) Version/17.4 Safari/605.1.15 (Applebot/0.1; +http://www.apple.com/go/applebot)"
184.154.139.41 - - [09/Jun/2026:09:32:00 -0400] "GET /tour-activity/religious-and-spiritual-tours/feed/ HTTP/1.1" 200 2763 "http://www.google.com/url?url=blissfulnepal.com&yahoo.com" "Mozilla/5.0 (compatible; MSIE 9.0; Windows NT 6.1; WOW64; Trident/6.0)"
17.241.75.90 - - [09/Jun/2026:09:32:01 -0400] "GET /wp-content/plugins/wp-google-map-plugin/assets/js/maps.js?ver=4.9.5 HTTP/1.1" 200 174669 "https://blissfulnepal.com/everest-base-camp-trek-the-ultimate-2026-guide-to-the-khumbu/" "Mozilla/5.0 (Macintosh; Intel Mac OS X 10_15_7) AppleWebKit/605.1.15 (KHTML, like Gecko) Version/17.4 Safari/605.1.15 (Applebot/0.1; +http://www.apple.com/go/applebot)"
184.154.139.41 - - [09/Jun/2026:09:32:01 -0400] "GET /wp-includes/js/masonry.min.js?ver=4.2.2 HTTP/1.1" 200 24138 "-" "SiteLockSpider [en] (WinNT; I ;Nav)"
17.241.227.63 - - [09/Jun/2026:09:32:01 -0400] "GET /wp-content/plugins/wp-google-map-plugin/assets/js/wpgmp_frontend.js?ver=4.9.5 HTTP/1.1" 200 135266 "https://blissfulnepal.com/everest-base-camp-trek-the-ultimate-2026-guide-to-the-khumbu/" "Mozilla/5.0 (Macintosh; Intel Mac OS X 10_15_7) AppleWebKit/605.1.15 (KHTML, like Gecko) Version/17.4 Safari/605.1.15 (Applebot/0.1; +http://www.apple.com/go/applebot)"
17.241.75.70 - - [09/Jun/2026:09:32:02 -0400] "GET /wp-content/themes/traveltour/js/script-core.js?ver=1.0.0 HTTP/1.1" 200 13024 "https://blissfulnepal.com/everest-base-camp-trek-the-ultimate-2026-guide-to-the-khumbu/" "Mozilla/5.0 (Macintosh; Intel Mac OS X 10_15_7) AppleWebKit/605.1.15 (KHTML, like Gecko) Version/17.4 Safari/605.1.15 (Applebot/0.1; +http://www.apple.com/go/applebot)"
184.154.139.41 - - [09/Jun/2026:09:32:02 -0400] "GET /2024/07/11/ HTTP/1.1" 200 116088 "http://www.google.com/url?url=blissfulnepal.com&yahoo.com" "Mozilla/5.0 (compatible; MSIE 9.0; Windows NT 6.1; WOW64; Trident/6.0)"
17.241.75.90 - - [09/Jun/2026:09:32:03 -0400] "GET /wp-content/plugins/newsletter/main.js?ver=9.2.6 HTTP/1.1" 200 319 "https://blissfulnepal.com/everest-base-camp-trek-the-ultimate-2026-guide-to-the-khumbu/" "Mozilla/5.0 (Macintosh; Intel Mac OS X 10_15_7) AppleWebKit/605.1.15 (KHTML, like Gecko) Version/17.4 Safari/605.1.15 (Applebot/0.1; +http://www.apple.com/go/applebot)"
17.241.227.63 - - [09/Jun/2026:09:32:04 -0400] "GET /wp-content/plugins/tourmaster/tour/tourmaster-tour.js?ver=7.0 HTTP/1.1" 200 11183 "https://blissfulnepal.com/everest-base-camp-trek-the-ultimate-2026-guide-to-the-khumbu/" "Mozilla/5.0 (Macintosh; Intel Mac OS X 10_15_7) AppleWebKit/605.1.15 (KHTML, like Gecko) Version/17.4 Safari/605.1.15 (Applebot/0.1; +http://www.apple.com/go/applebot)"
184.154.139.41 - - [09/Jun/2026:09:32:04 -0400] "GET /category/adventures/feed/ HTTP/1.1" 200 5533 "http://www.google.com/url?url=blissfulnepal.com&yahoo.com" "Mozilla/5.0 (compatible; MSIE 9.0; Windows NT 6.1; WOW64; Trident/6.0)"
17.241.75.70 - - [09/Jun/2026:09:32:05 -0400] "GET /wp-includes/js/comment-reply.min.js?ver=7.0 HTTP/1.1" 200 1247 "https://blissfulnepal.com/everest-base-camp-trek-the-ultimate-2026-guide-to-the-khumbu/" "Mozilla/5.0 (Macintosh; Intel Mac OS X 10_15_7) AppleWebKit/605.1.15 (KHTML, like Gecko) Version/17.4 Safari/605.1.15 (Applebot/0.1; +http://www.apple.com/go/applebot)"
17.241.75.90 - - [09/Jun/2026:09:32:06 -0400] "GET /wp-includes/js/wp-emoji-release.min.js?ver=7.0 HTTP/1.1" 200 4949 "https://blissfulnepal.com/everest-base-camp-trek-the-ultimate-2026-guide-to-the-khumbu/" "Mozilla/5.0 (Macintosh; Intel Mac OS X 10_15_7) AppleWebKit/605.1.15 (KHTML, like Gecko) Version/17.4 Safari/605.1.15 (Applebot/0.1; +http://www.apple.com/go/applebot)"
184.154.139.41 - - [09/Jun/2026:09:32:06 -0400] "GET /tag/himalayas/feed/ HTTP/1.1" 200 7942 "http://www.google.com/url?url=blissfulnepal.com&yahoo.com" "Mozilla/5.0 (compatible; MSIE 9.0; Windows NT 6.1; WOW64; Trident/6.0)"
63.250.38.253 - - [09/Jun/2026:09:32:08 -0400] "POST /wp-cron.php?doing_wp_cron=1781011928.4970190525054931640625 HTTP/1.1" 200 0 "-" "WordPress/7.0; https://blissfulnepal.com"
184.154.139.41 - - [09/Jun/2026:09:32:07 -0400] "GET /2024/04/14/ HTTP/1.1" 200 113055 "http://www.google.com/url?url=blissfulnepal.com&yahoo.com" "Mozilla/5.0 (compatible; MSIE 9.0; Windows NT 6.1; WOW64; Trident/6.0)"
184.154.139.41 - - [09/Jun/2026:09:32:10 -0400] "GET /tag/thorong-la-pass/feed/ HTTP/1.1" 200 2803 "http://www.google.com/url?url=blissfulnepal.com&yahoo.com" "Mozilla/5.0 (compatible; MSIE 9.0; Windows NT 6.1; WOW64; Trident/6.0)"
184.154.139.41 - - [09/Jun/2026:09:32:11 -0400] "GET /tag/mardi-himal/feed/ HTTP/1.1" 200 2934 "http://www.google.com/url?url=blissfulnepal.com&yahoo.com" "Mozilla/5.0 (compatible; MSIE 9.0; Windows NT 6.1; WOW64; Trident/6.0)"
184.154.139.41 - - [09/Jun/2026:09:32:12 -0400] "GET /tag/2026-travel-guide/feed/ HTTP/1.1" 200 2813 "http://www.google.com/url?url=blissfulnepal.com&yahoo.com" "Mozilla/5.0 (compatible; MSIE 9.0; Windows NT 6.1; WOW64; Trident/6.0)"
184.154.139.41 - - [09/Jun/2026:09:32:14 -0400] "GET /2023/11/13/ HTTP/1.1" 200 110697 "http://www.google.com/url?url=blissfulnepal.com&yahoo.com" "Mozilla/5.0 (compatible; MSIE 9.0; Windows NT 6.1; WOW64; Trident/6.0)"
184.154.139.41 - - [09/Jun/2026:09:32:17 -0400] "GET /wp-content/uploads/traveltour-style-custom.css?1760010053&ver=7.0 HTTP/1.1" 200 110963 "-" "SiteLockSpider [en] (WinNT; I ;Nav)"
184.154.139.41 - - [09/Jun/2026:09:32:18 -0400] "GET /tour-destination/dolpo-region/feed/ HTTP/1.1" 200 2945 "http://www.google.com/url?url=blissfulnepal.com&yahoo.com" "Mozilla/5.0 (compatible; MSIE 9.0; Windows NT 6.1; WOW64; Trident/6.0)"
184.154.139.41 - - [09/Jun/2026:09:32:19 -0400] "GET /tour-category/nature-lover/feed/ HTTP/1.1" 200 10296 "http://www.google.com/url?url=blissfulnepal.com&yahoo.com" "Mozilla/5.0 (compatible; MSIE 9.0; Windows NT 6.1; WOW64; Trident/6.0)"
184.154.139.41 - - [09/Jun/2026:09:32:21 -0400] "GET /2024/07/16/ HTTP/1.1" 200 110867 "http://www.google.com/url?url=blissfulnepal.com&yahoo.com" "Mozilla/5.0 (compatible; MSIE 9.0; Windows NT 6.1; WOW64; Trident/6.0)"
184.154.139.41 - - [09/Jun/2026:09:32:24 -0400] "GET /author/admin/feed/ HTTP/1.1" 200 19106 "http://www.google.com/url?url=blissfulnepal.com&yahoo.com" "Mozilla/5.0 (compatible; MSIE 9.0; Windows NT 6.1; WOW64; Trident/6.0)"
184.154.139.41 - - [09/Jun/2026:09:32:26 -0400] "GET /category/places/feed/ HTTP/1.1" 200 15085 "http://www.google.com/url?url=blissfulnepal.com&yahoo.com" "Mozilla/5.0 (compatible; MSIE 9.0; Windows NT 6.1; WOW64; Trident/6.0)"
184.154.139.41 - - [09/Jun/2026:09:32:28 -0400] "GET /category/uncategorized/feed/ HTTP/1.1" 200 11715 "http://www.google.com/url?url=blissfulnepal.com&yahoo.com" "Mozilla/5.0 (compatible; MSIE 9.0; Windows NT 6.1; WOW64; Trident/6.0)"
184.154.139.41 - - [09/Jun/2026:09:32:30 -0400] "GET /tour-destination/manaslu-region/feed/ HTTP/1.1" 200 2737 "http://www.google.com/url?url=blissfulnepal.com&yahoo.com" "Mozilla/5.0 (compatible; MSIE 9.0; Windows NT 6.1; WOW64; Trident/6.0)"
184.154.139.41 - - [09/Jun/2026:09:32:31 -0400] "GET /2026/06/06/ HTTP/1.1" 200 110330 "http://www.google.com/url?url=blissfulnepal.com&yahoo.com" "Mozilla/5.0 (compatible; MSIE 9.0; Windows NT 6.1; WOW64; Trident/6.0)"
184.154.139.41 - - [09/Jun/2026:09:32:34 -0400] "GET /category/information/feed/ HTTP/1.1" 200 18897 "http://www.google.com/url?url=blissfulnepal.com&yahoo.com" "Mozilla/5.0 (compatible; MSIE 9.0; Windows NT 6.1; WOW64; Trident/6.0)"
184.154.139.41 - - [09/Jun/2026:09:32:36 -0400] "GET /category/travel-tips/feed/ HTTP/1.1" 200 14969 "http://www.google.com/url?url=blissfulnepal.com&yahoo.com" "Mozilla/5.0 (compatible; MSIE 9.0; Windows NT 6.1; WOW64; Trident/6.0)"
184.154.139.41 - - [09/Jun/2026:09:32:37 -0400] "GET /category/climbing-and-expeditions/feed/ HTTP/1.1" 200 9409 "http://www.google.com/url?url=blissfulnepal.com&yahoo.com" "Mozilla/5.0 (compatible; MSIE 9.0; Windows NT 6.1; WOW64; Trident/6.0)"
184.154.139.41 - - [09/Jun/2026:09:32:38 -0400] "GET /wp-admin/css/forms.min.css?ver=7.0 HTTP/1.1" 200 30197 "http://www.google.com/url?url=blissfulnepal.com&yahoo.com" "Mozilla/5.0 (compatible; MSIE 9.0; Windows NT 6.1; WOW64; Trident/6.0)"
184.154.139.41 - - [09/Jun/2026:09:32:38 -0400] "GET /tag/ebc-trek/feed/ HTTP/1.1" 200 4696 "http://www.google.com/url?url=blissfulnepal.com&yahoo.com" "Mozilla/5.0 (compatible; MSIE 9.0; Windows NT 6.1; WOW64; Trident/6.0)"
184.154.139.41 - - [09/Jun/2026:09:32:39 -0400] "GET /wp-includes/css/buttons.min.css?ver=7.0 HTTP/1.1" 200 8152 "http://www.google.com/url?url=blissfulnepal.com&yahoo.com" "Mozilla/5.0 (compatible; MSIE 9.0; Windows NT 6.1; WOW64; Trident/6.0)"
184.154.139.41 - - [09/Jun/2026:09:32:40 -0400] "GET /wp-includes/js/underscore.min.js?ver=1.13.8 HTTP/1.1" 200 19012 "-" "SiteLockSpider [en] (WinNT; I ;Nav)"
184.154.139.41 - - [09/Jun/2026:09:32:40 -0400] "GET /2023/12/18/ HTTP/1.1" 200 110459 "http://www.google.com/url?url=blissfulnepal.com&yahoo.com" "Mozilla/5.0 (compatible; MSIE 9.0; Windows NT 6.1; WOW64; Trident/6.0)"
184.154.139.41 - - [09/Jun/2026:09:32:42 -0400] "GET /tag/2026-treks/feed/ HTTP/1.1" 200 3059 "http://www.google.com/url?url=blissfulnepal.com&yahoo.com" "Mozilla/5.0 (compatible; MSIE 9.0; Windows NT 6.1; WOW64; Trident/6.0)"
184.154.139.41 - - [09/Jun/2026:09:32:43 -0400] "GET /tour-destination/kanchenjunga-region/feed/ HTTP/1.1" 200 2161 "http://www.google.com/url?url=blissfulnepal.com&yahoo.com" "Mozilla/5.0 (compatible; MSIE 9.0; Windows NT 6.1; WOW64; Trident/6.0)"
184.154.139.41 - - [09/Jun/2026:09:32:44 -0400] "GET /tag/trekking/feed/ HTTP/1.1" 200 2768 "http://www.google.com/url?url=blissfulnepal.com&yahoo.com" "Mozilla/5.0 (compatible; MSIE 9.0; Windows NT 6.1; WOW64; Trident/6.0)"
184.154.139.41 - - [09/Jun/2026:09:32:45 -0400] "GET /tag/nepal-trekking/feed/ HTTP/1.1" 200 4546 "http://www.google.com/url?url=blissfulnepal.com&yahoo.com" "Mozilla/5.0 (compatible; MSIE 9.0; Windows NT 6.1; WOW64; Trident/6.0)"
184.154.139.41 - - [09/Jun/2026:09:32:46 -0400] "GET /tour-activity/adventure-sports/feed/ HTTP/1.1" 200 1268 "http://www.google.com/url?url=blissfulnepal.com&yahoo.com" "Mozilla/5.0 (compatible; MSIE 9.0; Windows NT 6.1; WOW64; Trident/6.0)"
184.154.139.41 - - [09/Jun/2026:09:32:48 -0400] "GET /tag/ramechhap/feed/ HTTP/1.1" 200 2874 "http://www.google.com/url?url=blissfulnepal.com&yahoo.com" "Mozilla/5.0 (compatible; MSIE 9.0; Windows NT 6.1; WOW64; Trident/6.0)"
184.154.139.41 - - [09/Jun/2026:09:32:49 -0400] "GET /2023/11/26/ HTTP/1.1" 200 113745 "http://www.google.com/url?url=blissfulnepal.com&yahoo.com" "Mozilla/5.0 (compatible; MSIE 9.0; Windows NT 6.1; WOW64; Trident/6.0)"
184.154.139.41 - - [09/Jun/2026:09:32:51 -0400] "GET /wp-admin/js/password-strength-meter.min.js?ver=7.0 HTTP/1.1" 200 1123 "-" "SiteLockSpider [en] (WinNT; I ;Nav)"
184.154.139.41 - - [09/Jun/2026:09:32:52 -0400] "GET /2024/02/14/ HTTP/1.1" 200 110224 "http://www.google.com/url?url=blissfulnepal.com&yahoo.com" "Mozilla/5.0 (compatible; MSIE 9.0; Windows NT 6.1; WOW64; Trident/6.0)"
184.154.139.41 - - [09/Jun/2026:09:32:54 -0400] "GET /tour-destination/annapurna-region/feed/ HTTP/1.1" 200 5936 "http://www.google.com/url?url=blissfulnepal.com&yahoo.com" "Mozilla/5.0 (compatible; MSIE 9.0; Windows NT 6.1; WOW64; Trident/6.0)"
184.154.139.41 - - [09/Jun/2026:09:32:56 -0400] "GET /tour-activity/nature-and-wildlife/feed/ HTTP/1.1" 200 5103 "http://www.google.com/url?url=blissfulnepal.com&yahoo.com" "Mozilla/5.0 (compatible; MSIE 9.0; Windows NT 6.1; WOW64; Trident/6.0)"
184.154.139.41 - - [09/Jun/2026:09:32:57 -0400] "GET /2023/12/03/ HTTP/1.1" 200 110806 "http://www.google.com/url?url=blissfulnepal.com&yahoo.com" "Mozilla/5.0 (compatible; MSIE 9.0; Windows NT 6.1; WOW64; Trident/6.0)"
184.154.139.41 - - [09/Jun/2026:09:32:59 -0400] "GET /tour-activity/cycling-and-mountain-biking/feed/ HTTP/1.1" 200 1323 "http://www.google.com/url?url=blissfulnepal.com&yahoo.com" "Mozilla/5.0 (compatible; MSIE 9.0; Windows NT 6.1; WOW64; Trident/6.0)"
184.154.139.41 - - [09/Jun/2026:09:33:00 -0400] "GET /tour-activity/climbing-and-expeditions/feed/ HTTP/1.1" 200 2785 "http://www.google.com/url?url=blissfulnepal.com&yahoo.com" "Mozilla/5.0 (compatible; MSIE 9.0; Windows NT 6.1; WOW64; Trident/6.0)"
184.154.139.41 - - [09/Jun/2026:09:33:01 -0400] "GET /2026/02/03/ HTTP/1.1" 200 110265 "http://www.google.com/url?url=blissfulnepal.com&yahoo.com" "Mozilla/5.0 (compatible; MSIE 9.0; Windows NT 6.1; WOW64; Trident/6.0)"
184.154.139.41 - - [09/Jun/2026:09:33:04 -0400] "GET /tour-category/adventure-traveler/feed/ HTTP/1.1" 200 10326 "http://www.google.com/url?url=blissfulnepal.com&yahoo.com" "Mozilla/5.0 (compatible; MSIE 9.0; Windows NT 6.1; WOW64; Trident/6.0)"
184.154.139.41 - - [09/Jun/2026:09:33:05 -0400] "GET /tag/himalayan-views/feed/ HTTP/1.1" 200 2954 "http://www.google.com/url?url=blissfulnepal.com&yahoo.com" "Mozilla/5.0 (compatible; MSIE 9.0; Windows NT 6.1; WOW64; Trident/6.0)"
184.154.139.41 - - [09/Jun/2026:09:33:06 -0400] "GET /wp-admin/css/login.min.css?ver=7.0 HTTP/1.1" 200 6639 "-" "SiteLockSpider [en] (WinNT; I ;Nav)"
63.250.38.253 - - [09/Jun/2026:09:33:07 -0400] "POST /wp-cron.php?doing_wp_cron=1781011987.6154620647430419921875 HTTP/1.1" 200 0 "-" "WordPress/7.0; https://blissfulnepal.com"
184.154.139.41 - - [09/Jun/2026:09:33:06 -0400] "GET /tag/poon-hill-trek/feed/ HTTP/1.1" 200 2949 "http://www.google.com/url?url=blissfulnepal.com&yahoo.com" "Mozilla/5.0 (compatible; MSIE 9.0; Windows NT 6.1; WOW64; Trident/6.0)"
184.154.139.41 - - [09/Jun/2026:09:33:07 -0400] "GET /2024/07/17/ HTTP/1.1" 200 113438 "http://www.google.com/url?url=blissfulnepal.com&yahoo.com" "Mozilla/5.0 (compatible; MSIE 9.0; Windows NT 6.1; WOW64; Trident/6.0)"
184.154.139.41 - - [09/Jun/2026:09:33:10 -0400] "GET /tour-category/spiritual-seeker/feed/ HTTP/1.1" 200 2050 "http://www.google.com/url?url=blissfulnepal.com&yahoo.com" "Mozilla/5.0 (compatible; MSIE 9.0; Windows NT 6.1; WOW64; Trident/6.0)"
184.154.139.41 - - [09/Jun/2026:09:33:11 -0400] "GET /tag/altitude-acclimatization/feed/ HTTP/1.1" 200 2925 "http://www.google.com/url?url=blissfulnepal.com&yahoo.com" "Mozilla/5.0 (compatible; MSIE 9.0; Windows NT 6.1; WOW64; Trident/6.0)"
184.154.139.41 - - [09/Jun/2026:09:33:12 -0400] "GET /wp-admin/css/l10n.min.css?ver=7.0 HTTP/1.1" 200 3200 "-" "SiteLockSpider [en] (WinNT; I ;Nav)"
184.154.139.41 - - [09/Jun/2026:09:33:12 -0400] "GET /tour-activity/trekking-and-hiking/feed/ HTTP/1.1" 200 8807 "http://www.google.com/url?url=blissfulnepal.com&yahoo.com" "Mozilla/5.0 (compatible; MSIE 9.0; Windows NT 6.1; WOW64; Trident/6.0)"
184.154.139.41 - - [09/Jun/2026:09:33:14 -0400] "GET /blogs/page/1/ HTTP/1.1" 301 0 "http://www.google.com/url?url=blissfulnepal.com&yahoo.com" "Mozilla/5.0 (compatible; MSIE 9.0; Windows NT 6.1; WOW64; Trident/6.0)"
184.154.139.41 - - [09/Jun/2026:09:33:15 -0400] "GET /tag/short-treks/feed/ HTTP/1.1" 200 2934 "http://www.google.com/url?url=blissfulnepal.com&yahoo.com" "Mozilla/5.0 (compatible; MSIE 9.0; Windows NT 6.1; WOW64; Trident/6.0)"
184.154.139.41 - - [09/Jun/2026:09:33:16 -0400] "GET /tour-category/cultural-enthusiast/feed/ HTTP/1.1" 200 3707 "http://www.google.com/url?url=blissfulnepal.com&yahoo.com" "Mozilla/5.0 (compatible; MSIE 9.0; Windows NT 6.1; WOW64; Trident/6.0)"
184.154.139.41 - - [09/Jun/2026:09:33:17 -0400] "GET /wp-includes/js/comment-reply.min.js?ver=7.0 HTTP/1.1" 200 3026 "-" "SiteLockSpider [en] (WinNT; I ;Nav)"
184.154.139.41 - - [09/Jun/2026:09:33:17 -0400] "GET /tag/annapurna-circuit/feed/ HTTP/1.1" 200 2813 "http://www.google.com/url?url=blissfulnepal.com&yahoo.com" "Mozilla/5.0 (compatible; MSIE 9.0; Windows NT 6.1; WOW64; Trident/6.0)"
184.154.139.41 - - [09/Jun/2026:09:33:18 -0400] "GET /2024/02/19/ HTTP/1.1" 200 110044 "http://www.google.com/url?url=blissfulnepal.com&yahoo.com" "Mozilla/5.0 (compatible; MSIE 9.0; Windows NT 6.1; WOW64; Trident/6.0)"
184.154.139.41 - - [09/Jun/2026:09:33:20 -0400] "GET /tour-activity/multiple-activities/feed/ HTTP/1.1" 200 1283 "http://www.google.com/url?url=blissfulnepal.com&yahoo.com" "Mozilla/5.0 (compatible; MSIE 9.0; Windows NT 6.1; WOW64; Trident/6.0)"
184.154.139.41 - - [09/Jun/2026:09:33:21 -0400] "GET /tag/trekking-guide/feed/ HTTP/1.1" 200 2875 "http://www.google.com/url?url=blissfulnepal.com&yahoo.com" "Mozilla/5.0 (compatible; MSIE 9.0; Windows NT 6.1; WOW64; Trident/6.0)"
184.154.139.41 - - [09/Jun/2026:09:33:22 -0400] "GET /tag/everest-base-camp/feed/ HTTP/1.1" 200 4741 "http://www.google.com/url?url=blissfulnepal.com&yahoo.com" "Mozilla/5.0 (compatible; MSIE 9.0; Windows NT 6.1; WOW64; Trident/6.0)"
184.154.139.41 - - [09/Jun/2026:09:33:23 -0400] "GET /2024/02/27/ HTTP/1.1" 200 110520 "http://www.google.com/url?url=blissfulnepal.com&yahoo.com" "Mozilla/5.0 (compatible; MSIE 9.0; Windows NT 6.1; WOW64; Trident/6.0)"
184.154.139.41 - - [09/Jun/2026:09:33:25 -0400] "GET /category/tours/feed/ HTTP/1.1" 200 2687 "http://www.google.com/url?url=blissfulnepal.com&yahoo.com" "Mozilla/5.0 (compatible; MSIE 9.0; Windows NT 6.1; WOW64; Trident/6.0)"
184.154.139.41 - - [09/Jun/2026:09:33:26 -0400] "GET /tag/manthali-airport/feed/ HTTP/1.1" 200 2909 "http://www.google.com/url?url=blissfulnepal.com&yahoo.com" "Mozilla/5.0 (compatible; MSIE 9.0; Windows NT 6.1; WOW64; Trident/6.0)"
184.154.139.41 - - [09/Jun/2026:09:33:27 -0400] "GET /wp-content/uploads/tourmaster-global-style-custom.css?1706106265&ver=7.0 HTTP/1.1" 200 17703 "-" "SiteLockSpider [en] (WinNT; I ;Nav)"
184.154.139.41 - - [09/Jun/2026:09:33:28 -0400] "GET /2026/06/07/ HTTP/1.1" 200 110279 "http://www.google.com/url?url=blissfulnepal.com&yahoo.com" "Mozilla/5.0 (compatible; MSIE 9.0; Windows NT 6.1; WOW64; Trident/6.0)"
184.154.139.41 - - [09/Jun/2026:09:33:30 -0400] "GET /blogs/page/2/ HTTP/1.1" 200 124681 "http://www.google.com/url?url=blissfulnepal.com&yahoo.com" "Mozilla/5.0 (compatible; MSIE 9.0; Windows NT 6.1; WOW64; Trident/6.0)"
184.154.139.41 - - [09/Jun/2026:09:33:32 -0400] "GET /tag/flight-safety/feed/ HTTP/1.1" 200 2894 "http://www.google.com/url?url=blissfulnepal.com&yahoo.com" "Mozilla/5.0 (compatible; MSIE 9.0; Windows NT 6.1; WOW64; Trident/6.0)"
184.154.139.41 - - [09/Jun/2026:09:33:33 -0400] "GET /tour-category/luxury-traveler/feed/ HTTP/1.1" 200 1933 "http://www.google.com/url?url=blissfulnepal.com&yahoo.com" "Mozilla/5.0 (compatible; MSIE 9.0; Windows NT 6.1; WOW64; Trident/6.0)"
184.154.139.41 - - [09/Jun/2026:09:33:34 -0400] "GET /2024/01/13/ HTTP/1.1" 200 110649 "http://www.google.com/url?url=blissfulnepal.com&yahoo.com" "Mozilla/5.0 (compatible; MSIE 9.0; Windows NT 6.1; WOW64; Trident/6.0)"
184.154.139.41 - - [09/Jun/2026:09:33:36 -0400] "GET /tag/annapurna-region/feed/ HTTP/1.1" 200 2959 "http://www.google.com/url?url=blissfulnepal.com&yahoo.com" "Mozilla/5.0 (compatible; MSIE 9.0; Windows NT 6.1; WOW64; Trident/6.0)"
184.154.139.41 - - [09/Jun/2026:09:33:37 -0400] "GET /2024/02/23/ HTTP/1.1" 200 113737 "http://www.google.com/url?url=blissfulnepal.com&yahoo.com" "Mozilla/5.0 (compatible; MSIE 9.0; Windows NT 6.1; WOW64; Trident/6.0)"
184.154.139.41 - - [09/Jun/2026:09:33:39 -0400] "GET /tag/khumbu/feed/ HTTP/1.1" 200 2835 "http://www.google.com/url?url=blissfulnepal.com&yahoo.com" "Mozilla/5.0 (compatible; MSIE 9.0; Windows NT 6.1; WOW64; Trident/6.0)"
184.154.139.41 - - [09/Jun/2026:09:33:40 -0400] "GET /tag/hiking-in-nepal/feed/ HTTP/1.1" 200 2803 "http://www.google.com/url?url=blissfulnepal.com&yahoo.com" "Mozilla/5.0 (compatible; MSIE 9.0; Windows NT 6.1; WOW64; Trident/6.0)"
184.154.139.41 - - [09/Jun/2026:09:33:41 -0400] "GET /2024/08/01/ HTTP/1.1" 200 111280 "http://www.google.com/url?url=blissfulnepal.com&yahoo.com" "Mozilla/5.0 (compatible; MSIE 9.0; Windows NT 6.1; WOW64; Trident/6.0)"
184.154.139.41 - - [09/Jun/2026:09:33:43 -0400] "GET /wp-includes/js/imagesloaded.min.js?ver=5.0.0 HTTP/1.1" 200 5520 "-" "SiteLockSpider [en] (WinNT; I ;Nav)"
184.154.139.41 - - [09/Jun/2026:09:33:43 -0400] "GET /2024/07/10/ HTTP/1.1" 200 110285 "http://www.google.com/url?url=blissfulnepal.com&yahoo.com" "Mozilla/5.0 (compatible; MSIE 9.0; Windows NT 6.1; WOW64; Trident/6.0)"
184.154.139.41 - - [09/Jun/2026:09:33:45 -0400] "GET /tag/nepal-travel-guide/feed/ HTTP/1.1" 200 3099 "http://www.google.com/url?url=blissfulnepal.com&yahoo.com" "Mozilla/5.0 (compatible; MSIE 9.0; Windows NT 6.1; WOW64; Trident/6.0)"
184.154.139.41 - - [09/Jun/2026:09:33:46 -0400] "GET /wp-includes/css/dashicons.min.css?ver=7.0 HTTP/1.1" 200 59004 "-" "SiteLockSpider [en] (WinNT; I ;Nav)"
184.154.139.41 - - [09/Jun/2026:09:33:47 -0400] "GET /tag/nepal/feed/ HTTP/1.1" 200 4474 "http://www.google.com/url?url=blissfulnepal.com&yahoo.com" "Mozilla/5.0 (compatible; MSIE 9.0; Windows NT 6.1; WOW64; Trident/6.0)"
184.154.139.41 - - [09/Jun/2026:09:33:48 -0400] "GET /tour-destination/langtang-region/feed/ HTTP/1.1" 200 1845 "http://www.google.com/url?url=blissfulnepal.com&yahoo.com" "Mozilla/5.0 (compatible; MSIE 9.0; Windows NT 6.1; WOW64; Trident/6.0)"
184.154.139.41 - - [09/Jun/2026:09:33:48 -0400] "GET /wp-json/oembed/1.0/embed?url=https%3A%2F%2Fblissfulnepal.com%2Fkathmandu-claims-top-honor-as-tripadvisors-best-nature-destination-2024%2F HTTP/1.1" 200 2792 "http://www.google.com/url?url=blissfulnepal.com&yahoo.com" "Mozilla/5.0 (compatible; MSIE 9.0; Windows NT 6.1; WOW64; Trident/6.0)"
184.154.139.41 - - [09/Jun/2026:09:33:49 -0400] "GET /wp-json/oembed/1.0/embed?url=https%3A%2F%2Fblissfulnepal.com%2Fbooking%2F&format=xml HTTP/1.1" 200 2283 "-" "SiteLockSpider [en] (WinNT; I ;Nav)"
184.154.139.41 - - [09/Jun/2026:09:33:50 -0400] "GET /wp-includes/js/dist/i18n.min.js?ver=781d11515ad3d91786ec HTTP/1.1" 200 5697 "http://www.google.com/url?url=blissfulnepal.com&yahoo.com" "Mozilla/5.0 (compatible; MSIE 9.0; Windows NT 6.1; WOW64; Trident/6.0)"
184.154.139.41 - - [09/Jun/2026:09:33:50 -0400] "GET /wp-json/oembed/1.0/embed?url=https%3A%2F%2Fblissfulnepal.com%2Feverest-base-camp-packing-list%2F HTTP/1.1" 200 2629 "-" "SiteLockSpider [en] (WinNT; I ;Nav)"
184.154.139.41 - - [09/Jun/2026:09:33:51 -0400] "GET /wp-json/oembed/1.0/embed?url=https%3A%2F%2Fblissfulnepal.com%2Ftour%2Fmardi-himal-trek%2F HTTP/1.1" 200 2525 "-" "SiteLockSpider [en] (WinNT; I ;Nav)"
184.154.139.41 - - [09/Jun/2026:09:33:52 -0400] "GET /wp-content/plugins/tourmaster/tourmaster.css?ver=4.1.4 HTTP/1.1" 200 217141 "http://www.google.com/url?url=blissfulnepal.com&yahoo.com" "Mozilla/5.0 (compatible; MSIE 9.0; Windows NT 6.1; WOW64; Trident/6.0)"
184.154.139.41 - - [09/Jun/2026:09:33:54 -0400] "GET /wp-content/plugins/tourmaster/tourmaster.js?ver=7.0 HTTP/1.1" 200 59990 "-" "SiteLockSpider [en] (WinNT; I ;Nav)"
184.154.139.41 - - [09/Jun/2026:09:33:56 -0400] "GET /wp-includes/js/dist/hooks.min.js?ver=7496969728ca0f95732d HTTP/1.1" 200 5015 "-" "SiteLockSpider [en] (WinNT; I ;Nav)"
184.154.139.41 - - [09/Jun/2026:09:33:56 -0400] "GET /wp-includes/js/dist/dom-ready.min.js?ver=a06281ae5cf5500e9317 HTTP/1.1" 200 783 "-" "SiteLockSpider [en] (WinNT; I ;Nav)"
184.154.139.41 - - [09/Jun/2026:09:33:57 -0400] "GET /wp-content/themes/traveltour-child/my-script.js?ver=7.0 HTTP/1.1" 200 518 "http://www.google.com/url?url=blissfulnepal.com&yahoo.com" "Mozilla/5.0 (compatible; MSIE 9.0; Windows NT 6.1; WOW64; Trident/6.0)"
184.154.139.41 - - [09/Jun/2026:09:33:57 -0400] "GET /wp-content/plugins/newsletter/style.css?ver=9.2.6 HTTP/1.1" 200 6840 "http://www.google.com/url?url=blissfulnepal.com&yahoo.com" "Mozilla/5.0 (compatible; MSIE 9.0; Windows NT 6.1; WOW64; Trident/6.0)"
184.154.139.41 - - [09/Jun/2026:09:33:57 -0400] "GET /wp-content/plugins/table-of-contents-plus/front.min.js?ver=2411.1 HTTP/1.1" 200 6159 "http://www.google.com/url?url=blissfulnepal.com&yahoo.com" "Mozilla/5.0 (compatible; MSIE 9.0; Windows NT 6.1; WOW64; Trident/6.0)"
184.154.139.41 - - [09/Jun/2026:09:33:57 -0400] "GET /wp-includes/js/jquery/jquery.min.js?ver=3.7.1 HTTP/1.1" 200 87553 "http://www.google.com/url?url=blissfulnepal.com&yahoo.com" "Mozilla/5.0 (compatible; MSIE 9.0; Windows NT 6.1; WOW64; Trident/6.0)"
184.154.139.41 - - [09/Jun/2026:09:33:58 -0400] "GET /tour-destination/nepal/page/3/ HTTP/1.1" 200 129681 "http://www.google.com/url?url=blissfulnepal.com&yahoo.com" "Mozilla/5.0 (compatible; MSIE 9.0; Windows NT 6.1; WOW64; Trident/6.0)"
184.154.139.41 - - [09/Jun/2026:09:34:00 -0400] "GET /author/admin/page/2/ HTTP/1.1" 200 145676 "http://www.google.com/url?url=blissfulnepal.com&yahoo.com" "Mozilla/5.0 (compatible; MSIE 9.0; Windows NT 6.1; WOW64; Trident/6.0)"
184.154.139.41 - - [09/Jun/2026:09:34:03 -0400] "GET /2024/03/17/ HTTP/1.1" 200 110031 "http://www.google.com/url?url=blissfulnepal.com&yahoo.com" "Mozilla/5.0 (compatible; MSIE 9.0; Windows NT 6.1; WOW64; Trident/6.0)"
184.154.139.41 - - [09/Jun/2026:09:34:05 -0400] "GET /author/admin/page/1/ HTTP/1.1" 301 0 "http://www.google.com/url?url=blissfulnepal.com&yahoo.com" "Mozilla/5.0 (compatible; MSIE 9.0; Windows NT 6.1; WOW64; Trident/6.0)"
184.154.139.41 - - [09/Jun/2026:09:34:06 -0400] "GET /wp-content/plugins/table-of-contents-plus/screen.min.css?ver=2411.1 HTTP/1.1" 200 1156 "-" "SiteLockSpider [en] (WinNT; I ;Nav)"
184.154.139.41 - - [09/Jun/2026:09:34:06 -0400] "GET /wp-content/plugins/newsletter/main.js?ver=9.2.6 HTTP/1.1" 200 774 "-" "SiteLockSpider [en] (WinNT; I ;Nav)"
184.154.139.41 - - [09/Jun/2026:09:34:06 -0400] "GET /wp-content/themes/traveltour-child/moreless.js?ver=7.0 HTTP/1.1" 200 0 "-" "SiteLockSpider [en] (WinNT; I ;Nav)"
184.154.139.41 - - [09/Jun/2026:09:34:06 -0400] "GET /wp-content/themes/traveltour-child/moreless.js?ver=7.0 HTTP/1.1" 200 0 "https://blissfulnepal.com/wp-content/themes/traveltour-child/moreless.js?ver=7.0" "Mozilla/5.0 (compatible; MSIE 9.0; Windows NT 6.1; WOW64; Trident/6.0)"
63.250.38.253 - - [09/Jun/2026:09:34:07 -0400] "POST /wp-cron.php?doing_wp_cron=1781012047.8383951187133789062500 HTTP/1.1" 200 0 "-" "WordPress/7.0; https://blissfulnepal.com"
184.154.139.41 - - [09/Jun/2026:09:34:07 -0400] "GET /tour-destination/nepal/page/1/ HTTP/1.1" 301 0 "http://www.google.com/url?url=blissfulnepal.com&yahoo.com" "Mozilla/5.0 (compatible; MSIE 9.0; Windows NT 6.1; WOW64; Trident/6.0)"
184.154.139.41 - - [09/Jun/2026:09:34:08 -0400] "GET /tour-category/adventure-traveler/page/2/ HTTP/1.1" 200 136775 "http://www.google.com/url?url=blissfulnepal.com&yahoo.com" "Mozilla/5.0 (compatible; MSIE 9.0; Windows NT 6.1; WOW64; Trident/6.0)"
184.154.139.41 - - [09/Jun/2026:09:34:10 -0400] "GET /wp-includes/js/jquery/jquery.masonry.min.js?ver=3.1.2b HTTP/1.1" 200 1819 "-" "SiteLockSpider [en] (WinNT; I ;Nav)"
184.154.139.41 - - [09/Jun/2026:09:34:10 -0400] "GET /wp-content/themes/traveltour-child/child-script.js?ver=7.0 HTTP/1.1" 200 499 "-" "SiteLockSpider [en] (WinNT; I ;Nav)"
184.154.139.41 - - [09/Jun/2026:09:34:10 -0400] "GET /wp-includes/js/jquery/jquery-migrate.min.js?ver=3.4.1 HTTP/1.1" 200 13577 "-" "SiteLockSpider [en] (WinNT; I ;Nav)"
184.154.139.41 - - [09/Jun/2026:09:34:11 -0400] "GET /wp-content/themes/traveltour-child/style.css?ver=7.0 HTTP/1.1" 200 7037 "-" "SiteLockSpider [en] (WinNT; I ;Nav)"
63.250.38.253 - - [09/Jun/2026:09:34:12 -0400] "POST /wp-cron.php?doing_wp_cron=1781012052.4321970939636230468750 HTTP/1.1" 200 0 "-" "WordPress/7.0; https://blissfulnepal.com"
