184.154.139.41 - - [09/Jun/2026:09:45:18 -0400] "GET /wp-json/oembed/1.0/%5C%22https:%5C/%5C/blissfulnepal.com%5C/trekking-in-nepal-in-february%5C/embed%5C/ HTTP/1.1" 404 114 "http://www.google.com/url?url=blissfulnepal.com&yahoo.com" "Mozilla/5.0 (compatible; MSIE 9.0; Windows NT 6.1; WOW64; Trident/6.0)"
184.154.139.41 - - [09/Jun/2026:09:45:19 -0400] "GET /wp-json/oembed/1.0/%5C%22https:%5C/%5C/blissfulnepal.com%5C/mount-everest%5C/%5C%22 HTTP/1.1" 404 114 "http://www.google.com/url?url=blissfulnepal.com&yahoo.com" "Mozilla/5.0 (compatible; MSIE 9.0; Windows NT 6.1; WOW64; Trident/6.0)"
184.154.139.41 - - [09/Jun/2026:09:45:20 -0400] "GET /wp-json/oembed/1.0/%5C%22https:%5C/%5C/blissfulnepal.com%5C/legal-documents%5C/%5C%22 HTTP/1.1" 404 114 "http://www.google.com/url?url=blissfulnepal.com&yahoo.com" "Mozilla/5.0 (compatible; MSIE 9.0; Windows NT 6.1; WOW64; Trident/6.0)"
184.154.139.41 - - [09/Jun/2026:09:45:21 -0400] "GET /wp-json/oembed/1.0/%5C%22https:%5C/%5C/blissfulnepal.com%5C/mount-everest%5C/embed%5C/ HTTP/1.1" 404 114 "http://www.google.com/url?url=blissfulnepal.com&yahoo.com" "Mozilla/5.0 (compatible; MSIE 9.0; Windows NT 6.1; WOW64; Trident/6.0)"
184.154.139.41 - - [09/Jun/2026:09:45:22 -0400] "GET /wp-json/oembed/1.0/%5C%22https:%5C/%5C/blissfulnepal.com%5C/legal-documents%5C/embed%5C/ HTTP/1.1" 404 114 "http://www.google.com/url?url=blissfulnepal.com&yahoo.com" "Mozilla/5.0 (compatible; MSIE 9.0; Windows NT 6.1; WOW64; Trident/6.0)"
66.249.69.67 - - [09/Jun/2026:09:45:22 -0400] "GET /products/26623323 HTTP/1.1" 404 20947 "-" "Mozilla/5.0 (Linux; Android 6.0.1; Nexus 5X Build/MMB29P) AppleWebKit/537.36 (KHTML, like Gecko) Chrome/148.0.7778.96 Mobile Safari/537.36 (compatible; Googlebot/2.1; +http://www.google.com/bot.html)"
184.154.139.41 - - [09/Jun/2026:09:45:23 -0400] "GET /wp-json/oembed/1.0/%5C%22https:%5C/%5C/blissfulnepal.com%5C/our-team%5C/%5C%22 HTTP/1.1" 404 114 "http://www.google.com/url?url=blissfulnepal.com&yahoo.com" "Mozilla/5.0 (compatible; MSIE 9.0; Windows NT 6.1; WOW64; Trident/6.0)"
184.154.139.41 - - [09/Jun/2026:09:45:24 -0400] "GET /wp-json/oembed/1.0/%5C%22https:%5C/%5C/blissfulnepal.com%5C/our-team%5C/embed%5C/ HTTP/1.1" 404 114 "http://www.google.com/url?url=blissfulnepal.com&yahoo.com" "Mozilla/5.0 (compatible; MSIE 9.0; Windows NT 6.1; WOW64; Trident/6.0)"
184.154.139.41 - - [09/Jun/2026:09:45:25 -0400] "GET /wp-json/oembed/1.0/%5C%22https:%5C/%5C/blissfulnepal.com%5C/trekking-in-nepal-in-february%5C/%5C%22 HTTP/1.1" 404 114 "http://www.google.com/url?url=blissfulnepal.com&yahoo.com" "Mozilla/5.0 (compatible; MSIE 9.0; Windows NT 6.1; WOW64; Trident/6.0)"
184.154.139.41 - - [09/Jun/2026:09:45:26 -0400] "GET /wp-json/oembed/1.0/%5C%22https:%5C/%5C/blissfulnepal.com%5C/tour%5C/annapurna-base-camp-trek%5C/embed%5C/ HTTP/1.1" 404 114 "http://www.google.com/url?url=blissfulnepal.com&yahoo.com" "Mozilla/5.0 (compatible; MSIE 9.0; Windows NT 6.1; WOW64; Trident/6.0)"
184.154.139.41 - - [09/Jun/2026:09:45:27 -0400] "GET /wp-json/oembed/1.0/%5C%22https:%5C/%5C/blissfulnepal.com%5C/tour%5C/manaslu-circuit-trek%5C/%5C%22 HTTP/1.1" 404 114 "http://www.google.com/url?url=blissfulnepal.com&yahoo.com" "Mozilla/5.0 (compatible; MSIE 9.0; Windows NT 6.1; WOW64; Trident/6.0)"
184.154.139.41 - - [09/Jun/2026:09:45:29 -0400] "GET /wp-json/oembed/1.0/%5C%22https:%5C/%5C/blissfulnepal.com%5C/tour%5C/nature-and-wildlife-tour%5C/%5C%22 HTTP/1.1" 404 114 "http://www.google.com/url?url=blissfulnepal.com&yahoo.com" "Mozilla/5.0 (compatible; MSIE 9.0; Windows NT 6.1; WOW64; Trident/6.0)"
184.154.139.41 - - [09/Jun/2026:09:45:31 -0400] "GET /wp-json/oembed/1.0/%5C%22https:%5C/%5C/blissfulnepal.com%5C/tour%5C/nature-and-wildlife-tour%5C/embed%5C/ HTTP/1.1" 404 114 "http://www.google.com/url?url=blissfulnepal.com&yahoo.com" "Mozilla/5.0 (compatible; MSIE 9.0; Windows NT 6.1; WOW64; Trident/6.0)"
184.154.139.41 - - [09/Jun/2026:09:45:33 -0400] "GET /wp-json/oembed/1.0/%5C%22https:%5C/%5C/blissfulnepal.com%5C/tour%5C/langtang-valley-trek%5C/embed%5C/ HTTP/1.1" 404 114 "http://www.google.com/url?url=blissfulnepal.com&yahoo.com" "Mozilla/5.0 (compatible; MSIE 9.0; Windows NT 6.1; WOW64; Trident/6.0)"
184.154.139.41 - - [09/Jun/2026:09:45:34 -0400] "GET /wp-json/oembed/1.0/%5C%22https:%5C/%5C/blissfulnepal.com%5C/tour%5C/blissful-nepal-tour%5C/%5C%22 HTTP/1.1" 404 114 "http://www.google.com/url?url=blissfulnepal.com&yahoo.com" "Mozilla/5.0 (compatible; MSIE 9.0; Windows NT 6.1; WOW64; Trident/6.0)"
184.154.139.41 - - [09/Jun/2026:09:45:36 -0400] "GET /wp-json/oembed/1.0/%5C%22https:%5C/%5C/blissfulnepal.com%5C/tour%5C/manaslu-circuit-trek%5C/embed%5C/ HTTP/1.1" 404 114 "http://www.google.com/url?url=blissfulnepal.com&yahoo.com" "Mozilla/5.0 (compatible; MSIE 9.0; Windows NT 6.1; WOW64; Trident/6.0)"
184.154.139.41 - - [09/Jun/2026:09:45:37 -0400] "GET /wp-json/oembed/1.0/%5C%22https:%5C/%5C/blissfulnepal.com%5C/tour%5C/blissful-nepal-tour%5C/embed%5C/ HTTP/1.1" 404 114 "http://www.google.com/url?url=blissfulnepal.com&yahoo.com" "Mozilla/5.0 (compatible; MSIE 9.0; Windows NT 6.1; WOW64; Trident/6.0)"
184.154.139.41 - - [09/Jun/2026:09:45:37 -0400] "GET /wp-json/oembed/1.0/%5C%22https:%5C/%5C/blissfulnepal.com%5C/tour%5C/langtang-valley-trek%5C/%5C%22 HTTP/1.1" 404 114 "http://www.google.com/url?url=blissfulnepal.com&yahoo.com" "Mozilla/5.0 (compatible; MSIE 9.0; Windows NT 6.1; WOW64; Trident/6.0)"
184.154.139.41 - - [09/Jun/2026:09:45:38 -0400] "GET /wp-json/oembed/1.0/%5C%22https:%5C/%5C/blissfulnepal.com%5C/tour%5C/kanchenjunga-base-camp-trek%5C/embed%5C/ HTTP/1.1" 404 114 "http://www.google.com/url?url=blissfulnepal.com&yahoo.com" "Mozilla/5.0 (compatible; MSIE 9.0; Windows NT 6.1; WOW64; Trident/6.0)"
184.154.139.41 - - [09/Jun/2026:09:45:39 -0400] "GET /wp-json/oembed/1.0/%5C%22https:%5C/%5C/blissfulnepal.com%5C/tour%5C/annapurna-base-camp-trek%5C/%5C%22 HTTP/1.1" 404 114 "http://www.google.com/url?url=blissfulnepal.com&yahoo.com" "Mozilla/5.0 (compatible; MSIE 9.0; Windows NT 6.1; WOW64; Trident/6.0)"
184.154.139.41 - - [09/Jun/2026:09:45:40 -0400] "GET /wp-json/oembed/1.0/%5C%22https:%5C/%5C/blissfulnepal.com%5C/tour%5C/kanchenjunga-base-camp-trek%5C/%5C%22 HTTP/1.1" 404 114 "http://www.google.com/url?url=blissfulnepal.com&yahoo.com" "Mozilla/5.0 (compatible; MSIE 9.0; Windows NT 6.1; WOW64; Trident/6.0)"
184.154.139.41 - - [09/Jun/2026:09:45:41 -0400] "GET /wp-json/oembed/1.0/embed?url=https%3A%2F%2Fblissfulnepal.com%2Feverest-base-camp-packing-list%2F&format=xml HTTP/1.1" 200 2815 "-" "SiteLockSpider [en] (WinNT; I ;Nav)"
184.154.139.41 - - [09/Jun/2026:09:45:42 -0400] "GET /wp-json/oembed/1.0/embed?url=https%3A%2F%2Fblissfulnepal.com%2Ftour-search%2F&format=xml HTTP/1.1" 200 2288 "-" "SiteLockSpider [en] (WinNT; I ;Nav)"
184.154.139.41 - - [09/Jun/2026:09:45:43 -0400] "GET /wp-json/oembed/1.0/embed?url=https%3A%2F%2Fblissfulnepal.com%2Fmanaslu-weather-and-temperature%2F&format=xml HTTP/1.1" 200 2685 "-" "SiteLockSpider [en] (WinNT; I ;Nav)"
184.154.139.41 - - [09/Jun/2026:09:45:44 -0400] "GET /wp-json/oembed/1.0/embed?url=https%3A%2F%2Fblissfulnepal.com%2Ftour%2Fancient-cities-of-kathmandu-valley-bhaktapur-and-patan%2F&format=xml HTTP/1.1" 200 2531 "-" "SiteLockSpider [en] (WinNT; I ;Nav)"
184.154.139.41 - - [09/Jun/2026:09:45:45 -0400] "GET /wp-json/oembed/1.0/embed?url=https%3A%2F%2Fblissfulnepal.com%2F&format=xml HTTP/1.1" 200 2432 "-" "SiteLockSpider [en] (WinNT; I ;Nav)"
184.154.139.41 - - [09/Jun/2026:09:45:46 -0400] "GET /wp-json/oembed/1.0/embed?url=https%3A%2F%2Fblissfulnepal.com%2Fwhat-we-offer%2F&format=xml HTTP/1.1" 200 2456 "-" "SiteLockSpider [en] (WinNT; I ;Nav)"
184.154.139.41 - - [09/Jun/2026:09:45:47 -0400] "GET /wp-json/oembed/1.0/embed?url=https%3A%2F%2Fblissfulnepal.com%2Ftour%2Fnature-and-wildlife-tour%2F&format=xml HTTP/1.1" 200 2771 "-" "SiteLockSpider [en] (WinNT; I ;Nav)"
184.154.139.41 - - [09/Jun/2026:09:45:48 -0400] "GET /wp-json/oembed/1.0/embed?url=https%3A%2F%2Fblissfulnepal.com%2Ftour%2Fupper-dolpo-trek%2F&format=xml HTTP/1.1" 200 2840 "-" "SiteLockSpider [en] (WinNT; I ;Nav)"
184.154.139.41 - - [09/Jun/2026:09:45:49 -0400] "GET /wp-json/oembed/1.0/embed?url=https%3A%2F%2Fblissfulnepal.com%2Ftrekking-peaks-in-nepal%2F&format=xml HTTP/1.1" 200 2741 "-" "SiteLockSpider [en] (WinNT; I ;Nav)"
184.154.139.41 - - [09/Jun/2026:09:45:50 -0400] "GET /wp-json/oembed/1.0/embed?url=https%3A%2F%2Fblissfulnepal.com%2Ftour%2Fmanaslu-circuit-trek%2F&format=xml HTTP/1.1" 200 2678 "-" "SiteLockSpider [en] (WinNT; I ;Nav)"
184.154.139.41 - - [09/Jun/2026:09:45:51 -0400] "GET /wp-json/oembed/1.0/embed?url=https%3A%2F%2Fblissfulnepal.com%2Frefund-policy%2F HTTP/1.1" 200 4457 "-" "SiteLockSpider [en] (WinNT; I ;Nav)"
184.154.139.41 - - [09/Jun/2026:09:45:52 -0400] "GET /wp-json/oembed/1.0/embed?url=https%3A%2F%2Fblissfulnepal.com%2Fmanaslu-weather-and-temperature%2F HTTP/1.1" 200 2499 "-" "SiteLockSpider [en] (WinNT; I ;Nav)"
184.154.139.41 - - [09/Jun/2026:09:45:53 -0400] "GET /wp-json/oembed/1.0/embed?url=https%3A%2F%2Fblissfulnepal.com%2Ftour%2Fbuddhist-pilgrimage-tour%2F HTTP/1.1" 200 2516 "-" "SiteLockSpider [en] (WinNT; I ;Nav)"
184.154.139.41 - - [09/Jun/2026:09:45:53 -0400] "GET /wp-json/oembed/1.0/embed?url=https%3A%2F%2Fblissfulnepal.com%2Ftrekking-peaks-in-nepal%2F HTTP/1.1" 200 2555 "-" "SiteLockSpider [en] (WinNT; I ;Nav)"
184.154.139.41 - - [09/Jun/2026:09:45:54 -0400] "GET /wp-json/oembed/1.0/embed?url=https%3A%2F%2Fblissfulnepal.com%2Fbest-travel-agency-in-nepal%2F HTTP/1.1" 200 2606 "-" "SiteLockSpider [en] (WinNT; I ;Nav)"
184.154.139.41 - - [09/Jun/2026:09:45:55 -0400] "GET /wp-json/oembed/1.0/embed?url=https%3A%2F%2Fblissfulnepal.com%2Fmera-peak%2F HTTP/1.1" 200 2526 "-" "SiteLockSpider [en] (WinNT; I ;Nav)"
184.154.139.41 - - [09/Jun/2026:09:45:56 -0400] "GET /wp-json/oembed/1.0/embed?url=https%3A%2F%2Fblissfulnepal.com%2Fblogs%2F HTTP/1.1" 200 2141 "-" "SiteLockSpider [en] (WinNT; I ;Nav)"
66.249.69.66 - - [09/Jun/2026:09:45:57 -0400] "GET /products/20060312 HTTP/1.1" 404 20947 "-" "Mozilla/5.0 (Linux; Android 6.0.1; Nexus 5X Build/MMB29P) AppleWebKit/537.36 (KHTML, like Gecko) Chrome/148.0.7778.96 Mobile Safari/537.36 (compatible; Googlebot/2.1; +http://www.google.com/bot.html)"
184.154.139.41 - - [09/Jun/2026:09:45:57 -0400] "GET /wp-json/oembed/1.0/embed?url=https%3A%2F%2Fblissfulnepal.com%2Fterms-and-conditions%2F HTTP/1.1" 200 16894 "-" "SiteLockSpider [en] (WinNT; I ;Nav)"
184.154.139.41 - - [09/Jun/2026:09:45:58 -0400] "GET /wp-json/oembed/1.0/embed?url=https%3A%2F%2Fblissfulnepal.com%2Fwho-we-are%2F HTTP/1.1" 200 2296 "-" "SiteLockSpider [en] (WinNT; I ;Nav)"
184.154.139.41 - - [09/Jun/2026:09:45:59 -0400] "GET /wp-json/oembed/1.0/embed?url=https%3A%2F%2Fblissfulnepal.com%2Ftour%2Feverest-panorama-trek%2F HTTP/1.1" 200 2515 "-" "SiteLockSpider [en] (WinNT; I ;Nav)"
184.154.139.41 - - [09/Jun/2026:09:46:00 -0400] "GET /wp-json/oembed/1.0/%5C%22https:%5C/%5C/blissfulnepal.com%5C/refund-policy%5C/embed%5C/ HTTP/1.1" 404 114 "http://www.google.com/url?url=blissfulnepal.com&yahoo.com" "Mozilla/5.0 (compatible; MSIE 9.0; Windows NT 6.1; WOW64; Trident/6.0)"
184.154.139.41 - - [09/Jun/2026:09:46:01 -0400] "GET /wp-json/oembed/1.0/%5C%22https:%5C/%5C/blissfulnepal.com%5C/who-we-are%5C/%5C%22 HTTP/1.1" 404 114 "http://www.google.com/url?url=blissfulnepal.com&yahoo.com" "Mozilla/5.0 (compatible; MSIE 9.0; Windows NT 6.1; WOW64; Trident/6.0)"
184.154.139.41 - - [09/Jun/2026:09:46:02 -0400] "GET /wp-json/oembed/1.0/%5C%22https:%5C/%5C/blissfulnepal.com%5C/refund-policy%5C/%5C%22 HTTP/1.1" 404 114 "http://www.google.com/url?url=blissfulnepal.com&yahoo.com" "Mozilla/5.0 (compatible; MSIE 9.0; Windows NT 6.1; WOW64; Trident/6.0)"
184.154.139.41 - - [09/Jun/2026:09:46:03 -0400] "GET /wp-json/oembed/1.0/%5C%22https:%5C/%5C/blissfulnepal.com%5C/manaslu-weather-and-temperature%5C/%5C%22 HTTP/1.1" 404 114 "http://www.google.com/url?url=blissfulnepal.com&yahoo.com" "Mozilla/5.0 (compatible; MSIE 9.0; Windows NT 6.1; WOW64; Trident/6.0)"
184.154.139.41 - - [09/Jun/2026:09:46:05 -0400] "GET /wp-json/oembed/1.0/%5C%22https:%5C/%5C/blissfulnepal.com%5C/terms-and-conditions%5C/%5C%22 HTTP/1.1" 404 114 "http://www.google.com/url?url=blissfulnepal.com&yahoo.com" "Mozilla/5.0 (compatible; MSIE 9.0; Windows NT 6.1; WOW64; Trident/6.0)"
184.154.139.41 - - [09/Jun/2026:09:46:06 -0400] "GET /wp-json/oembed/1.0/%5C%22https:%5C/%5C/blissfulnepal.com%5C/who-we-are%5C/embed%5C/ HTTP/1.1" 404 114 "http://www.google.com/url?url=blissfulnepal.com&yahoo.com" "Mozilla/5.0 (compatible; MSIE 9.0; Windows NT 6.1; WOW64; Trident/6.0)"
63.250.38.253 - - [09/Jun/2026:09:46:07 -0400] "POST /wp-cron.php?doing_wp_cron=1781012767.9577410221099853515625 HTTP/1.1" 200 0 "-" "WordPress/7.0; https://blissfulnepal.com"
184.154.139.41 - - [09/Jun/2026:09:46:07 -0400] "GET /wp-json/oembed/1.0/%5C%22https:%5C/%5C/blissfulnepal.com%5C/terms-and-conditions%5C/embed%5C/ HTTP/1.1" 404 114 "http://www.google.com/url?url=blissfulnepal.com&yahoo.com" "Mozilla/5.0 (compatible; MSIE 9.0; Windows NT 6.1; WOW64; Trident/6.0)"
184.154.139.41 - - [09/Jun/2026:09:46:08 -0400] "GET /wp-json/oembed/1.0/%5C%22https:%5C/%5C/blissfulnepal.com%5C/best-travel-agency-in-nepal%5C/embed%5C/ HTTP/1.1" 404 114 "http://www.google.com/url?url=blissfulnepal.com&yahoo.com" "Mozilla/5.0 (compatible; MSIE 9.0; Windows NT 6.1; WOW64; Trident/6.0)"
184.154.139.41 - - [09/Jun/2026:09:46:09 -0400] "GET /wp-json/oembed/1.0/%5C%22https:%5C/%5C/blissfulnepal.com%5C/best-travel-agency-in-nepal%5C/%5C%22 HTTP/1.1" 404 114 "http://www.google.com/url?url=blissfulnepal.com&yahoo.com" "Mozilla/5.0 (compatible; MSIE 9.0; Windows NT 6.1; WOW64; Trident/6.0)"
184.154.139.41 - - [09/Jun/2026:09:46:11 -0400] "GET /wp-json/oembed/1.0/%5C%22https:%5C/%5C/blissfulnepal.com%5C/mera-peak%5C/embed%5C/ HTTP/1.1" 404 114 "http://www.google.com/url?url=blissfulnepal.com&yahoo.com" "Mozilla/5.0 (compatible; MSIE 9.0; Windows NT 6.1; WOW64; Trident/6.0)"
184.154.139.41 - - [09/Jun/2026:09:46:14 -0400] "GET /wp-json/oembed/1.0/%5C%22https:%5C/%5C/blissfulnepal.com%5C/blogs%5C/%5C%22 HTTP/1.1" 404 114 "http://www.google.com/url?url=blissfulnepal.com&yahoo.com" "Mozilla/5.0 (compatible; MSIE 9.0; Windows NT 6.1; WOW64; Trident/6.0)"
184.154.139.41 - - [09/Jun/2026:09:46:17 -0400] "GET /wp-json/oembed/1.0/%5C%22https:%5C/%5C/blissfulnepal.com%5C/trekking-peaks-in-nepal%5C/embed%5C/ HTTP/1.1" 404 114 "http://www.google.com/url?url=blissfulnepal.com&yahoo.com" "Mozilla/5.0 (compatible; MSIE 9.0; Windows NT 6.1; WOW64; Trident/6.0)"
184.154.139.41 - - [09/Jun/2026:09:46:20 -0400] "GET /wp-json/oembed/1.0/%5C%22https:%5C/%5C/blissfulnepal.com%5C/manaslu-weather-and-temperature%5C/embed%5C/ HTTP/1.1" 404 114 "http://www.google.com/url?url=blissfulnepal.com&yahoo.com" "Mozilla/5.0 (compatible; MSIE 9.0; Windows NT 6.1; WOW64; Trident/6.0)"
184.154.139.41 - - [09/Jun/2026:09:46:23 -0400] "GET /wp-json/oembed/1.0/%5C%22https:%5C/%5C/blissfulnepal.com%5C/trekking-peaks-in-nepal%5C/%5C%22 HTTP/1.1" 404 114 "http://www.google.com/url?url=blissfulnepal.com&yahoo.com" "Mozilla/5.0 (compatible; MSIE 9.0; Windows NT 6.1; WOW64; Trident/6.0)"
66.249.69.65 - - [09/Jun/2026:09:46:23 -0400] "GET /products/29317467 HTTP/1.1" 404 20947 "-" "Mozilla/5.0 (Linux; Android 6.0.1; Nexus 5X Build/MMB29P) AppleWebKit/537.36 (KHTML, like Gecko) Chrome/148.0.7778.96 Mobile Safari/537.36 (compatible; Googlebot/2.1; +http://www.google.com/bot.html)"
184.154.139.41 - - [09/Jun/2026:09:46:26 -0400] "GET /wp-json/oembed/1.0/%5C%22https:%5C/%5C/blissfulnepal.com%5C/mera-peak%5C/%5C%22 HTTP/1.1" 404 114 "http://www.google.com/url?url=blissfulnepal.com&yahoo.com" "Mozilla/5.0 (compatible; MSIE 9.0; Windows NT 6.1; WOW64; Trident/6.0)"
184.154.139.41 - - [09/Jun/2026:09:46:28 -0400] "GET /wp-json/oembed/1.0/%5C%22https:%5C/%5C/blissfulnepal.com%5C/blogs%5C/embed%5C/ HTTP/1.1" 404 114 "http://www.google.com/url?url=blissfulnepal.com&yahoo.com" "Mozilla/5.0 (compatible; MSIE 9.0; Windows NT 6.1; WOW64; Trident/6.0)"
184.154.139.41 - - [09/Jun/2026:09:46:31 -0400] "GET /wp-json/oembed/1.0/%5C%22https:%5C/%5C/blissfulnepal.com%5C/tour%5C/everest-panorama-trek%5C/embed%5C/ HTTP/1.1" 404 114 "http://www.google.com/url?url=blissfulnepal.com&yahoo.com" "Mozilla/5.0 (compatible; MSIE 9.0; Windows NT 6.1; WOW64; Trident/6.0)"
184.154.139.41 - - [09/Jun/2026:09:46:33 -0400] "GET /wp-json/oembed/1.0/%5C%22https:%5C/%5C/blissfulnepal.com%5C/tour%5C/buddhist-pilgrimage-tour%5C/%5C%22 HTTP/1.1" 404 114 "http://www.google.com/url?url=blissfulnepal.com&yahoo.com" "Mozilla/5.0 (compatible; MSIE 9.0; Windows NT 6.1; WOW64; Trident/6.0)"
184.154.139.41 - - [09/Jun/2026:09:46:36 -0400] "GET /wp-json/oembed/1.0/%5C%22https:%5C/%5C/blissfulnepal.com%5C/tour%5C/everest-panorama-trek%5C/%5C%22 HTTP/1.1" 404 114 "http://www.google.com/url?url=blissfulnepal.com&yahoo.com" "Mozilla/5.0 (compatible; MSIE 9.0; Windows NT 6.1; WOW64; Trident/6.0)"
184.154.139.41 - - [09/Jun/2026:09:46:37 -0400] "GET /wp-json/oembed/1.0/%5C%22https:%5C/%5C/blissfulnepal.com%5C/tour%5C/buddhist-pilgrimage-tour%5C/embed%5C/ HTTP/1.1" 404 114 "http://www.google.com/url?url=blissfulnepal.com&yahoo.com" "Mozilla/5.0 (compatible; MSIE 9.0; Windows NT 6.1; WOW64; Trident/6.0)"
184.154.139.41 - - [09/Jun/2026:09:46:38 -0400] "GET /wp-json/oembed/1.0/embed?url=https%3A%2F%2Fblissfulnepal.com%2Fblogs%2F&format=xml HTTP/1.1" 200 2279 "-" "SiteLockSpider [en] (WinNT; I ;Nav)"
184.154.139.41 - - [09/Jun/2026:09:46:40 -0400] "GET /wp-json/oembed/1.0/embed?url=https%3A%2F%2Fblissfulnepal.com%2Ftour%2Fa-complete-wildlife-tour-in-nepal%2F&format=xml HTTP/1.1" 200 2574 "-" "SiteLockSpider [en] (WinNT; I ;Nav)"
184.154.139.41 - - [09/Jun/2026:09:46:42 -0400] "GET /wp-json/oembed/1.0/embed?url=https%3A%2F%2Fblissfulnepal.com%2Ftour%2Fnepal-in-detail-tour%2F&format=xml HTTP/1.1" 200 2756 "-" "SiteLockSpider [en] (WinNT; I ;Nav)"
184.154.139.41 - - [09/Jun/2026:09:46:44 -0400] "GET /wp-json/oembed/1.0/embed?url=https%3A%2F%2Fblissfulnepal.com%2Feverest-summit-record%2F&format=xml HTTP/1.1" 200 2735 "-" "SiteLockSpider [en] (WinNT; I ;Nav)"
184.154.139.41 - - [09/Jun/2026:09:46:45 -0400] "GET /wp-json/oembed/1.0/embed?url=https%3A%2F%2Fblissfulnepal.com%2Ftrekking-in-nepal%2F&format=xml HTTP/1.1" 200 2844 "-" "SiteLockSpider [en] (WinNT; I ;Nav)"
184.154.139.41 - - [09/Jun/2026:09:46:47 -0400] "GET /wp-json/oembed/1.0/embed?url=https%3A%2F%2Fblissfulnepal.com%2Fheight-of-mount-everest%2F&format=xml HTTP/1.1" 200 2785 "-" "SiteLockSpider [en] (WinNT; I ;Nav)"
184.154.139.41 - - [09/Jun/2026:09:46:48 -0400] "GET /wp-json/oembed/1.0/embed?url=https%3A%2F%2Fblissfulnepal.com%2Ftour%2Fblissful-nepal-tour%2F&format=xml HTTP/1.1" 200 2735 "-" "SiteLockSpider [en] (WinNT; I ;Nav)"
184.154.139.41 - - [09/Jun/2026:09:46:50 -0400] "GET /wp-json/oembed/1.0/embed?url=https%3A%2F%2Fblissfulnepal.com%2Flegal-documents%2F&format=xml HTTP/1.1" 200 2308 "-" "SiteLockSpider [en] (WinNT; I ;Nav)"
184.154.139.41 - - [09/Jun/2026:09:46:52 -0400] "GET /wp-json/oembed/1.0/embed?url=https%3A%2F%2Fblissfulnepal.com%2Ftour%2Feverest-panorama-trek%2F&format=xml HTTP/1.1" 200 2699 "-" "SiteLockSpider [en] (WinNT; I ;Nav)"
184.154.139.41 - - [09/Jun/2026:09:46:53 -0400] "GET /wp-json/oembed/1.0/embed?url=https%3A%2F%2Fblissfulnepal.com%2Fdiscovering-nepal-peaks-culture-and-the-spirit-of-the-himalayas%2F&format=xml HTTP/1.1" 200 2946 "-" "SiteLockSpider [en] (WinNT; I ;Nav)"
184.154.139.41 - - [09/Jun/2026:09:46:55 -0400] "GET /wp-json/oembed/1.0/embed?url=https%3A%2F%2Fblissfulnepal.com%2Ftour%2Fmera-peak-climbing%2F HTTP/1.1" 200 2590 "-" "SiteLockSpider [en] (WinNT; I ;Nav)"
184.154.139.41 - - [09/Jun/2026:09:46:56 -0400] "GET /wp-json/oembed/1.0/embed?url=https%3A%2F%2Fblissfulnepal.com%2Ftour%2Fhindu-pilgrimage-tour%2F HTTP/1.1" 200 2502 "-" "SiteLockSpider [en] (WinNT; I ;Nav)"
184.154.139.41 - - [09/Jun/2026:09:46:57 -0400] "GET /wp-json/oembed/1.0/embed?url=https%3A%2F%2Fblissfulnepal.com%2Ftrekking-in-nepal-in-april%2F HTTP/1.1" 200 2516 "-" "SiteLockSpider [en] (WinNT; I ;Nav)"
31.13.115.9 - - [09/Jun/2026:09:46:58 -0400] "GET /wp-content/uploads/2023/11/everest-base-camp-10-700x500.jpg HTTP/1.1" 200 80876 "-" "facebookexternalhit/1.1 (+http://www.facebook.com/externalhit_uatext.php)"
184.154.139.41 - - [09/Jun/2026:09:46:58 -0400] "GET /wp-json/oembed/1.0/embed?url=https%3A%2F%2Fblissfulnepal.com%2Ftour%2Fannapurna-circuit-trek%2F HTTP/1.1" 200 2506 "-" "SiteLockSpider [en] (WinNT; I ;Nav)"
114.119.143.172 - - [09/Jun/2026:09:46:58 -0400] "GET /tour/everest-base-camp-trek/ HTTP/1.1" 200 49965 "https://blissfulnepal.com/booking/?id=6312" "Mozilla/5.0 (Linux; Android 7.0;) AppleWebKit/537.36 (HTML, like Gecko) Mobile Safari/537.36 (compatible; PetalBot;+https://webmaster.petalsearch.com/site/petalbot)"
184.154.139.41 - - [09/Jun/2026:09:47:00 -0400] "GET /wp-json/oembed/1.0/embed?url=https%3A%2F%2Fblissfulnepal.com%2Fannapurna-mountain%2F HTTP/1.1" 200 2558 "-" "SiteLockSpider [en] (WinNT; I ;Nav)"
184.154.139.41 - - [09/Jun/2026:09:47:02 -0400] "GET /wp-json/oembed/1.0/embed?url=https%3A%2F%2Fblissfulnepal.com%2Ftour%2Fgokyo-lake-trek%2F HTTP/1.1" 200 2482 "-" "SiteLockSpider [en] (WinNT; I ;Nav)"
184.154.139.41 - - [09/Jun/2026:09:47:04 -0400] "GET /wp-json/oembed/1.0/embed?url=https%3A%2F%2Fblissfulnepal.com%2Ftour%2Fancient-cities-of-kathmandu-valley-bhaktapur-and-patan%2F HTTP/1.1" 200 2395 "-" "SiteLockSpider [en] (WinNT; I ;Nav)"
184.154.139.41 - - [09/Jun/2026:09:47:05 -0400] "GET /wp-json/oembed/1.0/embed?url=https%3A%2F%2Fblissfulnepal.com%2Fmanaslu%2F HTTP/1.1" 200 2543 "-" "SiteLockSpider [en] (WinNT; I ;Nav)"
63.250.38.253 - - [09/Jun/2026:09:47:07 -0400] "POST /wp-cron.php?doing_wp_cron=1781012827.9228711128234863281250 HTTP/1.1" 200 0 "-" "WordPress/7.0; https://blissfulnepal.com"
184.154.139.41 - - [09/Jun/2026:09:47:07 -0400] "GET /wp-json/oembed/1.0/embed?url=https%3A%2F%2Fblissfulnepal.com%2Ftour%2Fisland-peak-climbing%2F HTTP/1.1" 200 2408 "-" "SiteLockSpider [en] (WinNT; I ;Nav)"
184.154.139.41 - - [09/Jun/2026:09:47:08 -0400] "GET /wp-json/oembed/1.0/embed?url=https%3A%2F%2Fblissfulnepal.com%2Fisland-peak%2F HTTP/1.1" 200 2580 "-" "SiteLockSpider [en] (WinNT; I ;Nav)"
184.154.139.41 - - [09/Jun/2026:09:47:11 -0400] "GET /wp-json/oembed/1.0/%5C%22https:%5C/%5C/blissfulnepal.com%5C/annapurna-mountain%5C/%5C%22 HTTP/1.1" 404 114 "http://www.google.com/url?url=blissfulnepal.com&yahoo.com" "Mozilla/5.0 (compatible; MSIE 9.0; Windows NT 6.1; WOW64; Trident/6.0)"
184.154.139.41 - - [09/Jun/2026:09:47:13 -0400] "GET /wp-json/oembed/1.0/%5C%22https:%5C/%5C/blissfulnepal.com%5C/trekking-in-nepal-in-april%5C/embed%5C/ HTTP/1.1" 404 114 "http://www.google.com/url?url=blissfulnepal.com&yahoo.com" "Mozilla/5.0 (compatible; MSIE 9.0; Windows NT 6.1; WOW64; Trident/6.0)"
184.154.139.41 - - [09/Jun/2026:09:47:15 -0400] "GET /wp-json/oembed/1.0/%5C%22https:%5C/%5C/blissfulnepal.com%5C/manaslu%5C/%5C%22 HTTP/1.1" 404 114 "http://www.google.com/url?url=blissfulnepal.com&yahoo.com" "Mozilla/5.0 (compatible; MSIE 9.0; Windows NT 6.1; WOW64; Trident/6.0)"
184.154.139.41 - - [09/Jun/2026:09:47:16 -0400] "GET /wp-json/oembed/1.0/%5C%22https:%5C/%5C/blissfulnepal.com%5C/trekking-in-nepal-in-april%5C/%5C%22 HTTP/1.1" 404 114 "http://www.google.com/url?url=blissfulnepal.com&yahoo.com" "Mozilla/5.0 (compatible; MSIE 9.0; Windows NT 6.1; WOW64; Trident/6.0)"
184.154.139.41 - - [09/Jun/2026:09:47:18 -0400] "GET /wp-json/oembed/1.0/%5C%22https:%5C/%5C/blissfulnepal.com%5C/island-peak%5C/embed%5C/ HTTP/1.1" 404 114 "http://www.google.com/url?url=blissfulnepal.com&yahoo.com" "Mozilla/5.0 (compatible; MSIE 9.0; Windows NT 6.1; WOW64; Trident/6.0)"
184.154.139.41 - - [09/Jun/2026:09:47:19 -0400] "GET /wp-json/oembed/1.0/%5C%22https:%5C/%5C/blissfulnepal.com%5C/manaslu%5C/embed%5C/ HTTP/1.1" 404 114 "http://www.google.com/url?url=blissfulnepal.com&yahoo.com" "Mozilla/5.0 (compatible; MSIE 9.0; Windows NT 6.1; WOW64; Trident/6.0)"
184.154.139.41 - - [09/Jun/2026:09:47:20 -0400] "GET /wp-json/oembed/1.0/%5C%22https:%5C/%5C/blissfulnepal.com%5C/annapurna-mountain%5C/embed%5C/ HTTP/1.1" 404 114 "http://www.google.com/url?url=blissfulnepal.com&yahoo.com" "Mozilla/5.0 (compatible; MSIE 9.0; Windows NT 6.1; WOW64; Trident/6.0)"
184.154.139.41 - - [09/Jun/2026:09:47:21 -0400] "GET /wp-json/oembed/1.0/%5C%22https:%5C/%5C/blissfulnepal.com%5C/island-peak%5C/%5C%22 HTTP/1.1" 404 114 "http://www.google.com/url?url=blissfulnepal.com&yahoo.com" "Mozilla/5.0 (compatible; MSIE 9.0; Windows NT 6.1; WOW64; Trident/6.0)"
184.154.139.41 - - [09/Jun/2026:09:47:22 -0400] "GET /wp-json/oembed/1.0/%5C%22https:%5C/%5C/blissfulnepal.com%5C/tour%5C/mera-peak-climbing%5C/embed%5C/ HTTP/1.1" 404 114 "http://www.google.com/url?url=blissfulnepal.com&yahoo.com" "Mozilla/5.0 (compatible; MSIE 9.0; Windows NT 6.1; WOW64; Trident/6.0)"
66.249.69.65 - - [09/Jun/2026:09:47:22 -0400] "GET /products/15783712 HTTP/1.1" 404 20947 "-" "Mozilla/5.0 (Linux; Android 6.0.1; Nexus 5X Build/MMB29P) AppleWebKit/537.36 (KHTML, like Gecko) Chrome/148.0.7778.96 Mobile Safari/537.36 (compatible; Googlebot/2.1; +http://www.google.com/bot.html)"
184.154.139.41 - - [09/Jun/2026:09:47:23 -0400] "GET /wp-json/oembed/1.0/%5C%22https:%5C/%5C/blissfulnepal.com%5C/tour%5C/gokyo-lake-trek%5C/embed%5C/ HTTP/1.1" 404 114 "http://www.google.com/url?url=blissfulnepal.com&yahoo.com" "Mozilla/5.0 (compatible; MSIE 9.0; Windows NT 6.1; WOW64; Trident/6.0)"
184.154.139.41 - - [09/Jun/2026:09:47:25 -0400] "GET /wp-json/oembed/1.0/%5C%22https:%5C/%5C/blissfulnepal.com%5C/tour%5C/ancient-cities-of-kathmandu-valley-bhaktapur-and-patan%5C/%5C%22 HTTP/1.1" 404 114 "http://www.google.com/url?url=blissfulnepal.com&yahoo.com" "Mozilla/5.0 (compatible; MSIE 9.0; Windows NT 6.1; WOW64; Trident/6.0)"
184.154.139.41 - - [09/Jun/2026:09:47:26 -0400] "GET /wp-json/oembed/1.0/%5C%22https:%5C/%5C/blissfulnepal.com%5C/tour%5C/gokyo-lake-trek%5C/%5C%22 HTTP/1.1" 404 114 "http://www.google.com/url?url=blissfulnepal.com&yahoo.com" "Mozilla/5.0 (compatible; MSIE 9.0; Windows NT 6.1; WOW64; Trident/6.0)"
184.154.139.41 - - [09/Jun/2026:09:47:27 -0400] "GET /wp-json/oembed/1.0/%5C%22https:%5C/%5C/blissfulnepal.com%5C/tour%5C/mera-peak-climbing%5C/%5C%22 HTTP/1.1" 404 114 "http://www.google.com/url?url=blissfulnepal.com&yahoo.com" "Mozilla/5.0 (compatible; MSIE 9.0; Windows NT 6.1; WOW64; Trident/6.0)"
184.154.139.41 - - [09/Jun/2026:09:47:28 -0400] "GET /wp-json/oembed/1.0/%5C%22https:%5C/%5C/blissfulnepal.com%5C/tour%5C/ancient-cities-of-kathmandu-valley-bhaktapur-and-patan%5C/embed%5C/ HTTP/1.1" 404 114 "http://www.google.com/url?url=blissfulnepal.com&yahoo.com" "Mozilla/5.0 (compatible; MSIE 9.0; Windows NT 6.1; WOW64; Trident/6.0)"
184.154.139.41 - - [09/Jun/2026:09:47:29 -0400] "GET /wp-json/oembed/1.0/%5C%22https:%5C/%5C/blissfulnepal.com%5C/tour%5C/island-peak-climbing%5C/embed%5C/ HTTP/1.1" 404 114 "http://www.google.com/url?url=blissfulnepal.com&yahoo.com" "Mozilla/5.0 (compatible; MSIE 9.0; Windows NT 6.1; WOW64; Trident/6.0)"
184.154.139.41 - - [09/Jun/2026:09:47:30 -0400] "GET /wp-json/oembed/1.0/%5C%22https:%5C/%5C/blissfulnepal.com%5C/tour%5C/island-peak-climbing%5C/%5C%22 HTTP/1.1" 404 114 "http://www.google.com/url?url=blissfulnepal.com&yahoo.com" "Mozilla/5.0 (compatible; MSIE 9.0; Windows NT 6.1; WOW64; Trident/6.0)"
184.154.139.41 - - [09/Jun/2026:09:47:31 -0400] "GET /wp-json/oembed/1.0/%5C%22https:%5C/%5C/blissfulnepal.com%5C/tour%5C/annapurna-circuit-trek%5C/%5C%22 HTTP/1.1" 404 114 "http://www.google.com/url?url=blissfulnepal.com&yahoo.com" "Mozilla/5.0 (compatible; MSIE 9.0; Windows NT 6.1; WOW64; Trident/6.0)"
184.154.139.41 - - [09/Jun/2026:09:47:32 -0400] "GET /wp-json/oembed/1.0/%5C%22https:%5C/%5C/blissfulnepal.com%5C/tour%5C/hindu-pilgrimage-tour%5C/%5C%22 HTTP/1.1" 404 114 "http://www.google.com/url?url=blissfulnepal.com&yahoo.com" "Mozilla/5.0 (compatible; MSIE 9.0; Windows NT 6.1; WOW64; Trident/6.0)"
184.154.139.41 - - [09/Jun/2026:09:47:33 -0400] "GET /wp-json/oembed/1.0/%5C%22https:%5C/%5C/blissfulnepal.com%5C/tour%5C/annapurna-circuit-trek%5C/embed%5C/ HTTP/1.1" 404 114 "http://www.google.com/url?url=blissfulnepal.com&yahoo.com" "Mozilla/5.0 (compatible; MSIE 9.0; Windows NT 6.1; WOW64; Trident/6.0)"
184.154.139.41 - - [09/Jun/2026:09:47:34 -0400] "GET /wp-json/oembed/1.0/%5C%22https:%5C/%5C/blissfulnepal.com%5C/tour%5C/hindu-pilgrimage-tour%5C/embed%5C/ HTTP/1.1" 404 114 "http://www.google.com/url?url=blissfulnepal.com&yahoo.com" "Mozilla/5.0 (compatible; MSIE 9.0; Windows NT 6.1; WOW64; Trident/6.0)"
184.154.139.41 - - [09/Jun/2026:09:47:35 -0400] "GET /wp-json/oembed/1.0/embed?url=https%3A%2F%2Fblissfulnepal.com%2Ftour%2Fannapurna-circuit-trek%2F&format=xml HTTP/1.1" 200 2690 "-" "SiteLockSpider [en] (WinNT; I ;Nav)"
184.154.139.41 - - [09/Jun/2026:09:47:36 -0400] "GET /wp-json/oembed/1.0/embed?url=https%3A%2F%2Fblissfulnepal.com%2Ftour%2Fmera-peak-climbing%2F&format=xml HTTP/1.1" 200 2774 "-" "SiteLockSpider [en] (WinNT; I ;Nav)"
184.154.139.41 - - [09/Jun/2026:09:47:37 -0400] "GET /wp-json/oembed/1.0/embed?url=https%3A%2F%2Fblissfulnepal.com%2Ftour%2Feverest-base-camp-trek-with-helicopter-return%2F&format=xml HTTP/1.1" 200 2680 "-" "SiteLockSpider [en] (WinNT; I ;Nav)"
184.154.139.41 - - [09/Jun/2026:09:47:38 -0400] "GET /wp-json/oembed/1.0/embed?url=https%3A%2F%2Fblissfulnepal.com%2Ftour%2Flangtang-valley-trek%2F&format=xml HTTP/1.1" 200 2690 "-" "SiteLockSpider [en] (WinNT; I ;Nav)"
184.154.139.41 - - [09/Jun/2026:09:47:40 -0400] "GET /wp-json/oembed/1.0/embed?url=https%3A%2F%2Fblissfulnepal.com%2Fmount-everest%2F&format=xml HTTP/1.1" 200 2736 "-" "SiteLockSpider [en] (WinNT; I ;Nav)"
184.154.139.41 - - [09/Jun/2026:09:47:41 -0400] "GET /wp-json/oembed/1.0/embed?url=https%3A%2F%2Fblissfulnepal.com%2Fmera-peak%2F&format=xml HTTP/1.1" 200 2712 "-" "SiteLockSpider [en] (WinNT; I ;Nav)"
184.154.139.41 - - [09/Jun/2026:09:47:42 -0400] "GET /wp-json/oembed/1.0/embed?url=https%3A%2F%2Fblissfulnepal.com%2Fpayment%2F&format=xml HTTP/1.1" 200 2268 "-" "SiteLockSpider [en] (WinNT; I ;Nav)"
184.154.139.41 - - [09/Jun/2026:09:47:43 -0400] "GET /wp-json/oembed/1.0/embed?url=https%3A%2F%2Fblissfulnepal.com%2Fmanaslu-circuit-trek-distance%2F&format=xml HTTP/1.1" 200 2779 "-" "SiteLockSpider [en] (WinNT; I ;Nav)"
184.154.139.41 - - [09/Jun/2026:09:47:44 -0400] "GET /wp-json/oembed/1.0/embed?url=https%3A%2F%2Fblissfulnepal.com%2Ftour%2Fkathmandu-day-tour%2F&format=xml HTTP/1.1" 200 2716 "-" "SiteLockSpider [en] (WinNT; I ;Nav)"
184.154.139.41 - - [09/Jun/2026:09:47:45 -0400] "GET /wp-json/oembed/1.0/embed?url=https%3A%2F%2Fblissfulnepal.com%2Fcustomize-trip%2F&format=xml HTTP/1.1" 200 2303 "-" "SiteLockSpider [en] (WinNT; I ;Nav)"
184.154.139.41 - - [09/Jun/2026:09:47:46 -0400] "GET /wp-json/oembed/1.0/embed?url=https%3A%2F%2Fblissfulnepal.com%2Ftour-search%2F HTTP/1.1" 200 2150 "-" "SiteLockSpider [en] (WinNT; I ;Nav)"
184.154.139.41 - - [09/Jun/2026:09:47:47 -0400] "GET /wp-json/oembed/1.0/embed?url=https%3A%2F%2Fblissfulnepal.com%2Ftour%2Fa-complete-wildlife-tour-in-nepal%2F HTTP/1.1" 200 2426 "-" "SiteLockSpider [en] (WinNT; I ;Nav)"
184.154.139.41 - - [09/Jun/2026:09:47:48 -0400] "GET /wp-json/oembed/1.0/embed?url=https%3A%2F%2Fblissfulnepal.com%2Ftour%2Fnar-phu-valley-trek%2F HTTP/1.1" 200 2422 "-" "SiteLockSpider [en] (WinNT; I ;Nav)"
40.77.167.22 - - [09/Jun/2026:09:47:48 -0400] "GET /tag/trekking-in-nepal/ HTTP/1.1" 200 22428 "-" "Mozilla/5.0 AppleWebKit/537.36 (KHTML, like Gecko; compatible; bingbot/2.0; +http://www.bing.com/bingbot.htm) Chrome/116.0.1938.76 Safari/537.36"
184.154.139.41 - - [09/Jun/2026:09:47:50 -0400] "GET /wp-json/oembed/1.0/embed?url=https%3A%2F%2Fblissfulnepal.com%2Flangtang-trek-cost%2F HTTP/1.1" 200 2478 "-" "SiteLockSpider [en] (WinNT; I ;Nav)"
184.154.139.41 - - [09/Jun/2026:09:47:51 -0400] "GET /wp-json/oembed/1.0/embed?url=https%3A%2F%2Fblissfulnepal.com%2Fhow-fit-should-you-be-for-the-everest-base-camp-trek%2F HTTP/1.1" 200 2696 "-" "SiteLockSpider [en] (WinNT; I ;Nav)"
184.154.139.41 - - [09/Jun/2026:09:47:52 -0400] "GET /wp-json/oembed/1.0/embed?url=https%3A%2F%2Fblissfulnepal.com%2Fkanchenjunga%2F HTTP/1.1" 200 2556 "-" "SiteLockSpider [en] (WinNT; I ;Nav)"
184.154.139.41 - - [09/Jun/2026:09:47:53 -0400] "GET /wp-json/oembed/1.0/embed?url=https%3A%2F%2Fblissfulnepal.com%2Ftrekking-in-nepal-in-march%2F HTTP/1.1" 200 2514 "-" "SiteLockSpider [en] (WinNT; I ;Nav)"
184.154.139.41 - - [09/Jun/2026:09:47:54 -0400] "GET /wp-json/oembed/1.0/embed?url=https%3A%2F%2Fblissfulnepal.com%2Fpayment%2F HTTP/1.1" 200 2130 "-" "SiteLockSpider [en] (WinNT; I ;Nav)"
184.154.139.41 - - [09/Jun/2026:09:47:55 -0400] "GET /wp-json/oembed/1.0/embed?url=https%3A%2F%2Fblissfulnepal.com%2Ftour%2Fnepal-in-detail-tour%2F HTTP/1.1" 200 2572 "-" "SiteLockSpider [en] (WinNT; I ;Nav)"
184.154.139.41 - - [09/Jun/2026:09:47:56 -0400] "GET /wp-json/oembed/1.0/embed?url=https%3A%2F%2Fblissfulnepal.com%2Feverest-base-camp-trek-packages-2026-the-ultimate-guide-to-choosing-your-journey%2F HTTP/1.1" 200 2794 "-" "SiteLockSpider [en] (WinNT; I ;Nav)"
184.154.139.41 - - [09/Jun/2026:09:47:57 -0400] "GET /wp-json/oembed/1.0/%5C%22https:%5C/%5C/blissfulnepal.com%5C/tour-search%5C/embed%5C/ HTTP/1.1" 404 114 "http://www.google.com/url?url=blissfulnepal.com&yahoo.com" "Mozilla/5.0 (compatible; MSIE 9.0; Windows NT 6.1; WOW64; Trident/6.0)"
184.154.139.41 - - [09/Jun/2026:09:47:58 -0400] "GET /wp-json/oembed/1.0/%5C%22https:%5C/%5C/blissfulnepal.com%5C/how-fit-should-you-be-for-the-everest-base-camp-trek%5C/embed%5C/ HTTP/1.1" 404 114 "http://www.google.com/url?url=blissfulnepal.com&yahoo.com" "Mozilla/5.0 (compatible; MSIE 9.0; Windows NT 6.1; WOW64; Trident/6.0)"
184.154.139.41 - - [09/Jun/2026:09:47:59 -0400] "GET /wp-json/oembed/1.0/%5C%22https:%5C/%5C/blissfulnepal.com%5C/tour-search%5C/%5C%22 HTTP/1.1" 404 114 "http://www.google.com/url?url=blissfulnepal.com&yahoo.com" "Mozilla/5.0 (compatible; MSIE 9.0; Windows NT 6.1; WOW64; Trident/6.0)"
66.249.69.65 - - [09/Jun/2026:09:47:59 -0400] "GET /products/31008012 HTTP/1.1" 404 20947 "-" "Mozilla/5.0 (Linux; Android 6.0.1; Nexus 5X Build/MMB29P) AppleWebKit/537.36 (KHTML, like Gecko) Chrome/148.0.7778.96 Mobile Safari/537.36 (compatible; Googlebot/2.1; +http://www.google.com/bot.html)"
184.154.139.41 - - [09/Jun/2026:09:48:00 -0400] "GET /wp-json/oembed/1.0/%5C%22https:%5C/%5C/blissfulnepal.com%5C/payment%5C/%5C%22 HTTP/1.1" 404 114 "http://www.google.com/url?url=blissfulnepal.com&yahoo.com" "Mozilla/5.0 (compatible; MSIE 9.0; Windows NT 6.1; WOW64; Trident/6.0)"
184.154.139.41 - - [09/Jun/2026:09:48:01 -0400] "GET /wp-json/oembed/1.0/%5C%22https:%5C/%5C/blissfulnepal.com%5C/everest-base-camp-trek-packages-2026-the-ultimate-guide-to-choosing-your-journey%5C/embed%5C/ HTTP/1.1" 404 114 "http://www.google.com/url?url=blissfulnepal.com&yahoo.com" "Mozilla/5.0 (compatible; MSIE 9.0; Windows NT 6.1; WOW64; Trident/6.0)"
184.154.139.41 - - [09/Jun/2026:09:48:02 -0400] "GET /wp-json/oembed/1.0/%5C%22https:%5C/%5C/blissfulnepal.com%5C/langtang-trek-cost%5C/%5C%22 HTTP/1.1" 404 114 "http://www.google.com/url?url=blissfulnepal.com&yahoo.com" "Mozilla/5.0 (compatible; MSIE 9.0; Windows NT 6.1; WOW64; Trident/6.0)"
184.154.139.41 - - [09/Jun/2026:09:48:03 -0400] "GET /wp-json/oembed/1.0/%5C%22https:%5C/%5C/blissfulnepal.com%5C/kanchenjunga%5C/embed%5C/ HTTP/1.1" 404 114 "http://www.google.com/url?url=blissfulnepal.com&yahoo.com" "Mozilla/5.0 (compatible; MSIE 9.0; Windows NT 6.1; WOW64; Trident/6.0)"
184.154.139.41 - - [09/Jun/2026:09:48:04 -0400] "GET /wp-json/oembed/1.0/%5C%22https:%5C/%5C/blissfulnepal.com%5C/trekking-in-nepal-in-march%5C/%5C%22 HTTP/1.1" 404 114 "http://www.google.com/url?url=blissfulnepal.com&yahoo.com" "Mozilla/5.0 (compatible; MSIE 9.0; Windows NT 6.1; WOW64; Trident/6.0)"
184.154.139.41 - - [09/Jun/2026:09:48:05 -0400] "GET /wp-json/oembed/1.0/%5C%22https:%5C/%5C/blissfulnepal.com%5C/everest-base-camp-trek-packages-2026-the-ultimate-guide-to-choosing-your-journey%5C/%5C%22 HTTP/1.1" 404 114 "http://www.google.com/url?url=blissfulnepal.com&yahoo.com" "Mozilla/5.0 (compatible; MSIE 9.0; Windows NT 6.1; WOW64; Trident/6.0)"
63.250.38.253 - - [09/Jun/2026:09:48:07 -0400] "POST /wp-cron.php?doing_wp_cron=1781012887.0835208892822265625000 HTTP/1.1" 200 0 "-" "WordPress/7.0; https://blissfulnepal.com"
184.154.139.41 - - [09/Jun/2026:09:48:06 -0400] "GET /wp-json/oembed/1.0/%5C%22https:%5C/%5C/blissfulnepal.com%5C/how-fit-should-you-be-for-the-everest-base-camp-trek%5C/%5C%22 HTTP/1.1" 404 114 "http://www.google.com/url?url=blissfulnepal.com&yahoo.com" "Mozilla/5.0 (compatible; MSIE 9.0; Windows NT 6.1; WOW64; Trident/6.0)"
184.154.139.41 - - [09/Jun/2026:09:48:07 -0400] "GET /wp-json/oembed/1.0/%5C%22https:%5C/%5C/blissfulnepal.com%5C/langtang-trek-cost%5C/embed%5C/ HTTP/1.1" 404 114 "http://www.google.com/url?url=blissfulnepal.com&yahoo.com" "Mozilla/5.0 (compatible; MSIE 9.0; Windows NT 6.1; WOW64; Trident/6.0)"
184.154.139.41 - - [09/Jun/2026:09:48:08 -0400] "GET /wp-json/oembed/1.0/%5C%22https:%5C/%5C/blissfulnepal.com%5C/payment%5C/embed%5C/ HTTP/1.1" 404 114 "http://www.google.com/url?url=blissfulnepal.com&yahoo.com" "Mozilla/5.0 (compatible; MSIE 9.0; Windows NT 6.1; WOW64; Trident/6.0)"
184.154.139.41 - - [09/Jun/2026:09:48:09 -0400] "GET /wp-json/oembed/1.0/%5C%22https:%5C/%5C/blissfulnepal.com%5C/kanchenjunga%5C/%5C%22 HTTP/1.1" 404 114 "http://www.google.com/url?url=blissfulnepal.com&yahoo.com" "Mozilla/5.0 (compatible; MSIE 9.0; Windows NT 6.1; WOW64; Trident/6.0)"
184.154.139.41 - - [09/Jun/2026:09:48:10 -0400] "GET /wp-json/oembed/1.0/%5C%22https:%5C/%5C/blissfulnepal.com%5C/trekking-in-nepal-in-march%5C/embed%5C/ HTTP/1.1" 404 114 "http://www.google.com/url?url=blissfulnepal.com&yahoo.com" "Mozilla/5.0 (compatible; MSIE 9.0; Windows NT 6.1; WOW64; Trident/6.0)"
184.154.139.41 - - [09/Jun/2026:09:48:11 -0400] "GET /wp-json/oembed/1.0/%5C%22https:%5C/%5C/blissfulnepal.com%5C/tour%5C/a-complete-wildlife-tour-in-nepal%5C/embed%5C/ HTTP/1.1" 404 114 "http://www.google.com/url?url=blissfulnepal.com&yahoo.com" "Mozilla/5.0 (compatible; MSIE 9.0; Windows NT 6.1; WOW64; Trident/6.0)"
184.154.139.41 - - [09/Jun/2026:09:48:12 -0400] "GET /wp-json/oembed/1.0/%5C%22https:%5C/%5C/blissfulnepal.com%5C/tour%5C/nepal-in-detail-tour%5C/embed%5C/ HTTP/1.1" 404 114 "http://www.google.com/url?url=blissfulnepal.com&yahoo.com" "Mozilla/5.0 (compatible; MSIE 9.0; Windows NT 6.1; WOW64; Trident/6.0)"
184.154.139.41 - - [09/Jun/2026:09:48:13 -0400] "GET /wp-json/oembed/1.0/%5C%22https:%5C/%5C/blissfulnepal.com%5C/tour%5C/nar-phu-valley-trek%5C/embed%5C/ HTTP/1.1" 404 114 "http://www.google.com/url?url=blissfulnepal.com&yahoo.com" "Mozilla/5.0 (compatible; MSIE 9.0; Windows NT 6.1; WOW64; Trident/6.0)"
184.154.139.41 - - [09/Jun/2026:09:48:14 -0400] "GET /wp-json/oembed/1.0/%5C%22https:%5C/%5C/blissfulnepal.com%5C/tour%5C/nepal-in-detail-tour%5C/%5C%22 HTTP/1.1" 404 114 "http://www.google.com/url?url=blissfulnepal.com&yahoo.com" "Mozilla/5.0 (compatible; MSIE 9.0; Windows NT 6.1; WOW64; Trident/6.0)"
184.154.139.41 - - [09/Jun/2026:09:48:15 -0400] "GET /wp-json/oembed/1.0/%5C%22https:%5C/%5C/blissfulnepal.com%5C/tour%5C/nar-phu-valley-trek%5C/%5C%22 HTTP/1.1" 404 114 "http://www.google.com/url?url=blissfulnepal.com&yahoo.com" "Mozilla/5.0 (compatible; MSIE 9.0; Windows NT 6.1; WOW64; Trident/6.0)"
184.154.139.41 - - [09/Jun/2026:09:48:16 -0400] "GET /wp-json/oembed/1.0/%5C%22https:%5C/%5C/blissfulnepal.com%5C/tour%5C/a-complete-wildlife-tour-in-nepal%5C/%5C%22 HTTP/1.1" 404 114 "http://www.google.com/url?url=blissfulnepal.com&yahoo.com" "Mozilla/5.0 (compatible; MSIE 9.0; Windows NT 6.1; WOW64; Trident/6.0)"
184.154.139.41 - - [09/Jun/2026:09:48:17 -0400] "GET /wp-json/oembed/1.0/embed?url=https%3A%2F%2Fblissfulnepal.com%2Frefund-policy%2F&format=xml HTTP/1.1" 200 4607 "-" "SiteLockSpider [en] (WinNT; I ;Nav)"
184.154.139.41 - - [09/Jun/2026:09:48:18 -0400] "GET /wp-json/oembed/1.0/embed?url=https%3A%2F%2Fblissfulnepal.com%2Fcontact%2F&format=xml HTTP/1.1" 200 2277 "-" "SiteLockSpider [en] (WinNT; I ;Nav)"
184.154.139.41 - - [09/Jun/2026:09:48:19 -0400] "GET /wp-json/oembed/1.0/embed?url=https%3A%2F%2Fblissfulnepal.com%2Fmardi-himal-weather-and-temperature%2F&format=xml HTTP/1.1" 200 2729 "-" "SiteLockSpider [en] (WinNT; I ;Nav)"
184.154.139.41 - - [09/Jun/2026:09:48:19 -0400] "GET /wp-json/oembed/1.0/embed?url=https%3A%2F%2Fblissfulnepal.com%2Ftour%2Fbardia-national-park-wildlife-safari%2F&format=xml HTTP/1.1" 200 2750 "-" "SiteLockSpider [en] (WinNT; I ;Nav)"
184.154.139.41 - - [09/Jun/2026:09:48:20 -0400] "GET /wp-json/oembed/1.0/embed?url=https%3A%2F%2Fblissfulnepal.com%2Ftour%2Fhindu-pilgrimage-tour%2F&format=xml HTTP/1.1" 200 2686 "-" "SiteLockSpider [en] (WinNT; I ;Nav)"
63.250.38.253 - - [09/Jun/2026:09:48:22 -0400] "POST /wp-cron.php?doing_wp_cron=1781012902.4396069049835205078125 HTTP/1.1" 200 0 "-" "WordPress/7.0; https://blissfulnepal.com"
184.154.139.41 - - [09/Jun/2026:09:48:21 -0400] "GET /wp-json/oembed/1.0/embed?url=https%3A%2F%2Fblissfulnepal.com%2Fannapurna-mountain%2F&format=xml HTTP/1.1" 200 2744 "-" "SiteLockSpider [en] (WinNT; I ;Nav)"
114.119.156.111 - - [09/Jun/2026:09:48:21 -0400] "GET /tour/bardia-national-park-wildlife-safari/ HTTP/1.1" 200 36784 "https://blissfulnepal.com/booking/?id=6312" "Mozilla/5.0 (Linux; Android 7.0;) AppleWebKit/537.36 (HTML, like Gecko) Mobile Safari/537.36 (compatible; PetalBot;+https://webmaster.petalsearch.com/site/petalbot)"
184.154.139.41 - - [09/Jun/2026:09:48:22 -0400] "GET /wp-json/oembed/1.0/embed?url=https%3A%2F%2Fblissfulnepal.com%2Ftour%2Fnar-phu-valley-trek%2F&format=xml HTTP/1.1" 200 2568 "-" "SiteLockSpider [en] (WinNT; I ;Nav)"
184.154.139.41 - - [09/Jun/2026:09:48:23 -0400] "GET /wp-json/oembed/1.0/embed?url=https%3A%2F%2Fblissfulnepal.com%2Fhow-fit-should-you-be-for-the-everest-base-camp-trek%2F&format=xml HTTP/1.1" 200 2884 "-" "SiteLockSpider [en] (WinNT; I ;Nav)"
184.154.139.41 - - [09/Jun/2026:09:48:24 -0400] "GET /wp-json/oembed/1.0/embed?url=https%3A%2F%2Fblissfulnepal.com%2Fterms-and-conditions%2F&format=xml HTTP/1.1" 200 17040 "-" "SiteLockSpider [en] (WinNT; I ;Nav)"
184.154.139.41 - - [09/Jun/2026:09:48:25 -0400] "GET /wp-json/oembed/1.0/embed?url=https%3A%2F%2Fblissfulnepal.com%2Ftour%2Fisland-peak-climbing%2F&format=xml HTTP/1.1" 200 2552 "-" "SiteLockSpider [en] (WinNT; I ;Nav)"
184.154.139.41 - - [09/Jun/2026:09:48:26 -0400] "GET /wp-json/oembed/1.0/embed?url=https%3A%2F%2Fblissfulnepal.com%2Ftour%2Fchitwan-jungle-safari%2F HTTP/1.1" 200 2303 "-" "SiteLockSpider [en] (WinNT; I ;Nav)"
184.154.139.41 - - [09/Jun/2026:09:48:27 -0400] "GET /wp-json/oembed/1.0/embed?url=https%3A%2F%2Fblissfulnepal.com%2Ftour%2Feverest-base-camp-trek%2F HTTP/1.1" 200 2529 "-" "SiteLockSpider [en] (WinNT; I ;Nav)"
184.154.139.41 - - [09/Jun/2026:09:48:28 -0400] "GET /wp-json/oembed/1.0/embed?url=https%3A%2F%2Fblissfulnepal.com%2Fbooking%2F HTTP/1.1" 200 2145 "-" "SiteLockSpider [en] (WinNT; I ;Nav)"
184.154.139.41 - - [09/Jun/2026:09:48:29 -0400] "GET /wp-json/oembed/1.0/embed?url=https%3A%2F%2Fblissfulnepal.com%2Flukla-airport-the-ultimate-2026-guide-to-the-gateway-of-everest%2F HTTP/1.1" 200 2702 "-" "SiteLockSpider [en] (WinNT; I ;Nav)"
184.154.139.41 - - [09/Jun/2026:09:48:30 -0400] "GET /wp-json/oembed/1.0/embed?url=https%3A%2F%2Fblissfulnepal.com%2Ftour%2Fupper-mustang-trek%2F&format=xml HTTP/1.1" 200 2748 "-" "SiteLockSpider [en] (WinNT; I ;Nav)"
184.154.139.41 - - [09/Jun/2026:09:48:31 -0400] "GET /cart/ HTTP/1.1" 200 109001 "http://www.google.com/url?url=blissfulnepal.com&yahoo.com" "Mozilla/5.0 (compatible; MSIE 9.0; Windows NT 6.1; WOW64; Trident/6.0)"
184.154.139.41 - - [09/Jun/2026:09:48:33 -0400] "GET /international-flights-information/ HTTP/1.1" 200 108230 "http://www.google.com/url?url=blissfulnepal.com&yahoo.com" "Mozilla/5.0 (compatible; MSIE 9.0; Windows NT 6.1; WOW64; Trident/6.0)"
184.154.139.41 - - [09/Jun/2026:09:48:35 -0400] "GET /nepal-travel/ HTTP/1.1" 200 119573 "http://www.google.com/url?url=blissfulnepal.com&yahoo.com" "Mozilla/5.0 (compatible; MSIE 9.0; Windows NT 6.1; WOW64; Trident/6.0)"
184.154.139.41 - - [09/Jun/2026:09:48:37 -0400] "GET /destinations/ HTTP/1.1" 200 116005 "http://www.google.com/url?url=blissfulnepal.com&yahoo.com" "Mozilla/5.0 (compatible; MSIE 9.0; Windows NT 6.1; WOW64; Trident/6.0)"
184.154.139.41 - - [09/Jun/2026:09:48:39 -0400] "GET /tour-destination/makalu-region/ HTTP/1.1" 200 111111 "http://www.google.com/url?url=blissfulnepal.com&yahoo.com" "Mozilla/5.0 (compatible; MSIE 9.0; Windows NT 6.1; WOW64; Trident/6.0)"
184.154.139.41 - - [09/Jun/2026:09:48:42 -0400] "GET /tour-destination/makalu-region/feed/ HTTP/1.1" 200 1262 "http://www.google.com/url?url=blissfulnepal.com&yahoo.com" "Mozilla/5.0 (compatible; MSIE 9.0; Windows NT 6.1; WOW64; Trident/6.0)"
184.154.139.41 - - [09/Jun/2026:09:48:43 -0400] "GET /wp-json/wp/v2/pages/6975 HTTP/1.1" 200 4423 "-" "SiteLockSpider [en] (WinNT; I ;Nav)"
184.154.139.41 - - [09/Jun/2026:09:48:44 -0400] "GET /wp-json/wp/v2/pages/14075 HTTP/1.1" 200 3287 "-" "SiteLockSpider [en] (WinNT; I ;Nav)"
184.154.139.41 - - [09/Jun/2026:09:48:45 -0400] "GET /wp-json/wp/v2/pages/6464 HTTP/1.1" 200 2597 "-" "SiteLockSpider [en] (WinNT; I ;Nav)"
184.154.139.41 - - [09/Jun/2026:09:48:46 -0400] "GET /wp-json/wp/v2/pages/4860 HTTP/1.1" 200 1458 "-" "SiteLockSpider [en] (WinNT; I ;Nav)"
184.154.139.41 - - [09/Jun/2026:09:48:47 -0400] "GET /wp-json/wp/v2/tour-destination/163 HTTP/1.1" 200 2662 "-" "SiteLockSpider [en] (WinNT; I ;Nav)"
184.154.139.41 - - [09/Jun/2026:09:48:49 -0400] "GET /wp-json/oembed/1.0/%5C%22https:%5C/%5C/blissfulnepal.com%5C/booking%5C/embed%5C/ HTTP/1.1" 404 114 "http://www.google.com/url?url=blissfulnepal.com&yahoo.com" "Mozilla/5.0 (compatible; MSIE 9.0; Windows NT 6.1; WOW64; Trident/6.0)"
184.154.139.41 - - [09/Jun/2026:09:48:50 -0400] "GET /wp-json/oembed/1.0/%5C%22https:%5C/%5C/blissfulnepal.com%5C/lukla-airport-the-ultimate-2026-guide-to-the-gateway-of-everest%5C/%5C%22 HTTP/1.1" 404 114 "http://www.google.com/url?url=blissfulnepal.com&yahoo.com" "Mozilla/5.0 (compatible; MSIE 9.0; Windows NT 6.1; WOW64; Trident/6.0)"
66.249.69.65 - - [09/Jun/2026:09:48:50 -0400] "GET /products/2717923 HTTP/1.1" 404 20947 "-" "Mozilla/5.0 (Linux; Android 6.0.1; Nexus 5X Build/MMB29P) AppleWebKit/537.36 (KHTML, like Gecko) Chrome/148.0.7778.96 Mobile Safari/537.36 (compatible; Googlebot/2.1; +http://www.google.com/bot.html)"
184.154.139.41 - - [09/Jun/2026:09:48:52 -0400] "GET /wp-json/oembed/1.0/%5C%22https:%5C/%5C/blissfulnepal.com%5C/lukla-airport-the-ultimate-2026-guide-to-the-gateway-of-everest%5C/embed%5C/ HTTP/1.1" 404 114 "http://www.google.com/url?url=blissfulnepal.com&yahoo.com" "Mozilla/5.0 (compatible; MSIE 9.0; Windows NT 6.1; WOW64; Trident/6.0)"
184.154.139.41 - - [09/Jun/2026:09:48:53 -0400] "GET /wp-json/oembed/1.0/%5C%22https:%5C/%5C/blissfulnepal.com%5C/booking%5C/%5C%22 HTTP/1.1" 404 114 "http://www.google.com/url?url=blissfulnepal.com&yahoo.com" "Mozilla/5.0 (compatible; MSIE 9.0; Windows NT 6.1; WOW64; Trident/6.0)"
184.154.139.41 - - [09/Jun/2026:09:48:55 -0400] "GET /wp-json/oembed/1.0/%5C%22https:%5C/%5C/blissfulnepal.com%5C/tour%5C/everest-base-camp-trek%5C/embed%5C/ HTTP/1.1" 404 114 "http://www.google.com/url?url=blissfulnepal.com&yahoo.com" "Mozilla/5.0 (compatible; MSIE 9.0; Windows NT 6.1; WOW64; Trident/6.0)"
184.154.139.41 - - [09/Jun/2026:09:48:56 -0400] "GET /wp-json/oembed/1.0/%5C%22https:%5C/%5C/blissfulnepal.com%5C/tour%5C/chitwan-jungle-safari%5C/%5C%22 HTTP/1.1" 404 114 "http://www.google.com/url?url=blissfulnepal.com&yahoo.com" "Mozilla/5.0 (compatible; MSIE 9.0; Windows NT 6.1; WOW64; Trident/6.0)"
184.154.139.41 - - [09/Jun/2026:09:48:57 -0400] "GET /wp-json/oembed/1.0/%5C%22https:%5C/%5C/blissfulnepal.com%5C/tour%5C/everest-base-camp-trek%5C/%5C%22 HTTP/1.1" 404 114 "http://www.google.com/url?url=blissfulnepal.com&yahoo.com" "Mozilla/5.0 (compatible; MSIE 9.0; Windows NT 6.1; WOW64; Trident/6.0)"
184.154.139.41 - - [09/Jun/2026:09:48:58 -0400] "GET /wp-json/oembed/1.0/%5C%22https:%5C/%5C/blissfulnepal.com%5C/tour%5C/chitwan-jungle-safari%5C/embed%5C/ HTTP/1.1" 404 114 "http://www.google.com/url?url=blissfulnepal.com&yahoo.com" "Mozilla/5.0 (compatible; MSIE 9.0; Windows NT 6.1; WOW64; Trident/6.0)"
184.154.139.41 - - [09/Jun/2026:09:48:59 -0400] "GET /wp-json/oembed/1.0/embed?url=https%3A%2F%2Fblissfulnepal.com%2Fcart%2F HTTP/1.1" 200 2235 "-" "SiteLockSpider [en] (WinNT; I ;Nav)"
184.154.139.41 - - [09/Jun/2026:09:49:00 -0400] "GET /wp-json/oembed/1.0/embed?url=https%3A%2F%2Fblissfulnepal.com%2Fnepal-travel%2F&format=xml HTTP/1.1" 200 4888 "-" "SiteLockSpider [en] (WinNT; I ;Nav)"
184.154.139.41 - - [09/Jun/2026:09:49:01 -0400] "GET /wp-json/oembed/1.0/embed?url=https%3A%2F%2Fblissfulnepal.com%2Fdestinations%2F&format=xml HTTP/1.1" 200 2293 "-" "SiteLockSpider [en] (WinNT; I ;Nav)"
184.154.139.41 - - [09/Jun/2026:09:49:02 -0400] "GET /wp-json/oembed/1.0/embed?url=https%3A%2F%2Fblissfulnepal.com%2Finternational-flights-information%2F HTTP/1.1" 200 2893 "-" "SiteLockSpider [en] (WinNT; I ;Nav)"
184.154.139.41 - - [09/Jun/2026:09:49:04 -0400] "GET /wp-json/oembed/1.0/embed?url=https%3A%2F%2Fblissfulnepal.com%2Fdestinations%2F HTTP/1.1" 200 2155 "-" "SiteLockSpider [en] (WinNT; I ;Nav)"
184.154.139.41 - - [09/Jun/2026:09:49:04 -0400] "GET /wp-json/oembed/1.0/embed?url=https%3A%2F%2Fblissfulnepal.com%2Finternational-flights-information%2F&format=xml HTTP/1.1" 200 3041 "-" "SiteLockSpider [en] (WinNT; I ;Nav)"
184.154.139.41 - - [09/Jun/2026:09:49:05 -0400] "GET /wp-json/oembed/1.0/embed?url=https%3A%2F%2Fblissfulnepal.com%2Fcart%2F&format=xml HTTP/1.1" 200 2385 "-" "SiteLockSpider [en] (WinNT; I ;Nav)"
63.250.38.253 - - [09/Jun/2026:09:49:07 -0400] "POST /wp-cron.php?doing_wp_cron=1781012947.5858991146087646484375 HTTP/1.1" 200 0 "-" "WordPress/7.0; https://blissfulnepal.com"
