184.154.139.41 - - [09/Jun/2026:09:56:27 -0400] "GET /?redirect=6272%29%20AND%208613%3DDBMS_PIPE.RECEIVE_MESSAGE%28CHR%28110%29%7C%7CCHR%2899%29%7C%7CCHR%2868%29%7C%7CCHR%28113%29%2C5%29%20AND%20%286352%3D6352 HTTP/1.1" 200 42537 "-" "SiteLockSpider"
184.154.139.41 - - [09/Jun/2026:09:56:28 -0400] "GET /?redirect=6272%20AND%208613%3DDBMS_PIPE.RECEIVE_MESSAGE%28CHR%28110%29%7C%7CCHR%2899%29%7C%7CCHR%2868%29%7C%7CCHR%28113%29%2C5%29 HTTP/1.1" 200 42535 "-" "SiteLockSpider"
184.154.139.41 - - [09/Jun/2026:09:56:30 -0400] "GET /?redirect=6272%20AND%208613%3DDBMS_PIPE.RECEIVE_MESSAGE%28CHR%28110%29%7C%7CCHR%2899%29%7C%7CCHR%2868%29%7C%7CCHR%28113%29%2C5%29--%20qtgf HTTP/1.1" 200 42538 "-" "SiteLockSpider"
184.154.139.41 - - [09/Jun/2026:09:56:31 -0400] "GET /?redirect=6272%27%29%20AND%208613%3DDBMS_PIPE.RECEIVE_MESSAGE%28CHR%28110%29%7C%7CCHR%2899%29%7C%7CCHR%2868%29%7C%7CCHR%28113%29%2C5%29%20AND%20%28%27RpZB%27%3D%27RpZB HTTP/1.1" 200 42539 "-" "SiteLockSpider"
184.154.139.41 - - [09/Jun/2026:09:56:32 -0400] "GET /?redirect=6272%27%20AND%208613%3DDBMS_PIPE.RECEIVE_MESSAGE%28CHR%28110%29%7C%7CCHR%2899%29%7C%7CCHR%2868%29%7C%7CCHR%28113%29%2C5%29%20AND%20%27FwLW%27%3D%27FwLW HTTP/1.1" 200 42541 "-" "SiteLockSpider"
184.154.139.41 - - [09/Jun/2026:09:56:34 -0400] "GET /?redirect=6272%29%20ORDER%20BY%201--%20CNAD HTTP/1.1" 403 231 "-" "SiteLockSpider"
184.154.139.41 - - [09/Jun/2026:09:56:34 -0400] "GET /?redirect=6272%20ORDER%20BY%201--%20CNox HTTP/1.1" 403 234 "-" "SiteLockSpider"
184.154.139.41 - - [09/Jun/2026:09:56:34 -0400] "GET /?redirect=6272%20ORDER%20BY%201--%20BJja HTTP/1.1" 403 232 "-" "SiteLockSpider"
184.154.139.41 - - [09/Jun/2026:09:56:34 -0400] "GET /?redirect=6272%27%29%20ORDER%20BY%201--%20swad HTTP/1.1" 403 232 "-" "SiteLockSpider"
184.154.139.41 - - [09/Jun/2026:09:56:35 -0400] "GET /?redirect=6272%27%20ORDER%20BY%201--%20fRSN HTTP/1.1" 403 232 "-" "SiteLockSpider"
184.154.139.41 - - [09/Jun/2026:09:56:35 -0400] "GET /?redirect=%3Cscript%3Ealert(%22xssvuln%22)%3C/script%3E HTTP/1.1" 403 1242 "-" "SiteLockSpider [en] (WinNT; I ;Nav)"
184.154.139.41 - - [09/Jun/2026:09:56:35 -0400] "POST / HTTP/1.1" 403 1242 "-" "Mozilla/4.72 [en] (WinNT; I ;Nav)"
184.154.139.41 - - [09/Jun/2026:09:56:37 -0400] "GET /?p=5959 HTTP/1.1" 301 0 "-" "SiteLockSpider"
184.154.139.41 - - [09/Jun/2026:09:56:38 -0400] "GET /tour/everest-base-camp-trek/ HTTP/1.1" 200 58171 "-" "SiteLockSpider"
157.55.39.195 - - [09/Jun/2026:09:56:38 -0400] "GET /tag/thorong-la-pass/ HTTP/1.1" 200 22261 "-" "Mozilla/5.0 AppleWebKit/537.36 (KHTML, like Gecko; compatible; bingbot/2.0; +http://www.bing.com/bingbot.htm) Chrome/116.0.1938.76 Safari/537.36"
184.154.139.41 - - [09/Jun/2026:09:56:40 -0400] "GET /?p=5959&zrsQ=5331%20AND%201%3D1%20UNION%20ALL%20SELECT%201%2CNULL%2C%27%3Cscript%3Ealert%28%22XSS%22%29%3C%2Fscript%3E%27%2Ctable_name%20FROM%20information_schema.tables%20WHERE%202%3E1--%2F%2A%2A%2F%3B%20EXEC%20xp_cmdshell%28%27cat%20..%2F..%2F..%2Fetc%2Fpasswd%27%29%23 HTTP/1.1" 403 1242 "-" "SiteLockSpider"
184.154.139.41 - - [09/Jun/2026:09:56:40 -0400] "GET /?p=5959 HTTP/1.1" 301 0 "-" "SiteLockSpider"
184.154.139.41 - - [09/Jun/2026:09:56:41 -0400] "GET /tour/everest-base-camp-trek/ HTTP/1.1" 200 58171 "-" "SiteLockSpider"
184.154.139.41 - - [09/Jun/2026:09:56:44 -0400] "GET /?p=5959%29%29%2C%29%2C%29%27.%22. HTTP/1.1" 301 0 "-" "SiteLockSpider"
184.154.139.41 - - [09/Jun/2026:09:56:45 -0400] "GET /tour/everest-base-camp-trek/ HTTP/1.1" 200 58171 "-" "SiteLockSpider"
184.154.139.41 - - [09/Jun/2026:09:56:47 -0400] "GET /?p=5959%27iBkTQx%3C%27%22%3EiaUoIW HTTP/1.1" 301 0 "-" "SiteLockSpider"
184.154.139.41 - - [09/Jun/2026:09:56:48 -0400] "GET /tour/everest-base-camp-trek/ HTTP/1.1" 200 58171 "-" "SiteLockSpider"
184.154.139.41 - - [09/Jun/2026:09:56:51 -0400] "GET /?p=5959%29%20AND%203817%3D8937%20AND%20%281315%3D1315 HTTP/1.1" 301 0 "-" "SiteLockSpider"
184.154.139.41 - - [09/Jun/2026:09:56:52 -0400] "GET /tour/everest-base-camp-trek/ HTTP/1.1" 200 58171 "-" "SiteLockSpider"
184.154.139.41 - - [09/Jun/2026:09:56:54 -0400] "GET /?p=5959%20AND%209248%3D7743 HTTP/1.1" 301 0 "-" "SiteLockSpider"
184.154.139.41 - - [09/Jun/2026:09:56:55 -0400] "GET /tour/everest-base-camp-trek/ HTTP/1.1" 200 58171 "-" "SiteLockSpider"
184.154.139.41 - - [09/Jun/2026:09:56:57 -0400] "GET /?p=5959%20AND%201682%3D6738--%20DDQM HTTP/1.1" 301 0 "-" "SiteLockSpider"
184.154.139.41 - - [09/Jun/2026:09:56:58 -0400] "GET /tour/everest-base-camp-trek/ HTTP/1.1" 200 58171 "-" "SiteLockSpider"
184.154.139.41 - - [09/Jun/2026:09:57:01 -0400] "GET /?p=5959%27%29%20AND%206112%3D9081%20AND%20%28%27PzUF%27%3D%27PzUF HTTP/1.1" 301 0 "-" "SiteLockSpider"
184.154.139.41 - - [09/Jun/2026:09:57:01 -0400] "GET /tour/everest-base-camp-trek/ HTTP/1.1" 200 58171 "-" "SiteLockSpider"
184.154.139.41 - - [09/Jun/2026:09:57:04 -0400] "GET /?p=5959%27%20AND%204588%3D7317%20AND%20%27PFJI%27%3D%27PFJI HTTP/1.1" 301 0 "-" "SiteLockSpider"
184.154.139.41 - - [09/Jun/2026:09:57:05 -0400] "GET /tour/everest-base-camp-trek/ HTTP/1.1" 200 58171 "-" "SiteLockSpider"
184.154.139.41 - - [09/Jun/2026:09:57:07 -0400] "GET /?p=%28SELECT%20%28CASE%20WHEN%20%286918%3D3163%29%20THEN%205959%20ELSE%20%28SELECT%203163%20UNION%20SELECT%206444%29%20END%29%29 HTTP/1.1" 403 1242 "-" "SiteLockSpider"
184.154.139.41 - - [09/Jun/2026:09:57:07 -0400] "GET /?p=%28SELECT%20%28CASE%20WHEN%20%287191%3D7191%29%20THEN%205959%20ELSE%20%28SELECT%208618%20UNION%20SELECT%208195%29%20END%29%29 HTTP/1.1" 403 1242 "-" "SiteLockSpider"
184.154.139.41 - - [09/Jun/2026:09:57:07 -0400] "GET /?p=5959%29%20AND%20EXTRACTVALUE%282318%2CCONCAT%280x5c%2C0x7162767671%2C%28SELECT%20%28ELT%282318%3D2318%2C1%29%29%29%2C0x7178626a71%29%29%20AND%20%284586%3D4586 HTTP/1.1" 403 6990 "-" "SiteLockSpider"
184.154.139.41 - - [09/Jun/2026:09:57:07 -0400] "GET /?p=5959%20AND%20EXTRACTVALUE%282318%2CCONCAT%280x5c%2C0x7162767671%2C%28SELECT%20%28ELT%282318%3D2318%2C1%29%29%29%2C0x7178626a71%29%29 HTTP/1.1" 403 6990 "-" "SiteLockSpider"
184.154.139.41 - - [09/Jun/2026:09:57:08 -0400] "GET /?p=5959%20AND%20EXTRACTVALUE%282318%2CCONCAT%280x5c%2C0x7162767671%2C%28SELECT%20%28ELT%282318%3D2318%2C1%29%29%29%2C0x7178626a71%29%29--%20tjli HTTP/1.1" 403 6990 "-" "SiteLockSpider"
184.154.139.41 - - [09/Jun/2026:09:57:08 -0400] "GET /?p=5959%27%29%20AND%20EXTRACTVALUE%282318%2CCONCAT%280x5c%2C0x7162767671%2C%28SELECT%20%28ELT%282318%3D2318%2C1%29%29%29%2C0x7178626a71%29%29%20AND%20%28%27SjvQ%27%3D%27SjvQ HTTP/1.1" 403 6990 "-" "SiteLockSpider"
184.154.139.41 - - [09/Jun/2026:09:57:08 -0400] "GET /?p=5959%27%20AND%20EXTRACTVALUE%282318%2CCONCAT%280x5c%2C0x7162767671%2C%28SELECT%20%28ELT%282318%3D2318%2C1%29%29%29%2C0x7178626a71%29%29%20AND%20%27jFIh%27%3D%27jFIh HTTP/1.1" 403 6990 "-" "SiteLockSpider"
63.250.38.253 - - [09/Jun/2026:09:57:09 -0400] "POST /wp-cron.php?doing_wp_cron=1781013429.9578309059143066406250 HTTP/1.1" 200 0 "-" "WordPress/7.0; https://blissfulnepal.com"
63.250.38.253 - - [09/Jun/2026:09:57:09 -0400] "POST /?wordfence_syncAttackData=1781013429.2699 HTTP/1.1" 200 0 "-" "WordPress/7.0; https://blissfulnepal.com"
184.154.139.41 - - [09/Jun/2026:09:57:09 -0400] "GET /?p=5959%29%20AND%201824%3DCAST%28%28CHR%28113%29%7C%7CCHR%2898%29%7C%7CCHR%28118%29%7C%7CCHR%28118%29%7C%7CCHR%28113%29%29%7C%7C%28SELECT%20%28CASE%20WHEN%20%281824%3D1824%29%20THEN%201%20ELSE%200%20END%29%29%3A%3Atext%7C%7C%28CHR%28113%29%7C%7CCHR%28120%29%7C%7CCHR%2898%29%7C%7CCHR%28106%29%7C%7CCHR%28113%29%29%20AS%20NUMERIC%29%20AND%20%285303%3D5303 HTTP/1.1" 301 0 "-" "SiteLockSpider"
184.154.139.41 - - [09/Jun/2026:09:57:10 -0400] "GET /tour/everest-base-camp-trek/ HTTP/1.1" 200 58171 "-" "SiteLockSpider"
184.154.139.41 - - [09/Jun/2026:09:57:12 -0400] "GET /?p=5959%20AND%201824%3DCAST%28%28CHR%28113%29%7C%7CCHR%2898%29%7C%7CCHR%28118%29%7C%7CCHR%28118%29%7C%7CCHR%28113%29%29%7C%7C%28SELECT%20%28CASE%20WHEN%20%281824%3D1824%29%20THEN%201%20ELSE%200%20END%29%29%3A%3Atext%7C%7C%28CHR%28113%29%7C%7CCHR%28120%29%7C%7CCHR%2898%29%7C%7CCHR%28106%29%7C%7CCHR%28113%29%29%20AS%20NUMERIC%29 HTTP/1.1" 301 0 "-" "SiteLockSpider"
181.199.59.152 - - [09/Jun/2026:09:57:13 -0400] "GET /products/16012790 HTTP/1.1" 301 0 "-" "Mozilla/5.0 (Macintosh; Intel Mac OS X 10_15_7) AppleWebKit/537.36 (KHTML, like Gecko) Chrome/86.0.4240.193 Safari/537.36"
184.154.139.41 - - [09/Jun/2026:09:57:13 -0400] "GET /tour/everest-base-camp-trek/ HTTP/1.1" 200 58171 "-" "SiteLockSpider"
66.249.69.66 - - [09/Jun/2026:09:57:14 -0400] "GET /products/8830190 HTTP/1.1" 404 20947 "-" "Mozilla/5.0 (Linux; Android 6.0.1; Nexus 5X Build/MMB29P) AppleWebKit/537.36 (KHTML, like Gecko) Chrome/148.0.7778.96 Mobile Safari/537.36 (compatible; Googlebot/2.1; +http://www.google.com/bot.html)"
184.154.139.41 - - [09/Jun/2026:09:57:14 -0400] "GET /?p=5959%20AND%201824%3DCAST%28%28CHR%28113%29%7C%7CCHR%2898%29%7C%7CCHR%28118%29%7C%7CCHR%28118%29%7C%7CCHR%28113%29%29%7C%7C%28SELECT%20%28CASE%20WHEN%20%281824%3D1824%29%20THEN%201%20ELSE%200%20END%29%29%3A%3Atext%7C%7C%28CHR%28113%29%7C%7CCHR%28120%29%7C%7CCHR%2898%29%7C%7CCHR%28106%29%7C%7CCHR%28113%29%29%20AS%20NUMERIC%29--%20dWgO HTTP/1.1" 301 0 "-" "SiteLockSpider"
66.249.69.65 - - [09/Jun/2026:09:57:14 -0400] "GET /products/13775334 HTTP/1.1" 404 20947 "-" "Mozilla/5.0 (Linux; Android 6.0.1; Nexus 5X Build/MMB29P) AppleWebKit/537.36 (KHTML, like Gecko) Chrome/148.0.7778.96 Mobile Safari/537.36 (compatible; Googlebot/2.1; +http://www.google.com/bot.html)"
184.154.139.41 - - [09/Jun/2026:09:57:15 -0400] "GET /tour/everest-base-camp-trek/ HTTP/1.1" 200 58171 "-" "SiteLockSpider"
184.154.139.41 - - [09/Jun/2026:09:57:17 -0400] "GET /?p=5959%27%29%20AND%201824%3DCAST%28%28CHR%28113%29%7C%7CCHR%2898%29%7C%7CCHR%28118%29%7C%7CCHR%28118%29%7C%7CCHR%28113%29%29%7C%7C%28SELECT%20%28CASE%20WHEN%20%281824%3D1824%29%20THEN%201%20ELSE%200%20END%29%29%3A%3Atext%7C%7C%28CHR%28113%29%7C%7CCHR%28120%29%7C%7CCHR%2898%29%7C%7CCHR%28106%29%7C%7CCHR%28113%29%29%20AS%20NUMERIC%29%20AND%20%28%27DUnc%27%3D%27DUnc HTTP/1.1" 301 0 "-" "SiteLockSpider"
193.37.33.232 - - [09/Jun/2026:09:57:17 -0400] "POST /wp-login.php HTTP/1.1" 503 7732 "-" "Mozilla/5.0 (Windows NT 10.0; Win64; rv:143.0) Gecko/20100101 Firefox/143.0"
184.154.139.41 - - [09/Jun/2026:09:57:17 -0400] "GET /tour/everest-base-camp-trek/ HTTP/1.1" 200 58171 "-" "SiteLockSpider"
179.15.36.71 - - [09/Jun/2026:09:57:18 -0400] "GET /products/16012790 HTTP/1.1" 404 24089 "-" "Mozilla/5.0 (Macintosh; Intel Mac OS X 10_15_7) AppleWebKit/537.36 (KHTML, like Gecko) Chrome/86.0.4240.193 Safari/537.36"
184.154.139.41 - - [09/Jun/2026:09:57:19 -0400] "GET /?p=5959%27%20AND%201824%3DCAST%28%28CHR%28113%29%7C%7CCHR%2898%29%7C%7CCHR%28118%29%7C%7CCHR%28118%29%7C%7CCHR%28113%29%29%7C%7C%28SELECT%20%28CASE%20WHEN%20%281824%3D1824%29%20THEN%201%20ELSE%200%20END%29%29%3A%3Atext%7C%7C%28CHR%28113%29%7C%7CCHR%28120%29%7C%7CCHR%2898%29%7C%7CCHR%28106%29%7C%7CCHR%28113%29%29%20AS%20NUMERIC%29%20AND%20%27pulC%27%3D%27pulC HTTP/1.1" 301 0 "-" "SiteLockSpider"
184.154.139.41 - - [09/Jun/2026:09:57:20 -0400] "GET /tour/everest-base-camp-trek/ HTTP/1.1" 200 58171 "-" "SiteLockSpider"
184.154.139.41 - - [09/Jun/2026:09:57:21 -0400] "GET /?p=5959%29%20AND%205582%20IN%20%28SELECT%20%28CHAR%28113%29%2BCHAR%2898%29%2BCHAR%28118%29%2BCHAR%28118%29%2BCHAR%28113%29%2B%28SELECT%20%28CASE%20WHEN%20%285582%3D5582%29%20THEN%20CHAR%2849%29%20ELSE%20CHAR%2848%29%20END%29%29%2BCHAR%28113%29%2BCHAR%28120%29%2BCHAR%2898%29%2BCHAR%28106%29%2BCHAR%28113%29%29%29%20AND%20%287005%3D7005 HTTP/1.1" 403 6990 "-" "SiteLockSpider"
184.154.139.41 - - [09/Jun/2026:09:57:22 -0400] "GET /?p=5959%20AND%205582%20IN%20%28SELECT%20%28CHAR%28113%29%2BCHAR%2898%29%2BCHAR%28118%29%2BCHAR%28118%29%2BCHAR%28113%29%2B%28SELECT%20%28CASE%20WHEN%20%285582%3D5582%29%20THEN%20CHAR%2849%29%20ELSE%20CHAR%2848%29%20END%29%29%2BCHAR%28113%29%2BCHAR%28120%29%2BCHAR%2898%29%2BCHAR%28106%29%2BCHAR%28113%29%29%29 HTTP/1.1" 403 6990 "-" "SiteLockSpider"
184.154.139.41 - - [09/Jun/2026:09:57:22 -0400] "GET /?p=5959%20AND%205582%20IN%20%28SELECT%20%28CHAR%28113%29%2BCHAR%2898%29%2BCHAR%28118%29%2BCHAR%28118%29%2BCHAR%28113%29%2B%28SELECT%20%28CASE%20WHEN%20%285582%3D5582%29%20THEN%20CHAR%2849%29%20ELSE%20CHAR%2848%29%20END%29%29%2BCHAR%28113%29%2BCHAR%28120%29%2BCHAR%2898%29%2BCHAR%28106%29%2BCHAR%28113%29%29%29--%20CDYI HTTP/1.1" 403 6990 "-" "SiteLockSpider"
184.154.139.41 - - [09/Jun/2026:09:57:22 -0400] "GET /?p=5959%27%29%20AND%205582%20IN%20%28SELECT%20%28CHAR%28113%29%2BCHAR%2898%29%2BCHAR%28118%29%2BCHAR%28118%29%2BCHAR%28113%29%2B%28SELECT%20%28CASE%20WHEN%20%285582%3D5582%29%20THEN%20CHAR%2849%29%20ELSE%20CHAR%2848%29%20END%29%29%2BCHAR%28113%29%2BCHAR%28120%29%2BCHAR%2898%29%2BCHAR%28106%29%2BCHAR%28113%29%29%29%20AND%20%28%27FApD%27%3D%27FApD HTTP/1.1" 403 6990 "-" "SiteLockSpider"
184.154.139.41 - - [09/Jun/2026:09:57:22 -0400] "GET /?p=5959%27%20AND%205582%20IN%20%28SELECT%20%28CHAR%28113%29%2BCHAR%2898%29%2BCHAR%28118%29%2BCHAR%28118%29%2BCHAR%28113%29%2B%28SELECT%20%28CASE%20WHEN%20%285582%3D5582%29%20THEN%20CHAR%2849%29%20ELSE%20CHAR%2848%29%20END%29%29%2BCHAR%28113%29%2BCHAR%28120%29%2BCHAR%2898%29%2BCHAR%28106%29%2BCHAR%28113%29%29%29%20AND%20%27gUip%27%3D%27gUip HTTP/1.1" 403 6990 "-" "SiteLockSpider"
184.154.139.41 - - [09/Jun/2026:09:57:23 -0400] "GET /?p=5959%29%20AND%208065%3D%28SELECT%20UPPER%28XMLType%28CHR%2860%29%7C%7CCHR%2858%29%7C%7CCHR%28113%29%7C%7CCHR%2898%29%7C%7CCHR%28118%29%7C%7CCHR%28118%29%7C%7CCHR%28113%29%7C%7C%28SELECT%20%28CASE%20WHEN%20%288065%3D8065%29%20THEN%201%20ELSE%200%20END%29%20FROM%20DUAL%29%7C%7CCHR%28113%29%7C%7CCHR%28120%29%7C%7CCHR%2898%29%7C%7CCHR%28106%29%7C%7CCHR%28113%29%7C%7CCHR%2862%29%29%29%20FROM%20DUAL%29%20AND%20%281915%3D1915 HTTP/1.1" 403 6990 "-" "SiteLockSpider"
184.154.139.41 - - [09/Jun/2026:09:57:23 -0400] "GET /?p=5959%20AND%208065%3D%28SELECT%20UPPER%28XMLType%28CHR%2860%29%7C%7CCHR%2858%29%7C%7CCHR%28113%29%7C%7CCHR%2898%29%7C%7CCHR%28118%29%7C%7CCHR%28118%29%7C%7CCHR%28113%29%7C%7C%28SELECT%20%28CASE%20WHEN%20%288065%3D8065%29%20THEN%201%20ELSE%200%20END%29%20FROM%20DUAL%29%7C%7CCHR%28113%29%7C%7CCHR%28120%29%7C%7CCHR%2898%29%7C%7CCHR%28106%29%7C%7CCHR%28113%29%7C%7CCHR%2862%29%29%29%20FROM%20DUAL%29 HTTP/1.1" 403 6990 "-" "SiteLockSpider"
184.154.139.41 - - [09/Jun/2026:09:57:23 -0400] "GET /?p=5959%20AND%208065%3D%28SELECT%20UPPER%28XMLType%28CHR%2860%29%7C%7CCHR%2858%29%7C%7CCHR%28113%29%7C%7CCHR%2898%29%7C%7CCHR%28118%29%7C%7CCHR%28118%29%7C%7CCHR%28113%29%7C%7C%28SELECT%20%28CASE%20WHEN%20%288065%3D8065%29%20THEN%201%20ELSE%200%20END%29%20FROM%20DUAL%29%7C%7CCHR%28113%29%7C%7CCHR%28120%29%7C%7CCHR%2898%29%7C%7CCHR%28106%29%7C%7CCHR%28113%29%7C%7CCHR%2862%29%29%29%20FROM%20DUAL%29--%20Wnoc HTTP/1.1" 403 6990 "-" "SiteLockSpider"
184.154.139.41 - - [09/Jun/2026:09:57:23 -0400] "GET /?p=5959%27%29%20AND%208065%3D%28SELECT%20UPPER%28XMLType%28CHR%2860%29%7C%7CCHR%2858%29%7C%7CCHR%28113%29%7C%7CCHR%2898%29%7C%7CCHR%28118%29%7C%7CCHR%28118%29%7C%7CCHR%28113%29%7C%7C%28SELECT%20%28CASE%20WHEN%20%288065%3D8065%29%20THEN%201%20ELSE%200%20END%29%20FROM%20DUAL%29%7C%7CCHR%28113%29%7C%7CCHR%28120%29%7C%7CCHR%2898%29%7C%7CCHR%28106%29%7C%7CCHR%28113%29%7C%7CCHR%2862%29%29%29%20FROM%20DUAL%29%20AND%20%28%27cuGf%27%3D%27cuGf HTTP/1.1" 403 6990 "-" "SiteLockSpider"
184.154.139.41 - - [09/Jun/2026:09:57:24 -0400] "GET /?p=5959%27%20AND%208065%3D%28SELECT%20UPPER%28XMLType%28CHR%2860%29%7C%7CCHR%2858%29%7C%7CCHR%28113%29%7C%7CCHR%2898%29%7C%7CCHR%28118%29%7C%7CCHR%28118%29%7C%7CCHR%28113%29%7C%7C%28SELECT%20%28CASE%20WHEN%20%288065%3D8065%29%20THEN%201%20ELSE%200%20END%29%20FROM%20DUAL%29%7C%7CCHR%28113%29%7C%7CCHR%28120%29%7C%7CCHR%2898%29%7C%7CCHR%28106%29%7C%7CCHR%28113%29%7C%7CCHR%2862%29%29%29%20FROM%20DUAL%29%20AND%20%27jTUP%27%3D%27jTUP HTTP/1.1" 403 6990 "-" "SiteLockSpider"
184.154.139.41 - - [09/Jun/2026:09:57:24 -0400] "GET /?p=%28SELECT%20CONCAT%28CONCAT%28%27qbvvq%27%2C%28CASE%20WHEN%20%285764%3D5764%29%20THEN%20%271%27%20ELSE%20%270%27%20END%29%29%2C%27qxbjq%27%29%29 HTTP/1.1" 403 6990 "-" "SiteLockSpider"
184.154.139.41 - - [09/Jun/2026:09:57:24 -0400] "GET /?p=5959%29%3BSELECT%20PG_SLEEP%285%29-- HTTP/1.1" 403 1242 "-" "SiteLockSpider"
184.154.139.41 - - [09/Jun/2026:09:57:25 -0400] "GET /?p=5959%3BSELECT%20PG_SLEEP%285%29-- HTTP/1.1" 403 1242 "-" "SiteLockSpider"
184.154.139.41 - - [09/Jun/2026:09:57:25 -0400] "GET /?p=5959%27%29%3BSELECT%20PG_SLEEP%285%29-- HTTP/1.1" 403 1242 "-" "SiteLockSpider"
184.154.139.41 - - [09/Jun/2026:09:57:25 -0400] "GET /?p=5959%27%3BSELECT%20PG_SLEEP%285%29-- HTTP/1.1" 403 1242 "-" "SiteLockSpider"
184.154.139.41 - - [09/Jun/2026:09:57:25 -0400] "GET /?p=5959%29%3BWAITFOR%20DELAY%20%270%3A0%3A5%27-- HTTP/1.1" 403 1242 "-" "SiteLockSpider"
184.154.139.41 - - [09/Jun/2026:09:57:25 -0400] "GET /?p=5959%3BWAITFOR%20DELAY%20%270%3A0%3A5%27-- HTTP/1.1" 403 1242 "-" "SiteLockSpider"
184.154.139.41 - - [09/Jun/2026:09:57:25 -0400] "GET /?p=5959%27%29%3BWAITFOR%20DELAY%20%270%3A0%3A5%27-- HTTP/1.1" 403 1242 "-" "SiteLockSpider"
184.154.139.41 - - [09/Jun/2026:09:57:25 -0400] "GET /?p=5959%27%3BWAITFOR%20DELAY%20%270%3A0%3A5%27-- HTTP/1.1" 403 1242 "-" "SiteLockSpider"
184.154.139.41 - - [09/Jun/2026:09:57:26 -0400] "GET /?p=5959%29%3BSELECT%20DBMS_PIPE.RECEIVE_MESSAGE%28CHR%28105%29%7C%7CCHR%28119%29%7C%7CCHR%28118%29%7C%7CCHR%2883%29%2C5%29%20FROM%20DUAL-- HTTP/1.1" 403 1242 "-" "SiteLockSpider"
184.154.139.41 - - [09/Jun/2026:09:57:26 -0400] "GET /?p=5959%3BSELECT%20DBMS_PIPE.RECEIVE_MESSAGE%28CHR%28105%29%7C%7CCHR%28119%29%7C%7CCHR%28118%29%7C%7CCHR%2883%29%2C5%29%20FROM%20DUAL-- HTTP/1.1" 403 1242 "-" "SiteLockSpider"
184.154.139.41 - - [09/Jun/2026:09:57:26 -0400] "GET /?p=5959%27%29%3BSELECT%20DBMS_PIPE.RECEIVE_MESSAGE%28CHR%28105%29%7C%7CCHR%28119%29%7C%7CCHR%28118%29%7C%7CCHR%2883%29%2C5%29%20FROM%20DUAL-- HTTP/1.1" 403 1242 "-" "SiteLockSpider"
184.154.139.41 - - [09/Jun/2026:09:57:26 -0400] "GET /?p=5959%27%3BSELECT%20DBMS_PIPE.RECEIVE_MESSAGE%28CHR%28105%29%7C%7CCHR%28119%29%7C%7CCHR%28118%29%7C%7CCHR%2883%29%2C5%29%20FROM%20DUAL-- HTTP/1.1" 403 1242 "-" "SiteLockSpider"
184.154.139.41 - - [09/Jun/2026:09:57:26 -0400] "GET /?p=5959%29%20AND%20%28SELECT%207716%20FROM%20%28SELECT%28SLEEP%285%29%29%29Tucx%29%20AND%20%286901%3D6901 HTTP/1.1" 403 232 "-" "SiteLockSpider"
184.154.139.41 - - [09/Jun/2026:09:57:27 -0400] "GET /?p=5959%20AND%20%28SELECT%207716%20FROM%20%28SELECT%28SLEEP%285%29%29%29Tucx%29 HTTP/1.1" 403 232 "-" "SiteLockSpider"
184.154.139.41 - - [09/Jun/2026:09:57:27 -0400] "GET /?p=5959%20AND%20%28SELECT%207716%20FROM%20%28SELECT%28SLEEP%285%29%29%29Tucx%29--%20Xgbe HTTP/1.1" 403 232 "-" "SiteLockSpider"
184.154.139.41 - - [09/Jun/2026:09:57:27 -0400] "GET /?p=5959%27%29%20AND%20%28SELECT%207716%20FROM%20%28SELECT%28SLEEP%285%29%29%29Tucx%29%20AND%20%28%27zGPn%27%3D%27zGPn HTTP/1.1" 403 232 "-" "SiteLockSpider"
184.154.139.41 - - [09/Jun/2026:09:57:27 -0400] "GET /?p=5959%27%20AND%20%28SELECT%207716%20FROM%20%28SELECT%28SLEEP%285%29%29%29Tucx%29%20AND%20%27hSEV%27%3D%27hSEV HTTP/1.1" 403 232 "-" "SiteLockSpider"
63.250.38.253 - - [09/Jun/2026:09:57:28 -0400] "POST /?wordfence_syncAttackData=1781013448.1503 HTTP/1.1" 200 0 "-" "WordPress/7.0; https://blissfulnepal.com"
184.154.139.41 - - [09/Jun/2026:09:57:27 -0400] "GET /?p=5959%29%20AND%201942%3D%28SELECT%201942%20FROM%20PG_SLEEP%285%29%29%20AND%20%287293%3D7293 HTTP/1.1" 301 0 "-" "SiteLockSpider"
184.154.139.41 - - [09/Jun/2026:09:57:29 -0400] "GET /tour/everest-base-camp-trek/ HTTP/1.1" 200 58171 "-" "SiteLockSpider"
184.154.139.41 - - [09/Jun/2026:09:57:30 -0400] "GET /?p=5959%20AND%201942%3D%28SELECT%201942%20FROM%20PG_SLEEP%285%29%29 HTTP/1.1" 301 0 "-" "SiteLockSpider"
184.154.139.41 - - [09/Jun/2026:09:57:31 -0400] "GET /tour/everest-base-camp-trek/ HTTP/1.1" 200 58171 "-" "SiteLockSpider"
184.154.139.41 - - [09/Jun/2026:09:57:33 -0400] "GET /?p=5959%20AND%201942%3D%28SELECT%201942%20FROM%20PG_SLEEP%285%29%29--%20KOjh HTTP/1.1" 301 0 "-" "SiteLockSpider"
184.154.139.41 - - [09/Jun/2026:09:57:33 -0400] "GET /tour/everest-base-camp-trek/ HTTP/1.1" 200 58171 "-" "SiteLockSpider"
184.154.139.41 - - [09/Jun/2026:09:57:35 -0400] "GET /?p=5959%27%29%20AND%201942%3D%28SELECT%201942%20FROM%20PG_SLEEP%285%29%29%20AND%20%28%27jDzq%27%3D%27jDzq HTTP/1.1" 301 0 "-" "SiteLockSpider"
184.154.139.41 - - [09/Jun/2026:09:57:36 -0400] "GET /tour/everest-base-camp-trek/ HTTP/1.1" 200 58171 "-" "SiteLockSpider"
184.154.139.41 - - [09/Jun/2026:09:57:37 -0400] "GET /?p=5959%27%20AND%201942%3D%28SELECT%201942%20FROM%20PG_SLEEP%285%29%29%20AND%20%27wCWY%27%3D%27wCWY HTTP/1.1" 301 0 "-" "SiteLockSpider"
184.154.139.41 - - [09/Jun/2026:09:57:38 -0400] "GET /tour/everest-base-camp-trek/ HTTP/1.1" 200 58171 "-" "SiteLockSpider"
184.154.139.41 - - [09/Jun/2026:09:57:39 -0400] "GET /?p=5959%29%20WAITFOR%20DELAY%20%270%3A0%3A5%27%20AND%20%288572%3D8572 HTTP/1.1" 403 1242 "-" "SiteLockSpider"
184.154.139.41 - - [09/Jun/2026:09:57:39 -0400] "GET /?p=5959%20WAITFOR%20DELAY%20%270%3A0%3A5%27 HTTP/1.1" 403 1242 "-" "SiteLockSpider"
184.154.139.41 - - [09/Jun/2026:09:57:39 -0400] "GET /?p=5959%20WAITFOR%20DELAY%20%270%3A0%3A5%27--%20aqEo HTTP/1.1" 403 1242 "-" "SiteLockSpider"
184.154.139.41 - - [09/Jun/2026:09:57:40 -0400] "GET /?p=5959%27%29%20WAITFOR%20DELAY%20%270%3A0%3A5%27%20AND%20%28%27nWKR%27%3D%27nWKR HTTP/1.1" 403 1242 "-" "SiteLockSpider"
184.154.139.41 - - [09/Jun/2026:09:57:40 -0400] "GET /?p=5959%27%20WAITFOR%20DELAY%20%270%3A0%3A5%27%20AND%20%27AAbi%27%3D%27AAbi HTTP/1.1" 403 1242 "-" "SiteLockSpider"
184.154.139.41 - - [09/Jun/2026:09:57:40 -0400] "GET /?p=5959%29%20AND%205184%3DDBMS_PIPE.RECEIVE_MESSAGE%28CHR%28103%29%7C%7CCHR%2875%29%7C%7CCHR%2897%29%7C%7CCHR%28108%29%2C5%29%20AND%20%281844%3D1844 HTTP/1.1" 301 0 "-" "SiteLockSpider"
63.250.38.253 - - [09/Jun/2026:09:58:06 -0400] "POST /wp-cron.php?doing_wp_cron=1781013486.9267179965972900390625 HTTP/1.1" 200 0 "-" "WordPress/7.0; https://blissfulnepal.com"
66.249.69.65 - - [09/Jun/2026:09:58:06 -0400] "GET /products/8050901 HTTP/1.1" 404 20947 "-" "Mozilla/5.0 (Linux; Android 6.0.1; Nexus 5X Build/MMB29P) AppleWebKit/537.36 (KHTML, like Gecko) Chrome/148.0.7778.96 Mobile Safari/537.36 (compatible; Googlebot/2.1; +http://www.google.com/bot.html)"
113.168.66.158 - - [09/Jun/2026:09:59:00 -0400] "GET /products/9527023 HTTP/1.1" 404 24089 "-" "Mozilla/5.0 (Macintosh; Intel Mac OS X 10_14_5) AppleWebKit/537.36 (KHTML, like Gecko) Chrome/101.0.4951.54 Safari/537.36"
66.249.69.67 - - [09/Jun/2026:09:59:01 -0400] "GET /products/3970134 HTTP/1.1" 404 20947 "-" "Mozilla/5.0 (Linux; Android 6.0.1; Nexus 5X Build/MMB29P) AppleWebKit/537.36 (KHTML, like Gecko) Chrome/148.0.7778.96 Mobile Safari/537.36 (compatible; Googlebot/2.1; +http://www.google.com/bot.html)"
63.250.38.253 - - [09/Jun/2026:09:59:30 -0400] "POST /wp-cron.php?doing_wp_cron=1781013570.4775309562683105468750 HTTP/1.1" 200 0 "-" "WordPress/7.0; https://blissfulnepal.com"
66.249.69.66 - - [09/Jun/2026:09:59:29 -0400] "GET /products/22633012 HTTP/1.1" 404 20947 "-" "Mozilla/5.0 (Linux; Android 6.0.1; Nexus 5X Build/MMB29P) AppleWebKit/537.36 (KHTML, like Gecko) Chrome/148.0.7778.96 Mobile Safari/537.36 (compatible; Googlebot/2.1; +http://www.google.com/bot.html)"
63.250.38.253 - - [09/Jun/2026:10:00:23 -0400] "POST /wp-cron.php?doing_wp_cron=1781013623.9211699962615966796875 HTTP/1.1" 200 0 "-" "WordPress/7.0; https://blissfulnepal.com"
66.249.69.66 - - [09/Jun/2026:10:00:22 -0400] "GET /products/3974790 HTTP/1.1" 404 20947 "-" "Mozilla/5.0 (Linux; Android 6.0.1; Nexus 5X Build/MMB29P) AppleWebKit/537.36 (KHTML, like Gecko) Chrome/148.0.7778.96 Mobile Safari/537.36 (compatible; Googlebot/2.1; +http://www.google.com/bot.html)"
63.250.38.253 - - [09/Jun/2026:10:01:15 -0400] "POST /wp-cron.php?doing_wp_cron=1781013675.4684760570526123046875 HTTP/1.1" 200 0 "-" "WordPress/7.0; https://blissfulnepal.com"
66.249.69.65 - - [09/Jun/2026:10:01:14 -0400] "GET /products/26601623 HTTP/1.1" 404 20947 "-" "Mozilla/5.0 (Linux; Android 6.0.1; Nexus 5X Build/MMB29P) AppleWebKit/537.36 (KHTML, like Gecko) Chrome/148.0.7778.96 Mobile Safari/537.36 (compatible; Googlebot/2.1; +http://www.google.com/bot.html)"
17.241.227.224 - - [09/Jun/2026:10:01:53 -0400] "GET /annapurna-circuit/ HTTP/1.1" 200 40413 "-" "Mozilla/5.0 (Macintosh; Intel Mac OS X 10_15_7) AppleWebKit/605.1.15 (KHTML, like Gecko) Version/17.4 Safari/605.1.15 (Applebot/0.1; +http://www.apple.com/go/applebot)"
66.249.69.67 - - [09/Jun/2026:10:02:05 -0400] "GET /products/10557201 HTTP/1.1" 404 20947 "-" "Mozilla/5.0 (Linux; Android 6.0.1; Nexus 5X Build/MMB29P) AppleWebKit/537.36 (KHTML, like Gecko) Chrome/148.0.7778.96 Mobile Safari/537.36 (compatible; Googlebot/2.1; +http://www.google.com/bot.html)"
63.250.38.253 - - [09/Jun/2026:10:02:33 -0400] "POST /wp-cron.php?doing_wp_cron=1781013753.1138908863067626953125 HTTP/1.1" 200 0 "-" "WordPress/7.0; https://blissfulnepal.com"
66.249.69.65 - - [09/Jun/2026:10:02:32 -0400] "GET /products/21850689 HTTP/1.1" 404 20947 "-" "Mozilla/5.0 (Linux; Android 6.0.1; Nexus 5X Build/MMB29P) AppleWebKit/537.36 (KHTML, like Gecko) Chrome/148.0.7778.96 Mobile Safari/537.36 (compatible; Googlebot/2.1; +http://www.google.com/bot.html)"
66.249.69.65 - - [09/Jun/2026:10:02:33 -0400] "GET /products/13057845 HTTP/1.1" 404 20947 "-" "Mozilla/5.0 (Linux; Android 6.0.1; Nexus 5X Build/MMB29P) AppleWebKit/537.36 (KHTML, like Gecko) Chrome/148.0.7778.96 Mobile Safari/537.36 (compatible; Googlebot/2.1; +http://www.google.com/bot.html)"
114.119.148.191 - - [09/Jun/2026:10:02:52 -0400] "GET /trekking-in-nepal-in-april/ HTTP/1.1" 200 30620 "https://blissfulnepal.com/everest-base-camp-packing-list/" "Mozilla/5.0 (Linux; Android 7.0;) AppleWebKit/537.36 (HTML, like Gecko) Mobile Safari/537.36 (compatible; PetalBot;+https://webmaster.petalsearch.com/site/petalbot)"
66.249.69.65 - - [09/Jun/2026:10:02:59 -0400] "GET /products/19897878 HTTP/1.1" 404 20947 "-" "Mozilla/5.0 (Linux; Android 6.0.1; Nexus 5X Build/MMB29P) AppleWebKit/537.36 (KHTML, like Gecko) Chrome/148.0.7778.96 Mobile Safari/537.36 (compatible; Googlebot/2.1; +http://www.google.com/bot.html)"
167.114.139.3 - - [09/Jun/2026:10:03:02 -0400] "GET /best-travel-agency-in-nepal/ HTTP/1.1" 200 26606 "-" "Mozilla/5.0 (compatible; AhrefsBot/7.0; +http://ahrefs.com/robot/)"
17.241.75.139 - - [09/Jun/2026:10:04:30 -0400] "GET /wp-content/plugins/goodlayers-core/plugins/elegant/elegant-font.css?ver=7.0 HTTP/1.1" 200 3848 "https://blissfulnepal.com/annapurna-circuit/" "Mozilla/5.0 (Macintosh; Intel Mac OS X 10_15_7) AppleWebKit/605.1.15 (KHTML, like Gecko) Version/17.4 Safari/605.1.15 (Applebot/0.1; +http://www.apple.com/go/applebot)"
17.241.75.139 - - [09/Jun/2026:10:04:30 -0400] "GET /wp-content/plugins/getautoseo-ai-content-publisher/assets/js/conversion-tracker.js?ver=1.3.84 HTTP/1.1" 200 3704 "https://blissfulnepal.com/annapurna-circuit/" "Mozilla/5.0 (Macintosh; Intel Mac OS X 10_15_7) AppleWebKit/605.1.15 (KHTML, like Gecko) Version/17.4 Safari/605.1.15 (Applebot/0.1; +http://www.apple.com/go/applebot)"
17.241.75.139 - - [09/Jun/2026:10:04:31 -0400] "GET /wp-content/plugins/wp-tripadvisor-review-slider/public/css/wptripadvisor_all.css?ver=14.3 HTTP/1.1" 200 2556 "https://blissfulnepal.com/annapurna-circuit/" "Mozilla/5.0 (Macintosh; Intel Mac OS X 10_15_7) AppleWebKit/605.1.15 (KHTML, like Gecko) Version/17.4 Safari/605.1.15 (Applebot/0.1; +http://www.apple.com/go/applebot)"
17.241.75.139 - - [09/Jun/2026:10:04:32 -0400] "GET /wp-content/themes/traveltour-child/style.css?ver=7.0 HTTP/1.1" 200 1899 "https://blissfulnepal.com/annapurna-circuit/" "Mozilla/5.0 (Macintosh; Intel Mac OS X 10_15_7) AppleWebKit/605.1.15 (KHTML, like Gecko) Version/17.4 Safari/605.1.15 (Applebot/0.1; +http://www.apple.com/go/applebot)"
17.241.75.139 - - [09/Jun/2026:10:04:33 -0400] "GET /wp-content/themes/traveltour-child/my-script.js?ver=7.0 HTTP/1.1" 200 195 "https://blissfulnepal.com/annapurna-circuit/" "Mozilla/5.0 (Macintosh; Intel Mac OS X 10_15_7) AppleWebKit/605.1.15 (KHTML, like Gecko) Version/17.4 Safari/605.1.15 (Applebot/0.1; +http://www.apple.com/go/applebot)"
110.249.202.196 - - [09/Jun/2026:10:04:56 -0400] "GET /robots.txt HTTP/1.1" 200 173 "-" "Mozilla/5.0 (Linux; Android 5.0) AppleWebKit/537.36 (KHTML, like Gecko) Mobile Safari/537.36 (compatible; Bytespider; https://zhanzhang.toutiao.com/)"
63.250.38.253 - - [09/Jun/2026:10:04:57 -0400] "POST /wp-cron.php?doing_wp_cron=1781013897.7113449573516845703125 HTTP/1.1" 200 0 "-" "WordPress/7.0; https://blissfulnepal.com"
66.249.69.65 - - [09/Jun/2026:10:04:53 -0400] "GET /products/5554034 HTTP/1.1" 404 20947 "-" "Mozilla/5.0 (Linux; Android 6.0.1; Nexus 5X Build/MMB29P) AppleWebKit/537.36 (KHTML, like Gecko) Chrome/148.0.7778.96 Mobile Safari/537.36 (compatible; Googlebot/2.1; +http://www.google.com/bot.html)"
63.250.38.253 - - [09/Jun/2026:10:06:44 -0400] "POST /wp-cron.php?doing_wp_cron=1781014004.7003710269927978515625 HTTP/1.1" 200 0 "-" "WordPress/7.0; https://blissfulnepal.com"
66.249.69.66 - - [09/Jun/2026:10:06:40 -0400] "GET /products/8195201 HTTP/1.1" 404 20947 "-" "Mozilla/5.0 (Linux; Android 6.0.1; Nexus 5X Build/MMB29P) AppleWebKit/537.36 (KHTML, like Gecko) Chrome/148.0.7778.96 Mobile Safari/537.36 (compatible; Googlebot/2.1; +http://www.google.com/bot.html)"
63.250.38.253 - - [09/Jun/2026:10:07:11 -0400] "POST /wp-cron.php?doing_wp_cron=1781014030.9874310493469238281250 HTTP/1.1" 200 0 "-" "WordPress/7.0; https://blissfulnepal.com"
66.249.69.67 - - [09/Jun/2026:10:07:10 -0400] "GET /products/14087201 HTTP/1.1" 404 20947 "-" "Mozilla/5.0 (Linux; Android 6.0.1; Nexus 5X Build/MMB29P) AppleWebKit/537.36 (KHTML, like Gecko) Chrome/148.0.7778.96 Mobile Safari/537.36 (compatible; Googlebot/2.1; +http://www.google.com/bot.html)"
3.139.242.79 - - [09/Jun/2026:10:07:09 -0400] "GET / HTTP/1.1" 200 42463 "http://blissfulnepal.com/" "visionheight.com/scan Mozilla/5.0 (Macintosh; Intel Mac OS X 10_15_7) Chrome/126.0.0.0 Safari/537.36"
66.249.69.65 - - [09/Jun/2026:10:07:52 -0400] "GET /products/8254078 HTTP/1.1" 404 20947 "-" "Mozilla/5.0 (Linux; Android 6.0.1; Nexus 5X Build/MMB29P) AppleWebKit/537.36 (KHTML, like Gecko) Chrome/148.0.7778.96 Mobile Safari/537.36 (compatible; Googlebot/2.1; +http://www.google.com/bot.html)"
63.250.38.253 - - [09/Jun/2026:10:08:30 -0400] "POST /wp-cron.php?doing_wp_cron=1781014110.6102159023284912109375 HTTP/1.1" 200 0 "-" "WordPress/7.0; https://blissfulnepal.com"
157.55.39.202 - - [09/Jun/2026:10:08:29 -0400] "GET /tag/hiking-in-nepal/ HTTP/1.1" 200 22242 "-" "Mozilla/5.0 AppleWebKit/537.36 (KHTML, like Gecko; compatible; bingbot/2.0; +http://www.bing.com/bingbot.htm) Chrome/116.0.1938.76 Safari/537.36"
3.139.242.79 - - [09/Jun/2026:10:08:38 -0400] "GET / HTTP/1.1" 200 42537 "-" "visionheight.com/scan Mozilla/5.0 (Macintosh; Intel Mac OS X 10_15_7) Chrome/126.0.0.0 Safari/537.36"
178.156.136.36 - - [09/Jun/2026:10:08:45 -0400] "POST /wp-load.php?1cdaa9=20286 HTTP/1.1" 200 39669 "-" "Mozilla/5.0 (Windows NT 10.0; Win64; x64) AppleWebKit/537.36 (KHTML, like Gecko) Chrome/138.0.0.0 Safari/537.36"
66.249.69.66 - - [09/Jun/2026:10:08:47 -0400] "GET /products/3432490 HTTP/1.1" 404 20947 "-" "Mozilla/5.0 (Linux; Android 6.0.1; Nexus 5X Build/MMB29P) AppleWebKit/537.36 (KHTML, like Gecko) Chrome/148.0.7778.96 Mobile Safari/537.36 (compatible; Googlebot/2.1; +http://www.google.com/bot.html)"
5.161.44.164 - - [09/Jun/2026:10:08:54 -0400] "POST /wp-load.php?b71497=24387 HTTP/1.1" 200 4180 "https://blissfulnepal.com/" "Mozilla/5.0 (Windows NT 10.0; Win64; x64) AppleWebKit/537.36 (KHTML, like Gecko) Chrome/138.0.0.0 Safari/537.36"
63.250.38.253 - - [09/Jun/2026:10:09:39 -0400] "POST /wp-cron.php?doing_wp_cron=1781014179.7325589656829833984375 HTTP/1.1" 200 0 "-" "WordPress/7.0; https://blissfulnepal.com"
66.249.69.65 - - [09/Jun/2026:10:09:38 -0400] "GET /products/14238867 HTTP/1.1" 404 20947 "-" "Mozilla/5.0 (Linux; Android 6.0.1; Nexus 5X Build/MMB29P) AppleWebKit/537.36 (KHTML, like Gecko) Chrome/148.0.7778.96 Mobile Safari/537.36 (compatible; Googlebot/2.1; +http://www.google.com/bot.html)"
63.250.38.253 - - [09/Jun/2026:10:10:31 -0400] "POST /wp-cron.php?doing_wp_cron=1781014231.0836648941040039062500 HTTP/1.1" 200 0 "-" "WordPress/7.0; https://blissfulnepal.com"
66.249.69.65 - - [09/Jun/2026:10:10:30 -0400] "GET /products/15550978 HTTP/1.1" 404 20947 "-" "Mozilla/5.0 (Linux; Android 6.0.1; Nexus 5X Build/MMB29P) AppleWebKit/537.36 (KHTML, like Gecko) Chrome/148.0.7778.96 Mobile Safari/537.36 (compatible; Googlebot/2.1; +http://www.google.com/bot.html)"
63.250.38.253 - - [09/Jun/2026:10:11:12 -0400] "POST /wp-cron.php?doing_wp_cron=1781014272.7243800163269042968750 HTTP/1.1" 200 0 "-" "WordPress/7.0; https://blissfulnepal.com"
193.19.109.237 - - [09/Jun/2026:10:11:11 -0400] "POST /wp-login.php HTTP/1.1" 503 7732 "-" "Mozilla/5.0 (Windows NT 10.0; Win64; x64) AppleWebKit/537.36 Chrome/129.0.0.0 Safari/537.36"
66.249.69.66 - - [09/Jun/2026:10:11:21 -0400] "GET /products/18088689 HTTP/1.1" 404 20947 "-" "Mozilla/5.0 (Linux; Android 6.0.1; Nexus 5X Build/MMB29P) AppleWebKit/537.36 (KHTML, like Gecko) Chrome/148.0.7778.96 Mobile Safari/537.36 (compatible; Googlebot/2.1; +http://www.google.com/bot.html)"
63.250.38.253 - - [09/Jun/2026:10:11:51 -0400] "POST /wp-cron.php?doing_wp_cron=1781014311.9676709175109863281250 HTTP/1.1" 200 0 "-" "WordPress/7.0; https://blissfulnepal.com"
66.249.69.66 - - [09/Jun/2026:10:11:51 -0400] "GET /products/26895989 HTTP/1.1" 404 20947 "-" "Mozilla/5.0 (Linux; Android 6.0.1; Nexus 5X Build/MMB29P) AppleWebKit/537.36 (KHTML, like Gecko) Chrome/148.0.7778.96 Mobile Safari/537.36 (compatible; Googlebot/2.1; +http://www.google.com/bot.html)"
157.55.39.202 - - [09/Jun/2026:10:12:00 -0400] "GET /legal-documents/ HTTP/1.1" 200 21683 "-" "Mozilla/5.0 AppleWebKit/537.36 (KHTML, like Gecko; compatible; bingbot/2.0; +http://www.bing.com/bingbot.htm) Chrome/116.0.1938.76 Safari/537.36"
63.250.38.253 - - [09/Jun/2026:10:12:43 -0400] "POST /wp-cron.php?doing_wp_cron=1781014363.6171650886535644531250 HTTP/1.1" 200 0 "-" "WordPress/7.0; https://blissfulnepal.com"
66.249.69.66 - - [09/Jun/2026:10:12:42 -0400] "GET /products/18498690 HTTP/1.1" 404 20947 "-" "Mozilla/5.0 (Linux; Android 6.0.1; Nexus 5X Build/MMB29P) AppleWebKit/537.36 (KHTML, like Gecko) Chrome/148.0.7778.96 Mobile Safari/537.36 (compatible; Googlebot/2.1; +http://www.google.com/bot.html)"
63.250.38.253 - - [09/Jun/2026:10:13:34 -0400] "POST /wp-cron.php?doing_wp_cron=1781014414.9794759750366210937500 HTTP/1.1" 200 0 "-" "WordPress/7.0; https://blissfulnepal.com"
66.249.69.66 - - [09/Jun/2026:10:13:34 -0400] "GET /products/11426523 HTTP/1.1" 404 20947 "-" "Mozilla/5.0 (Linux; Android 6.0.1; Nexus 5X Build/MMB29P) AppleWebKit/537.36 (KHTML, like Gecko) Chrome/148.0.7778.96 Mobile Safari/537.36 (compatible; Googlebot/2.1; +http://www.google.com/bot.html)"
63.250.38.253 - - [09/Jun/2026:10:14:26 -0400] "POST /wp-cron.php?doing_wp_cron=1781014466.3294420242309570312500 HTTP/1.1" 200 0 "-" "WordPress/7.0; https://blissfulnepal.com"
66.249.69.67 - - [09/Jun/2026:10:14:25 -0400] "GET /products/10197689 HTTP/1.1" 404 20947 "-" "Mozilla/5.0 (Linux; Android 6.0.1; Nexus 5X Build/MMB29P) AppleWebKit/537.36 (KHTML, like Gecko) Chrome/148.0.7778.96 Mobile Safari/537.36 (compatible; Googlebot/2.1; +http://www.google.com/bot.html)"
66.249.69.66 - - [09/Jun/2026:10:14:25 -0400] "GET /products/30206356 HTTP/1.1" 404 20947 "-" "Mozilla/5.0 (Linux; Android 6.0.1; Nexus 5X Build/MMB29P) AppleWebKit/537.36 (KHTML, like Gecko) Chrome/148.0.7778.96 Mobile Safari/537.36 (compatible; Googlebot/2.1; +http://www.google.com/bot.html)"
66.249.69.66 - - [09/Jun/2026:10:14:58 -0400] "GET /products/24772090 HTTP/1.1" 404 20947 "-" "Mozilla/5.0 (Linux; Android 6.0.1; Nexus 5X Build/MMB29P) AppleWebKit/537.36 (KHTML, like Gecko) Chrome/148.0.7778.96 Mobile Safari/537.36 (compatible; Googlebot/2.1; +http://www.google.com/bot.html)"
63.250.38.253 - - [09/Jun/2026:10:15:57 -0400] "POST /wp-cron.php?doing_wp_cron=1781014557.9699070453643798828125 HTTP/1.1" 200 0 "-" "WordPress/7.0; https://blissfulnepal.com"
66.249.69.67 - - [09/Jun/2026:10:15:56 -0400] "GET /products/29453012 HTTP/1.1" 404 20947 "-" "Mozilla/5.0 (Linux; Android 6.0.1; Nexus 5X Build/MMB29P) AppleWebKit/537.36 (KHTML, like Gecko) Chrome/148.0.7778.96 Mobile Safari/537.36 (compatible; Googlebot/2.1; +http://www.google.com/bot.html)"
63.250.38.253 - - [09/Jun/2026:10:16:24 -0400] "POST /wp-cron.php?doing_wp_cron=1781014584.5116729736328125000000 HTTP/1.1" 200 0 "-" "WordPress/7.0; https://blissfulnepal.com"
66.249.69.67 - - [09/Jun/2026:10:16:23 -0400] "GET /products/6529701 HTTP/1.1" 404 20947 "-" "Mozilla/5.0 (Linux; Android 6.0.1; Nexus 5X Build/MMB29P) AppleWebKit/537.36 (KHTML, like Gecko) Chrome/148.0.7778.96 Mobile Safari/537.36 (compatible; Googlebot/2.1; +http://www.google.com/bot.html)"
63.250.38.253 - - [09/Jun/2026:10:17:07 -0400] "POST /wp-cron.php?doing_wp_cron=1781014627.5549039840698242187500 HTTP/1.1" 200 0 "-" "WordPress/7.0; https://blissfulnepal.com"
66.249.69.67 - - [09/Jun/2026:10:17:06 -0400] "GET /products/6599390 HTTP/1.1" 404 20947 "-" "Mozilla/5.0 (Linux; Android 6.0.1; Nexus 5X Build/MMB29P) AppleWebKit/537.36 (KHTML, like Gecko) Chrome/148.0.7778.96 Mobile Safari/537.36 (compatible; Googlebot/2.1; +http://www.google.com/bot.html)"
34.173.239.49 - - [09/Jun/2026:10:18:24 -0400] "HEAD /robots.txt HTTP/1.1" 304 0 "-" "Mozilla/5.0 (X11; Linux x86_64) AppleWebKit/537.36 (KHTML, like Gecko) Chrome/136.0.0.0 Safari/537.36"
63.250.38.253 - - [09/Jun/2026:10:18:25 -0400] "POST /wp-cron.php?doing_wp_cron=1781014705.3464241027832031250000 HTTP/1.1" 200 0 "-" "WordPress/7.0; https://blissfulnepal.com"
35.224.18.204 - - [09/Jun/2026:10:18:24 -0400] "HEAD / HTTP/1.1" 200 0 "-" "Mozilla/5.0 (X11; Linux x86_64) AppleWebKit/537.36 (KHTML, like Gecko) Chrome/136.0.0.0 Safari/537.36"
35.224.18.204 - - [09/Jun/2026:10:18:25 -0400] "GET / HTTP/1.1" 200 42467 "-" "Mozilla/5.0 (X11; Linux x86_64) AppleWebKit/537.36 (KHTML, like Gecko) Chrome/136.0.0.0 Safari/537.36"
34.63.117.220 - - [09/Jun/2026:10:18:30 -0400] "HEAD /lukla-airport-the-ultimate-2026-guide-to-the-gateway-of-everest HTTP/1.1" 301 0 "-" "Mozilla/5.0 (X11; Linux x86_64) AppleWebKit/537.36 (KHTML, like Gecko) Chrome/136.0.0.0 Safari/537.36"
34.63.117.220 - - [09/Jun/2026:10:18:31 -0400] "GET /lukla-airport-the-ultimate-2026-guide-to-the-gateway-of-everest HTTP/1.1" 301 0 "-" "Mozilla/5.0 (X11; Linux x86_64) AppleWebKit/537.36 (KHTML, like Gecko) Chrome/136.0.0.0 Safari/537.36"
66.249.69.67 - - [09/Jun/2026:10:19:00 -0400] "GET /products/9368390 HTTP/1.1" 404 20947 "-" "Mozilla/5.0 (Linux; Android 6.0.1; Nexus 5X Build/MMB29P) AppleWebKit/537.36 (KHTML, like Gecko) Chrome/148.0.7778.96 Mobile Safari/537.36 (compatible; Googlebot/2.1; +http://www.google.com/bot.html)"
5.31.164.219 - - [09/Jun/2026:10:19:02 -0400] "GET /products/7051256 HTTP/1.1" 404 24088 "-" "Mozilla/5.0 (Windows NT 10.0; Win64; x64) AppleWebKit/537.36 (KHTML, like Gecko) Chrome/98.0.4758.87 Safari/537.36"
63.250.38.253 - - [09/Jun/2026:10:19:30 -0400] "POST /wp-cron.php?doing_wp_cron=1781014770.0275990962982177734375 HTTP/1.1" 200 0 "-" "WordPress/7.0; https://blissfulnepal.com"
66.249.69.66 - - [09/Jun/2026:10:19:29 -0400] "GET /products/1797278 HTTP/1.1" 404 20947 "-" "Mozilla/5.0 (Linux; Android 6.0.1; Nexus 5X Build/MMB29P) AppleWebKit/537.36 (KHTML, like Gecko) Chrome/148.0.7778.96 Mobile Safari/537.36 (compatible; Googlebot/2.1; +http://www.google.com/bot.html)"
63.250.38.253 - - [09/Jun/2026:10:20:15 -0400] "POST /wp-cron.php?doing_wp_cron=1781014815.2470788955688476562500 HTTP/1.1" 200 0 "-" "WordPress/7.0; https://blissfulnepal.com"
188.113.233.221 - - [09/Jun/2026:10:20:14 -0400] "GET /products/7727234 HTTP/1.1" 404 24088 "-" "Mozilla/5.0 (Macintosh; Intel Mac OS X 11_1_0) AppleWebKit/537.36 (KHTML, like Gecko) Chrome/88.0.4324.150 Safari/537.36"
17.241.75.176 - - [09/Jun/2026:10:20:19 -0400] "GET /tourism-capital-of-nepal/ HTTP/1.1" 200 30986 "-" "Mozilla/5.0 (Macintosh; Intel Mac OS X 10_15_7) AppleWebKit/605.1.15 (KHTML, like Gecko) Version/17.4 Safari/605.1.15 (Applebot/0.1; +http://www.apple.com/go/applebot)"
66.249.69.65 - - [09/Jun/2026:10:20:20 -0400] "GET /products/28386056 HTTP/1.1" 404 20947 "-" "Mozilla/5.0 (Linux; Android 6.0.1; Nexus 5X Build/MMB29P) AppleWebKit/537.36 (KHTML, like Gecko) Chrome/148.0.7778.96 Mobile Safari/537.36 (compatible; Googlebot/2.1; +http://www.google.com/bot.html)"
63.250.38.253 - - [09/Jun/2026:10:21:12 -0400] "POST /wp-cron.php?doing_wp_cron=1781014872.7142550945281982421875 HTTP/1.1" 200 0 "-" "WordPress/7.0; https://blissfulnepal.com"
66.249.69.65 - - [09/Jun/2026:10:21:11 -0400] "GET /products/18642301 HTTP/1.1" 404 20947 "-" "Mozilla/5.0 (Linux; Android 6.0.1; Nexus 5X Build/MMB29P) AppleWebKit/537.36 (KHTML, like Gecko) Chrome/148.0.7778.96 Mobile Safari/537.36 (compatible; Googlebot/2.1; +http://www.google.com/bot.html)"
66.249.69.66 - - [09/Jun/2026:10:22:03 -0400] "GET /products/30361589 HTTP/1.1" 404 20947 "-" "Mozilla/5.0 (Linux; Android 6.0.1; Nexus 5X Build/MMB29P) AppleWebKit/537.36 (KHTML, like Gecko) Chrome/148.0.7778.96 Mobile Safari/537.36 (compatible; Googlebot/2.1; +http://www.google.com/bot.html)"
66.249.69.66 - - [09/Jun/2026:10:22:04 -0400] "GET /products/18456178 HTTP/1.1" 404 20947 "-" "Mozilla/5.0 (Linux; Android 6.0.1; Nexus 5X Build/MMB29P) AppleWebKit/537.36 (KHTML, like Gecko) Chrome/148.0.7778.96 Mobile Safari/537.36 (compatible; Googlebot/2.1; +http://www.google.com/bot.html)"
63.250.38.253 - - [09/Jun/2026:10:22:34 -0400] "POST /wp-cron.php?doing_wp_cron=1781014954.4855780601501464843750 HTTP/1.1" 200 0 "-" "WordPress/7.0; https://blissfulnepal.com"
66.249.69.65 - - [09/Jun/2026:10:22:33 -0400] "GET /products/5224612 HTTP/1.1" 404 20947 "-" "Mozilla/5.0 (Linux; Android 6.0.1; Nexus 5X Build/MMB29P) AppleWebKit/537.36 (KHTML, like Gecko) Chrome/148.0.7778.96 Mobile Safari/537.36 (compatible; Googlebot/2.1; +http://www.google.com/bot.html)"
66.249.69.65 - - [09/Jun/2026:10:22:33 -0400] "GET /products/3125801 HTTP/1.1" 404 20947 "-" "Mozilla/5.0 (Linux; Android 6.0.1; Nexus 5X Build/MMB29P) AppleWebKit/537.36 (KHTML, like Gecko) Chrome/148.0.7778.96 Mobile Safari/537.36 (compatible; Googlebot/2.1; +http://www.google.com/bot.html)"
63.250.38.253 - - [09/Jun/2026:10:23:25 -0400] "POST /wp-cron.php?doing_wp_cron=1781015005.9487779140472412109375 HTTP/1.1" 200 0 "-" "WordPress/7.0; https://blissfulnepal.com"
66.249.69.67 - - [09/Jun/2026:10:23:25 -0400] "GET /products/2986990 HTTP/1.1" 404 20947 "-" "Mozilla/5.0 (Linux; Android 6.0.1; Nexus 5X Build/MMB29P) AppleWebKit/537.36 (KHTML, like Gecko) Chrome/148.0.7778.96 Mobile Safari/537.36 (compatible; Googlebot/2.1; +http://www.google.com/bot.html)"
103.221.220.62 - - [09/Jun/2026:10:23:55 -0400] "GET /.env HTTP/1.1" 403 1242 "-" "Mozilla/5.0 (Macintosh; Intel Mac OS X 10_15_7) AppleWebKit/537.36 (KHTML, like Gecko) Chrome/91.0.4472.124 Safari/537.36"
103.221.220.62 - - [09/Jun/2026:10:23:55 -0400] "GET /backend/.env HTTP/1.1" 403 1242 "-" "Mozilla/5.0 (Macintosh; Intel Mac OS X 10_15_7) AppleWebKit/537.36 (KHTML, like Gecko) Chrome/91.0.4472.124 Safari/537.36"
103.221.220.62 - - [09/Jun/2026:10:23:55 -0400] "GET /bank/.env HTTP/1.1" 403 1242 "-" "Mozilla/5.0 (Macintosh; Intel Mac OS X 10_15_7) AppleWebKit/537.36 (KHTML, like Gecko) Chrome/91.0.4472.124 Safari/537.36"
103.221.220.62 - - [09/Jun/2026:10:23:55 -0400] "GET /member/.env HTTP/1.1" 403 1242 "-" "Mozilla/5.0 (Macintosh; Intel Mac OS X 10_15_7) AppleWebKit/537.36 (KHTML, like Gecko) Chrome/91.0.4472.124 Safari/537.36"
103.221.220.62 - - [09/Jun/2026:10:23:55 -0400] "GET /new/.env HTTP/1.1" 403 1242 "-" "Mozilla/5.0 (Macintosh; Intel Mac OS X 10_15_7) AppleWebKit/537.36 (KHTML, like Gecko) Chrome/91.0.4472.124 Safari/537.36"
103.221.220.62 - - [09/Jun/2026:10:23:55 -0400] "GET /admin/.env HTTP/1.1" 403 1242 "-" "Mozilla/5.0 (Macintosh; Intel Mac OS X 10_15_7) AppleWebKit/537.36 (KHTML, like Gecko) Chrome/91.0.4472.124 Safari/537.36"
103.221.220.62 - - [09/Jun/2026:10:23:55 -0400] "GET /app/.env HTTP/1.1" 403 1242 "-" "Mozilla/5.0 (Macintosh; Intel Mac OS X 10_15_7) AppleWebKit/537.36 (KHTML, like Gecko) Chrome/91.0.4472.124 Safari/537.36"
103.221.220.62 - - [09/Jun/2026:10:23:55 -0400] "GET /api/.env HTTP/1.1" 403 1242 "-" "Mozilla/5.0 (Macintosh; Intel Mac OS X 10_15_7) AppleWebKit/537.36 (KHTML, like Gecko) Chrome/91.0.4472.124 Safari/537.36"
5.161.216.238 - - [09/Jun/2026:10:23:55 -0400] "POST /wp-load.php?282a80=60698 HTTP/1.1" 200 8443 "-" "Mozilla/5.0 (Windows NT 10.0; Win64; x64) AppleWebKit/537.36 (KHTML, like Gecko) Chrome/138.0.0.0 Safari/537.36"
103.221.220.62 - - [09/Jun/2026:10:23:57 -0400] "GET /core/.env HTTP/1.1" 403 1242 "-" "Mozilla/5.0 (Macintosh; Intel Mac OS X 10_15_7) AppleWebKit/537.36 (KHTML, like Gecko) Chrome/91.0.4472.124 Safari/537.36"
178.156.128.204 - - [09/Jun/2026:10:24:03 -0400] "POST /wp-load.php?a9ed28=40105 HTTP/1.1" 200 3739 "https://blissfulnepal.com/" "Mozilla/5.0 (Windows NT 10.0; Win64; x64) AppleWebKit/537.36 (KHTML, like Gecko) Chrome/138.0.0.0 Safari/537.36"
63.250.38.253 - - [09/Jun/2026:10:24:17 -0400] "POST /wp-cron.php?doing_wp_cron=1781015057.3612229824066162109375 HTTP/1.1" 200 0 "-" "WordPress/7.0; https://blissfulnepal.com"
66.249.69.65 - - [09/Jun/2026:10:24:16 -0400] "GET /products/25302778 HTTP/1.1" 404 20947 "-" "Mozilla/5.0 (Linux; Android 6.0.1; Nexus 5X Build/MMB29P) AppleWebKit/537.36 (KHTML, like Gecko) Chrome/148.0.7778.96 Mobile Safari/537.36 (compatible; Googlebot/2.1; +http://www.google.com/bot.html)"
1.13.158.23 - - [09/Jun/2026:10:24:20 -0400] "GET / HTTP/1.1" 301 0 "http://www.blissfulnepal.com" "Mozilla/5.0 (iPhone; CPU iPhone OS 13_2_3 like Mac OS X) AppleWebKit/605.1.15 (KHTML, like Gecko) Version/13.0.3 Mobile/15E148 Safari/604.1"
63.250.38.253 - - [09/Jun/2026:10:25:08 -0400] "POST /wp-cron.php?doing_wp_cron=1781015108.7322449684143066406250 HTTP/1.1" 200 0 "-" "WordPress/7.0; https://blissfulnepal.com"
66.249.69.65 - - [09/Jun/2026:10:25:07 -0400] "GET /products/18469156 HTTP/1.1" 404 20947 "-" "Mozilla/5.0 (Linux; Android 6.0.1; Nexus 5X Build/MMB29P) AppleWebKit/537.36 (KHTML, like Gecko) Chrome/148.0.7778.96 Mobile Safari/537.36 (compatible; Googlebot/2.1; +http://www.google.com/bot.html)"
193.19.109.249 - - [09/Jun/2026:10:25:33 -0400] "POST /wp-login.php HTTP/1.1" 503 7732 "-" "Mozilla/5.0 (Macintosh; Intel Mac OS X 10_15_7) AppleWebKit/605.1.15 Version/17.0 Safari/605.1.15"
66.249.69.66 - - [09/Jun/2026:10:25:34 -0400] "GET /products/1615590 HTTP/1.1" 404 20947 "-" "Mozilla/5.0 (Linux; Android 6.0.1; Nexus 5X Build/MMB29P) AppleWebKit/537.36 (KHTML, like Gecko) Chrome/148.0.7778.96 Mobile Safari/537.36 (compatible; Googlebot/2.1; +http://www.google.com/bot.html)"
66.249.69.65 - - [09/Jun/2026:10:25:34 -0400] "GET /products/12617190 HTTP/1.1" 404 20947 "-" "Mozilla/5.0 (Linux; Android 6.0.1; Nexus 5X Build/MMB29P) AppleWebKit/537.36 (KHTML, like Gecko) Chrome/148.0.7778.96 Mobile Safari/537.36 (compatible; Googlebot/2.1; +http://www.google.com/bot.html)"
63.250.38.253 - - [09/Jun/2026:10:26:27 -0400] "POST /wp-cron.php?doing_wp_cron=1781015187.5612668991088867187500 HTTP/1.1" 200 0 "-" "WordPress/7.0; https://blissfulnepal.com"
66.249.69.65 - - [09/Jun/2026:10:26:26 -0400] "GET /products/26385623 HTTP/1.1" 404 20947 "-" "Mozilla/5.0 (Linux; Android 6.0.1; Nexus 5X Build/MMB29P) AppleWebKit/537.36 (KHTML, like Gecko) Chrome/148.0.7778.96 Mobile Safari/537.36 (compatible; Googlebot/2.1; +http://www.google.com/bot.html)"
63.250.38.253 - - [09/Jun/2026:10:27:07 -0400] "POST /wp-cron.php?doing_wp_cron=1781015227.5282371044158935546875 HTTP/1.1" 200 0 "-" "WordPress/7.0; https://blissfulnepal.com"
66.249.69.66 - - [09/Jun/2026:10:27:06 -0400] "GET /products/20362612 HTTP/1.1" 404 20947 "-" "Mozilla/5.0 (Linux; Android 6.0.1; Nexus 5X Build/MMB29P) AppleWebKit/537.36 (KHTML, like Gecko) Chrome/148.0.7778.96 Mobile Safari/537.36 (compatible; Googlebot/2.1; +http://www.google.com/bot.html)"
63.250.38.253 - - [09/Jun/2026:10:28:15 -0400] "POST /wp-cron.php?doing_wp_cron=1781015295.7417500019073486328125 HTTP/1.1" 200 0 "-" "WordPress/7.0; https://blissfulnepal.com"
66.249.69.66 - - [09/Jun/2026:10:28:14 -0400] "GET /products/12016656 HTTP/1.1" 404 20947 "-" "Mozilla/5.0 (Linux; Android 6.0.1; Nexus 5X Build/MMB29P) AppleWebKit/537.36 (KHTML, like Gecko) Chrome/148.0.7778.96 Mobile Safari/537.36 (compatible; Googlebot/2.1; +http://www.google.com/bot.html)"
66.249.69.65 - - [09/Jun/2026:10:28:41 -0400] "GET /products/22305501 HTTP/1.1" 404 20947 "-" "Mozilla/5.0 (Linux; Android 6.0.1; Nexus 5X Build/MMB29P) AppleWebKit/537.36 (KHTML, like Gecko) Chrome/148.0.7778.96 Mobile Safari/537.36 (compatible; Googlebot/2.1; +http://www.google.com/bot.html)"
63.250.38.253 - - [09/Jun/2026:10:29:33 -0400] "POST /wp-cron.php?doing_wp_cron=1781015373.3897490501403808593750 HTTP/1.1" 200 0 "-" "WordPress/7.0; https://blissfulnepal.com"
66.249.69.65 - - [09/Jun/2026:10:29:32 -0400] "GET /products/3351012 HTTP/1.1" 404 20947 "-" "Mozilla/5.0 (Linux; Android 6.0.1; Nexus 5X Build/MMB29P) AppleWebKit/537.36 (KHTML, like Gecko) Chrome/148.0.7778.96 Mobile Safari/537.36 (compatible; Googlebot/2.1; +http://www.google.com/bot.html)"
63.250.38.253 - - [09/Jun/2026:10:30:24 -0400] "POST /wp-cron.php?doing_wp_cron=1781015424.7144870758056640625000 HTTP/1.1" 200 0 "-" "WordPress/7.0; https://blissfulnepal.com"
66.249.69.65 - - [09/Jun/2026:10:30:23 -0400] "GET /products/15273467 HTTP/1.1" 404 20947 "-" "Mozilla/5.0 (Linux; Android 6.0.1; Nexus 5X Build/MMB29P) AppleWebKit/537.36 (KHTML, like Gecko) Chrome/148.0.7778.96 Mobile Safari/537.36 (compatible; Googlebot/2.1; +http://www.google.com/bot.html)"
