82.35.109.33 - - [09/Jun/2026:11:50:36 -0400] "GET /wp-content/plugins/tourmaster/tourmaster.css?ver=4.1.4 HTTP/1.1" 200 25245 "https://blissfulnepal.com/tour/everest-base-camp-trek/?msclkid=05a06d561c72156ab74c077e2a353528" "Mozilla/5.0 (Windows NT 10.0; Win64; x64) AppleWebKit/537.36 (KHTML, like Gecko) Chrome/148.0.0.0 Safari/537.36 Edg/148.0.0.0"
82.35.109.33 - - [09/Jun/2026:11:50:36 -0400] "GET /wp-content/uploads/traveltour-style-custom.css?1760010053&ver=7.0 HTTP/1.1" 200 11458 "https://blissfulnepal.com/tour/everest-base-camp-trek/?msclkid=05a06d561c72156ab74c077e2a353528" "Mozilla/5.0 (Windows NT 10.0; Win64; x64) AppleWebKit/537.36 (KHTML, like Gecko) Chrome/148.0.0.0 Safari/537.36 Edg/148.0.0.0"
82.35.109.33 - - [09/Jun/2026:11:50:36 -0400] "GET /wp-includes/js/jquery/jquery.min.js?ver=3.7.1 HTTP/1.1" 200 29744 "https://blissfulnepal.com/tour/everest-base-camp-trek/?msclkid=05a06d561c72156ab74c077e2a353528" "Mozilla/5.0 (Windows NT 10.0; Win64; x64) AppleWebKit/537.36 (KHTML, like Gecko) Chrome/148.0.0.0 Safari/537.36 Edg/148.0.0.0"
82.35.109.33 - - [09/Jun/2026:11:50:36 -0400] "GET /wp-content/uploads/tourmaster-global-style-custom.css?1706106265&ver=7.0 HTTP/1.1" 200 2379 "https://blissfulnepal.com/tour/everest-base-camp-trek/?msclkid=05a06d561c72156ab74c077e2a353528" "Mozilla/5.0 (Windows NT 10.0; Win64; x64) AppleWebKit/537.36 (KHTML, like Gecko) Chrome/148.0.0.0 Safari/537.36 Edg/148.0.0.0"
82.35.109.33 - - [09/Jun/2026:11:50:36 -0400] "GET /wp-content/themes/traveltour-child/style.css?ver=7.0 HTTP/1.1" 200 1899 "https://blissfulnepal.com/tour/everest-base-camp-trek/?msclkid=05a06d561c72156ab74c077e2a353528" "Mozilla/5.0 (Windows NT 10.0; Win64; x64) AppleWebKit/537.36 (KHTML, like Gecko) Chrome/148.0.0.0 Safari/537.36 Edg/148.0.0.0"
82.35.109.33 - - [09/Jun/2026:11:50:36 -0400] "GET /wp-content/uploads/tourmaster-style-custom.css?1704637314&ver=7.0 HTTP/1.1" 200 2069 "https://blissfulnepal.com/tour/everest-base-camp-trek/?msclkid=05a06d561c72156ab74c077e2a353528" "Mozilla/5.0 (Windows NT 10.0; Win64; x64) AppleWebKit/537.36 (KHTML, like Gecko) Chrome/148.0.0.0 Safari/537.36 Edg/148.0.0.0"
82.35.109.33 - - [09/Jun/2026:11:50:36 -0400] "GET /wp-content/themes/traveltour/css/style-core.css?ver=7.0 HTTP/1.1" 200 15506 "https://blissfulnepal.com/tour/everest-base-camp-trek/?msclkid=05a06d561c72156ab74c077e2a353528" "Mozilla/5.0 (Windows NT 10.0; Win64; x64) AppleWebKit/537.36 (KHTML, like Gecko) Chrome/148.0.0.0 Safari/537.36 Edg/148.0.0.0"
82.35.109.33 - - [09/Jun/2026:11:50:36 -0400] "GET /wp-content/plugins/wp-tripadvisor-review-slider/public/js/wprev-public.js?ver=14.3 HTTP/1.1" 200 1543 "https://blissfulnepal.com/tour/everest-base-camp-trek/?msclkid=05a06d561c72156ab74c077e2a353528" "Mozilla/5.0 (Windows NT 10.0; Win64; x64) AppleWebKit/537.36 (KHTML, like Gecko) Chrome/148.0.0.0 Safari/537.36 Edg/148.0.0.0"
82.35.109.33 - - [09/Jun/2026:11:50:36 -0400] "GET /wp-content/themes/traveltour-child/moreless.js?ver=7.0 HTTP/1.1" 200 0 "https://blissfulnepal.com/tour/everest-base-camp-trek/?msclkid=05a06d561c72156ab74c077e2a353528" "Mozilla/5.0 (Windows NT 10.0; Win64; x64) AppleWebKit/537.36 (KHTML, like Gecko) Chrome/148.0.0.0 Safari/537.36 Edg/148.0.0.0"
82.35.109.33 - - [09/Jun/2026:11:50:36 -0400] "GET /wp-content/themes/traveltour-child/child-script.js?ver=7.0 HTTP/1.1" 200 190 "https://blissfulnepal.com/tour/everest-base-camp-trek/?msclkid=05a06d561c72156ab74c077e2a353528" "Mozilla/5.0 (Windows NT 10.0; Win64; x64) AppleWebKit/537.36 (KHTML, like Gecko) Chrome/148.0.0.0 Safari/537.36 Edg/148.0.0.0"
82.35.109.33 - - [09/Jun/2026:11:50:36 -0400] "GET /wp-content/plugins/wp-tripadvisor-review-slider/public/js/wprs-unslider-swipe.js?ver=14.3 HTTP/1.1" 200 4286 "https://blissfulnepal.com/tour/everest-base-camp-trek/?msclkid=05a06d561c72156ab74c077e2a353528" "Mozilla/5.0 (Windows NT 10.0; Win64; x64) AppleWebKit/537.36 (KHTML, like Gecko) Chrome/148.0.0.0 Safari/537.36 Edg/148.0.0.0"
82.35.109.33 - - [09/Jun/2026:11:50:36 -0400] "GET /wp-includes/js/jquery/jquery-migrate.min.js?ver=3.4.1 HTTP/1.1" 200 4678 "https://blissfulnepal.com/tour/everest-base-camp-trek/?msclkid=05a06d561c72156ab74c077e2a353528" "Mozilla/5.0 (Windows NT 10.0; Win64; x64) AppleWebKit/537.36 (KHTML, like Gecko) Chrome/148.0.0.0 Safari/537.36 Edg/148.0.0.0"
82.35.109.33 - - [09/Jun/2026:11:50:36 -0400] "GET /wp-content/plugins/goodlayers-core/plugins/style.css?ver=1760010053 HTTP/1.1" 200 4902 "https://blissfulnepal.com/tour/everest-base-camp-trek/?msclkid=05a06d561c72156ab74c077e2a353528" "Mozilla/5.0 (Windows NT 10.0; Win64; x64) AppleWebKit/537.36 (KHTML, like Gecko) Chrome/148.0.0.0 Safari/537.36 Edg/148.0.0.0"
82.35.109.33 - - [09/Jun/2026:11:50:36 -0400] "GET /wp-content/uploads/2023/01/destination-world.svg HTTP/1.1" 200 3223 "https://blissfulnepal.com/tour/everest-base-camp-trek/?msclkid=05a06d561c72156ab74c077e2a353528" "Mozilla/5.0 (Windows NT 10.0; Win64; x64) AppleWebKit/537.36 (KHTML, like Gecko) Chrome/148.0.0.0 Safari/537.36 Edg/148.0.0.0"
82.35.109.33 - - [09/Jun/2026:11:50:36 -0400] "GET /wp-content/themes/traveltour-child/my-script.js?ver=7.0 HTTP/1.1" 200 195 "https://blissfulnepal.com/tour/everest-base-camp-trek/?msclkid=05a06d561c72156ab74c077e2a353528" "Mozilla/5.0 (Windows NT 10.0; Win64; x64) AppleWebKit/537.36 (KHTML, like Gecko) Chrome/148.0.0.0 Safari/537.36 Edg/148.0.0.0"
82.35.109.33 - - [09/Jun/2026:11:50:36 -0400] "GET /wp-content/plugins/newsletter/style.css?ver=9.2.6 HTTP/1.1" 200 1431 "https://blissfulnepal.com/tour/everest-base-camp-trek/?msclkid=05a06d561c72156ab74c077e2a353528" "Mozilla/5.0 (Windows NT 10.0; Win64; x64) AppleWebKit/537.36 (KHTML, like Gecko) Chrome/148.0.0.0 Safari/537.36 Edg/148.0.0.0"
82.35.109.33 - - [09/Jun/2026:11:50:36 -0400] "GET /wp-content/plugins/tlp-team/assets/css/tlpteam.css?ver=5.0.16 HTTP/1.1" 200 22214 "https://blissfulnepal.com/tour/everest-base-camp-trek/?msclkid=05a06d561c72156ab74c077e2a353528" "Mozilla/5.0 (Windows NT 10.0; Win64; x64) AppleWebKit/537.36 (KHTML, like Gecko) Chrome/148.0.0.0 Safari/537.36 Edg/148.0.0.0"
82.35.109.33 - - [09/Jun/2026:11:50:36 -0400] "GET /wp-content/plugins/goodlayers-core/plugins/fontawesome/font-awesome.css?ver=7.0 HTTP/1.1" 200 6600 "https://blissfulnepal.com/tour/everest-base-camp-trek/?msclkid=05a06d561c72156ab74c077e2a353528" "Mozilla/5.0 (Windows NT 10.0; Win64; x64) AppleWebKit/537.36 (KHTML, like Gecko) Chrome/148.0.0.0 Safari/537.36 Edg/148.0.0.0"
82.35.109.33 - - [09/Jun/2026:11:50:36 -0400] "GET /wp-content/uploads/2024/06/logo-with-ribbon-png-final-website.png HTTP/1.1" 200 3392069 "https://blissfulnepal.com/tour/everest-base-camp-trek/?msclkid=05a06d561c72156ab74c077e2a353528" "Mozilla/5.0 (Windows NT 10.0; Win64; x64) AppleWebKit/537.36 (KHTML, like Gecko) Chrome/148.0.0.0 Safari/537.36 Edg/148.0.0.0"
82.35.109.33 - - [09/Jun/2026:11:50:37 -0400] "GET /wp-content/plugins/goodlayers-core/plugins/script.js?ver=1760010053 HTTP/1.1" 200 114327 "https://blissfulnepal.com/tour/everest-base-camp-trek/?msclkid=05a06d561c72156ab74c077e2a353528" "Mozilla/5.0 (Windows NT 10.0; Win64; x64) AppleWebKit/537.36 (KHTML, like Gecko) Chrome/148.0.0.0 Safari/537.36 Edg/148.0.0.0"
82.35.109.33 - - [09/Jun/2026:11:50:37 -0400] "GET /wp-content/plugins/goodlayers-core/include/js/page-builder.js?ver=1.3.9 HTTP/1.1" 200 17186 "https://blissfulnepal.com/tour/everest-base-camp-trek/?msclkid=05a06d561c72156ab74c077e2a353528" "Mozilla/5.0 (Windows NT 10.0; Win64; x64) AppleWebKit/537.36 (KHTML, like Gecko) Chrome/148.0.0.0 Safari/537.36 Edg/148.0.0.0"
82.35.109.33 - - [09/Jun/2026:11:50:37 -0400] "GET /wp-includes/js/jquery/ui/datepicker.min.js?ver=1.13.3 HTTP/1.1" 200 10506 "https://blissfulnepal.com/tour/everest-base-camp-trek/?msclkid=05a06d561c72156ab74c077e2a353528" "Mozilla/5.0 (Windows NT 10.0; Win64; x64) AppleWebKit/537.36 (KHTML, like Gecko) Chrome/148.0.0.0 Safari/537.36 Edg/148.0.0.0"
82.35.109.33 - - [09/Jun/2026:11:50:37 -0400] "GET /wp-includes/js/imagesloaded.min.js?ver=5.0.0 HTTP/1.1" 200 1687 "https://blissfulnepal.com/tour/everest-base-camp-trek/?msclkid=05a06d561c72156ab74c077e2a353528" "Mozilla/5.0 (Windows NT 10.0; Win64; x64) AppleWebKit/537.36 (KHTML, like Gecko) Chrome/148.0.0.0 Safari/537.36 Edg/148.0.0.0"
82.35.109.33 - - [09/Jun/2026:11:50:37 -0400] "GET /wp-includes/js/jquery/ui/core.min.js?ver=1.13.3 HTTP/1.1" 200 6812 "https://blissfulnepal.com/tour/everest-base-camp-trek/?msclkid=05a06d561c72156ab74c077e2a353528" "Mozilla/5.0 (Windows NT 10.0; Win64; x64) AppleWebKit/537.36 (KHTML, like Gecko) Chrome/148.0.0.0 Safari/537.36 Edg/148.0.0.0"
82.35.109.33 - - [09/Jun/2026:11:50:37 -0400] "GET /wp-content/plugins/wp-google-map-plugin/assets/js/maps.js?ver=4.9.5 HTTP/1.1" 200 174669 "https://blissfulnepal.com/tour/everest-base-camp-trek/?msclkid=05a06d561c72156ab74c077e2a353528" "Mozilla/5.0 (Windows NT 10.0; Win64; x64) AppleWebKit/537.36 (KHTML, like Gecko) Chrome/148.0.0.0 Safari/537.36 Edg/148.0.0.0"
82.35.109.33 - - [09/Jun/2026:11:50:37 -0400] "GET /wp-includes/js/jquery/ui/effect.min.js?ver=1.13.3 HTTP/1.1" 200 3724 "https://blissfulnepal.com/tour/everest-base-camp-trek/?msclkid=05a06d561c72156ab74c077e2a353528" "Mozilla/5.0 (Windows NT 10.0; Win64; x64) AppleWebKit/537.36 (KHTML, like Gecko) Chrome/148.0.0.0 Safari/537.36 Edg/148.0.0.0"
82.35.109.33 - - [09/Jun/2026:11:50:37 -0400] "GET /wp-includes/js/jquery/jquery.masonry.min.js?ver=3.1.2b HTTP/1.1" 200 628 "https://blissfulnepal.com/tour/everest-base-camp-trek/?msclkid=05a06d561c72156ab74c077e2a353528" "Mozilla/5.0 (Windows NT 10.0; Win64; x64) AppleWebKit/537.36 (KHTML, like Gecko) Chrome/148.0.0.0 Safari/537.36 Edg/148.0.0.0"
82.35.109.33 - - [09/Jun/2026:11:50:37 -0400] "GET /wp-includes/js/masonry.min.js?ver=4.2.2 HTTP/1.1" 200 7117 "https://blissfulnepal.com/tour/everest-base-camp-trek/?msclkid=05a06d561c72156ab74c077e2a353528" "Mozilla/5.0 (Windows NT 10.0; Win64; x64) AppleWebKit/537.36 (KHTML, like Gecko) Chrome/148.0.0.0 Safari/537.36 Edg/148.0.0.0"
82.35.109.33 - - [09/Jun/2026:11:50:37 -0400] "GET /wp-content/plugins/table-of-contents-plus/front.min.js?ver=2411.1 HTTP/1.1" 200 2198 "https://blissfulnepal.com/tour/everest-base-camp-trek/?msclkid=05a06d561c72156ab74c077e2a353528" "Mozilla/5.0 (Windows NT 10.0; Win64; x64) AppleWebKit/537.36 (KHTML, like Gecko) Chrome/148.0.0.0 Safari/537.36 Edg/148.0.0.0"
82.35.109.33 - - [09/Jun/2026:11:50:37 -0400] "GET /wp-content/plugins/tourmaster/tourmaster.js?ver=7.0 HTTP/1.1" 200 14678 "https://blissfulnepal.com/tour/everest-base-camp-trek/?msclkid=05a06d561c72156ab74c077e2a353528" "Mozilla/5.0 (Windows NT 10.0; Win64; x64) AppleWebKit/537.36 (KHTML, like Gecko) Chrome/148.0.0.0 Safari/537.36 Edg/148.0.0.0"
82.35.109.33 - - [09/Jun/2026:11:50:37 -0400] "GET /wp-content/plugins/newsletter/main.js?ver=9.2.6 HTTP/1.1" 200 319 "https://blissfulnepal.com/tour/everest-base-camp-trek/?msclkid=05a06d561c72156ab74c077e2a353528" "Mozilla/5.0 (Windows NT 10.0; Win64; x64) AppleWebKit/537.36 (KHTML, like Gecko) Chrome/148.0.0.0 Safari/537.36 Edg/148.0.0.0"
82.35.109.33 - - [09/Jun/2026:11:50:37 -0400] "GET /wp-content/themes/traveltour/js/script-core.js?ver=1.0.0 HTTP/1.1" 200 13024 "https://blissfulnepal.com/tour/everest-base-camp-trek/?msclkid=05a06d561c72156ab74c077e2a353528" "Mozilla/5.0 (Windows NT 10.0; Win64; x64) AppleWebKit/537.36 (KHTML, like Gecko) Chrome/148.0.0.0 Safari/537.36 Edg/148.0.0.0"
82.35.109.33 - - [09/Jun/2026:11:50:37 -0400] "GET /wp-content/uploads/2023/01/calendar-days-svgrepo-com-1.svg HTTP/1.1" 200 526 "https://blissfulnepal.com/tour/everest-base-camp-trek/?msclkid=05a06d561c72156ab74c077e2a353528" "Mozilla/5.0 (Windows NT 10.0; Win64; x64) AppleWebKit/537.36 (KHTML, like Gecko) Chrome/148.0.0.0 Safari/537.36 Edg/148.0.0.0"
82.35.109.33 - - [09/Jun/2026:11:50:37 -0400] "GET /wp-content/plugins/wp-google-map-plugin/assets/js/wpgmp_frontend.js?ver=4.9.5 HTTP/1.1" 200 135266 "https://blissfulnepal.com/tour/everest-base-camp-trek/?msclkid=05a06d561c72156ab74c077e2a353528" "Mozilla/5.0 (Windows NT 10.0; Win64; x64) AppleWebKit/537.36 (KHTML, like Gecko) Chrome/148.0.0.0 Safari/537.36 Edg/148.0.0.0"
82.35.109.33 - - [09/Jun/2026:11:50:37 -0400] "GET /wp-content/plugins/tourmaster/tour/tourmaster-tour.js?ver=7.0 HTTP/1.1" 200 11183 "https://blissfulnepal.com/tour/everest-base-camp-trek/?msclkid=05a06d561c72156ab74c077e2a353528" "Mozilla/5.0 (Windows NT 10.0; Win64; x64) AppleWebKit/537.36 (KHTML, like Gecko) Chrome/148.0.0.0 Safari/537.36 Edg/148.0.0.0"
82.35.109.33 - - [09/Jun/2026:11:50:37 -0400] "GET /wp-content/uploads/2023/01/hiking-svgrepo-com.svg HTTP/1.1" 200 714 "https://blissfulnepal.com/tour/everest-base-camp-trek/?msclkid=05a06d561c72156ab74c077e2a353528" "Mozilla/5.0 (Windows NT 10.0; Win64; x64) AppleWebKit/537.36 (KHTML, like Gecko) Chrome/148.0.0.0 Safari/537.36 Edg/148.0.0.0"
82.35.109.33 - - [09/Jun/2026:11:50:37 -0400] "GET /wp-content/uploads/2023/01/altitude.svg HTTP/1.1" 200 485 "https://blissfulnepal.com/tour/everest-base-camp-trek/?msclkid=05a06d561c72156ab74c077e2a353528" "Mozilla/5.0 (Windows NT 10.0; Win64; x64) AppleWebKit/537.36 (KHTML, like Gecko) Chrome/148.0.0.0 Safari/537.36 Edg/148.0.0.0"
82.35.109.33 - - [09/Jun/2026:11:50:37 -0400] "GET /wp-content/uploads/2023/01/destination-1.svg HTTP/1.1" 200 792 "https://blissfulnepal.com/tour/everest-base-camp-trek/?msclkid=05a06d561c72156ab74c077e2a353528" "Mozilla/5.0 (Windows NT 10.0; Win64; x64) AppleWebKit/537.36 (KHTML, like Gecko) Chrome/148.0.0.0 Safari/537.36 Edg/148.0.0.0"
82.35.109.33 - - [09/Jun/2026:11:50:37 -0400] "GET /wp-content/uploads/2023/01/trip-grading.svg HTTP/1.1" 200 909 "https://blissfulnepal.com/tour/everest-base-camp-trek/?msclkid=05a06d561c72156ab74c077e2a353528" "Mozilla/5.0 (Windows NT 10.0; Win64; x64) AppleWebKit/537.36 (KHTML, like Gecko) Chrome/148.0.0.0 Safari/537.36 Edg/148.0.0.0"
82.35.109.33 - - [09/Jun/2026:11:50:37 -0400] "GET /wp-content/uploads/2023/01/distance-svgrepo-com.svg HTTP/1.1" 200 617 "https://blissfulnepal.com/tour/everest-base-camp-trek/?msclkid=05a06d561c72156ab74c077e2a353528" "Mozilla/5.0 (Windows NT 10.0; Win64; x64) AppleWebKit/537.36 (KHTML, like Gecko) Chrome/148.0.0.0 Safari/537.36 Edg/148.0.0.0"
82.35.109.33 - - [09/Jun/2026:11:50:37 -0400] "GET /wp-content/uploads/2023/01/group-svgrepo-com.svg HTTP/1.1" 200 825 "https://blissfulnepal.com/tour/everest-base-camp-trek/?msclkid=05a06d561c72156ab74c077e2a353528" "Mozilla/5.0 (Windows NT 10.0; Win64; x64) AppleWebKit/537.36 (KHTML, like Gecko) Chrome/148.0.0.0 Safari/537.36 Edg/148.0.0.0"
82.35.109.33 - - [09/Jun/2026:11:50:37 -0400] "GET /wp-content/uploads/2023/01/bus.svg HTTP/1.1" 200 891 "https://blissfulnepal.com/tour/everest-base-camp-trek/?msclkid=05a06d561c72156ab74c077e2a353528" "Mozilla/5.0 (Windows NT 10.0; Win64; x64) AppleWebKit/537.36 (KHTML, like Gecko) Chrome/148.0.0.0 Safari/537.36 Edg/148.0.0.0"
82.35.109.33 - - [09/Jun/2026:11:50:37 -0400] "GET /wp-content/uploads/2023/01/meals.svg HTTP/1.1" 200 358 "https://blissfulnepal.com/tour/everest-base-camp-trek/?msclkid=05a06d561c72156ab74c077e2a353528" "Mozilla/5.0 (Windows NT 10.0; Win64; x64) AppleWebKit/537.36 (KHTML, like Gecko) Chrome/148.0.0.0 Safari/537.36 Edg/148.0.0.0"
82.35.109.33 - - [09/Jun/2026:11:50:37 -0400] "GET /wp-content/uploads/2023/01/accommodation.svg HTTP/1.1" 200 354 "https://blissfulnepal.com/tour/everest-base-camp-trek/?msclkid=05a06d561c72156ab74c077e2a353528" "Mozilla/5.0 (Windows NT 10.0; Win64; x64) AppleWebKit/537.36 (KHTML, like Gecko) Chrome/148.0.0.0 Safari/537.36 Edg/148.0.0.0"
82.35.109.33 - - [09/Jun/2026:11:50:37 -0400] "GET /wp-content/plugins/wp-tripadvisor-review-slider/public/partials/imgs/tripadvisor_stars_5.png HTTP/1.1" 200 6013 "https://blissfulnepal.com/tour/everest-base-camp-trek/?msclkid=05a06d561c72156ab74c077e2a353528" "Mozilla/5.0 (Windows NT 10.0; Win64; x64) AppleWebKit/537.36 (KHTML, like Gecko) Chrome/148.0.0.0 Safari/537.36 Edg/148.0.0.0"
82.35.109.33 - - [09/Jun/2026:11:50:37 -0400] "GET /wp-content/uploads/2023/01/Best-time.svg HTTP/1.1" 200 1897 "https://blissfulnepal.com/tour/everest-base-camp-trek/?msclkid=05a06d561c72156ab74c077e2a353528" "Mozilla/5.0 (Windows NT 10.0; Win64; x64) AppleWebKit/537.36 (KHTML, like Gecko) Chrome/148.0.0.0 Safari/537.36 Edg/148.0.0.0"
82.35.109.33 - - [09/Jun/2026:11:50:37 -0400] "GET /wp-content/plugins/wp-tripadvisor-review-slider/public/partials/imgs/tripadvisor_outline.png HTTP/1.1" 200 995 "https://blissfulnepal.com/tour/everest-base-camp-trek/?msclkid=05a06d561c72156ab74c077e2a353528" "Mozilla/5.0 (Windows NT 10.0; Win64; x64) AppleWebKit/537.36 (KHTML, like Gecko) Chrome/148.0.0.0 Safari/537.36 Edg/148.0.0.0"
82.35.109.33 - - [09/Jun/2026:11:50:37 -0400] "GET /wp-content/uploads/2023/01/woman-trekking-with-mt-everest-nuptse-and-kala-pa-2022-12-16-22-00-41-utc-scaled.jpg HTTP/1.1" 200 439540 "https://blissfulnepal.com/tour/everest-base-camp-trek/?msclkid=05a06d561c72156ab74c077e2a353528" "Mozilla/5.0 (Windows NT 10.0; Win64; x64) AppleWebKit/537.36 (KHTML, like Gecko) Chrome/148.0.0.0 Safari/537.36 Edg/148.0.0.0"
82.35.109.33 - - [09/Jun/2026:11:50:37 -0400] "GET /wp-content/uploads/2023/11/Gokyo-lake-5-900x500.jpg HTTP/1.1" 200 140484 "https://blissfulnepal.com/tour/everest-base-camp-trek/?msclkid=05a06d561c72156ab74c077e2a353528" "Mozilla/5.0 (Windows NT 10.0; Win64; x64) AppleWebKit/537.36 (KHTML, like Gecko) Chrome/148.0.0.0 Safari/537.36 Edg/148.0.0.0"
82.35.109.33 - - [09/Jun/2026:11:50:37 -0400] "GET /wp-content/uploads/2024/07/everest-base-camp-trek-with-helicopter-return-900x500.png HTTP/1.1" 200 704589 "https://blissfulnepal.com/tour/everest-base-camp-trek/?msclkid=05a06d561c72156ab74c077e2a353528" "Mozilla/5.0 (Windows NT 10.0; Win64; x64) AppleWebKit/537.36 (KHTML, like Gecko) Chrome/148.0.0.0 Safari/537.36 Edg/148.0.0.0"
82.35.109.33 - - [09/Jun/2026:11:50:37 -0400] "GET /wp-content/uploads/2023/01/nepal-himalaya-khumbu-everest-region-trekkers-2023-03-23-19-10-02-utc-scaled.jpg HTTP/1.1" 200 574823 "https://blissfulnepal.com/tour/everest-base-camp-trek/?msclkid=05a06d561c72156ab74c077e2a353528" "Mozilla/5.0 (Windows NT 10.0; Win64; x64) AppleWebKit/537.36 (KHTML, like Gecko) Chrome/148.0.0.0 Safari/537.36 Edg/148.0.0.0"
82.35.109.33 - - [09/Jun/2026:11:50:37 -0400] "GET /wp-content/uploads/2023/01/Lukla.jpg HTTP/1.1" 200 758064 "https://blissfulnepal.com/tour/everest-base-camp-trek/?msclkid=05a06d561c72156ab74c077e2a353528" "Mozilla/5.0 (Windows NT 10.0; Win64; x64) AppleWebKit/537.36 (KHTML, like Gecko) Chrome/148.0.0.0 Safari/537.36 Edg/148.0.0.0"
82.35.109.33 - - [09/Jun/2026:11:50:37 -0400] "GET /wp-content/uploads/2023/01/panoramic-shot-of-the-khumbu-glacier-and-the-evere-2023-11-27-04-55-13-utc-scaled.jpeg HTTP/1.1" 200 532829 "https://blissfulnepal.com/tour/everest-base-camp-trek/?msclkid=05a06d561c72156ab74c077e2a353528" "Mozilla/5.0 (Windows NT 10.0; Win64; x64) AppleWebKit/537.36 (KHTML, like Gecko) Chrome/148.0.0.0 Safari/537.36 Edg/148.0.0.0"
82.35.109.33 - - [09/Jun/2026:11:50:37 -0400] "GET /wp-content/uploads/2023/01/namche-bazar-2023-11-27-05-33-29-utc-scaled.jpg HTTP/1.1" 200 744250 "https://blissfulnepal.com/tour/everest-base-camp-trek/?msclkid=05a06d561c72156ab74c077e2a353528" "Mozilla/5.0 (Windows NT 10.0; Win64; x64) AppleWebKit/537.36 (KHTML, like Gecko) Chrome/148.0.0.0 Safari/537.36 Edg/148.0.0.0"
82.35.109.33 - - [09/Jun/2026:11:50:37 -0400] "GET /wp-content/uploads/2023/01/distant-people-hiking-toward-mountain-pheriche-k-2022-03-04-02-39-29-utc-scaled.jpg HTTP/1.1" 200 1003904 "https://blissfulnepal.com/tour/everest-base-camp-trek/?msclkid=05a06d561c72156ab74c077e2a353528" "Mozilla/5.0 (Windows NT 10.0; Win64; x64) AppleWebKit/537.36 (KHTML, like Gecko) Chrome/148.0.0.0 Safari/537.36 Edg/148.0.0.0"
82.35.109.33 - - [09/Jun/2026:11:50:37 -0400] "GET /wp-content/plugins/goodlayers-core/plugins/fontawesome/fontawesome-webfont.woff2?v=4.7.0 HTTP/1.1" 200 77160 "https://blissfulnepal.com/wp-content/plugins/goodlayers-core/plugins/fontawesome/font-awesome.css?ver=7.0" "Mozilla/5.0 (Windows NT 10.0; Win64; x64) AppleWebKit/537.36 (KHTML, like Gecko) Chrome/148.0.0.0 Safari/537.36 Edg/148.0.0.0"
82.35.109.33 - - [09/Jun/2026:11:50:37 -0400] "GET /wp-content/plugins/goodlayers-core/plugins/elegant/ElegantIcons.woff HTTP/1.1" 200 63664 "https://blissfulnepal.com/wp-content/plugins/goodlayers-core/plugins/elegant/elegant-font.css?ver=7.0" "Mozilla/5.0 (Windows NT 10.0; Win64; x64) AppleWebKit/537.36 (KHTML, like Gecko) Chrome/148.0.0.0 Safari/537.36 Edg/148.0.0.0"
66.249.69.66 - - [09/Jun/2026:11:50:36 -0400] "GET /products/27083189 HTTP/1.1" 404 20946 "-" "Mozilla/5.0 (Linux; Android 6.0.1; Nexus 5X Build/MMB29P) AppleWebKit/537.36 (KHTML, like Gecko) Chrome/148.0.7778.96 Mobile Safari/537.36 (compatible; Googlebot/2.1; +http://www.google.com/bot.html)"
82.35.109.33 - - [09/Jun/2026:11:50:37 -0400] "GET /wp-content/themes/images/general-pattern.png HTTP/1.1" 404 20975 "https://blissfulnepal.com/wp-content/themes/traveltour-child/style.css?ver=7.0" "Mozilla/5.0 (Windows NT 10.0; Win64; x64) AppleWebKit/537.36 (KHTML, like Gecko) Chrome/148.0.0.0 Safari/537.36 Edg/148.0.0.0"
82.35.109.33 - - [09/Jun/2026:11:50:38 -0400] "GET /wp-content/plugins/wp-tripadvisor-review-slider/public/css/lity.min.css HTTP/1.1" 200 866 "https://blissfulnepal.com/tour/everest-base-camp-trek/?msclkid=05a06d561c72156ab74c077e2a353528" "Mozilla/5.0 (Windows NT 10.0; Win64; x64) AppleWebKit/537.36 (KHTML, like Gecko) Chrome/148.0.0.0 Safari/537.36 Edg/148.0.0.0"
82.35.109.33 - - [09/Jun/2026:11:50:38 -0400] "GET /wp-content/plugins/wp-tripadvisor-review-slider/public/js/lity.min.js?_=1781020236906 HTTP/1.1" 200 2711 "https://blissfulnepal.com/tour/everest-base-camp-trek/?msclkid=05a06d561c72156ab74c077e2a353528" "Mozilla/5.0 (Windows NT 10.0; Win64; x64) AppleWebKit/537.36 (KHTML, like Gecko) Chrome/148.0.0.0 Safari/537.36 Edg/148.0.0.0"
82.35.109.33 - - [09/Jun/2026:11:50:38 -0400] "GET /wp-includes/js/wp-emoji-release.min.js?ver=7.0 HTTP/1.1" 200 4949 "https://blissfulnepal.com/tour/everest-base-camp-trek/?msclkid=05a06d561c72156ab74c077e2a353528" "Mozilla/5.0 (Windows NT 10.0; Win64; x64) AppleWebKit/537.36 (KHTML, like Gecko) Chrome/148.0.0.0 Safari/537.36 Edg/148.0.0.0"
82.35.109.33 - - [09/Jun/2026:11:50:39 -0400] "GET /wp-content/uploads/2024/06/cropped-logo-with-ribbon-png-final-website-32x32.png HTTP/1.1" 200 1345 "https://blissfulnepal.com/tour/everest-base-camp-trek/?msclkid=05a06d561c72156ab74c077e2a353528" "Mozilla/5.0 (Windows NT 10.0; Win64; x64) AppleWebKit/537.36 (KHTML, like Gecko) Chrome/148.0.0.0 Safari/537.36 Edg/148.0.0.0"
157.55.39.11 - - [09/Jun/2026:11:50:46 -0400] "GET /terms-and-conditions/ HTTP/1.1" 200 32372 "-" "Mozilla/5.0 AppleWebKit/537.36 (KHTML, like Gecko; compatible; bingbot/2.0; +http://www.bing.com/bingbot.htm) Chrome/116.0.1938.76 Safari/537.36"
178.156.128.204 - - [09/Jun/2026:11:54:15 -0400] "POST /wp-load.php?c3dce5=24417 HTTP/1.1" 200 6607 "-" "Mozilla/5.0 (Windows NT 10.0; Win64; x64) AppleWebKit/537.36 (KHTML, like Gecko) Chrome/138.0.0.0 Safari/537.36"
63.250.38.253 - - [09/Jun/2026:11:54:19 -0400] "POST /wp-cron.php?doing_wp_cron=1781020459.3350000381469726562500 HTTP/1.1" 200 0 "-" "WordPress/7.0; https://blissfulnepal.com"
66.249.69.66 - - [09/Jun/2026:11:54:15 -0400] "GET /products/19865523 HTTP/1.1" 404 20946 "-" "Mozilla/5.0 (Linux; Android 6.0.1; Nexus 5X Build/MMB29P) AppleWebKit/537.36 (KHTML, like Gecko) Chrome/148.0.7778.96 Mobile Safari/537.36 (compatible; Googlebot/2.1; +http://www.google.com/bot.html)"
66.42.61.105 - - [09/Jun/2026:11:54:28 -0400] "POST /wp-load.php?6eaecf=74812 HTTP/1.1" 200 2144 "https://blissfulnepal.com/" "Mozilla/5.0 (Windows NT 10.0; Win64; x64) AppleWebKit/537.36 (KHTML, like Gecko) Chrome/138.0.0.0 Safari/537.36"
63.250.38.253 - - [09/Jun/2026:11:54:41 -0400] "POST /wp-cron.php?doing_wp_cron=1781020481.7203879356384277343750 HTTP/1.1" 200 0 "-" "WordPress/7.0; https://blissfulnepal.com"
66.249.69.65 - - [09/Jun/2026:11:54:40 -0400] "GET /products/27589767 HTTP/1.1" 404 20946 "-" "Mozilla/5.0 (Linux; Android 6.0.1; Nexus 5X Build/MMB29P) AppleWebKit/537.36 (KHTML, like Gecko) Chrome/148.0.7778.96 Mobile Safari/537.36 (compatible; Googlebot/2.1; +http://www.google.com/bot.html)"
63.250.38.253 - - [09/Jun/2026:12:02:21 -0400] "POST /wp-cron.php?doing_wp_cron=1781020941.8651769161224365234375 HTTP/1.1" 200 0 "-" "WordPress/7.0; https://blissfulnepal.com"
14.191.94.125 - - [09/Jun/2026:12:02:18 -0400] "GET /products/16529067 HTTP/1.1" 301 0 "-" "Mozilla/5.0 (Macintosh; Intel Mac OS X 10_3) AppleWebKit/537.36 (KHTML, like Gecko) Chrome/100.0.4880.146 Safari/537.36"
103.253.247.65 - - [09/Jun/2026:12:02:23 -0400] "GET /products/16529067 HTTP/1.1" 404 24086 "-" "Mozilla/5.0 (Macintosh; Intel Mac OS X 10_3) AppleWebKit/537.36 (KHTML, like Gecko) Chrome/100.0.4880.146 Safari/537.36"
186.177.185.129 - - [09/Jun/2026:12:02:29 -0400] "GET /products/21329345 HTTP/1.1" 301 0 "-" "Mozilla/5.0 (Macintosh; Intel Mac OS X 10_15_7) AppleWebKit/537.36 (KHTML, like Gecko) Brave Chrome/88.0.4324.182 Safari/537.36"
160.89.59.45 - - [09/Jun/2026:12:02:40 -0400] "GET /products/21329345 HTTP/1.1" 301 0 "-" "Mozilla/5.0 (Macintosh; Intel Mac OS X 10_13_6) AppleWebKit/537.36 (KHTML, like Gecko) Chrome/94.0.4606.81 Safari/537.36"
123.24.95.34 - - [09/Jun/2026:12:02:42 -0400] "GET /products/21329345 HTTP/1.1" 404 24086 "-" "Mozilla/5.0 (Macintosh; Intel Mac OS X 10_13_6) AppleWebKit/537.36 (KHTML, like Gecko) Chrome/94.0.4606.81 Safari/537.36"
63.250.38.253 - - [09/Jun/2026:12:03:21 -0400] "POST /wp-cron.php?doing_wp_cron=1781021001.1925189495086669921875 HTTP/1.1" 200 0 "-" "WordPress/7.0; https://blissfulnepal.com"
66.249.69.66 - - [09/Jun/2026:12:03:20 -0400] "GET /products/29953056 HTTP/1.1" 404 20946 "-" "Mozilla/5.0 (Linux; Android 6.0.1; Nexus 5X Build/MMB29P) AppleWebKit/537.36 (KHTML, like Gecko) Chrome/148.0.7778.96 Mobile Safari/537.36 (compatible; Googlebot/2.1; +http://www.google.com/bot.html)"
193.37.33.4 - - [09/Jun/2026:12:03:40 -0400] "POST /wp-login.php HTTP/1.1" 503 7732 "-" "Mozilla/5.0 (Windows NT 10.0; Win64; rv:143.0) Gecko/20100101 Firefox/143.0"
64.89.161.160 - - [09/Jun/2026:12:04:57 -0400] "GET /bitrix/js/main/jquery/jquery-1.12.4.min.js.php HTTP/1.1" 403 17006 "-" "ALittle Client"
37.27.55.110 - - [09/Jun/2026:12:07:22 -0400] "GET /robots.txt HTTP/1.1" 200 173 "-" "Mozilla/5.0 (compatible; SERankingBacklinksBot/1.0; +https://seranking.com/backlinks-crawler)"
63.250.38.253 - - [09/Jun/2026:12:07:25 -0400] "POST /?wordfence_syncAttackData=1781021245.9458 HTTP/1.1" 200 0 "-" "WordPress/7.0; https://blissfulnepal.com"
63.250.38.253 - - [09/Jun/2026:12:07:27 -0400] "POST /wp-cron.php?doing_wp_cron=1781021247.1164829730987548828125 HTTP/1.1" 200 0 "-" "WordPress/7.0; https://blissfulnepal.com"
37.27.55.110 - - [09/Jun/2026:12:07:23 -0400] "GET /sitemap656.xml HTTP/1.1" 404 23639 "-" "Mozilla/5.0 (compatible; SERankingBacklinksBot/1.0; +https://seranking.com/backlinks-crawler)"
63.250.38.253 - - [09/Jun/2026:12:08:11 -0400] "POST /wp-cron.php?doing_wp_cron=1781021291.1490499973297119140625 HTTP/1.1" 200 0 "-" "WordPress/7.0; https://blissfulnepal.com"
169.149.195.245 - - [09/Jun/2026:12:08:10 -0400] "GET /2023/12/18/ HTTP/1.1" 200 25700 "-" "Mozilla/5.0 (Macintosh; Intel Mac OS X 12_7_4) AppleWebKit/537.36 (KHTML, like Gecko) Chrome/133.0.6943.98 Safari/537.36"
66.249.69.65 - - [09/Jun/2026:12:08:29 -0400] "GET /products/12077389 HTTP/1.1" 404 20946 "-" "Mozilla/5.0 (Linux; Android 6.0.1; Nexus 5X Build/MMB29P) AppleWebKit/537.36 (KHTML, like Gecko) Chrome/148.0.7778.96 Mobile Safari/537.36 (compatible; Googlebot/2.1; +http://www.google.com/bot.html)"
5.161.52.234 - - [09/Jun/2026:12:09:15 -0400] "POST /wp-load.php?12a384=41863 HTTP/1.1" 200 6265 "-" "Mozilla/5.0 (Windows NT 10.0; Win64; x64) AppleWebKit/537.36 (KHTML, like Gecko) Chrome/138.0.0.0 Safari/537.36"
178.156.128.204 - - [09/Jun/2026:12:09:25 -0400] "POST /wp-load.php?c7c1ec=66376 HTTP/1.1" 200 2265 "https://blissfulnepal.com/" "Mozilla/5.0 (Windows NT 10.0; Win64; x64) AppleWebKit/537.36 (KHTML, like Gecko) Chrome/138.0.0.0 Safari/537.36"
63.250.38.253 - - [09/Jun/2026:12:10:12 -0400] "POST /wp-cron.php?doing_wp_cron=1781021412.9269499778747558593750 HTTP/1.1" 200 0 "-" "WordPress/7.0; https://blissfulnepal.com"
40.77.167.154 - - [09/Jun/2026:12:10:12 -0400] "GET /products/5007934 HTTP/1.1" 301 0 "-" "Mozilla/5.0 AppleWebKit/537.36 (KHTML, like Gecko; compatible; bingbot/2.0; +http://www.bing.com/bingbot.htm) Chrome/116.0.1938.76 Safari/537.36"
66.249.69.67 - - [09/Jun/2026:12:10:28 -0400] "GET /products/19286890 HTTP/1.1" 404 20946 "-" "Mozilla/5.0 (Linux; Android 6.0.1; Nexus 5X Build/MMB29P) AppleWebKit/537.36 (KHTML, like Gecko) Chrome/148.0.7778.96 Mobile Safari/537.36 (compatible; Googlebot/2.1; +http://www.google.com/bot.html)"
103.145.57.241 - - [09/Jun/2026:12:10:41 -0400] "GET /products/7190690 HTTP/1.1" 404 24086 "-" "Mozilla/5.0 (Macintosh; Intel Mac OS X 10_11_6) AppleWebKit/537.36 (KHTML, like Gecko) Brave Chrome/87.0.4280.141 Safari/537.36"
63.250.38.253 - - [09/Jun/2026:12:11:19 -0400] "POST /wp-cron.php?doing_wp_cron=1781021479.8572039604187011718750 HTTP/1.1" 200 0 "-" "WordPress/7.0; https://blissfulnepal.com"
40.77.167.48 - - [09/Jun/2026:12:11:19 -0400] "GET /products/8223823 HTTP/1.1" 301 0 "-" "Mozilla/5.0 AppleWebKit/537.36 (KHTML, like Gecko; compatible; bingbot/2.0; +http://www.bing.com/bingbot.htm) Chrome/116.0.1938.76 Safari/537.36"
63.250.38.253 - - [09/Jun/2026:12:13:02 -0400] "POST /wp-cron.php?doing_wp_cron=1781021582.1014909744262695312500 HTTP/1.1" 200 0 "-" "WordPress/7.0; https://blissfulnepal.com"
66.249.69.66 - - [09/Jun/2026:12:12:58 -0400] "GET /products/12014823 HTTP/1.1" 404 20946 "-" "Mozilla/5.0 (Linux; Android 6.0.1; Nexus 5X Build/MMB29P) AppleWebKit/537.36 (KHTML, like Gecko) Chrome/148.0.7778.96 Mobile Safari/537.36 (compatible; Googlebot/2.1; +http://www.google.com/bot.html)"
136.109.185.131 - - [09/Jun/2026:12:14:43 -0400] "GET /wp-content/plugins/instagram-feed/img/placeholder.png HTTP/1.1" 200 176 "-" "Mozilla/5.0 (X11; Linux x86_64) AppleWebKit/537.36 (KHTML, like Gecko) Chrome/91.0.4472.114 Safari/537.36"
63.250.38.253 - - [09/Jun/2026:12:15:32 -0400] "POST /wp-cron.php?doing_wp_cron=1781021732.6290450096130371093750 HTTP/1.1" 200 0 "-" "WordPress/7.0; https://blissfulnepal.com"
66.249.69.65 - - [09/Jun/2026:12:15:28 -0400] "GET /products/27090489 HTTP/1.1" 404 20946 "-" "Mozilla/5.0 (Linux; Android 6.0.1; Nexus 5X Build/MMB29P) AppleWebKit/537.36 (KHTML, like Gecko) Chrome/148.0.7778.96 Mobile Safari/537.36 (compatible; Googlebot/2.1; +http://www.google.com/bot.html)"
43.172.197.48 - - [09/Jun/2026:12:15:54 -0400] "GET /short-rewarding-tours-in-nepal-massive-views-in-minimal-time-2026-guide/feed HTTP/1.1" 301 0 "-" "Mozilla/5.0 (Windows NT 10.0; Win64; x64) AppleWebKit/537.36 (KHTML, like Gecko) Chrome/116.0.0.0 Safari/537.36"
43.172.196.5 - - [09/Jun/2026:12:15:55 -0400] "GET /short-rewarding-tours-in-nepal-massive-views-in-minimal-time-2026-guide/feed/ HTTP/1.1" 200 497 "-" "Mozilla/5.0 (Windows NT 10.0; Win64; x64) AppleWebKit/537.36 (KHTML, like Gecko) Chrome/116.0.0.0 Safari/537.36"
35.252.189.33 - - [09/Jun/2026:12:16:11 -0400] "GET /wp-content/uploads/2024/07/Trekking-Peaks-in-Nepal-700x430.jpg HTTP/1.1" 200 25494 "-" "Mozilla/5.0 (X11; Linux x86_64) AppleWebKit/537.36 (KHTML, like Gecko) Chrome/91.0.4472.114 Safari/537.36"
63.250.38.253 - - [09/Jun/2026:12:16:35 -0400] "POST /wp-cron.php?doing_wp_cron=1781021795.1249959468841552734375 HTTP/1.1" 200 0 "-" "WordPress/7.0; https://blissfulnepal.com"
207.46.13.125 - - [09/Jun/2026:12:16:34 -0400] "GET /products/9071723 HTTP/1.1" 301 0 "-" "Mozilla/5.0 AppleWebKit/537.36 (KHTML, like Gecko; compatible; bingbot/2.0; +http://www.bing.com/bingbot.htm) Chrome/116.0.1938.76 Safari/537.36"
207.46.13.125 - - [09/Jun/2026:12:16:35 -0400] "GET /products/9670612 HTTP/1.1" 301 0 "-" "Mozilla/5.0 AppleWebKit/537.36 (KHTML, like Gecko; compatible; bingbot/2.0; +http://www.bing.com/bingbot.htm) Chrome/116.0.1938.76 Safari/537.36"
66.249.69.66 - - [09/Jun/2026:12:16:57 -0400] "GET /robots.txt HTTP/1.1" 200 144 "-" "Mozilla/5.0 (compatible; Googlebot/2.1; +http://www.google.com/bot.html)"
66.249.69.66 - - [09/Jun/2026:12:16:57 -0400] "GET /products/12109334 HTTP/1.1" 404 20946 "-" "Mozilla/5.0 (Linux; Android 6.0.1; Nexus 5X Build/MMB29P) AppleWebKit/537.36 (KHTML, like Gecko) Chrome/148.0.7778.96 Mobile Safari/537.36 (compatible; Googlebot/2.1; +http://www.google.com/bot.html)"
63.250.38.253 - - [09/Jun/2026:12:17:20 -0400] "POST /wp-cron.php?doing_wp_cron=1781021840.6114289760589599609375 HTTP/1.1" 200 0 "-" "WordPress/7.0; https://blissfulnepal.com"
193.19.109.211 - - [09/Jun/2026:12:17:19 -0400] "POST /wp-login.php HTTP/1.1" 503 7732 "-" "Mozilla/5.0 (Windows NT 10.0; Win64; x64) AppleWebKit/537.36 Chrome/129.0.0.0 Safari/537.36"
66.249.69.65 - - [09/Jun/2026:12:17:28 -0400] "GET /products/17095267 HTTP/1.1" 404 20946 "-" "Mozilla/5.0 (Linux; Android 6.0.1; Nexus 5X Build/MMB29P) AppleWebKit/537.36 (KHTML, like Gecko) Chrome/148.0.7778.96 Mobile Safari/537.36 (compatible; Googlebot/2.1; +http://www.google.com/bot.html)"
66.249.69.65 - - [09/Jun/2026:12:20:32 -0400] "GET /robots.txt HTTP/1.1" 200 144 "-" "Mozilla/5.0 (compatible; Googlebot/2.1; +http://www.google.com/bot.html)"
63.250.38.253 - - [09/Jun/2026:12:20:36 -0400] "POST /wp-cron.php?doing_wp_cron=1781022036.2940809726715087890625 HTTP/1.1" 200 0 "-" "WordPress/7.0; https://blissfulnepal.com"
66.249.69.65 - - [09/Jun/2026:12:20:32 -0400] "GET /products/25407723 HTTP/1.1" 404 20946 "-" "Mozilla/5.0 (Linux; Android 6.0.1; Nexus 5X Build/MMB29P) AppleWebKit/537.36 (KHTML, like Gecko) Chrome/148.0.7778.96 Mobile Safari/537.36 (compatible; Googlebot/2.1; +http://www.google.com/bot.html)"
63.250.38.253 - - [09/Jun/2026:12:21:50 -0400] "POST /wp-cron.php?doing_wp_cron=1781022110.7256131172180175781250 HTTP/1.1" 200 0 "-" "WordPress/7.0; https://blissfulnepal.com"
43.130.34.74 - - [09/Jun/2026:12:21:50 -0400] "GET / HTTP/1.1" 301 0 "http://www.blissfulnepal.com" "Mozilla/5.0 (iPhone; CPU iPhone OS 13_2_3 like Mac OS X) AppleWebKit/605.1.15 (KHTML, like Gecko) Version/13.0.3 Mobile/15E148 Safari/604.1"
43.130.34.74 - - [09/Jun/2026:12:21:51 -0400] "GET / HTTP/1.1" 200 42460 "https://www.blissfulnepal.com/" "Mozilla/5.0 (iPhone; CPU iPhone OS 13_2_3 like Mac OS X) AppleWebKit/605.1.15 (KHTML, like Gecko) Version/13.0.3 Mobile/15E148 Safari/604.1"
63.250.38.253 - - [09/Jun/2026:12:23:04 -0400] "POST /wp-cron.php?doing_wp_cron=1781022184.8745560646057128906250 HTTP/1.1" 200 0 "-" "WordPress/7.0; https://blissfulnepal.com"
69.253.194.43 - - [09/Jun/2026:12:23:03 -0400] "GET /tag/2026-travel-guide/ HTTP/1.1" 200 25578 "-" "Mozilla/5.0 (Windows NT 10.0; Win64; x64) AppleWebKit/537.36 (KHTML, like Gecko) Chrome/129.0.6668.58 Safari/537.36"
66.249.69.65 - - [09/Jun/2026:12:24:17 -0400] "GET /robots.txt HTTP/1.1" 200 144 "-" "Mozilla/5.0 (compatible; Googlebot/2.1; +http://www.google.com/bot.html)"
63.250.38.253 - - [09/Jun/2026:12:24:18 -0400] "POST /wp-cron.php?doing_wp_cron=1781022258.0934638977050781250000 HTTP/1.1" 200 0 "-" "WordPress/7.0; https://blissfulnepal.com"
66.249.69.66 - - [09/Jun/2026:12:24:17 -0400] "GET /products/3982045 HTTP/1.1" 404 20946 "-" "Mozilla/5.0 (Linux; Android 6.0.1; Nexus 5X Build/MMB29P) AppleWebKit/537.36 (KHTML, like Gecko) Chrome/148.0.7778.96 Mobile Safari/537.36 (compatible; Googlebot/2.1; +http://www.google.com/bot.html)"
5.161.216.238 - - [09/Jun/2026:12:24:24 -0400] "POST /wp-load.php?bd04ca=4131 HTTP/1.1" 200 6809 "-" "Mozilla/5.0 (Windows NT 10.0; Win64; x64) AppleWebKit/537.36 (KHTML, like Gecko) Chrome/138.0.0.0 Safari/537.36"
178.156.128.204 - - [09/Jun/2026:12:24:34 -0400] "POST /wp-load.php?55f7bf=82687 HTTP/1.1" 200 4274 "https://blissfulnepal.com/" "Mozilla/5.0 (Windows NT 10.0; Win64; x64) AppleWebKit/537.36 (KHTML, like Gecko) Chrome/138.0.0.0 Safari/537.36"
63.250.38.253 - - [09/Jun/2026:12:29:26 -0400] "POST /wp-cron.php?doing_wp_cron=1781022566.5133490562438964843750 HTTP/1.1" 200 0 "-" "WordPress/7.0; https://blissfulnepal.com"
66.249.69.67 - - [09/Jun/2026:12:29:22 -0400] "GET /products/10307612 HTTP/1.1" 404 20946 "-" "Mozilla/5.0 (Linux; Android 6.0.1; Nexus 5X Build/MMB29P) AppleWebKit/537.36 (KHTML, like Gecko) Chrome/148.0.7778.96 Mobile Safari/537.36 (compatible; Googlebot/2.1; +http://www.google.com/bot.html)"
52.167.144.216 - - [09/Jun/2026:12:29:55 -0400] "GET /mera-peak/ HTTP/1.1" 200 29691 "-" "Mozilla/5.0 AppleWebKit/537.36 (KHTML, like Gecko; compatible; bingbot/2.0; +http://www.bing.com/bingbot.htm) Chrome/116.0.1938.76 Safari/537.36"
63.250.38.253 - - [09/Jun/2026:12:30:50 -0400] "POST /wp-cron.php?doing_wp_cron=1781022650.5063350200653076171875 HTTP/1.1" 200 0 "-" "WordPress/7.0; https://blissfulnepal.com"
193.19.109.238 - - [09/Jun/2026:12:30:49 -0400] "POST /wp-login.php HTTP/1.1" 200 2350 "-" "Mozilla/5.0 (Macintosh; Intel Mac OS X 10_15_7) AppleWebKit/605.1.15 Version/17.0 Safari/605.1.15"
63.250.38.253 - - [09/Jun/2026:12:36:51 -0400] "POST /wp-cron.php?doing_wp_cron=1781023011.2462079524993896484375 HTTP/1.1" 200 0 "-" "WordPress/7.0; https://blissfulnepal.com"
66.249.69.65 - - [09/Jun/2026:12:36:47 -0400] "GET /products/31047989 HTTP/1.1" 404 20946 "-" "Mozilla/5.0 (Linux; Android 6.0.1; Nexus 5X Build/MMB29P) AppleWebKit/537.36 (KHTML, like Gecko) Chrome/148.0.7778.96 Mobile Safari/537.36 (compatible; Googlebot/2.1; +http://www.google.com/bot.html)"
63.250.38.253 - - [09/Jun/2026:12:37:24 -0400] "POST /wp-cron.php?doing_wp_cron=1781023044.1292459964752197265625 HTTP/1.1" 200 0 "-" "WordPress/7.0; https://blissfulnepal.com"
66.249.69.65 - - [09/Jun/2026:12:37:23 -0400] "GET /products/20840945 HTTP/1.1" 404 20946 "-" "Mozilla/5.0 (Linux; Android 6.0.1; Nexus 5X Build/MMB29P) AppleWebKit/537.36 (KHTML, like Gecko) Chrome/148.0.7778.96 Mobile Safari/537.36 (compatible; Googlebot/2.1; +http://www.google.com/bot.html)"
66.249.69.67 - - [09/Jun/2026:12:38:06 -0400] "GET /products/2215878 HTTP/1.1" 404 20946 "-" "Mozilla/5.0 (Linux; Android 6.0.1; Nexus 5X Build/MMB29P) AppleWebKit/537.36 (KHTML, like Gecko) Chrome/148.0.7778.96 Mobile Safari/537.36 (compatible; Googlebot/2.1; +http://www.google.com/bot.html)"
63.250.38.253 - - [09/Jun/2026:12:38:07 -0400] "POST /wp-cron.php?doing_wp_cron=1781023087.3767740726470947265625 HTTP/1.1" 200 0 "-" "WordPress/7.0; https://blissfulnepal.com"
57.128.191.160 - - [09/Jun/2026:12:38:06 -0400] "GET /tag/everest-base-camp/ HTTP/1.1" 200 25897 "-" "Mozilla/5.0 (Macintosh; Intel Mac OS X 13_3_1) AppleWebKit/537.36 (KHTML, like Gecko) Chrome/124.0.6367.207 Safari/537.36"
63.250.38.253 - - [09/Jun/2026:12:39:13 -0400] "POST /wp-cron.php?doing_wp_cron=1781023153.3821260929107666015625 HTTP/1.1" 200 0 "-" "WordPress/7.0; https://blissfulnepal.com"
66.249.69.67 - - [09/Jun/2026:12:39:12 -0400] "GET /products/6453023 HTTP/1.1" 404 20946 "-" "Mozilla/5.0 (Linux; Android 6.0.1; Nexus 5X Build/MMB29P) AppleWebKit/537.36 (KHTML, like Gecko) Chrome/148.0.7778.96 Mobile Safari/537.36 (compatible; Googlebot/2.1; +http://www.google.com/bot.html)"
178.156.128.204 - - [09/Jun/2026:12:39:24 -0400] "POST /wp-load.php?136d38=28825 HTTP/1.1" 200 5399 "-" "Mozilla/5.0 (Windows NT 10.0; Win64; x64) AppleWebKit/537.36 (KHTML, like Gecko) Chrome/138.0.0.0 Safari/537.36"
5.161.44.164 - - [09/Jun/2026:12:39:34 -0400] "POST /wp-load.php?4be5c6=64423 HTTP/1.1" 200 13432 "https://blissfulnepal.com/" "Mozilla/5.0 (Windows NT 10.0; Win64; x64) AppleWebKit/537.36 (KHTML, like Gecko) Chrome/138.0.0.0 Safari/537.36"
51.89.129.112 - - [09/Jun/2026:12:40:47 -0400] "GET /robots.txt HTTP/1.1" 200 144 "-" "Mozilla/5.0 (compatible; AhrefsBot/7.0; +http://ahrefs.com/robot/)"
63.250.38.253 - - [09/Jun/2026:12:40:49 -0400] "POST /wp-cron.php?doing_wp_cron=1781023249.9244821071624755859375 HTTP/1.1" 200 0 "-" "WordPress/7.0; https://blissfulnepal.com"
148.113.128.60 - - [09/Jun/2026:12:40:49 -0400] "GET /tag/ebc-trek/feed/ HTTP/1.1" 200 1249 "-" "Mozilla/5.0 (compatible; AhrefsBot/7.0; +http://ahrefs.com/robot/)"
66.249.69.67 - - [09/Jun/2026:12:40:55 -0400] "GET /products/7734990 HTTP/1.1" 404 20946 "-" "Mozilla/5.0 (Linux; Android 6.0.1; Nexus 5X Build/MMB29P) AppleWebKit/537.36 (KHTML, like Gecko) Chrome/148.0.7778.96 Mobile Safari/537.36 (compatible; Googlebot/2.1; +http://www.google.com/bot.html)"
63.250.38.253 - - [09/Jun/2026:12:41:53 -0400] "POST /wp-cron.php?doing_wp_cron=1781023313.8211340904235839843750 HTTP/1.1" 200 0 "-" "WordPress/7.0; https://blissfulnepal.com"
17.241.219.108 - - [09/Jun/2026:12:41:52 -0400] "GET /tour/a-complete-wildlife-tour-in-nepal/ HTTP/1.1" 200 58600 "-" "Mozilla/5.0 (Macintosh; Intel Mac OS X 10_15_7) AppleWebKit/605.1.15 (KHTML, like Gecko) Version/17.4 Safari/605.1.15 (Applebot/0.1; +http://www.apple.com/go/applebot)"
63.250.38.253 - - [09/Jun/2026:12:42:19 -0400] "POST /wp-cron.php?doing_wp_cron=1781023339.3118500709533691406250 HTTP/1.1" 200 0 "-" "WordPress/7.0; https://blissfulnepal.com"
66.249.69.66 - - [09/Jun/2026:12:42:18 -0400] "GET /products/22483590 HTTP/1.1" 404 20946 "-" "Mozilla/5.0 (Linux; Android 6.0.1; Nexus 5X Build/MMB29P) AppleWebKit/537.36 (KHTML, like Gecko) Chrome/148.0.7778.96 Mobile Safari/537.36 (compatible; Googlebot/2.1; +http://www.google.com/bot.html)"
63.250.38.253 - - [09/Jun/2026:12:43:37 -0400] "POST /wp-cron.php?doing_wp_cron=1781023417.5817089080810546875000 HTTP/1.1" 200 0 "-" "WordPress/7.0; https://blissfulnepal.com"
66.249.69.65 - - [09/Jun/2026:12:43:36 -0400] "GET /products/17454490 HTTP/1.1" 404 20946 "-" "Mozilla/5.0 (Linux; Android 6.0.1; Nexus 5X Build/MMB29P) AppleWebKit/537.36 (KHTML, like Gecko) Chrome/148.0.7778.96 Mobile Safari/537.36 (compatible; Googlebot/2.1; +http://www.google.com/bot.html)"
66.249.69.65 - - [09/Jun/2026:12:44:01 -0400] "GET /products/16473523 HTTP/1.1" 404 20946 "-" "Mozilla/5.0 (Linux; Android 6.0.1; Nexus 5X Build/MMB29P) AppleWebKit/537.36 (KHTML, like Gecko) Chrome/148.0.7778.96 Mobile Safari/537.36 (compatible; Googlebot/2.1; +http://www.google.com/bot.html)"
63.250.38.253 - - [09/Jun/2026:12:45:03 -0400] "POST /wp-cron.php?doing_wp_cron=1781023503.3423659801483154296875 HTTP/1.1" 200 0 "-" "WordPress/7.0; https://blissfulnepal.com"
193.37.33.1 - - [09/Jun/2026:12:45:02 -0400] "POST /wp-login.php HTTP/1.1" 503 7732 "-" "Mozilla/5.0 (Windows NT 10.0; Win64; rv:143.0) Gecko/20100101 Firefox/143.0"
17.241.219.169 - - [09/Jun/2026:12:45:32 -0400] "GET /wp-content/plugins/getautoseo-ai-content-publisher/assets/js/conversion-tracker.js?ver=1.3.84 HTTP/1.1" 200 3704 "https://blissfulnepal.com/tour/a-complete-wildlife-tour-in-nepal/" "Mozilla/5.0 (Macintosh; Intel Mac OS X 10_15_7) AppleWebKit/605.1.15 (KHTML, like Gecko) Version/17.4 Safari/605.1.15 (Applebot/0.1; +http://www.apple.com/go/applebot)"
17.241.219.169 - - [09/Jun/2026:12:45:32 -0400] "GET /wp-includes/js/jquery/jquery.min.js?ver=3.7.1 HTTP/1.1" 200 29744 "https://blissfulnepal.com/tour/a-complete-wildlife-tour-in-nepal/" "Mozilla/5.0 (Macintosh; Intel Mac OS X 10_15_7) AppleWebKit/605.1.15 (KHTML, like Gecko) Version/17.4 Safari/605.1.15 (Applebot/0.1; +http://www.apple.com/go/applebot)"
17.241.219.169 - - [09/Jun/2026:12:45:33 -0400] "GET /wp-includes/js/jquery/jquery-migrate.min.js?ver=3.4.1 HTTP/1.1" 200 4678 "https://blissfulnepal.com/tour/a-complete-wildlife-tour-in-nepal/" "Mozilla/5.0 (Macintosh; Intel Mac OS X 10_15_7) AppleWebKit/605.1.15 (KHTML, like Gecko) Version/17.4 Safari/605.1.15 (Applebot/0.1; +http://www.apple.com/go/applebot)"
17.241.219.169 - - [09/Jun/2026:12:45:34 -0400] "GET /wp-content/plugins/wp-tripadvisor-review-slider/public/js/wprev-public.js?ver=14.3 HTTP/1.1" 200 1543 "https://blissfulnepal.com/tour/a-complete-wildlife-tour-in-nepal/" "Mozilla/5.0 (Macintosh; Intel Mac OS X 10_15_7) AppleWebKit/605.1.15 (KHTML, like Gecko) Version/17.4 Safari/605.1.15 (Applebot/0.1; +http://www.apple.com/go/applebot)"
17.241.219.169 - - [09/Jun/2026:12:45:35 -0400] "GET /wp-content/themes/traveltour-child/moreless.js?ver=7.0 HTTP/1.1" 200 0 "https://blissfulnepal.com/tour/a-complete-wildlife-tour-in-nepal/" "Mozilla/5.0 (Macintosh; Intel Mac OS X 10_15_7) AppleWebKit/605.1.15 (KHTML, like Gecko) Version/17.4 Safari/605.1.15 (Applebot/0.1; +http://www.apple.com/go/applebot)"
17.241.219.169 - - [09/Jun/2026:12:45:36 -0400] "GET /wp-content/plugins/wp-tripadvisor-review-slider/public/js/wprs-unslider-swipe.js?ver=14.3 HTTP/1.1" 200 4286 "https://blissfulnepal.com/tour/a-complete-wildlife-tour-in-nepal/" "Mozilla/5.0 (Macintosh; Intel Mac OS X 10_15_7) AppleWebKit/605.1.15 (KHTML, like Gecko) Version/17.4 Safari/605.1.15 (Applebot/0.1; +http://www.apple.com/go/applebot)"
17.241.219.169 - - [09/Jun/2026:12:45:37 -0400] "GET /wp-content/themes/traveltour-child/my-script.js?ver=7.0 HTTP/1.1" 200 195 "https://blissfulnepal.com/tour/a-complete-wildlife-tour-in-nepal/" "Mozilla/5.0 (Macintosh; Intel Mac OS X 10_15_7) AppleWebKit/605.1.15 (KHTML, like Gecko) Version/17.4 Safari/605.1.15 (Applebot/0.1; +http://www.apple.com/go/applebot)"
17.241.219.169 - - [09/Jun/2026:12:45:38 -0400] "GET /wp-content/themes/traveltour-child/child-script.js?ver=7.0 HTTP/1.1" 200 190 "https://blissfulnepal.com/tour/a-complete-wildlife-tour-in-nepal/" "Mozilla/5.0 (Macintosh; Intel Mac OS X 10_15_7) AppleWebKit/605.1.15 (KHTML, like Gecko) Version/17.4 Safari/605.1.15 (Applebot/0.1; +http://www.apple.com/go/applebot)"
17.241.219.169 - - [09/Jun/2026:12:45:39 -0400] "GET /wp-content/plugins/goodlayers-core/plugins/script.js?ver=1760010053 HTTP/1.1" 200 114327 "https://blissfulnepal.com/tour/a-complete-wildlife-tour-in-nepal/" "Mozilla/5.0 (Macintosh; Intel Mac OS X 10_15_7) AppleWebKit/605.1.15 (KHTML, like Gecko) Version/17.4 Safari/605.1.15 (Applebot/0.1; +http://www.apple.com/go/applebot)"
17.241.219.169 - - [09/Jun/2026:12:45:40 -0400] "GET /wp-content/plugins/goodlayers-core/include/js/page-builder.js?ver=1.3.9 HTTP/1.1" 200 17186 "https://blissfulnepal.com/tour/a-complete-wildlife-tour-in-nepal/" "Mozilla/5.0 (Macintosh; Intel Mac OS X 10_15_7) AppleWebKit/605.1.15 (KHTML, like Gecko) Version/17.4 Safari/605.1.15 (Applebot/0.1; +http://www.apple.com/go/applebot)"
17.241.219.169 - - [09/Jun/2026:12:45:41 -0400] "GET /wp-content/plugins/table-of-contents-plus/front.min.js?ver=2411.1 HTTP/1.1" 200 2198 "https://blissfulnepal.com/tour/a-complete-wildlife-tour-in-nepal/" "Mozilla/5.0 (Macintosh; Intel Mac OS X 10_15_7) AppleWebKit/605.1.15 (KHTML, like Gecko) Version/17.4 Safari/605.1.15 (Applebot/0.1; +http://www.apple.com/go/applebot)"
17.241.219.169 - - [09/Jun/2026:12:45:42 -0400] "GET /wp-includes/js/jquery/ui/core.min.js?ver=1.13.3 HTTP/1.1" 200 6812 "https://blissfulnepal.com/tour/a-complete-wildlife-tour-in-nepal/" "Mozilla/5.0 (Macintosh; Intel Mac OS X 10_15_7) AppleWebKit/605.1.15 (KHTML, like Gecko) Version/17.4 Safari/605.1.15 (Applebot/0.1; +http://www.apple.com/go/applebot)"
17.241.219.169 - - [09/Jun/2026:12:45:43 -0400] "GET /wp-includes/js/jquery/ui/datepicker.min.js?ver=1.13.3 HTTP/1.1" 200 10506 "https://blissfulnepal.com/tour/a-complete-wildlife-tour-in-nepal/" "Mozilla/5.0 (Macintosh; Intel Mac OS X 10_15_7) AppleWebKit/605.1.15 (KHTML, like Gecko) Version/17.4 Safari/605.1.15 (Applebot/0.1; +http://www.apple.com/go/applebot)"
17.241.219.169 - - [09/Jun/2026:12:45:44 -0400] "GET /wp-includes/js/jquery/ui/effect.min.js?ver=1.13.3 HTTP/1.1" 200 3724 "https://blissfulnepal.com/tour/a-complete-wildlife-tour-in-nepal/" "Mozilla/5.0 (Macintosh; Intel Mac OS X 10_15_7) AppleWebKit/605.1.15 (KHTML, like Gecko) Version/17.4 Safari/605.1.15 (Applebot/0.1; +http://www.apple.com/go/applebot)"
17.241.219.169 - - [09/Jun/2026:12:45:45 -0400] "GET /wp-content/plugins/tourmaster/tourmaster.js?ver=7.0 HTTP/1.1" 200 14678 "https://blissfulnepal.com/tour/a-complete-wildlife-tour-in-nepal/" "Mozilla/5.0 (Macintosh; Intel Mac OS X 10_15_7) AppleWebKit/605.1.15 (KHTML, like Gecko) Version/17.4 Safari/605.1.15 (Applebot/0.1; +http://www.apple.com/go/applebot)"
17.241.219.169 - - [09/Jun/2026:12:45:46 -0400] "GET /wp-includes/js/imagesloaded.min.js?ver=5.0.0 HTTP/1.1" 200 1687 "https://blissfulnepal.com/tour/a-complete-wildlife-tour-in-nepal/" "Mozilla/5.0 (Macintosh; Intel Mac OS X 10_15_7) AppleWebKit/605.1.15 (KHTML, like Gecko) Version/17.4 Safari/605.1.15 (Applebot/0.1; +http://www.apple.com/go/applebot)"
17.241.219.169 - - [09/Jun/2026:12:45:47 -0400] "GET /wp-includes/js/masonry.min.js?ver=4.2.2 HTTP/1.1" 200 7117 "https://blissfulnepal.com/tour/a-complete-wildlife-tour-in-nepal/" "Mozilla/5.0 (Macintosh; Intel Mac OS X 10_15_7) AppleWebKit/605.1.15 (KHTML, like Gecko) Version/17.4 Safari/605.1.15 (Applebot/0.1; +http://www.apple.com/go/applebot)"
17.241.219.169 - - [09/Jun/2026:12:45:48 -0400] "GET /wp-includes/js/jquery/jquery.masonry.min.js?ver=3.1.2b HTTP/1.1" 200 628 "https://blissfulnepal.com/tour/a-complete-wildlife-tour-in-nepal/" "Mozilla/5.0 (Macintosh; Intel Mac OS X 10_15_7) AppleWebKit/605.1.15 (KHTML, like Gecko) Version/17.4 Safari/605.1.15 (Applebot/0.1; +http://www.apple.com/go/applebot)"
17.241.219.169 - - [09/Jun/2026:12:45:49 -0400] "GET /wp-content/plugins/wp-google-map-plugin/assets/js/maps.js?ver=4.9.5 HTTP/1.1" 200 174669 "https://blissfulnepal.com/tour/a-complete-wildlife-tour-in-nepal/" "Mozilla/5.0 (Macintosh; Intel Mac OS X 10_15_7) AppleWebKit/605.1.15 (KHTML, like Gecko) Version/17.4 Safari/605.1.15 (Applebot/0.1; +http://www.apple.com/go/applebot)"
17.241.219.169 - - [09/Jun/2026:12:45:50 -0400] "GET /wp-content/plugins/wp-google-map-plugin/assets/js/wpgmp_frontend.js?ver=4.9.5 HTTP/1.1" 200 135266 "https://blissfulnepal.com/tour/a-complete-wildlife-tour-in-nepal/" "Mozilla/5.0 (Macintosh; Intel Mac OS X 10_15_7) AppleWebKit/605.1.15 (KHTML, like Gecko) Version/17.4 Safari/605.1.15 (Applebot/0.1; +http://www.apple.com/go/applebot)"
