PHP 8.2.31
Preview: blissfulnepal.com.nshrs.org-ssl_log Size: 811.63 KB
/home/nshryvcy/access-logs/blissfulnepal.com.nshrs.org-ssl_log

63.250.38.253 - - [09/Jun/2026:08:14:26 -0400] "POST /wp-cron.php?doing_wp_cron=1781007266.3573091030120849609375 HTTP/1.1" 200 0 "-" "WordPress/7.0; https://blissfulnepal.com"
66.249.69.66 - - [09/Jun/2026:08:14:22 -0400] "GET /products/16040034 HTTP/1.1" 404 20948 "-" "Mozilla/5.0 (Linux; Android 6.0.1; Nexus 5X Build/MMB29P) AppleWebKit/537.36 (KHTML, like Gecko) Chrome/148.0.7778.96 Mobile Safari/537.36 (compatible; Googlebot/2.1; +http://www.google.com/bot.html)"
63.250.38.253 - - [09/Jun/2026:08:15:27 -0400] "POST /wp-cron.php?doing_wp_cron=1781007327.7545359134674072265625 HTTP/1.1" 200 0 "-" "WordPress/7.0; https://blissfulnepal.com"
89.124.113.107 - - [09/Jun/2026:08:15:26 -0400] "GET /mount-everest/ HTTP/1.0" 200 127364 "https://blissfulnepal.com/mount-everest/" "Mozilla/5.0 (Windows NT 10.0; Win64; x64) AppleWebKit/537.36 (KHTML, like Gecko) Chrome/130.0.0.0 Safari/537.36 CCleaner/130.0.0.0"
89.124.113.107 - - [09/Jun/2026:08:15:28 -0400] "POST /wp-comments-post.php HTTP/1.0" 403 1242 "https://blissfulnepal.com/mount-everest/" "Mozilla/5.0 (Windows NT 10.0; Win64; x64) AppleWebKit/537.36 (KHTML, like Gecko) Chrome/130.0.0.0 Safari/537.36 CCleaner/130.0.0.0"
40.77.167.27 - - [09/Jun/2026:08:15:30 -0400] "GET /products/5557401 HTTP/1.1" 301 0 "-" "Mozilla/5.0 AppleWebKit/537.36 (KHTML, like Gecko; compatible; bingbot/2.0; +http://www.bing.com/bingbot.htm) Chrome/116.0.1938.76 Safari/537.36"
66.249.69.67 - - [09/Jun/2026:08:15:43 -0400] "GET /products/20606923 HTTP/1.1" 404 20948 "-" "Mozilla/5.0 (Linux; Android 6.0.1; Nexus 5X Build/MMB29P) AppleWebKit/537.36 (KHTML, like Gecko) Chrome/148.0.7778.96 Mobile Safari/537.36 (compatible; Googlebot/2.1; +http://www.google.com/bot.html)"
66.249.69.67 - - [09/Jun/2026:08:16:00 -0400] "GET /products/5085001 HTTP/1.1" 404 20948 "-" "Mozilla/5.0 (Linux; Android 6.0.1; Nexus 5X Build/MMB29P) AppleWebKit/537.36 (KHTML, like Gecko) Chrome/148.0.7778.96 Mobile Safari/537.36 (compatible; Googlebot/2.1; +http://www.google.com/bot.html)"
63.250.38.253 - - [09/Jun/2026:08:16:09 -0400] "POST /wp-cron.php?doing_wp_cron=1781007369.5349340438842773437500 HTTP/1.1" 200 0 "-" "WordPress/7.0; https://blissfulnepal.com"
212.58.121.180 - - [09/Jun/2026:08:16:08 -0400] "GET /products/22298378 HTTP/1.1" 301 0 "-" "Mozilla/5.0 (Windows NT 10.0; WOW64) AppleWebKit/537.36 (KHTML, like Gecko) Chrome/89.0.4389.90 Safari/537.36"
27.34.111.141 - - [09/Jun/2026:08:16:11 -0400] "GET /products/22298378 HTTP/1.1" 404 24090 "-" "Mozilla/5.0 (Windows NT 10.0; WOW64) AppleWebKit/537.36 (KHTML, like Gecko) Chrome/89.0.4389.90 Safari/537.36"
90.59.126.95 - - [09/Jun/2026:08:16:57 -0400] "GET /robots.txt HTTP/1.1" 200 173 "-" "Mozilla/5.0 (Macintosh; Intel Mac OS X 15.4; rv:127.0) Gecko/20100101 Firefox/127.0"
63.250.38.253 - - [09/Jun/2026:08:17:19 -0400] "POST /wp-cron.php?doing_wp_cron=1781007439.7465250492095947265625 HTTP/1.1" 200 0 "-" "WordPress/7.0; https://blissfulnepal.com"
66.249.69.67 - - [09/Jun/2026:08:17:18 -0400] "GET /products/23294234 HTTP/1.1" 404 20948 "-" "Mozilla/5.0 (Linux; Android 6.0.1; Nexus 5X Build/MMB29P) AppleWebKit/537.36 (KHTML, like Gecko) Chrome/148.0.7778.96 Mobile Safari/537.36 (compatible; Googlebot/2.1; +http://www.google.com/bot.html)"
63.250.38.253 - - [09/Jun/2026:08:20:14 -0400] "POST /wp-cron.php?doing_wp_cron=1781007614.1997520923614501953125 HTTP/1.1" 200 0 "-" "WordPress/7.0; https://blissfulnepal.com"
66.249.69.67 - - [09/Jun/2026:08:20:10 -0400] "GET /products/18145178 HTTP/1.1" 404 20948 "-" "Mozilla/5.0 (Linux; Android 6.0.1; Nexus 5X Build/MMB29P) AppleWebKit/537.36 (KHTML, like Gecko) Chrome/148.0.7778.96 Mobile Safari/537.36 (compatible; Googlebot/2.1; +http://www.google.com/bot.html)"
66.249.69.66 - - [09/Jun/2026:08:20:34 -0400] "GET /products/29473690 HTTP/1.1" 404 20948 "-" "Mozilla/5.0 (Linux; Android 6.0.1; Nexus 5X Build/MMB29P) AppleWebKit/537.36 (KHTML, like Gecko) Chrome/148.0.7778.96 Mobile Safari/537.36 (compatible; Googlebot/2.1; +http://www.google.com/bot.html)"
44.243.89.31 - - [09/Jun/2026:08:21:47 -0400] "GET /robots.txt HTTP/1.1" 200 173 "-" "Mozilla/5.0 (compatible; wpbot/1.4; +https://forms.gle/ajBaxygz9jSR8p8G9)"
63.250.38.253 - - [09/Jun/2026:08:21:48 -0400] "POST /wp-cron.php?doing_wp_cron=1781007708.2284049987792968750000 HTTP/1.1" 200 0 "-" "WordPress/7.0; https://blissfulnepal.com"
44.243.89.31 - - [09/Jun/2026:08:21:47 -0400] "GET / HTTP/1.1" 301 0 "-" "Mozilla/5.0 (compatible; wpbot/1.4; +https://forms.gle/ajBaxygz9jSR8p8G9)"
44.243.89.31 - - [09/Jun/2026:08:21:48 -0400] "GET / HTTP/1.1" 200 42464 "-" "Mozilla/5.0 (compatible; wpbot/1.4; +https://forms.gle/ajBaxygz9jSR8p8G9)"
109.136.85.72 - - [09/Jun/2026:08:21:52 -0400] "GET /tourism-capital-of-nepal/ HTTP/1.1" 200 30989 "-" "Mozilla/5.0 (Macintosh; Intel Mac OS X 10_15_7) AppleWebKit/537.36 (KHTML, like Gecko) Chrome/126.0.6478.55 Safari/537.36"
95.129.101.144 - - [09/Jun/2026:08:22:05 -0400] "GET /2023/12/18/ HTTP/1.1" 200 22393 "-" "Mozilla/5.0 (compatible; SpiderLing; +https://nlp.fi.muni.cz/projects/biwec/)"
37.27.55.110 - - [09/Jun/2026:08:22:43 -0400] "GET /robots.txt HTTP/1.1" 200 173 "-" "Mozilla/5.0 (compatible; SERankingBacklinksBot/1.0; +https://seranking.com/backlinks-crawler)"
63.250.38.253 - - [09/Jun/2026:08:22:44 -0400] "POST /wp-cron.php?doing_wp_cron=1781007764.9145209789276123046875 HTTP/1.1" 200 0 "-" "WordPress/7.0; https://blissfulnepal.com"
37.27.55.110 - - [09/Jun/2026:08:22:44 -0400] "GET /sitemap559.xml HTTP/1.1" 404 23644 "-" "Mozilla/5.0 (compatible; SERankingBacklinksBot/1.0; +https://seranking.com/backlinks-crawler)"
178.156.136.36 - - [09/Jun/2026:08:23:16 -0400] "POST /wp-load.php?363a7b=85257 HTTP/1.1" 200 7002 "-" "Mozilla/5.0 (Windows NT 10.0; Win64; x64) AppleWebKit/537.36 (KHTML, like Gecko) Chrome/138.0.0.0 Safari/537.36"
178.156.136.36 - - [09/Jun/2026:08:23:26 -0400] "POST /wp-load.php?97f2be=71853 HTTP/1.1" 200 4247 "https://blissfulnepal.com/" "Mozilla/5.0 (Windows NT 10.0; Win64; x64) AppleWebKit/537.36 (KHTML, like Gecko) Chrome/138.0.0.0 Safari/537.36"
63.250.38.253 - - [09/Jun/2026:08:25:00 -0400] "POST /wp-cron.php?doing_wp_cron=1781007900.3350920677185058593750 HTTP/1.1" 200 0 "-" "WordPress/7.0; https://blissfulnepal.com"
43.172.196.210 - - [09/Jun/2026:08:24:57 -0400] "GET /tag/adventure-travel HTTP/1.1" 301 0 "-" "Mozilla/5.0 (Windows NT 10.0; Win64; x64) AppleWebKit/537.36 (KHTML, like Gecko) Chrome/133.0.0.0 Safari/537.36"
66.249.69.66 - - [09/Jun/2026:08:24:56 -0400] "GET /products/14631734 HTTP/1.1" 404 20948 "-" "Mozilla/5.0 (Linux; Android 6.0.1; Nexus 5X Build/MMB29P) AppleWebKit/537.36 (KHTML, like Gecko) Chrome/148.0.7778.96 Mobile Safari/537.36 (compatible; Googlebot/2.1; +http://www.google.com/bot.html)"
43.173.175.246 - - [09/Jun/2026:08:25:01 -0400] "GET /tag/adventure-travel/ HTTP/1.1" 200 25650 "-" "Mozilla/5.0 (Windows NT 10.0; Win64; x64) AppleWebKit/537.36 (KHTML, like Gecko) Chrome/133.0.0.0 Safari/537.36"
43.173.175.208 - - [09/Jun/2026:08:25:02 -0400] "GET /wp-content/plugins/goodlayers-core/plugins/style.css?ver=1760010053 HTTP/1.1" 200 6456 "https://blissfulnepal.com/tag/adventure-travel/" "Mozilla/5.0 (Windows NT 10.0; Win64; x64) AppleWebKit/537.36 (KHTML, like Gecko) Chrome/133.0.0.0 Safari/537.36"
43.173.174.35 - - [09/Jun/2026:08:25:02 -0400] "GET /wp-content/themes/traveltour/css/style-core.css?ver=7.0 HTTP/1.1" 200 21070 "https://blissfulnepal.com/tag/adventure-travel/" "Mozilla/5.0 (Windows NT 10.0; Win64; x64) AppleWebKit/537.36 (KHTML, like Gecko) Chrome/133.0.0.0 Safari/537.36"
43.172.195.215 - - [09/Jun/2026:08:25:03 -0400] "GET /wp-content/uploads/traveltour-style-custom.css?1760010053&ver=7.0 HTTP/1.1" 200 15827 "https://blissfulnepal.com/tag/adventure-travel/" "Mozilla/5.0 (Windows NT 10.0; Win64; x64) AppleWebKit/537.36 (KHTML, like Gecko) Chrome/133.0.0.0 Safari/537.36"
43.172.195.144 - - [09/Jun/2026:08:25:03 -0400] "GET /wp-content/plugins/getautoseo-ai-content-publisher/assets/css/frontend.css?ver=1.3.84 HTTP/1.1" 200 732 "https://blissfulnepal.com/tag/adventure-travel/" "Mozilla/5.0 (Windows NT 10.0; Win64; x64) AppleWebKit/537.36 (KHTML, like Gecko) Chrome/133.0.0.0 Safari/537.36"
66.249.69.66 - - [09/Jun/2026:08:25:27 -0400] "GET /wp-content/plugins/goodlayers-core/plugins/fontawesome/font-awesome.css?ver=7.0 HTTP/1.1" 200 6600 "https://blissfulnepal.com/mera-peak/" "Mozilla/5.0 (Linux; Android 6.0.1; Nexus 5X Build/MMB29P) AppleWebKit/537.36 (KHTML, like Gecko) Chrome/148.0.7778.96 Mobile Safari/537.36 (compatible; Googlebot/2.1; +http://www.google.com/bot.html)"
66.249.69.67 - - [09/Jun/2026:08:25:28 -0400] "GET /wp-includes/js/jquery/jquery.masonry.min.js?ver=3.1.2b HTTP/1.1" 200 628 "https://blissfulnepal.com/mera-peak/" "Mozilla/5.0 (Linux; Android 6.0.1; Nexus 5X Build/MMB29P) AppleWebKit/537.36 (KHTML, like Gecko) Chrome/148.0.7778.96 Mobile Safari/537.36 (compatible; Googlebot/2.1; +http://www.google.com/bot.html)"
66.249.69.65 - - [09/Jun/2026:08:25:28 -0400] "GET /wp-content/plugins/tourmaster/tour/tourmaster-tour.js?ver=7.0 HTTP/1.1" 200 11183 "https://blissfulnepal.com/mera-peak/" "Mozilla/5.0 (Linux; Android 6.0.1; Nexus 5X Build/MMB29P) AppleWebKit/537.36 (KHTML, like Gecko) Chrome/148.0.7778.96 Mobile Safari/537.36 (compatible; Googlebot/2.1; +http://www.google.com/bot.html)"
66.249.69.67 - - [09/Jun/2026:08:25:28 -0400] "GET /wp-includes/js/comment-reply.min.js?ver=7.0 HTTP/1.1" 200 1247 "https://blissfulnepal.com/mera-peak/" "Mozilla/5.0 (Linux; Android 6.0.1; Nexus 5X Build/MMB29P) AppleWebKit/537.36 (KHTML, like Gecko) Chrome/148.0.7778.96 Mobile Safari/537.36 (compatible; Googlebot/2.1; +http://www.google.com/bot.html)"
63.250.38.253 - - [09/Jun/2026:08:25:48 -0400] "POST /wp-cron.php?doing_wp_cron=1781007948.7370820045471191406250 HTTP/1.1" 200 0 "-" "WordPress/7.0; https://blissfulnepal.com"
46.2.152.94 - - [09/Jun/2026:08:25:47 -0400] "GET /products/8326034 HTTP/1.1" 404 24090 "-" "Mozilla/5.0 (Windows NT 6.1; WOW64) AppleWebKit/537.36 (KHTML, like Gecko) Chrome/90.0.4430.93 Safari/537.36"
63.250.38.253 - - [09/Jun/2026:08:27:37 -0400] "POST /wp-cron.php?doing_wp_cron=1781008057.6785929203033447265625 HTTP/1.1" 200 0 "-" "WordPress/7.0; https://blissfulnepal.com"
66.249.69.67 - - [09/Jun/2026:08:27:33 -0400] "GET /products/11652089 HTTP/1.1" 404 20948 "-" "Mozilla/5.0 (Linux; Android 6.0.1; Nexus 5X Build/MMB29P) AppleWebKit/537.36 (KHTML, like Gecko) Chrome/148.0.7778.96 Mobile Safari/537.36 (compatible; Googlebot/2.1; +http://www.google.com/bot.html)"
198.49.72.2 - - [09/Jun/2026:08:28:04 -0400] "GET /.well-known/acme-challenge/75NA2JMJK5ARA1REY63P_4TUN5HJKKEG HTTP/1.1" 404 1251 "-" "Cpanel-HTTP-Client/1.0"
198.49.72.2 - - [09/Jun/2026:08:28:05 -0400] "GET /.well-known/acme-challenge/DO7Z9WM3M-YUB5N6WFZURB2N-5525RST HTTP/1.1" 404 1251 "-" "Cpanel-HTTP-Client/1.0"
198.49.72.2 - - [09/Jun/2026:08:28:06 -0400] "GET /.well-known/acme-challenge/0ZQ_-JY7EVZ0KSUG_TVV1O3CLU3S0OUK HTTP/1.1" 404 1251 "-" "Cpanel-HTTP-Client/1.0"
198.49.72.2 - - [09/Jun/2026:08:28:07 -0400] "GET /.well-known/acme-challenge/PNNCTKQD0U0FEMTDZXAUMWRZAML1F7YJ HTTP/1.1" 404 1251 "-" "Cpanel-HTTP-Client/1.0"
198.49.72.2 - - [09/Jun/2026:08:28:07 -0400] "GET /.well-known/acme-challenge/TDL8IMG80XLTYZUI3ECA2CB7DI6BN5SP HTTP/1.1" 404 1251 "-" "Cpanel-HTTP-Client/1.0"
63.250.38.253 - - [09/Jun/2026:08:30:42 -0400] "POST /wp-cron.php?doing_wp_cron=1781008242.2129449844360351562500 HTTP/1.1" 200 0 "-" "WordPress/7.0; https://blissfulnepal.com"
66.249.69.65 - - [09/Jun/2026:08:30:38 -0400] "GET /products/6100967 HTTP/1.1" 404 20948 "-" "Mozilla/5.0 (Linux; Android 6.0.1; Nexus 5X Build/MMB29P) AppleWebKit/537.36 (KHTML, like Gecko) Chrome/148.0.7778.96 Mobile Safari/537.36 (compatible; Googlebot/2.1; +http://www.google.com/bot.html)"
63.250.38.253 - - [09/Jun/2026:08:32:37 -0400] "POST /wp-cron.php?doing_wp_cron=1781008357.3998799324035644531250 HTTP/1.1" 200 0 "-" "WordPress/7.0; https://blissfulnepal.com"
52.167.144.170 - - [09/Jun/2026:08:32:33 -0400] "GET /customize-trip/ HTTP/1.1" 200 30061 "-" "Mozilla/5.0 AppleWebKit/537.36 (KHTML, like Gecko; compatible; bingbot/2.0; +http://www.bing.com/bingbot.htm) Chrome/116.0.1938.76 Safari/537.36"
66.249.69.67 - - [09/Jun/2026:08:32:52 -0400] "GET /products/16956712 HTTP/1.1" 404 20948 "-" "Mozilla/5.0 (Linux; Android 6.0.1; Nexus 5X Build/MMB29P) AppleWebKit/537.36 (KHTML, like Gecko) Chrome/148.0.7778.96 Mobile Safari/537.36 (compatible; Googlebot/2.1; +http://www.google.com/bot.html)"
63.250.38.253 - - [09/Jun/2026:08:37:12 -0400] "POST /wp-cron.php?doing_wp_cron=1781008632.0419690608978271484375 HTTP/1.1" 200 0 "-" "WordPress/7.0; https://blissfulnepal.com"
40.77.167.55 - - [09/Jun/2026:08:37:08 -0400] "GET /tag/trekking-guide/ HTTP/1.1" 200 22357 "-" "Mozilla/5.0 AppleWebKit/537.36 (KHTML, like Gecko; compatible; bingbot/2.0; +http://www.bing.com/bingbot.htm) Chrome/116.0.1938.76 Safari/537.36"
63.250.38.253 - - [09/Jun/2026:08:38:13 -0400] "POST /wp-cron.php?doing_wp_cron=1781008693.7024440765380859375000 HTTP/1.1" 200 0 "-" "WordPress/7.0; https://blissfulnepal.com"
207.46.13.157 - - [09/Jun/2026:08:38:13 -0400] "GET /products/18094167 HTTP/1.1" 301 0 "-" "Mozilla/5.0 AppleWebKit/537.36 (KHTML, like Gecko; compatible; bingbot/2.0; +http://www.bing.com/bingbot.htm) Chrome/116.0.1938.76 Safari/537.36"
207.46.13.157 - - [09/Jun/2026:08:38:14 -0400] "GET /products/18808167 HTTP/1.1" 301 0 "-" "Mozilla/5.0 AppleWebKit/537.36 (KHTML, like Gecko; compatible; bingbot/2.0; +http://www.bing.com/bingbot.htm) Chrome/116.0.1938.76 Safari/537.36"
5.161.216.238 - - [09/Jun/2026:08:38:24 -0400] "POST /wp-load.php?5ca576=64796 HTTP/1.1" 200 5435 "-" "Mozilla/5.0 (Windows NT 10.0; Win64; x64) AppleWebKit/537.36 (KHTML, like Gecko) Chrome/138.0.0.0 Safari/537.36"
178.156.128.204 - - [09/Jun/2026:08:38:34 -0400] "POST /wp-load.php?c38f3a=12384 HTTP/1.1" 200 2155 "https://blissfulnepal.com/" "Mozilla/5.0 (Windows NT 10.0; Win64; x64) AppleWebKit/537.36 (KHTML, like Gecko) Chrome/138.0.0.0 Safari/537.36"
138.99.35.91 - - [09/Jun/2026:08:38:38 -0400] "GET /products/5624923 HTTP/1.1" 404 24090 "-" "Mozilla/5.0 (Macintosh; Intel Mac OS X 10_14_6) AppleWebKit/537.36 (KHTML, like Gecko) Chrome/88.0.4324.96 Safari/537.36"
63.250.38.253 - - [09/Jun/2026:08:40:32 -0400] "POST /wp-cron.php?doing_wp_cron=1781008832.9080820083618164062500 HTTP/1.1" 200 0 "-" "WordPress/7.0; https://blissfulnepal.com"
52.167.144.220 - - [09/Jun/2026:08:40:28 -0400] "GET /tag/altitude-acclimatization/ HTTP/1.1" 200 22332 "-" "Mozilla/5.0 AppleWebKit/537.36 (KHTML, like Gecko; compatible; bingbot/2.0; +http://www.bing.com/bingbot.htm) Chrome/116.0.1938.76 Safari/537.36"
63.250.38.253 - - [09/Jun/2026:08:41:31 -0400] "POST /wp-cron.php?doing_wp_cron=1781008891.7390570640563964843750 HTTP/1.1" 200 0 "-" "WordPress/7.0; https://blissfulnepal.com"
66.249.69.67 - - [09/Jun/2026:08:41:30 -0400] "GET /products/11509623 HTTP/1.1" 404 20948 "-" "Mozilla/5.0 (Linux; Android 6.0.1; Nexus 5X Build/MMB29P) AppleWebKit/537.36 (KHTML, like Gecko) Chrome/148.0.7778.96 Mobile Safari/537.36 (compatible; Googlebot/2.1; +http://www.google.com/bot.html)"
103.91.52.2 - - [09/Jun/2026:08:41:42 -0400] "GET /products/6219045 HTTP/1.1" 404 24090 "-" "Mozilla/5.0 (Windows NT 10.0; WOW64) AppleWebKit/537.36 (KHTML, like Gecko) Chrome/75.0.3770.100 Safari/537.36"
63.250.38.253 - - [09/Jun/2026:08:42:32 -0400] "POST /wp-cron.php?doing_wp_cron=1781008952.6888260841369628906250 HTTP/1.1" 200 0 "-" "WordPress/7.0; https://blissfulnepal.com"
114.119.136.221 - - [09/Jun/2026:08:42:31 -0400] "GET /tour/kanchenjunga-base-camp-trek/ HTTP/1.1" 200 47383 "https://blissfulnepal.com/booking/?id=6312" "Mozilla/5.0 (Linux; Android 7.0;) AppleWebKit/537.36 (HTML, like Gecko) Mobile Safari/537.36 (compatible; PetalBot;+https://webmaster.petalsearch.com/site/petalbot)"
63.250.38.253 - - [09/Jun/2026:08:43:55 -0400] "POST /wp-cron.php?doing_wp_cron=1781009035.5791869163513183593750 HTTP/1.1" 200 0 "-" "WordPress/7.0; https://blissfulnepal.com"
114.119.131.120 - - [09/Jun/2026:08:43:54 -0400] "GET /booking?id=6323 HTTP/1.1" 301 0 "https://blissfulnepal.com/booking?id=6323" "Mozilla/5.0 (Linux; Android 7.0;) AppleWebKit/537.36 (HTML, like Gecko) Mobile Safari/537.36 (compatible; PetalBot;+https://webmaster.petalsearch.com/site/petalbot)"
114.119.131.120 - - [09/Jun/2026:08:43:56 -0400] "GET /booking/?id=6323 HTTP/1.1" 200 23403 "https://blissfulnepal.com/booking?id=6323" "Mozilla/5.0 (Linux; Android 7.0;) AppleWebKit/537.36 (HTML, like Gecko) Mobile Safari/537.36 (compatible; PetalBot;+https://webmaster.petalsearch.com/site/petalbot)"
63.250.38.253 - - [09/Jun/2026:08:46:27 -0400] "POST /wp-cron.php?doing_wp_cron=1781009187.5212430953979492187500 HTTP/1.1" 200 0 "-" "WordPress/7.0; https://blissfulnepal.com"
66.249.69.65 - - [09/Jun/2026:08:46:23 -0400] "GET /products/15890234 HTTP/1.1" 404 20948 "-" "Mozilla/5.0 (Linux; Android 6.0.1; Nexus 5X Build/MMB29P) AppleWebKit/537.36 (KHTML, like Gecko) Chrome/148.0.7778.96 Mobile Safari/537.36 (compatible; Googlebot/2.1; +http://www.google.com/bot.html)"
63.250.38.253 - - [09/Jun/2026:08:47:56 -0400] "POST /wp-cron.php?doing_wp_cron=1781009276.2538309097290039062500 HTTP/1.1" 200 0 "-" "WordPress/7.0; https://blissfulnepal.com"
189.37.67.167 - - [09/Jun/2026:08:47:52 -0400] "GET /products/20974289 HTTP/1.1" 301 0 "-" "Mozilla/5.0 (Macintosh; Intel Mac OS X 10_11_6) AppleWebKit/537.36 (KHTML, like Gecko) Chrome/66.0.3359.170 Safari/537.36"
197.203.205.191 - - [09/Jun/2026:08:47:58 -0400] "GET /products/20974289 HTTP/1.1" 404 24090 "-" "Mozilla/5.0 (Macintosh; Intel Mac OS X 10_11_6) AppleWebKit/537.36 (KHTML, like Gecko) Chrome/66.0.3359.170 Safari/537.36"
63.250.38.253 - - [09/Jun/2026:08:48:16 -0400] "POST /wp-cron.php?doing_wp_cron=1781009296.5502049922943115234375 HTTP/1.1" 200 0 "-" "WordPress/7.0; https://blissfulnepal.com"
37.67.34.21 - - [09/Jun/2026:08:48:15 -0400] "GET /post-sitemap.xml HTTP/1.1" 200 2354 "-" "Mozilla/5.0 (Macintosh; Intel Mac OS X 11.4; rv:135.0) Gecko/20100101 Firefox/135.0"
14.236.95.211 - - [09/Jun/2026:08:48:18 -0400] "GET / HTTP/1.1" 200 36102 "-" "Mozilla/5.0 (Macintosh; Intel Mac OS X 10.15; rv:133.0) Gecko/20100101 Firefox/133.0"
177.225.131.47 - - [09/Jun/2026:08:48:17 -0400] "GET / HTTP/1.1" 200 36102 "-" "Mozilla/5.0 (Macintosh; Intel Mac OS X 10.15; rv:135.0) Gecko/20100101 Firefox/135.0"
116.104.3.196 - - [09/Jun/2026:08:48:20 -0400] "GET / HTTP/1.1" 200 36163 "-" "Mozilla/5.0 (Macintosh; Intel Mac OS X 10_15_7) AppleWebKit/537.36 (KHTML, like Gecko) Chrome/145.0.0.0 Safari/537.36"
66.249.69.65 - - [09/Jun/2026:08:48:33 -0400] "GET /products/24834712 HTTP/1.1" 404 20948 "-" "Mozilla/5.0 (Linux; Android 6.0.1; Nexus 5X Build/MMB29P) AppleWebKit/537.36 (KHTML, like Gecko) Chrome/148.0.7778.96 Mobile Safari/537.36 (compatible; Googlebot/2.1; +http://www.google.com/bot.html)"
63.250.38.253 - - [09/Jun/2026:08:49:28 -0400] "POST /wp-cron.php?doing_wp_cron=1781009368.1436100006103515625000 HTTP/1.1" 200 0 "-" "WordPress/7.0; https://blissfulnepal.com"
66.249.69.65 - - [09/Jun/2026:08:49:27 -0400] "GET /products/18111578 HTTP/1.1" 404 20948 "-" "Mozilla/5.0 (Linux; Android 6.0.1; Nexus 5X Build/MMB29P) AppleWebKit/537.36 (KHTML, like Gecko) Chrome/148.0.7778.96 Mobile Safari/537.36 (compatible; Googlebot/2.1; +http://www.google.com/bot.html)"
63.250.38.253 - - [09/Jun/2026:08:52:44 -0400] "POST /wp-cron.php?doing_wp_cron=1781009564.4441020488739013671875 HTTP/1.1" 200 0 "-" "WordPress/7.0; https://blissfulnepal.com"
66.249.69.67 - - [09/Jun/2026:08:52:40 -0400] "GET /products/8755367 HTTP/1.1" 404 20948 "-" "Mozilla/5.0 (Linux; Android 6.0.1; Nexus 5X Build/MMB29P) AppleWebKit/537.36 (KHTML, like Gecko) Chrome/148.0.7778.96 Mobile Safari/537.36 (compatible; Googlebot/2.1; +http://www.google.com/bot.html)"
63.250.38.253 - - [09/Jun/2026:08:53:20 -0400] "POST /wp-cron.php?doing_wp_cron=1781009600.2577021121978759765625 HTTP/1.1" 200 0 "-" "WordPress/7.0; https://blissfulnepal.com"
66.249.69.65 - - [09/Jun/2026:08:53:19 -0400] "GET /products/5530289 HTTP/1.1" 404 20948 "-" "Mozilla/5.0 (Linux; Android 6.0.1; Nexus 5X Build/MMB29P) AppleWebKit/537.36 (KHTML, like Gecko) Chrome/148.0.7778.96 Mobile Safari/537.36 (compatible; Googlebot/2.1; +http://www.google.com/bot.html)"
5.161.201.188 - - [09/Jun/2026:08:53:24 -0400] "POST /wp-load.php?d418ec=32296 HTTP/1.1" 200 6919 "-" "Mozilla/5.0 (Windows NT 10.0; Win64; x64) AppleWebKit/537.36 (KHTML, like Gecko) Chrome/138.0.0.0 Safari/537.36"
178.156.128.204 - - [09/Jun/2026:08:53:34 -0400] "POST /wp-load.php?b8489f=88939 HTTP/1.1" 200 3945 "https://blissfulnepal.com/" "Mozilla/5.0 (Windows NT 10.0; Win64; x64) AppleWebKit/537.36 (KHTML, like Gecko) Chrome/138.0.0.0 Safari/537.36"
63.250.38.253 - - [09/Jun/2026:08:54:30 -0400] "POST /wp-cron.php?doing_wp_cron=1781009670.9157130718231201171875 HTTP/1.1" 200 0 "-" "WordPress/7.0; https://blissfulnepal.com"
66.249.69.65 - - [09/Jun/2026:08:54:29 -0400] "GET /products/25848490 HTTP/1.1" 404 20948 "-" "Mozilla/5.0 (Linux; Android 6.0.1; Nexus 5X Build/MMB29P) AppleWebKit/537.36 (KHTML, like Gecko) Chrome/148.0.7778.96 Mobile Safari/537.36 (compatible; Googlebot/2.1; +http://www.google.com/bot.html)"
66.249.69.66 - - [09/Jun/2026:08:54:30 -0400] "GET /products/7951890 HTTP/1.1" 404 20948 "-" "Mozilla/5.0 (Linux; Android 6.0.1; Nexus 5X Build/MMB29P) AppleWebKit/537.36 (KHTML, like Gecko) Chrome/148.0.7778.96 Mobile Safari/537.36 (compatible; Googlebot/2.1; +http://www.google.com/bot.html)"
63.250.38.253 - - [09/Jun/2026:08:55:33 -0400] "POST /wp-cron.php?doing_wp_cron=1781009733.8007550239562988281250 HTTP/1.1" 200 0 "-" "WordPress/7.0; https://blissfulnepal.com"
197.203.245.210 - - [09/Jun/2026:08:55:33 -0400] "GET /products/22548678 HTTP/1.1" 301 0 "-" "Mozilla/5.0 (Windows NT 6.1; WOW64) AppleWebKit/537.36 (KHTML, like Gecko) Chrome/89.0.4389.114 Safari/537.36"
181.63.150.46 - - [09/Jun/2026:08:55:36 -0400] "GET /products/22548678 HTTP/1.1" 404 24090 "-" "Mozilla/5.0 (Windows NT 6.1; WOW64) AppleWebKit/537.36 (KHTML, like Gecko) Chrome/89.0.4389.114 Safari/537.36"
63.250.38.253 - - [09/Jun/2026:08:56:38 -0400] "POST /wp-cron.php?doing_wp_cron=1781009798.4201829433441162109375 HTTP/1.1" 200 0 "-" "WordPress/7.0; https://blissfulnepal.com"
66.249.69.66 - - [09/Jun/2026:08:56:37 -0400] "GET /products/11299145 HTTP/1.1" 404 20948 "-" "Mozilla/5.0 (Linux; Android 6.0.1; Nexus 5X Build/MMB29P) AppleWebKit/537.36 (KHTML, like Gecko) Chrome/148.0.7778.96 Mobile Safari/537.36 (compatible; Googlebot/2.1; +http://www.google.com/bot.html)"
63.250.38.253 - - [09/Jun/2026:08:57:14 -0400] "POST /wp-cron.php?doing_wp_cron=1781009834.4604370594024658203125 HTTP/1.1" 200 0 "-" "WordPress/7.0; https://blissfulnepal.com"
66.249.69.66 - - [09/Jun/2026:08:57:13 -0400] "GET /products/9492634 HTTP/1.1" 404 20948 "-" "Mozilla/5.0 (Linux; Android 6.0.1; Nexus 5X Build/MMB29P) AppleWebKit/537.36 (KHTML, like Gecko) Chrome/148.0.7778.96 Mobile Safari/537.36 (compatible; Googlebot/2.1; +http://www.google.com/bot.html)"
52.167.144.166 - - [09/Jun/2026:08:57:49 -0400] "GET /tag/lukla-airport/ HTTP/1.1" 200 22465 "-" "Mozilla/5.0 AppleWebKit/537.36 (KHTML, like Gecko; compatible; bingbot/2.0; +http://www.bing.com/bingbot.htm) Chrome/116.0.1938.76 Safari/537.36"
157.55.39.63 - - [09/Jun/2026:08:57:54 -0400] "GET /products/13007890 HTTP/1.1" 301 0 "-" "Mozilla/5.0 AppleWebKit/537.36 (KHTML, like Gecko; compatible; bingbot/2.0; +http://www.bing.com/bingbot.htm) Chrome/116.0.1938.76 Safari/537.36"
63.250.38.253 - - [09/Jun/2026:08:58:30 -0400] "POST /wp-cron.php?doing_wp_cron=1781009910.3185369968414306640625 HTTP/1.1" 200 0 "-" "WordPress/7.0; https://blissfulnepal.com"
66.249.69.65 - - [09/Jun/2026:08:58:29 -0400] "GET /products/30070890 HTTP/1.1" 404 20948 "-" "Mozilla/5.0 (Linux; Android 6.0.1; Nexus 5X Build/MMB29P) AppleWebKit/537.36 (KHTML, like Gecko) Chrome/148.0.7778.96 Mobile Safari/537.36 (compatible; Googlebot/2.1; +http://www.google.com/bot.html)"
63.250.38.253 - - [09/Jun/2026:08:58:30 -0400] "POST /wp-admin/admin-ajax.php?action=wordfence_testAjax HTTP/1.1" 200 32 "-" "WordPress/7.0; https://blissfulnepal.com"
63.250.38.253 - - [09/Jun/2026:08:58:32 -0400] "GET /wp-admin/admin-ajax.php?action=wordfence_doScan&isFork=0&scanMode=quick&cronKey=8ca6e37148cc2ce45746ba24c1b2ca02&signature=46f3f9981b058f6482425e054fdb50a39594b579908c5aacd40354e08cab8885 HTTP/1.1" 200 0 "-" "WordPress/7.0; https://blissfulnepal.com"
136.117.100.9 - - [09/Jun/2026:09:00:03 -0400] "GET /wp-content/uploads/2023/11/Annapurna-Region-1.jpg HTTP/1.1" 200 523812 "-" "Mozilla/5.0 (X11; Linux x86_64) AppleWebKit/537.36 (KHTML, like Gecko) Chrome/91.0.4472.114 Safari/537.36"
187.132.230.246 - - [09/Jun/2026:09:09:46 -0400] "GET /products/7966389 HTTP/1.1" 404 24089 "-" "Mozilla/5.0 (Macintosh; Intel Mac OS X 10_13_6) AppleWebKit/537.36 (KHTML, like Gecko) Chrome/80.0.3987.132 Safari/537.36"
66.249.69.66 - - [09/Jun/2026:09:09:54 -0400] "GET /products/27894534 HTTP/1.1" 404 20947 "-" "Mozilla/5.0 (Linux; Android 6.0.1; Nexus 5X Build/MMB29P) AppleWebKit/537.36 (KHTML, like Gecko) Chrome/148.0.7778.96 Mobile Safari/537.36 (compatible; Googlebot/2.1; +http://www.google.com/bot.html)"
63.250.38.253 - - [09/Jun/2026:09:01:46 -0400] "POST /wp-cron.php?doing_wp_cron=1781010106.7378249168395996093750 HTTP/1.1" 200 0 "-" "WordPress/7.0; https://blissfulnepal.com"
193.19.109.223 - - [09/Jun/2026:09:01:42 -0400] "POST /wp-login.php HTTP/1.1" 503 7732 "-" "Mozilla/5.0 (Macintosh; Intel Mac OS X 10_15_7) AppleWebKit/605.1.15 Version/17.0 Safari/605.1.15"
82.194.29.213 - - [09/Jun/2026:09:01:49 -0400] "GET /products/16826956 HTTP/1.1" 301 0 "-" "Mozilla/5.0 (Windows NT 10.0; Win64; x64) AppleWebKit/537.36 (KHTML, like Gecko) Chrome/99.0.4844.84 Safari/537.36"
186.122.89.122 - - [09/Jun/2026:09:01:52 -0400] "GET /products/16826956 HTTP/1.1" 404 24089 "-" "Mozilla/5.0 (Windows NT 10.0; Win64; x64) AppleWebKit/537.36 (KHTML, like Gecko) Chrome/99.0.4844.84 Safari/537.36"
63.250.38.253 - - [09/Jun/2026:09:02:15 -0400] "POST /wp-cron.php?doing_wp_cron=1781010135.9088230133056640625000 HTTP/1.1" 200 0 "-" "WordPress/7.0; https://blissfulnepal.com"
66.249.69.67 - - [09/Jun/2026:09:02:14 -0400] "GET /products/5414790 HTTP/1.1" 404 20947 "-" "Mozilla/5.0 (Linux; Android 6.0.1; Nexus 5X Build/MMB29P) AppleWebKit/537.36 (KHTML, like Gecko) Chrome/148.0.7778.96 Mobile Safari/537.36 (compatible; Googlebot/2.1; +http://www.google.com/bot.html)"
51.68.236.94 - - [09/Jun/2026:09:02:54 -0400] "GET /robots.txt HTTP/1.1" 200 144 "-" "Mozilla/5.0 (compatible; MJ12bot/v2.0.5; http://mj12bot.com/)"
63.250.38.253 - - [09/Jun/2026:09:02:55 -0400] "POST /wp-cron.php?doing_wp_cron=1781010175.8932459354400634765625 HTTP/1.1" 200 0 "-" "WordPress/7.0; https://blissfulnepal.com"
51.68.236.94 - - [09/Jun/2026:09:02:54 -0400] "GET / HTTP/1.1" 200 36133 "-" "Mozilla/5.0 (compatible; MJ12bot/v2.0.5; http://mj12bot.com/)"
54.39.89.78 - - [09/Jun/2026:09:03:04 -0400] "GET /wp-content/uploads/2026/06/getautoseocom_1780669965_Jf0DVdqZ-scaled.jpg HTTP/1.1" 200 317599 "-" "Mozilla/5.0 (compatible; AhrefsBot/7.0; +http://ahrefs.com/robot/)"
63.250.38.253 - - [09/Jun/2026:09:05:20 -0400] "POST /wp-cron.php?doing_wp_cron=1781010320.0678970813751220703125 HTTP/1.1" 200 0 "-" "WordPress/7.0; https://blissfulnepal.com"
66.249.69.65 - - [09/Jun/2026:09:05:16 -0400] "GET /products/17094401 HTTP/1.1" 404 20947 "-" "Mozilla/5.0 (Linux; Android 6.0.1; Nexus 5X Build/MMB29P) AppleWebKit/537.36 (KHTML, like Gecko) Chrome/148.0.7778.96 Mobile Safari/537.36 (compatible; Googlebot/2.1; +http://www.google.com/bot.html)"
120.240.178.183 - - [09/Jun/2026:09:07:23 -0400] "GET /wp-content/uploads/2024/01/sunrise-over-the-kathmandu-city-2023-11-27-05-36-32-utc-700x430.jpg HTTP/1.1" 200 96650 "https://blissfulnepal.com/blogs/page/2/" "Mozilla/5.0 (Windows NT 10.0; Win64; x64) AppleWebKit/537.36 (KHTML, like Gecko) Chrome/143.0.0.0 Safari/537.36"
178.156.136.36 - - [09/Jun/2026:09:08:26 -0400] "POST /wp-load.php?35e53c=8122 HTTP/1.1" 200 6850 "-" "Mozilla/5.0 (Windows NT 10.0; Win64; x64) AppleWebKit/537.36 (KHTML, like Gecko) Chrome/138.0.0.0 Safari/537.36"
178.156.136.36 - - [09/Jun/2026:09:08:34 -0400] "POST /wp-load.php?8a8106=46067 HTTP/1.1" 200 3849 "https://blissfulnepal.com/" "Mozilla/5.0 (Windows NT 10.0; Win64; x64) AppleWebKit/537.36 (KHTML, like Gecko) Chrome/138.0.0.0 Safari/537.36"
63.250.38.253 - - [09/Jun/2026:09:09:36 -0400] "POST /wp-cron.php?doing_wp_cron=1781010576.9153718948364257812500 HTTP/1.1" 200 0 "-" "WordPress/7.0; https://blissfulnepal.com"
66.249.69.65 - - [09/Jun/2026:09:09:34 -0400] "GET /products/1056334 HTTP/1.1" 404 20947 "-" "Mozilla/5.0 (Linux; Android 6.0.1; Nexus 5X Build/MMB29P) AppleWebKit/537.36 (KHTML, like Gecko) Chrome/148.0.7778.96 Mobile Safari/537.36 (compatible; Googlebot/2.1; +http://www.google.com/bot.html)"
134.185.86.134 - - [09/Jun/2026:09:11:35 -0400] "GET / HTTP/1.1" 200 0 "-" "Mozilla/5.0 (X11; Linux x86_64) Gecko/20100101 Firefox/117.0"
63.250.38.253 - - [09/Jun/2026:09:11:40 -0400] "POST /wp-cron.php?doing_wp_cron=1781010700.7950420379638671875000 HTTP/1.1" 200 0 "-" "WordPress/7.0; https://blissfulnepal.com"
63.250.38.253 - - [09/Jun/2026:09:11:41 -0400] "POST /wp-cron.php?doing_wp_cron=1781010701.7618029117584228515625 HTTP/1.1" 200 0 "-" "WordPress/7.0; https://blissfulnepal.com"
134.185.86.134 - - [09/Jun/2026:09:11:40 -0400] "GET / HTTP/1.1" 200 42536 "-" "Mozilla/5.0 (Windows NT 10.0; Win64; x64) AppleWebKit/537.36 Chrome/116.0 Safari/537.36"
134.185.86.134 - - [09/Jun/2026:09:11:42 -0400] "GET / HTTP/1.1" 200 42536 "-" "Go-http-client/2.0"
134.185.86.134 - - [09/Jun/2026:09:11:43 -0400] "GET /wp-login.php HTTP/1.1" 200 2252 "-" "Mozilla/5.0 (X11; Linux x86_64) Gecko/20100101 Firefox/117.0"
134.185.86.134 - - [09/Jun/2026:09:11:44 -0400] "GET /wp-admin/ HTTP/1.1" 302 0 "-" "Mozilla/5.0 (iPad; CPU OS 17_4 like Mac OS X) AppleWebKit/605.1.15 Mobile/15E148"
134.185.86.134 - - [09/Jun/2026:09:11:45 -0400] "GET /wp-login.php?redirect_to=https%3A%2F%2Fblissfulnepal.com%2Fwp-admin%2F&reauth=1 HTTP/1.1" 200 2252 "https://blissfulnepal.com/wp-admin/" "Mozilla/5.0 (iPad; CPU OS 17_4 like Mac OS X) AppleWebKit/605.1.15 Mobile/15E148"
134.185.86.134 - - [09/Jun/2026:09:11:46 -0400] "GET /administrator/ HTTP/1.1" 404 24089 "-" "Mozilla/5.0 (Android 13; Mobile; rv:117.0) Gecko/117.0 Firefox/117.0"
134.185.86.134 - - [09/Jun/2026:09:11:47 -0400] "GET /user/login HTTP/1.1" 404 24089 "-" "Mozilla/5.0 (Android 13; Mobile; rv:117.0) Gecko/117.0 Firefox/117.0"
134.185.86.134 - - [09/Jun/2026:09:11:48 -0400] "GET /admin HTTP/1.1" 302 0 "-" "Mozilla/5.0 (iPhone; CPU iPhone OS 17_4_1 like Mac OS X) AppleWebKit/605.1.15 Mobile/15E148"
134.185.86.134 - - [09/Jun/2026:09:11:49 -0400] "GET /wp-admin/ HTTP/1.1" 302 0 "https://blissfulnepal.com/admin" "Mozilla/5.0 (iPhone; CPU iPhone OS 17_4_1 like Mac OS X) AppleWebKit/605.1.15 Mobile/15E148"
134.185.86.134 - - [09/Jun/2026:09:11:50 -0400] "GET /wp-login.php?redirect_to=https%3A%2F%2Fblissfulnepal.com%2Fwp-admin%2F&reauth=1 HTTP/1.1" 200 2252 "https://blissfulnepal.com/wp-admin/" "Mozilla/5.0 (iPhone; CPU iPhone OS 17_4_1 like Mac OS X) AppleWebKit/605.1.15 Mobile/15E148"
134.185.86.134 - - [09/Jun/2026:09:11:51 -0400] "GET /login HTTP/1.1" 302 0 "-" "Mozilla/5.0 (X11; Linux x86_64) Gecko/20100101 Firefox/117.0"
134.185.86.134 - - [09/Jun/2026:09:11:52 -0400] "GET /wp-login.php HTTP/1.1" 200 2252 "https://blissfulnepal.com/login" "Mozilla/5.0 (X11; Linux x86_64) Gecko/20100101 Firefox/117.0"
134.185.86.134 - - [09/Jun/2026:09:11:53 -0400] "GET /register HTTP/1.1" 404 24089 "-" "Mozilla/5.0 (iPhone; CPU iPhone OS 17_4_1 like Mac OS X) AppleWebKit/605.1.15 Mobile/15E148"
134.185.86.134 - - [09/Jun/2026:09:11:54 -0400] "GET /admin HTTP/1.1" 302 0 "-" "Mozilla/5.0 (Macintosh; Intel Mac OS X 13_5_1) AppleWebKit/605.1.15 Safari/605.1.15"
134.185.86.134 - - [09/Jun/2026:09:11:55 -0400] "GET /wp-admin/ HTTP/1.1" 302 0 "https://blissfulnepal.com/admin" "Mozilla/5.0 (Macintosh; Intel Mac OS X 13_5_1) AppleWebKit/605.1.15 Safari/605.1.15"
134.185.86.134 - - [09/Jun/2026:09:11:56 -0400] "GET /wp-login.php?redirect_to=https%3A%2F%2Fblissfulnepal.com%2Fwp-admin%2F&reauth=1 HTTP/1.1" 200 2252 "https://blissfulnepal.com/wp-admin/" "Mozilla/5.0 (Macintosh; Intel Mac OS X 13_5_1) AppleWebKit/605.1.15 Safari/605.1.15"
134.185.86.134 - - [09/Jun/2026:09:11:56 -0400] "GET /login HTTP/1.1" 302 0 "-" "Mozilla/5.0 (iPad; CPU OS 17_4 like Mac OS X) AppleWebKit/605.1.15 Mobile/15E148"
134.185.86.134 - - [09/Jun/2026:09:11:57 -0400] "GET /wp-login.php HTTP/1.1" 200 2252 "https://blissfulnepal.com/login" "Mozilla/5.0 (iPad; CPU OS 17_4 like Mac OS X) AppleWebKit/605.1.15 Mobile/15E148"
66.249.69.67 - - [09/Jun/2026:09:12:19 -0400] "GET /products/1374134 HTTP/1.1" 404 20947 "-" "Mozilla/5.0 (Linux; Android 6.0.1; Nexus 5X Build/MMB29P) AppleWebKit/537.36 (KHTML, like Gecko) Chrome/148.0.7778.96 Mobile Safari/537.36 (compatible; Googlebot/2.1; +http://www.google.com/bot.html)"
63.250.38.253 - - [09/Jun/2026:09:13:16 -0400] "POST /wp-cron.php?doing_wp_cron=1781010796.7882270812988281250000 HTTP/1.1" 200 0 "-" "WordPress/7.0; https://blissfulnepal.com"
66.249.69.65 - - [09/Jun/2026:09:13:15 -0400] "GET /products/12661190 HTTP/1.1" 404 20947 "-" "Mozilla/5.0 (Linux; Android 6.0.1; Nexus 5X Build/MMB29P) AppleWebKit/537.36 (KHTML, like Gecko) Chrome/148.0.7778.96 Mobile Safari/537.36 (compatible; Googlebot/2.1; +http://www.google.com/bot.html)"
66.249.69.65 - - [09/Jun/2026:09:13:52 -0400] "GET /products/29395878 HTTP/1.1" 404 20947 "-" "Mozilla/5.0 (Linux; Android 6.0.1; Nexus 5X Build/MMB29P) AppleWebKit/537.36 (KHTML, like Gecko) Chrome/148.0.7778.96 Mobile Safari/537.36 (compatible; Googlebot/2.1; +http://www.google.com/bot.html)"
63.250.38.253 - - [09/Jun/2026:09:15:26 -0400] "POST /wp-cron.php?doing_wp_cron=1781010926.4765260219573974609375 HTTP/1.1" 200 0 "-" "WordPress/7.0; https://blissfulnepal.com"
66.249.69.67 - - [09/Jun/2026:09:15:22 -0400] "GET /tour/manaslu-circuit-trek/ HTTP/1.1" 200 50349 "-" "Mozilla/5.0 (Linux; Android 6.0.1; Nexus 5X Build/MMB29P) AppleWebKit/537.36 (KHTML, like Gecko) Chrome/148.0.7778.96 Mobile Safari/537.36 (compatible; Googlebot/2.1; +http://www.google.com/bot.html)"
113.183.95.224 - - [09/Jun/2026:09:15:26 -0400] "GET /products/14078434 HTTP/1.1" 301 0 "-" "Mozilla/5.0 (Macintosh; Intel Mac OS X 10_15_6) AppleWebKit/537.36 (KHTML, like Gecko) Brave Chrome/85.0.4183.121 Safari/537.36"
86.98.181.69 - - [09/Jun/2026:09:15:28 -0400] "GET /products/14078434 HTTP/1.1" 404 24089 "-" "Mozilla/5.0 (Macintosh; Intel Mac OS X 10_15_6) AppleWebKit/537.36 (KHTML, like Gecko) Brave Chrome/85.0.4183.121 Safari/537.36"
45.163.151.80 - - [09/Jun/2026:09:15:30 -0400] "GET /products/22570501 HTTP/1.1" 301 0 "-" "Mozilla/5.0 (Macintosh; Intel Mac OS X 10_12_6) AppleWebKit/537.36 (KHTML, like Gecko) Chrome/61.0.3163.79 Safari/537.36"
38.252.86.60 - - [09/Jun/2026:09:15:33 -0400] "GET /products/22570501 HTTP/1.1" 404 24089 "-" "Mozilla/5.0 (Macintosh; Intel Mac OS X 10_12_6) AppleWebKit/537.36 (KHTML, like Gecko) Chrome/61.0.3163.79 Safari/537.36"
193.19.109.232 - - [09/Jun/2026:09:15:36 -0400] "POST /wp-login.php HTTP/1.1" 503 7732 "-" "Mozilla/5.0 (Macintosh; Intel Mac OS X 10_15_7) AppleWebKit/605.1.15 Version/17.0 Safari/605.1.15"
66.249.69.67 - - [09/Jun/2026:09:16:04 -0400] "GET /wp-content/uploads/2023/01/destination-world.svg HTTP/1.1" 200 3223 "https://blissfulnepal.com/tour/manaslu-circuit-trek/" "Mozilla/5.0 (Linux; Android 6.0.1; Nexus 5X Build/MMB29P) AppleWebKit/537.36 (KHTML, like Gecko) Chrome/148.0.7778.96 Mobile Safari/537.36 (compatible; Googlebot/2.1; +http://www.google.com/bot.html)"
66.249.69.67 - - [09/Jun/2026:09:16:05 -0400] "GET /wp-content/plugins/goodlayers-core/plugins/style.css?ver=1760010053 HTTP/1.1" 200 4902 "https://blissfulnepal.com/tour/manaslu-circuit-trek/" "Mozilla/5.0 (Linux; Android 6.0.1; Nexus 5X Build/MMB29P) AppleWebKit/537.36 (KHTML, like Gecko) Chrome/148.0.7778.96 Mobile Safari/537.36 (compatible; Googlebot/2.1; +http://www.google.com/bot.html)"
66.249.69.65 - - [09/Jun/2026:09:16:05 -0400] "GET /wp-content/themes/traveltour-child/my-script.js?ver=7.0 HTTP/1.1" 200 195 "https://blissfulnepal.com/tour/manaslu-circuit-trek/" "Mozilla/5.0 (Linux; Android 6.0.1; Nexus 5X Build/MMB29P) AppleWebKit/537.36 (KHTML, like Gecko) Chrome/148.0.7778.96 Mobile Safari/537.36 (compatible; Googlebot/2.1; +http://www.google.com/bot.html)"
66.249.69.66 - - [09/Jun/2026:09:16:05 -0400] "GET /wp-content/plugins/table-of-contents-plus/front.min.js?ver=2411.1 HTTP/1.1" 200 2198 "https://blissfulnepal.com/tour/manaslu-circuit-trek/" "Mozilla/5.0 (Linux; Android 6.0.1; Nexus 5X Build/MMB29P) AppleWebKit/537.36 (KHTML, like Gecko) Chrome/148.0.7778.96 Mobile Safari/537.36 (compatible; Googlebot/2.1; +http://www.google.com/bot.html)"
66.249.69.65 - - [09/Jun/2026:09:16:06 -0400] "GET /wp-content/uploads/traveltour-style-custom.css?1760010053&ver=7.0 HTTP/1.1" 200 11458 "https://blissfulnepal.com/tour/manaslu-circuit-trek/" "Mozilla/5.0 (Linux; Android 6.0.1; Nexus 5X Build/MMB29P) AppleWebKit/537.36 (KHTML, like Gecko) Chrome/148.0.7778.96 Mobile Safari/537.36 (compatible; Googlebot/2.1; +http://www.google.com/bot.html)"
66.249.69.67 - - [09/Jun/2026:09:16:06 -0400] "GET /wp-includes/js/imagesloaded.min.js?ver=5.0.0 HTTP/1.1" 200 1687 "https://blissfulnepal.com/tour/manaslu-circuit-trek/" "Mozilla/5.0 (Linux; Android 6.0.1; Nexus 5X Build/MMB29P) AppleWebKit/537.36 (KHTML, like Gecko) Chrome/148.0.7778.96 Mobile Safari/537.36 (compatible; Googlebot/2.1; +http://www.google.com/bot.html)"
66.249.69.66 - - [09/Jun/2026:09:16:06 -0400] "GET /wp-content/uploads/2023/01/hiking-svgrepo-com.svg HTTP/1.1" 200 714 "https://blissfulnepal.com/tour/manaslu-circuit-trek/" "Mozilla/5.0 (Linux; Android 6.0.1; Nexus 5X Build/MMB29P) AppleWebKit/537.36 (KHTML, like Gecko) Chrome/148.0.7778.96 Mobile Safari/537.36 (compatible; Googlebot/2.1; +http://www.google.com/bot.html)"
66.249.69.67 - - [09/Jun/2026:09:16:07 -0400] "GET /wp-content/uploads/2023/01/calendar-days-svgrepo-com-1.svg HTTP/1.1" 200 526 "https://blissfulnepal.com/tour/manaslu-circuit-trek/" "Mozilla/5.0 (Linux; Android 6.0.1; Nexus 5X Build/MMB29P) AppleWebKit/537.36 (KHTML, like Gecko) Chrome/148.0.7778.96 Mobile Safari/537.36 (compatible; Googlebot/2.1; +http://www.google.com/bot.html)"
66.249.69.66 - - [09/Jun/2026:09:16:07 -0400] "GET /wp-content/uploads/2023/01/trip-grading.svg HTTP/1.1" 200 909 "https://blissfulnepal.com/tour/manaslu-circuit-trek/" "Mozilla/5.0 (Linux; Android 6.0.1; Nexus 5X Build/MMB29P) AppleWebKit/537.36 (KHTML, like Gecko) Chrome/148.0.7778.96 Mobile Safari/537.36 (compatible; Googlebot/2.1; +http://www.google.com/bot.html)"
63.250.38.253 - - [09/Jun/2026:09:16:07 -0400] "POST /wp-cron.php?doing_wp_cron=1781010967.6365439891815185546875 HTTP/1.1" 200 0 "-" "WordPress/7.0; https://blissfulnepal.com"
52.167.144.171 - - [09/Jun/2026:09:16:06 -0400] "GET /sitemap869.xml HTTP/1.1" 404 20568 "-" "Mozilla/5.0 AppleWebKit/537.36 (KHTML, like Gecko; compatible; bingbot/2.0; +http://www.bing.com/bingbot.htm) Chrome/116.0.1938.76 Safari/537.36"
66.249.69.65 - - [09/Jun/2026:09:16:08 -0400] "GET /wp-content/uploads/2023/01/accommodation.svg HTTP/1.1" 200 354 "https://blissfulnepal.com/tour/manaslu-circuit-trek/" "Mozilla/5.0 (Linux; Android 6.0.1; Nexus 5X Build/MMB29P) AppleWebKit/537.36 (KHTML, like Gecko) Chrome/148.0.7778.96 Mobile Safari/537.36 (compatible; Googlebot/2.1; +http://www.google.com/bot.html)"
66.249.69.66 - - [09/Jun/2026:09:16:08 -0400] "GET /wp-content/uploads/2023/01/distance-svgrepo-com.svg HTTP/1.1" 200 617 "https://blissfulnepal.com/tour/manaslu-circuit-trek/" "Mozilla/5.0 (Linux; Android 6.0.1; Nexus 5X Build/MMB29P) AppleWebKit/537.36 (KHTML, like Gecko) Chrome/148.0.7778.96 Mobile Safari/537.36 (compatible; Googlebot/2.1; +http://www.google.com/bot.html)"
66.249.69.65 - - [09/Jun/2026:09:16:09 -0400] "GET /wp-content/uploads/2023/01/Best-time.svg HTTP/1.1" 200 1897 "https://blissfulnepal.com/tour/manaslu-circuit-trek/" "Mozilla/5.0 (Linux; Android 6.0.1; Nexus 5X Build/MMB29P) AppleWebKit/537.36 (KHTML, like Gecko) Chrome/148.0.7778.96 Mobile Safari/537.36 (compatible; Googlebot/2.1; +http://www.google.com/bot.html)"
66.249.69.65 - - [09/Jun/2026:09:16:08 -0400] "GET /products/18708256 HTTP/1.1" 404 20947 "-" "Mozilla/5.0 (Linux; Android 6.0.1; Nexus 5X Build/MMB29P) AppleWebKit/537.36 (KHTML, like Gecko) Chrome/148.0.7778.96 Mobile Safari/537.36 (compatible; Googlebot/2.1; +http://www.google.com/bot.html)"
66.249.69.67 - - [09/Jun/2026:09:16:09 -0400] "GET /wp-content/uploads/2023/01/destination-1.svg HTTP/1.1" 200 792 "https://blissfulnepal.com/tour/manaslu-circuit-trek/" "Mozilla/5.0 (Linux; Android 6.0.1; Nexus 5X Build/MMB29P) AppleWebKit/537.36 (KHTML, like Gecko) Chrome/148.0.7778.96 Mobile Safari/537.36 (compatible; Googlebot/2.1; +http://www.google.com/bot.html)"
66.249.69.67 - - [09/Jun/2026:09:16:09 -0400] "GET /wp-content/uploads/2023/01/group-svgrepo-com.svg HTTP/1.1" 200 825 "https://blissfulnepal.com/tour/manaslu-circuit-trek/" "Mozilla/5.0 (Linux; Android 6.0.1; Nexus 5X Build/MMB29P) AppleWebKit/537.36 (KHTML, like Gecko) Chrome/148.0.7778.96 Mobile Safari/537.36 (compatible; Googlebot/2.1; +http://www.google.com/bot.html)"
66.249.69.67 - - [09/Jun/2026:09:16:10 -0400] "GET /wp-content/uploads/2023/01/bus.svg HTTP/1.1" 200 891 "https://blissfulnepal.com/tour/manaslu-circuit-trek/" "Mozilla/5.0 (Linux; Android 6.0.1; Nexus 5X Build/MMB29P) AppleWebKit/537.36 (KHTML, like Gecko) Chrome/148.0.7778.96 Mobile Safari/537.36 (compatible; Googlebot/2.1; +http://www.google.com/bot.html)"
66.249.69.66 - - [09/Jun/2026:09:16:10 -0400] "GET /wp-content/uploads/2023/01/meals.svg HTTP/1.1" 200 358 "https://blissfulnepal.com/tour/manaslu-circuit-trek/" "Mozilla/5.0 (Linux; Android 6.0.1; Nexus 5X Build/MMB29P) AppleWebKit/537.36 (KHTML, like Gecko) Chrome/148.0.7778.96 Mobile Safari/537.36 (compatible; Googlebot/2.1; +http://www.google.com/bot.html)"
66.249.69.67 - - [09/Jun/2026:09:16:10 -0400] "GET /wp-content/uploads/2023/01/altitude.svg HTTP/1.1" 200 485 "https://blissfulnepal.com/tour/manaslu-circuit-trek/" "Mozilla/5.0 (Linux; Android 6.0.1; Nexus 5X Build/MMB29P) AppleWebKit/537.36 (KHTML, like Gecko) Chrome/148.0.7778.96 Mobile Safari/537.36 (compatible; Googlebot/2.1; +http://www.google.com/bot.html)"
180.153.197.211 - - [09/Jun/2026:09:17:51 -0400] "GET /ip HTTP/1.1" 200 0 "-" "Mozilla/5.0 (Macintosh; Intel Mac OS X 10_15_7) AppleWebKit/537.36 (KHTML, like Gecko) Chrome/114.0.0.0 Safari/537.36"
101.42.235.210 - - [09/Jun/2026:09:17:51 -0400] "GET /ip HTTP/1.1" 200 0 "-" "Mozilla/5.0 (Macintosh; Intel Mac OS X 10_15_7) AppleWebKit/537.36 (KHTML, like Gecko) Chrome/114.0.0.0 Safari/537.36"
140.206.235.16 - - [09/Jun/2026:09:17:51 -0400] "GET /ip HTTP/1.1" 200 0 "-" "Mozilla/5.0 (Macintosh; Intel Mac OS X 10_15_7) AppleWebKit/537.36 (KHTML, like Gecko) Chrome/114.0.0.0 Safari/537.36"
116.204.98.177 - - [09/Jun/2026:09:17:52 -0400] "GET /ip HTTP/1.1" 200 0 "-" "Mozilla/5.0 (Macintosh; Intel Mac OS X 10_15_7) AppleWebKit/537.36 (KHTML, like Gecko) Chrome/114.0.0.0 Safari/537.36"
180.153.197.131 - - [09/Jun/2026:09:17:54 -0400] "GET /ip HTTP/1.1" 200 0 "-" "Mozilla/5.0 (Macintosh; Intel Mac OS X 10_15_7) AppleWebKit/537.36 (KHTML, like Gecko) Chrome/114.0.0.0 Safari/537.36"
112.65.211.224 - - [09/Jun/2026:09:17:54 -0400] "GET /ip HTTP/1.1" 200 0 "-" "Mozilla/5.0 (Macintosh; Intel Mac OS X 10_15_7) AppleWebKit/537.36 (KHTML, like Gecko) Chrome/114.0.0.0 Safari/537.36"
42.193.105.178 - - [09/Jun/2026:09:17:54 -0400] "GET /ip HTTP/1.1" 200 0 "-" "Mozilla/5.0 (Macintosh; Intel Mac OS X 10_15_7) AppleWebKit/537.36 (KHTML, like Gecko) Chrome/114.0.0.0 Safari/537.36"
113.44.106.153 - - [09/Jun/2026:09:17:55 -0400] "GET /ip HTTP/1.1" 200 0 "-" "Mozilla/5.0 (Macintosh; Intel Mac OS X 10_15_7) AppleWebKit/537.36 (KHTML, like Gecko) Chrome/114.0.0.0 Safari/537.36"
136.109.154.121 - - [09/Jun/2026:09:18:01 -0400] "GET /wp-content/plugins/instagram-feed/img/placeholder.png HTTP/1.1" 200 176 "-" "Mozilla/5.0 (X11; Linux x86_64) AppleWebKit/537.36 (KHTML, like Gecko) Chrome/91.0.4472.114 Safari/537.36"
63.250.38.253 - - [09/Jun/2026:09:18:01 -0400] "POST /wp-cron.php?doing_wp_cron=1781011081.6145849227905273437500 HTTP/1.1" 200 0 "-" "WordPress/7.0; https://blissfulnepal.com"
63.250.38.253 - - [09/Jun/2026:09:19:11 -0400] "POST /wp-cron.php?doing_wp_cron=1781011151.9160430431365966796875 HTTP/1.1" 200 0 "-" "WordPress/7.0; https://blissfulnepal.com"
66.249.69.67 - - [09/Jun/2026:09:19:10 -0400] "GET /trekking-in-nepal-in-april/ HTTP/1.1" 200 30620 "-" "Mozilla/5.0 (Linux; Android 6.0.1; Nexus 5X Build/MMB29P) AppleWebKit/537.36 (KHTML, like Gecko) Chrome/148.0.7778.96 Mobile Safari/537.36 (compatible; Googlebot/2.1; +http://www.google.com/bot.html)"
66.249.69.65 - - [09/Jun/2026:09:19:30 -0400] "GET /products/16882512 HTTP/1.1" 404 20947 "-" "Mozilla/5.0 (Linux; Android 6.0.1; Nexus 5X Build/MMB29P) AppleWebKit/537.36 (KHTML, like Gecko) Chrome/148.0.7778.96 Mobile Safari/537.36 (compatible; Googlebot/2.1; +http://www.google.com/bot.html)"
66.249.69.65 - - [09/Jun/2026:09:19:48 -0400] "GET /tour-category/adventure-traveler/ HTTP/1.1" 200 24350 "-" "Mozilla/5.0 (Linux; Android 6.0.1; Nexus 5X Build/MMB29P) AppleWebKit/537.36 (KHTML, like Gecko) Chrome/148.0.7778.96 Mobile Safari/537.36 (compatible; Googlebot/2.1; +http://www.google.com/bot.html)"
63.250.38.253 - - [09/Jun/2026:09:20:28 -0400] "POST /wp-cron.php?doing_wp_cron=1781011228.8318839073181152343750 HTTP/1.1" 200 0 "-" "WordPress/7.0; https://blissfulnepal.com"
66.249.69.65 - - [09/Jun/2026:09:20:27 -0400] "GET /products/23765590 HTTP/1.1" 404 20947 "-" "Mozilla/5.0 (Linux; Android 6.0.1; Nexus 5X Build/MMB29P) AppleWebKit/537.36 (KHTML, like Gecko) Chrome/148.0.7778.96 Mobile Safari/537.36 (compatible; Googlebot/2.1; +http://www.google.com/bot.html)"
63.250.38.253 - - [09/Jun/2026:09:21:21 -0400] "POST /wp-cron.php?doing_wp_cron=1781011281.9157829284667968750000 HTTP/1.1" 200 0 "-" "WordPress/7.0; https://blissfulnepal.com"
66.249.69.67 - - [09/Jun/2026:09:21:20 -0400] "GET /products/17787778 HTTP/1.1" 404 20947 "-" "Mozilla/5.0 (Linux; Android 6.0.1; Nexus 5X Build/MMB29P) AppleWebKit/537.36 (KHTML, like Gecko) Chrome/148.0.7778.96 Mobile Safari/537.36 (compatible; Googlebot/2.1; +http://www.google.com/bot.html)"
66.249.69.65 - - [09/Jun/2026:09:21:57 -0400] "GET /products/28626334 HTTP/1.1" 404 20947 "-" "Mozilla/5.0 (Linux; Android 6.0.1; Nexus 5X Build/MMB29P) AppleWebKit/537.36 (KHTML, like Gecko) Chrome/148.0.7778.96 Mobile Safari/537.36 (compatible; Googlebot/2.1; +http://www.google.com/bot.html)"
44.217.24.16 - - [09/Jun/2026:09:22:31 -0400] "GET /robots.txt HTTP/1.1" 200 173 "-" "Mozilla/5.0 (Macintosh; Intel Mac OS X 10_10_1) AppleWebKit/600.2.5 (KHTML, like Gecko) Version/8.0.2 Safari/600.2.5 (Gort)"
63.250.38.253 - - [09/Jun/2026:09:22:33 -0400] "POST /wp-cron.php?doing_wp_cron=1781011353.5216379165649414062500 HTTP/1.1" 200 0 "-" "WordPress/7.0; https://blissfulnepal.com"
66.249.69.67 - - [09/Jun/2026:09:22:32 -0400] "GET /tour-activity/heli-tours/ HTTP/1.1" 200 23273 "-" "Mozilla/5.0 (Linux; Android 6.0.1; Nexus 5X Build/MMB29P) AppleWebKit/537.36 (KHTML, like Gecko) Chrome/148.0.7778.96 Mobile Safari/537.36 (compatible; Googlebot/2.1; +http://www.google.com/bot.html)"
66.249.69.65 - - [09/Jun/2026:09:22:50 -0400] "GET /wp-content/plugins/tourmaster/tourmaster.css?ver=4.1.4 HTTP/1.1" 200 25245 "https://blissfulnepal.com/tour-activity/heli-tours/" "Mozilla/5.0 (Linux; Android 6.0.1; Nexus 5X Build/MMB29P) AppleWebKit/537.36 (KHTML, like Gecko) Chrome/148.0.7778.96 Mobile Safari/537.36 (compatible; Googlebot/2.1; +http://www.google.com/bot.html)"
66.249.69.66 - - [09/Jun/2026:09:22:50 -0400] "GET /wp-includes/js/jquery/jquery.min.js?ver=3.7.1 HTTP/1.1" 200 29744 "https://blissfulnepal.com/tour-activity/heli-tours/" "Mozilla/5.0 (Linux; Android 6.0.1; Nexus 5X Build/MMB29P) AppleWebKit/537.36 (KHTML, like Gecko) Chrome/148.0.7778.96 Mobile Safari/537.36 (compatible; Googlebot/2.1; +http://www.google.com/bot.html)"
66.249.69.65 - - [09/Jun/2026:09:22:50 -0400] "GET /wp-content/plugins/goodlayers-core/include/js/page-builder.js?ver=1.3.9 HTTP/1.1" 200 17186 "https://blissfulnepal.com/tour-activity/heli-tours/" "Mozilla/5.0 (Linux; Android 6.0.1; Nexus 5X Build/MMB29P) AppleWebKit/537.36 (KHTML, like Gecko) Chrome/148.0.7778.96 Mobile Safari/537.36 (compatible; Googlebot/2.1; +http://www.google.com/bot.html)"
66.249.69.65 - - [09/Jun/2026:09:22:50 -0400] "GET /wp-includes/js/imagesloaded.min.js?ver=5.0.0 HTTP/1.1" 200 1687 "https://blissfulnepal.com/tour-activity/heli-tours/" "Mozilla/5.0 (Linux; Android 6.0.1; Nexus 5X Build/MMB29P) AppleWebKit/537.36 (KHTML, like Gecko) Chrome/148.0.7778.96 Mobile Safari/537.36 (compatible; Googlebot/2.1; +http://www.google.com/bot.html)"
66.249.69.66 - - [09/Jun/2026:09:22:51 -0400] "GET /wp-includes/js/jquery/jquery.masonry.min.js?ver=3.1.2b HTTP/1.1" 200 628 "https://blissfulnepal.com/tour-activity/heli-tours/" "Mozilla/5.0 (Linux; Android 6.0.1; Nexus 5X Build/MMB29P) AppleWebKit/537.36 (KHTML, like Gecko) Chrome/148.0.7778.96 Mobile Safari/537.36 (compatible; Googlebot/2.1; +http://www.google.com/bot.html)"
66.249.69.66 - - [09/Jun/2026:09:22:52 -0400] "GET /wp-content/plugins/tourmaster/tour/tourmaster-tour.js?ver=7.0 HTTP/1.1" 200 11183 "https://blissfulnepal.com/tour-activity/heli-tours/" "Mozilla/5.0 (Linux; Android 6.0.1; Nexus 5X Build/MMB29P) AppleWebKit/537.36 (KHTML, like Gecko) Chrome/148.0.7778.96 Mobile Safari/537.36 (compatible; Googlebot/2.1; +http://www.google.com/bot.html)"
