178.156.128.204 - - [09/Jun/2026:09:23:34 -0400] "POST /wp-load.php?02d56b=54256 HTTP/1.1" 200 10068 "-" "Mozilla/5.0 (Windows NT 10.0; Win64; x64) AppleWebKit/537.36 (KHTML, like Gecko) Chrome/138.0.0.0 Safari/537.36"
5.161.52.234 - - [09/Jun/2026:09:23:44 -0400] "POST /wp-load.php?20e611=15 HTTP/1.1" 200 3963 "https://blissfulnepal.com/" "Mozilla/5.0 (Windows NT 10.0; Win64; x64) AppleWebKit/537.36 (KHTML, like Gecko) Chrome/138.0.0.0 Safari/537.36"
63.250.38.253 - - [09/Jun/2026:09:23:44 -0400] "POST /wp-cron.php?doing_wp_cron=1781011424.2595629692077636718750 HTTP/1.1" 200 0 "-" "WordPress/7.0; https://blissfulnepal.com"
66.249.69.65 - - [09/Jun/2026:09:23:43 -0400] "GET /tour/blissful-nepal-tour/ HTTP/1.1" 200 37985 "-" "Mozilla/5.0 (Linux; Android 6.0.1; Nexus 5X Build/MMB29P) AppleWebKit/537.36 (KHTML, like Gecko) Chrome/148.0.7778.96 Mobile Safari/537.36 (compatible; Googlebot/2.1; +http://www.google.com/bot.html)"
63.250.38.253 - - [09/Jun/2026:09:24:15 -0400] "POST /wp-cron.php?doing_wp_cron=1781011455.3590650558471679687500 HTTP/1.1" 200 0 "-" "WordPress/7.0; https://blissfulnepal.com"
184.154.139.41 - - [09/Jun/2026:09:24:14 -0400] "GET / HTTP/1.1" 301 0 "http://www.google.com/url?url=www.blissfulnepal.com&yahoo.com" "Mozilla/5.0 (compatible; MSIE 9.0; Windows NT 6.1; WOW64; Trident/6.0)"
184.154.139.41 - - [09/Jun/2026:09:24:16 -0400] "GET / HTTP/1.1" 200 215540 "http://www.google.com/url?url=blissfulnepal.com&yahoo.com" "Mozilla/5.0 (compatible; MSIE 9.0; Windows NT 6.1; WOW64; Trident/6.0)"
184.154.139.41 - - [09/Jun/2026:09:24:22 -0400] "GET /th1s_1s_a_4o4.html HTTP/1.1" 404 103909 "-" "SiteLockSpider [en] (WinNT; I ;Nav)"
114.119.130.183 - - [09/Jun/2026:09:24:23 -0400] "GET /manaslu-circuit-trek-distance/ HTTP/1.1" 200 26929 "https://blissfulnepal.com/author/admin/page/3/" "Mozilla/5.0 (Linux; Android 7.0;) AppleWebKit/537.36 (HTML, like Gecko) Mobile Safari/537.36 (compatible; PetalBot;+https://webmaster.petalsearch.com/site/petalbot)"
184.154.139.41 - - [09/Jun/2026:09:24:26 -0400] "GET /annapurna-mountain/ HTTP/1.1" 200 145254 "http://www.google.com/url?url=blissfulnepal.com&yahoo.com" "Mozilla/5.0 (compatible; MSIE 9.0; Windows NT 6.1; WOW64; Trident/6.0)"
184.154.139.41 - - [09/Jun/2026:09:24:30 -0400] "GET / HTTP/1.1" 200 215763 "http://www.google.com/url?url=blissfulnepal.com&yahoo.com" "Mozilla/5.0 (compatible; MSIE 9.0; Windows NT 6.1; WOW64; Trident/6.0)"
184.154.139.41 - - [09/Jun/2026:09:24:35 -0400] "GET /what-we-offer/ HTTP/1.1" 200 107369 "http://www.google.com/url?url=blissfulnepal.com&yahoo.com" "Mozilla/5.0 (compatible; MSIE 9.0; Windows NT 6.1; WOW64; Trident/6.0)"
120.240.178.141 - - [09/Jun/2026:09:24:38 -0400] "GET /wp-content/uploads/al_opt_content/IMAGE/media-cdn.tripadvisor.com//media/photo-f/2e/45/2c/02/caption.jpg HTTP/1.1" 200 7234 "https://blissfulnepal.com/?redirect=payment" "Mozilla/5.0 (Windows NT 10.0; Win64; x64) AppleWebKit/537.36 (KHTML, like Gecko) Chrome/143.0.0.0 Safari/537.36"
184.154.139.41 - - [09/Jun/2026:09:24:38 -0400] "GET /contact/ HTTP/1.1" 200 115569 "http://www.google.com/url?url=blissfulnepal.com&yahoo.com" "Mozilla/5.0 (compatible; MSIE 9.0; Windows NT 6.1; WOW64; Trident/6.0)"
120.240.178.165 - - [09/Jun/2026:09:24:40 -0400] "GET /wp-content/uploads/al_opt_content/IMAGE/blissfulnepal.com/wp-content/uploads/2023/01/langtang-700x500.jpg HTTP/1.1" 200 34109 "https://blissfulnepal.com/?redirect=payment" "Mozilla/5.0 (Windows NT 10.0; Win64; x64) AppleWebKit/537.36 (KHTML, like Gecko) Chrome/143.0.0.0 Safari/537.36"
184.154.139.41 - - [09/Jun/2026:09:24:40 -0400] "GET /blogs/ HTTP/1.1" 200 125241 "http://www.google.com/url?url=blissfulnepal.com&yahoo.com" "Mozilla/5.0 (compatible; MSIE 9.0; Windows NT 6.1; WOW64; Trident/6.0)"
184.154.139.41 - - [09/Jun/2026:09:24:43 -0400] "GET /privacy-policy/ HTTP/1.1" 200 124254 "http://www.google.com/url?url=blissfulnepal.com&yahoo.com" "Mozilla/5.0 (compatible; MSIE 9.0; Windows NT 6.1; WOW64; Trident/6.0)"
184.154.139.41 - - [09/Jun/2026:09:24:46 -0400] "GET /customize-trip/ HTTP/1.1" 200 151030 "http://www.google.com/url?url=blissfulnepal.com&yahoo.com" "Mozilla/5.0 (compatible; MSIE 9.0; Windows NT 6.1; WOW64; Trident/6.0)"
184.154.139.41 - - [09/Jun/2026:09:24:49 -0400] "GET /feed/ HTTP/1.1" 200 19051 "http://www.google.com/url?url=blissfulnepal.com&yahoo.com" "Mozilla/5.0 (compatible; MSIE 9.0; Windows NT 6.1; WOW64; Trident/6.0)"
184.154.139.41 - - [09/Jun/2026:09:24:51 -0400] "GET /everest-base-camp-trek-packages-2026-the-ultimate-guide-to-choosing-your-journey/ HTTP/1.1" 200 155614 "http://www.google.com/url?url=blissfulnepal.com&yahoo.com" "Mozilla/5.0 (compatible; MSIE 9.0; Windows NT 6.1; WOW64; Trident/6.0)"
184.154.139.41 - - [09/Jun/2026:09:24:54 -0400] "GET /our-team/ HTTP/1.1" 200 109938 "http://www.google.com/url?url=blissfulnepal.com&yahoo.com" "Mozilla/5.0 (compatible; MSIE 9.0; Windows NT 6.1; WOW64; Trident/6.0)"
184.154.139.41 - - [09/Jun/2026:09:24:57 -0400] "GET / HTTP/1.1" 301 0 "-" "SiteLockSpider [en] (WinNT; I ;Nav)"
184.154.139.41 - - [09/Jun/2026:09:24:58 -0400] "GET /wp-json/ HTTP/1.1" 200 318380 "http://www.google.com/url?url=blissfulnepal.com&yahoo.com" "Mozilla/5.0 (compatible; MSIE 9.0; Windows NT 6.1; WOW64; Trident/6.0)"
184.154.139.41 - - [09/Jun/2026:09:25:03 -0400] "GET /annapurna-circuit/ HTTP/1.1" 200 154161 "http://www.google.com/url?url=blissfulnepal.com&yahoo.com" "Mozilla/5.0 (compatible; MSIE 9.0; Windows NT 6.1; WOW64; Trident/6.0)"
63.250.38.253 - - [09/Jun/2026:09:25:07 -0400] "POST /wp-cron.php?doing_wp_cron=1781011507.3695800304412841796875 HTTP/1.1" 200 0 "-" "WordPress/7.0; https://blissfulnepal.com"
184.154.139.41 - - [09/Jun/2026:09:25:06 -0400] "GET /short-rewarding-tours-in-nepal-massive-views-in-minimal-time-2026-guide/ HTTP/1.1" 200 153899 "http://www.google.com/url?url=blissfulnepal.com&yahoo.com" "Mozilla/5.0 (compatible; MSIE 9.0; Windows NT 6.1; WOW64; Trident/6.0)"
184.154.139.41 - - [09/Jun/2026:09:25:09 -0400] "GET /refund-policy/ HTTP/1.1" 200 115081 "http://www.google.com/url?url=blissfulnepal.com&yahoo.com" "Mozilla/5.0 (compatible; MSIE 9.0; Windows NT 6.1; WOW64; Trident/6.0)"
52.167.144.173 - - [09/Jun/2026:09:25:09 -0400] "GET /products/7445501 HTTP/1.1" 301 0 "-" "Mozilla/5.0 AppleWebKit/537.36 (KHTML, like Gecko; compatible; bingbot/2.0; +http://www.bing.com/bingbot.htm) Chrome/116.0.1938.76 Safari/537.36"
184.154.139.41 - - [09/Jun/2026:09:25:11 -0400] "GET /legal-documents/ HTTP/1.1" 200 108546 "http://www.google.com/url?url=blissfulnepal.com&yahoo.com" "Mozilla/5.0 (compatible; MSIE 9.0; Windows NT 6.1; WOW64; Trident/6.0)"
184.154.139.41 - - [09/Jun/2026:09:25:14 -0400] "GET /lukla-airport-the-ultimate-2026-guide-to-the-gateway-of-everest/ HTTP/1.1" 200 154468 "http://www.google.com/url?url=blissfulnepal.com&yahoo.com" "Mozilla/5.0 (compatible; MSIE 9.0; Windows NT 6.1; WOW64; Trident/6.0)"
184.154.139.41 - - [09/Jun/2026:09:25:17 -0400] "GET /mount-everest/ HTTP/1.1" 200 127365 "http://www.google.com/url?url=blissfulnepal.com&yahoo.com" "Mozilla/5.0 (compatible; MSIE 9.0; Windows NT 6.1; WOW64; Trident/6.0)"
184.154.139.41 - - [09/Jun/2026:09:25:20 -0400] "GET /island-peak/ HTTP/1.1" 200 143189 "http://www.google.com/url?url=blissfulnepal.com&yahoo.com" "Mozilla/5.0 (compatible; MSIE 9.0; Windows NT 6.1; WOW64; Trident/6.0)"
184.154.139.41 - - [09/Jun/2026:09:25:23 -0400] "GET /wp-comments-post.php?ak_hp_textarea=1&ak_js=185&author=1&comment=1&comment_parent=1&comment_post_ID=14426&email=1&submit=Post%20Comment&url=1&wp-comment-cookies-consent=1 HTTP/1.1" 405 0 "-" "SiteLockSpider [en] (WinNT; I ;Nav)"
184.154.139.41 - - [09/Jun/2026:09:25:23 -0400] "GET /wp-comments-post.php?ak_hp_textarea=1&ak_js=185&author=1&comment=1&comment_parent=1&comment_post_ID=14426&email=1&submit=Post%20Comment&url=1&wp-comment-cookies-consent=1 HTTP/1.1" 405 0 "https://blissfulnepal.com/wp-comments-post.php?ak_hp_textarea=1&ak_js=185&author=1&comment=1&comment_parent=1&comment_post_ID=14426&email=1&submit=Post Comment&url=1&wp-comment-cookies-consent=1" "Mozilla/5.0 (compatible; MSIE 9.0; Windows NT 6.1; WOW64; Trident/6.0)"
184.154.139.41 - - [09/Jun/2026:09:25:23 -0400] "GET /terms-and-conditions/ HTTP/1.1" 200 165391 "http://www.google.com/url?url=blissfulnepal.com&yahoo.com" "Mozilla/5.0 (compatible; MSIE 9.0; Windows NT 6.1; WOW64; Trident/6.0)"
184.154.139.41 - - [09/Jun/2026:09:25:26 -0400] "GET /best-travel-agency-in-nepal/ HTTP/1.1" 200 127946 "http://www.google.com/url?url=blissfulnepal.com&yahoo.com" "Mozilla/5.0 (compatible; MSIE 9.0; Windows NT 6.1; WOW64; Trident/6.0)"
184.154.139.41 - - [09/Jun/2026:09:25:30 -0400] "GET /wp-comments-post.php?ak_hp_textarea=1&ak_js=112&author=1&comment=1&comment_parent=1&comment_post_ID=14440&email=1&submit=Post%20Comment&url=1&wp-comment-cookies-consent=1 HTTP/1.1" 405 0 "-" "SiteLockSpider [en] (WinNT; I ;Nav)"
184.154.139.41 - - [09/Jun/2026:09:25:30 -0400] "GET /wp-comments-post.php?ak_hp_textarea=1&ak_js=112&author=1&comment=1&comment_parent=1&comment_post_ID=14440&email=1&submit=Post%20Comment&url=1&wp-comment-cookies-consent=1 HTTP/1.1" 405 0 "https://blissfulnepal.com/wp-comments-post.php?ak_hp_textarea=1&ak_js=112&author=1&comment=1&comment_parent=1&comment_post_ID=14440&email=1&submit=Post Comment&url=1&wp-comment-cookies-consent=1" "Mozilla/5.0 (compatible; MSIE 9.0; Windows NT 6.1; WOW64; Trident/6.0)"
184.154.139.41 - - [09/Jun/2026:09:25:31 -0400] "GET /wp-comments-post.php?ak_hp_textarea=1&ak_js=178&author=1&comment=1&comment_parent=1&comment_post_ID=14434&email=1&submit=Post%20Comment&url=1&wp-comment-cookies-consent=1 HTTP/1.1" 405 0 "-" "SiteLockSpider [en] (WinNT; I ;Nav)"
184.154.139.41 - - [09/Jun/2026:09:25:31 -0400] "GET /wp-comments-post.php?ak_hp_textarea=1&ak_js=178&author=1&comment=1&comment_parent=1&comment_post_ID=14434&email=1&submit=Post%20Comment&url=1&wp-comment-cookies-consent=1 HTTP/1.1" 405 0 "https://blissfulnepal.com/wp-comments-post.php?ak_hp_textarea=1&ak_js=178&author=1&comment=1&comment_parent=1&comment_post_ID=14434&email=1&submit=Post Comment&url=1&wp-comment-cookies-consent=1" "Mozilla/5.0 (compatible; MSIE 9.0; Windows NT 6.1; WOW64; Trident/6.0)"
184.154.139.41 - - [09/Jun/2026:09:25:31 -0400] "GET /who-we-are/ HTTP/1.1" 200 108703 "http://www.google.com/url?url=blissfulnepal.com&yahoo.com" "Mozilla/5.0 (compatible; MSIE 9.0; Windows NT 6.1; WOW64; Trident/6.0)"
184.154.139.41 - - [09/Jun/2026:09:25:34 -0400] "GET /height-of-mount-everest/ HTTP/1.1" 200 124559 "http://www.google.com/url?url=blissfulnepal.com&yahoo.com" "Mozilla/5.0 (compatible; MSIE 9.0; Windows NT 6.1; WOW64; Trident/6.0)"
184.154.139.41 - - [09/Jun/2026:09:25:38 -0400] "GET /discovering-nepal-peaks-culture-and-the-spirit-of-the-himalayas/ HTTP/1.1" 200 137149 "http://www.google.com/url?url=blissfulnepal.com&yahoo.com" "Mozilla/5.0 (compatible; MSIE 9.0; Windows NT 6.1; WOW64; Trident/6.0)"
66.249.69.67 - - [09/Jun/2026:09:25:41 -0400] "GET /products/25397645 HTTP/1.1" 404 20947 "-" "Mozilla/5.0 (Linux; Android 6.0.1; Nexus 5X Build/MMB29P) AppleWebKit/537.36 (KHTML, like Gecko) Chrome/148.0.7778.96 Mobile Safari/537.36 (compatible; Googlebot/2.1; +http://www.google.com/bot.html)"
184.154.139.41 - - [09/Jun/2026:09:25:41 -0400] "GET /annapurna-circuit-trek/ HTTP/1.1" 301 0 "http://www.google.com/url?url=blissfulnepal.com&yahoo.com" "Mozilla/5.0 (compatible; MSIE 9.0; Windows NT 6.1; WOW64; Trident/6.0)"
184.154.139.41 - - [09/Jun/2026:09:25:42 -0400] "GET /tour/annapurna-circuit-trek/ HTTP/1.1" 200 305794 "http://www.google.com/url?url=blissfulnepal.com&yahoo.com" "Mozilla/5.0 (compatible; MSIE 9.0; Windows NT 6.1; WOW64; Trident/6.0)"
17.241.75.167 - - [09/Jun/2026:09:25:47 -0400] "GET /robots.txt HTTP/1.1" 200 173 "-" "Mozilla/5.0 (Macintosh; Intel Mac OS X 10_15_7) AppleWebKit/605.1.15 (KHTML, like Gecko) Version/17.4 Safari/605.1.15 (Applebot/0.1; +http://www.apple.com/go/applebot)"
184.154.139.41 - - [09/Jun/2026:09:25:47 -0400] "GET /everest-base-camp-trek-the-ultimate-2026-guide-to-the-khumbu/ HTTP/1.1" 200 153012 "http://www.google.com/url?url=blissfulnepal.com&yahoo.com" "Mozilla/5.0 (compatible; MSIE 9.0; Windows NT 6.1; WOW64; Trident/6.0)"
17.241.75.167 - - [09/Jun/2026:09:25:48 -0400] "GET /everest-base-camp-trek-the-ultimate-2026-guide-to-the-khumbu/ HTTP/1.1" 200 39359 "-" "Mozilla/5.0 (Macintosh; Intel Mac OS X 10_15_7) AppleWebKit/605.1.15 (KHTML, like Gecko) Version/17.4 Safari/605.1.15 (Applebot/0.1; +http://www.apple.com/go/applebot)"
184.154.139.41 - - [09/Jun/2026:09:25:51 -0400] "GET /trekking-peaks-in-nepal/ HTTP/1.1" 200 132065 "http://www.google.com/url?url=blissfulnepal.com&yahoo.com" "Mozilla/5.0 (compatible; MSIE 9.0; Windows NT 6.1; WOW64; Trident/6.0)"
184.154.139.41 - - [09/Jun/2026:09:25:53 -0400] "GET /kanchenjunga/ HTTP/1.1" 200 128341 "http://www.google.com/url?url=blissfulnepal.com&yahoo.com" "Mozilla/5.0 (compatible; MSIE 9.0; Windows NT 6.1; WOW64; Trident/6.0)"
184.154.139.41 - - [09/Jun/2026:09:25:56 -0400] "GET /mera-peak/ HTTP/1.1" 200 135336 "http://www.google.com/url?url=blissfulnepal.com&yahoo.com" "Mozilla/5.0 (compatible; MSIE 9.0; Windows NT 6.1; WOW64; Trident/6.0)"
184.154.139.41 - - [09/Jun/2026:09:25:58 -0400] "GET /manaslu/ HTTP/1.1" 200 136698 "http://www.google.com/url?url=blissfulnepal.com&yahoo.com" "Mozilla/5.0 (compatible; MSIE 9.0; Windows NT 6.1; WOW64; Trident/6.0)"
184.154.139.41 - - [09/Jun/2026:09:26:00 -0400] "GET /mardi-himal-weather-and-temperature/ HTTP/1.1" 200 126410 "http://www.google.com/url?url=blissfulnepal.com&yahoo.com" "Mozilla/5.0 (compatible; MSIE 9.0; Windows NT 6.1; WOW64; Trident/6.0)"
184.154.139.41 - - [09/Jun/2026:09:26:04 -0400] "GET /trekking-in-nepal/ HTTP/1.1" 200 174486 "http://www.google.com/url?url=blissfulnepal.com&yahoo.com" "Mozilla/5.0 (compatible; MSIE 9.0; Windows NT 6.1; WOW64; Trident/6.0)"
63.250.38.253 - - [09/Jun/2026:09:26:08 -0400] "POST /wp-cron.php?doing_wp_cron=1781011568.0093069076538085937500 HTTP/1.1" 200 0 "-" "WordPress/7.0; https://blissfulnepal.com"
184.154.139.41 - - [09/Jun/2026:09:26:07 -0400] "GET /tag/nepal-trekking/ HTTP/1.1" 200 113677 "http://www.google.com/url?url=blissfulnepal.com&yahoo.com" "Mozilla/5.0 (compatible; MSIE 9.0; Windows NT 6.1; WOW64; Trident/6.0)"
184.154.139.41 - - [09/Jun/2026:09:26:09 -0400] "GET /wp-login.php? HTTP/1.1" 200 6584 "-" "SiteLockSpider [en] (WinNT; I ;Nav)"
184.154.139.41 - - [09/Jun/2026:09:26:10 -0400] "GET /everest-base-camp-trek HTTP/1.1" 301 0 "-" "SiteLockSpider [en] (WinNT; I ;Nav)"
184.154.139.41 - - [09/Jun/2026:09:26:11 -0400] "GET /tour/everest-base-camp-trek/ HTTP/1.1" 200 276869 "http://www.google.com/url?url=blissfulnepal.com&yahoo.com" "Mozilla/5.0 (compatible; MSIE 9.0; Windows NT 6.1; WOW64; Trident/6.0)"
184.154.139.41 - - [09/Jun/2026:09:26:15 -0400] "GET /everest-base-camp-trek-faqs/ HTTP/1.1" 200 142270 "http://www.google.com/url?url=blissfulnepal.com&yahoo.com" "Mozilla/5.0 (compatible; MSIE 9.0; Windows NT 6.1; WOW64; Trident/6.0)"
184.154.139.41 - - [09/Jun/2026:09:26:19 -0400] "GET /beautiful-places-in-pokhara-valley/ HTTP/1.1" 200 135100 "http://www.google.com/url?url=blissfulnepal.com&yahoo.com" "Mozilla/5.0 (compatible; MSIE 9.0; Windows NT 6.1; WOW64; Trident/6.0)"
184.154.139.41 - - [09/Jun/2026:09:26:22 -0400] "GET /trekking-in-nepal/feed/ HTTP/1.1" 200 816 "http://www.google.com/url?url=blissfulnepal.com&yahoo.com" "Mozilla/5.0 (compatible; MSIE 9.0; Windows NT 6.1; WOW64; Trident/6.0)"
184.154.139.41 - - [09/Jun/2026:09:26:23 -0400] "GET /tag/everest-base-camp-trek/ HTTP/1.1" 200 110799 "http://www.google.com/url?url=blissfulnepal.com&yahoo.com" "Mozilla/5.0 (compatible; MSIE 9.0; Windows NT 6.1; WOW64; Trident/6.0)"
184.154.139.41 - - [09/Jun/2026:09:26:25 -0400] "GET /tag/lukla-airport/ HTTP/1.1" 200 113660 "http://www.google.com/url?url=blissfulnepal.com&yahoo.com" "Mozilla/5.0 (compatible; MSIE 9.0; Windows NT 6.1; WOW64; Trident/6.0)"
184.154.139.41 - - [09/Jun/2026:09:26:27 -0400] "GET /tour-activity/multiple-activities/ HTTP/1.1" 200 105371 "http://www.google.com/url?url=blissfulnepal.com&yahoo.com" "Mozilla/5.0 (compatible; MSIE 9.0; Windows NT 6.1; WOW64; Trident/6.0)"
184.154.139.41 - - [09/Jun/2026:09:26:29 -0400] "GET /category/trekking-and-hiking/ HTTP/1.1" 200 146761 "http://www.google.com/url?url=blissfulnepal.com&yahoo.com" "Mozilla/5.0 (compatible; MSIE 9.0; Windows NT 6.1; WOW64; Trident/6.0)"
184.154.139.41 - - [09/Jun/2026:09:26:31 -0400] "GET /tag/everest-base-camp/ HTTP/1.1" 200 113834 "http://www.google.com/url?url=blissfulnepal.com&yahoo.com" "Mozilla/5.0 (compatible; MSIE 9.0; Windows NT 6.1; WOW64; Trident/6.0)"
66.249.69.66 - - [09/Jun/2026:09:26:34 -0400] "GET /products/11345756 HTTP/1.1" 404 20947 "-" "Mozilla/5.0 (Linux; Android 6.0.1; Nexus 5X Build/MMB29P) AppleWebKit/537.36 (KHTML, like Gecko) Chrome/148.0.7778.96 Mobile Safari/537.36 (compatible; Googlebot/2.1; +http://www.google.com/bot.html)"
63.250.38.253 - - [09/Jun/2026:09:26:36 -0400] "POST /wp-cron.php?doing_wp_cron=1781011596.9213819503784179687500 HTTP/1.1" 200 0 "-" "WordPress/7.0; https://blissfulnepal.com"
184.154.139.41 - - [09/Jun/2026:09:26:33 -0400] "GET /how-fit-should-you-be-for-the-everest-base-camp-trek/ HTTP/1.1" 200 132514 "http://www.google.com/url?url=blissfulnepal.com&yahoo.com" "Mozilla/5.0 (compatible; MSIE 9.0; Windows NT 6.1; WOW64; Trident/6.0)"
184.154.139.41 - - [09/Jun/2026:09:26:38 -0400] "GET /trekking-in-nepal-in-february/ HTTP/1.1" 200 130833 "http://www.google.com/url?url=blissfulnepal.com&yahoo.com" "Mozilla/5.0 (compatible; MSIE 9.0; Windows NT 6.1; WOW64; Trident/6.0)"
184.154.139.41 - - [09/Jun/2026:09:26:41 -0400] "GET /trekking-in-nepal-in-april/ HTTP/1.1" 200 139180 "http://www.google.com/url?url=blissfulnepal.com&yahoo.com" "Mozilla/5.0 (compatible; MSIE 9.0; Windows NT 6.1; WOW64; Trident/6.0)"
184.154.139.41 - - [09/Jun/2026:09:26:43 -0400] "GET /manaslu-weather-and-temperature/ HTTP/1.1" 200 132265 "http://www.google.com/url?url=blissfulnepal.com&yahoo.com" "Mozilla/5.0 (compatible; MSIE 9.0; Windows NT 6.1; WOW64; Trident/6.0)"
184.154.139.41 - - [09/Jun/2026:09:26:45 -0400] "GET /manaslu-circuit-trek-distance/ HTTP/1.1" 200 128647 "http://www.google.com/url?url=blissfulnepal.com&yahoo.com" "Mozilla/5.0 (compatible; MSIE 9.0; Windows NT 6.1; WOW64; Trident/6.0)"
184.154.139.41 - - [09/Jun/2026:09:26:48 -0400] "GET /ghorepani-poon-hill-weather/ HTTP/1.1" 200 132249 "http://www.google.com/url?url=blissfulnepal.com&yahoo.com" "Mozilla/5.0 (compatible; MSIE 9.0; Windows NT 6.1; WOW64; Trident/6.0)"
184.154.139.41 - - [09/Jun/2026:09:26:50 -0400] "GET /tag/travel-guide-2026/ HTTP/1.1" 200 110714 "http://www.google.com/url?url=blissfulnepal.com&yahoo.com" "Mozilla/5.0 (compatible; MSIE 9.0; Windows NT 6.1; WOW64; Trident/6.0)"
184.154.139.41 - - [09/Jun/2026:09:26:52 -0400] "GET /tag/flight-safety/ HTTP/1.1" 200 110646 "http://www.google.com/url?url=blissfulnepal.com&yahoo.com" "Mozilla/5.0 (compatible; MSIE 9.0; Windows NT 6.1; WOW64; Trident/6.0)"
184.154.139.41 - - [09/Jun/2026:09:26:54 -0400] "GET /tag/manthali-airport/ HTTP/1.1" 200 110697 "http://www.google.com/url?url=blissfulnepal.com&yahoo.com" "Mozilla/5.0 (compatible; MSIE 9.0; Windows NT 6.1; WOW64; Trident/6.0)"
184.154.139.41 - - [09/Jun/2026:09:26:56 -0400] "GET /tag/thorong-la-pass/ HTTP/1.1" 200 110386 "http://www.google.com/url?url=blissfulnepal.com&yahoo.com" "Mozilla/5.0 (compatible; MSIE 9.0; Windows NT 6.1; WOW64; Trident/6.0)"
184.154.139.41 - - [09/Jun/2026:09:26:58 -0400] "GET /trekking-in-nepal-in-january/ HTTP/1.1" 200 134747 "http://www.google.com/url?url=blissfulnepal.com&yahoo.com" "Mozilla/5.0 (compatible; MSIE 9.0; Windows NT 6.1; WOW64; Trident/6.0)"
184.154.139.41 - - [09/Jun/2026:09:27:05 -0400] "GET /trekking-in-nepal HTTP/1.1" 301 0 "-" "SiteLockSpider [en] (WinNT; I ;Nav)"
63.250.38.253 - - [09/Jun/2026:09:27:07 -0400] "POST /wp-cron.php?doing_wp_cron=1781011627.2148900032043457031250 HTTP/1.1" 200 0 "-" "WordPress/7.0; https://blissfulnepal.com"
184.154.139.41 - - [09/Jun/2026:09:27:06 -0400] "GET /langtang-trek-cost/ HTTP/1.1" 200 128721 "http://www.google.com/url?url=blissfulnepal.com&yahoo.com" "Mozilla/5.0 (compatible; MSIE 9.0; Windows NT 6.1; WOW64; Trident/6.0)"
184.154.139.41 - - [09/Jun/2026:09:27:08 -0400] "GET /kathmandu-claims-top-honor-as-tripadvisors-best-nature-destination-2024/ HTTP/1.1" 200 128016 "http://www.google.com/url?url=blissfulnepal.com&yahoo.com" "Mozilla/5.0 (compatible; MSIE 9.0; Windows NT 6.1; WOW64; Trident/6.0)"
184.154.139.41 - - [09/Jun/2026:09:27:15 -0400] "GET /everest-base-camp-packing-list/ HTTP/1.1" 200 136313 "http://www.google.com/url?url=blissfulnepal.com&yahoo.com" "Mozilla/5.0 (compatible; MSIE 9.0; Windows NT 6.1; WOW64; Trident/6.0)"
184.154.139.41 - - [09/Jun/2026:09:27:17 -0400] "GET /trekking-in-nepal-in-march/ HTTP/1.1" 200 140919 "http://www.google.com/url?url=blissfulnepal.com&yahoo.com" "Mozilla/5.0 (compatible; MSIE 9.0; Windows NT 6.1; WOW64; Trident/6.0)"
184.154.139.41 - - [09/Jun/2026:09:27:19 -0400] "GET /tour/island-peak-climbing/ HTTP/1.1" 200 204365 "http://www.google.com/url?url=blissfulnepal.com&yahoo.com" "Mozilla/5.0 (compatible; MSIE 9.0; Windows NT 6.1; WOW64; Trident/6.0)"
184.154.139.41 - - [09/Jun/2026:09:27:22 -0400] "GET /tour/nature-and-wildlife-tour/ HTTP/1.1" 500 77593 "http://www.google.com/url?url=blissfulnepal.com&yahoo.com" "Mozilla/5.0 (compatible; MSIE 9.0; Windows NT 6.1; WOW64; Trident/6.0)"
184.154.139.41 - - [09/Jun/2026:09:27:24 -0400] "GET /tour-category/nature-lover/ HTTP/1.1" 200 134732 "http://www.google.com/url?url=blissfulnepal.com&yahoo.com" "Mozilla/5.0 (compatible; MSIE 9.0; Windows NT 6.1; WOW64; Trident/6.0)"
184.154.139.41 - - [09/Jun/2026:09:27:26 -0400] "GET /tour-activity/trekking-and-hiking/ HTTP/1.1" 200 135835 "http://www.google.com/url?url=blissfulnepal.com&yahoo.com" "Mozilla/5.0 (compatible; MSIE 9.0; Windows NT 6.1; WOW64; Trident/6.0)"
184.154.139.41 - - [09/Jun/2026:09:27:28 -0400] "GET /tourism-capital-of-nepal/ HTTP/1.1" 200 127163 "http://www.google.com/url?url=blissfulnepal.com&yahoo.com" "Mozilla/5.0 (compatible; MSIE 9.0; Windows NT 6.1; WOW64; Trident/6.0)"
184.154.139.41 - - [09/Jun/2026:09:27:30 -0400] "GET /everest-summit-record/ HTTP/1.1" 200 136907 "http://www.google.com/url?url=blissfulnepal.com&yahoo.com" "Mozilla/5.0 (compatible; MSIE 9.0; Windows NT 6.1; WOW64; Trident/6.0)"
184.154.139.41 - - [09/Jun/2026:09:27:33 -0400] "GET /tag/nepal-travel-guide/ HTTP/1.1" 200 110837 "http://www.google.com/url?url=blissfulnepal.com&yahoo.com" "Mozilla/5.0 (compatible; MSIE 9.0; Windows NT 6.1; WOW64; Trident/6.0)"
184.154.139.41 - - [09/Jun/2026:09:27:35 -0400] "GET /tag/hiking-in-nepal/ HTTP/1.1" 200 110386 "http://www.google.com/url?url=blissfulnepal.com&yahoo.com" "Mozilla/5.0 (compatible; MSIE 9.0; Windows NT 6.1; WOW64; Trident/6.0)"
184.154.139.41 - - [09/Jun/2026:09:27:36 -0400] "GET /everest-base-camp-trek-faqs/feed/ HTTP/1.1" 200 827 "http://www.google.com/url?url=blissfulnepal.com&yahoo.com" "Mozilla/5.0 (compatible; MSIE 9.0; Windows NT 6.1; WOW64; Trident/6.0)"
184.154.139.41 - - [09/Jun/2026:09:27:37 -0400] "GET /author/admin/ HTTP/1.1" 200 145621 "http://www.google.com/url?url=blissfulnepal.com&yahoo.com" "Mozilla/5.0 (compatible; MSIE 9.0; Windows NT 6.1; WOW64; Trident/6.0)"
184.154.139.41 - - [09/Jun/2026:09:27:39 -0400] "GET /tag/2026-treks/ HTTP/1.1" 200 110701 "http://www.google.com/url?url=blissfulnepal.com&yahoo.com" "Mozilla/5.0 (compatible; MSIE 9.0; Windows NT 6.1; WOW64; Trident/6.0)"
184.154.139.41 - - [09/Jun/2026:09:27:41 -0400] "GET /tag/high-altitude-trekking/ HTTP/1.1" 200 110905 "http://www.google.com/url?url=blissfulnepal.com&yahoo.com" "Mozilla/5.0 (compatible; MSIE 9.0; Windows NT 6.1; WOW64; Trident/6.0)"
184.154.139.41 - - [09/Jun/2026:09:27:43 -0400] "GET /tour-destination/annapurna-region/ HTTP/1.1" 200 130700 "http://www.google.com/url?url=blissfulnepal.com&yahoo.com" "Mozilla/5.0 (compatible; MSIE 9.0; Windows NT 6.1; WOW64; Trident/6.0)"
66.249.69.66 - - [09/Jun/2026:09:27:44 -0400] "GET /products/12877245 HTTP/1.1" 404 20947 "-" "Mozilla/5.0 (Linux; Android 6.0.1; Nexus 5X Build/MMB29P) AppleWebKit/537.36 (KHTML, like Gecko) Chrome/148.0.7778.96 Mobile Safari/537.36 (compatible; Googlebot/2.1; +http://www.google.com/bot.html)"
184.154.139.41 - - [09/Jun/2026:09:27:45 -0400] "GET /tag/ramechhap/ HTTP/1.1" 200 110578 "http://www.google.com/url?url=blissfulnepal.com&yahoo.com" "Mozilla/5.0 (compatible; MSIE 9.0; Windows NT 6.1; WOW64; Trident/6.0)"
184.154.139.41 - - [09/Jun/2026:09:27:46 -0400] "GET /booking/?id=5959 HTTP/1.1" 200 115675 "http://www.google.com/url?url=blissfulnepal.com&yahoo.com" "Mozilla/5.0 (compatible; MSIE 9.0; Windows NT 6.1; WOW64; Trident/6.0)"
184.154.139.41 - - [09/Jun/2026:09:27:48 -0400] "GET /manaslu/feed/ HTTP/1.1" 200 776 "http://www.google.com/url?url=blissfulnepal.com&yahoo.com" "Mozilla/5.0 (compatible; MSIE 9.0; Windows NT 6.1; WOW64; Trident/6.0)"
184.154.139.41 - - [09/Jun/2026:09:27:49 -0400] "GET /trekking-in-nepal-in-march/feed/ HTTP/1.1" 200 803 "http://www.google.com/url?url=blissfulnepal.com&yahoo.com" "Mozilla/5.0 (compatible; MSIE 9.0; Windows NT 6.1; WOW64; Trident/6.0)"
184.154.139.41 - - [09/Jun/2026:09:27:50 -0400] "GET /privacy-policy/feed/ HTTP/1.1" 200 767 "http://www.google.com/url?url=blissfulnepal.com&yahoo.com" "Mozilla/5.0 (compatible; MSIE 9.0; Windows NT 6.1; WOW64; Trident/6.0)"
184.154.139.41 - - [09/Jun/2026:09:27:51 -0400] "GET /payment/?=2026-06-09&tour-date=1&tour-id=6328 HTTP/1.1" 200 105627 "http://www.google.com/url?url=blissfulnepal.com&yahoo.com" "Mozilla/5.0 (compatible; MSIE 9.0; Windows NT 6.1; WOW64; Trident/6.0)"
184.154.139.41 - - [09/Jun/2026:09:27:53 -0400] "GET /tag/annapurna-circuit/ HTTP/1.1" 200 110420 "http://www.google.com/url?url=blissfulnepal.com&yahoo.com" "Mozilla/5.0 (compatible; MSIE 9.0; Windows NT 6.1; WOW64; Trident/6.0)"
184.154.139.41 - - [09/Jun/2026:09:27:55 -0400] "GET /category/tours/ HTTP/1.1" 200 110765 "http://www.google.com/url?url=blissfulnepal.com&yahoo.com" "Mozilla/5.0 (compatible; MSIE 9.0; Windows NT 6.1; WOW64; Trident/6.0)"
184.154.139.41 - - [09/Jun/2026:09:27:56 -0400] "GET /tag/khumbu/ HTTP/1.1" 200 110876 "http://www.google.com/url?url=blissfulnepal.com&yahoo.com" "Mozilla/5.0 (compatible; MSIE 9.0; Windows NT 6.1; WOW64; Trident/6.0)"
184.154.139.41 - - [09/Jun/2026:09:27:58 -0400] "GET /tour-activity/cycling-and-mountain-biking/ HTTP/1.1" 200 105483 "http://www.google.com/url?url=blissfulnepal.com&yahoo.com" "Mozilla/5.0 (compatible; MSIE 9.0; Windows NT 6.1; WOW64; Trident/6.0)"
184.154.139.41 - - [09/Jun/2026:09:28:00 -0400] "GET /everest-base-camp-trek-the-ultimate-2026-guide-to-the-khumbu/feed/ HTTP/1.1" 200 906 "http://www.google.com/url?url=blissfulnepal.com&yahoo.com" "Mozilla/5.0 (compatible; MSIE 9.0; Windows NT 6.1; WOW64; Trident/6.0)"
184.154.139.41 - - [09/Jun/2026:09:28:01 -0400] "GET /terms-and-conditions HTTP/1.1" 301 0 "-" "SiteLockSpider [en] (WinNT; I ;Nav)"
89.163.146.197 - - [09/Jun/2026:09:28:03 -0400] "GET /txets.php HTTP/1.1" 403 232 "www.google.com" "Mozlila/5.0 (Linux; Android 7.0; SM-G892A Bulid/NRD90M; wv) AppleWebKit/537.36 (KHTML, like Gecko) Version/4.0 Chrome/60.0.3112.107 Moblie Safari/537.36"
184.154.139.41 - - [09/Jun/2026:09:28:02 -0400] "GET /tour-destination/kanchenjunga-region/ HTTP/1.1" 200 115949 "http://www.google.com/url?url=blissfulnepal.com&yahoo.com" "Mozilla/5.0 (compatible; MSIE 9.0; Windows NT 6.1; WOW64; Trident/6.0)"
184.154.139.41 - - [09/Jun/2026:09:28:04 -0400] "GET /tag/mardi-himal/ HTTP/1.1" 200 110663 "http://www.google.com/url?url=blissfulnepal.com&yahoo.com" "Mozilla/5.0 (compatible; MSIE 9.0; Windows NT 6.1; WOW64; Trident/6.0)"
184.154.139.41 - - [09/Jun/2026:09:28:06 -0400] "GET /short-rewarding-tours-in-nepal-massive-views-in-minimal-time-2026-guide/feed/ HTTP/1.1" 200 941 "http://www.google.com/url?url=blissfulnepal.com&yahoo.com" "Mozilla/5.0 (compatible; MSIE 9.0; Windows NT 6.1; WOW64; Trident/6.0)"
63.250.38.253 - - [09/Jun/2026:09:28:07 -0400] "POST /wp-cron.php?doing_wp_cron=1781011687.8371949195861816406250 HTTP/1.1" 200 0 "-" "WordPress/7.0; https://blissfulnepal.com"
184.154.139.41 - - [09/Jun/2026:09:28:06 -0400] "GET /tour-category/spiritual-seeker/ HTTP/1.1" 200 124385 "http://www.google.com/url?url=blissfulnepal.com&yahoo.com" "Mozilla/5.0 (compatible; MSIE 9.0; Windows NT 6.1; WOW64; Trident/6.0)"
89.163.146.197 - - [09/Jun/2026:09:28:08 -0400] "GET /wp-content/txets.php HTTP/1.1" 403 231 "www.google.com" "Mozlila/5.0 (Linux; Android 7.0; SM-G892A Bulid/NRD90M; wv) AppleWebKit/537.36 (KHTML, like Gecko) Version/4.0 Chrome/60.0.3112.107 Moblie Safari/537.36"
184.154.139.41 - - [09/Jun/2026:09:28:08 -0400] "GET /tag/trekking/ HTTP/1.1" 200 110267 "http://www.google.com/url?url=blissfulnepal.com&yahoo.com" "Mozilla/5.0 (compatible; MSIE 9.0; Windows NT 6.1; WOW64; Trident/6.0)"
184.154.139.41 - - [09/Jun/2026:09:28:10 -0400] "GET /how-fit-should-you-be-for-the-everest-base-camp-trek/feed/ HTTP/1.1" 200 882 "http://www.google.com/url?url=blissfulnepal.com&yahoo.com" "Mozilla/5.0 (compatible; MSIE 9.0; Windows NT 6.1; WOW64; Trident/6.0)"
184.154.139.41 - - [09/Jun/2026:09:28:11 -0400] "GET /tag/short-treks/ HTTP/1.1" 200 110663 "http://www.google.com/url?url=blissfulnepal.com&yahoo.com" "Mozilla/5.0 (compatible; MSIE 9.0; Windows NT 6.1; WOW64; Trident/6.0)"
184.154.139.41 - - [09/Jun/2026:09:28:13 -0400] "GET /trekking-in-nepal-in-april/feed/ HTTP/1.1" 200 803 "http://www.google.com/url?url=blissfulnepal.com&yahoo.com" "Mozilla/5.0 (compatible; MSIE 9.0; Windows NT 6.1; WOW64; Trident/6.0)"
89.163.146.197 - - [09/Jun/2026:09:28:14 -0400] "GET /wp-content/txets.php HTTP/1.1" 403 231 "www.google.com" "Mozlila/5.0 (Linux; Android 7.0; SM-G892A Bulid/NRD90M; wv) AppleWebKit/537.36 (KHTML, like Gecko) Version/4.0 Chrome/60.0.3112.107 Moblie Safari/537.36"
184.154.139.41 - - [09/Jun/2026:09:28:14 -0400] "GET /category/uncategorized/ HTTP/1.1" 200 131503 "http://www.google.com/url?url=blissfulnepal.com&yahoo.com" "Mozilla/5.0 (compatible; MSIE 9.0; Windows NT 6.1; WOW64; Trident/6.0)"
184.154.139.41 - - [09/Jun/2026:09:28:16 -0400] "GET /tag/trekking-guide/ HTTP/1.1" 200 111012 "http://www.google.com/url?url=blissfulnepal.com&yahoo.com" "Mozilla/5.0 (compatible; MSIE 9.0; Windows NT 6.1; WOW64; Trident/6.0)"
184.154.139.41 - - [09/Jun/2026:09:28:17 -0400] "GET /tour-activity/climbing-and-expeditions/ HTTP/1.1" 200 124364 "http://www.google.com/url?url=blissfulnepal.com&yahoo.com" "Mozilla/5.0 (compatible; MSIE 9.0; Windows NT 6.1; WOW64; Trident/6.0)"
184.154.139.41 - - [09/Jun/2026:09:28:19 -0400] "GET /trekking-peaks-in-nepal/feed/ HTTP/1.1" 200 817 "http://www.google.com/url?url=blissfulnepal.com&yahoo.com" "Mozilla/5.0 (compatible; MSIE 9.0; Windows NT 6.1; WOW64; Trident/6.0)"
184.154.139.41 - - [09/Jun/2026:09:28:20 -0400] "GET /tour/langtang-valley-trek/ HTTP/1.1" 200 291804 "http://www.google.com/url?url=blissfulnepal.com&yahoo.com" "Mozilla/5.0 (compatible; MSIE 9.0; Windows NT 6.1; WOW64; Trident/6.0)"
184.154.139.41 - - [09/Jun/2026:09:28:23 -0400] "GET /tour/lower-dolpo-trek/ HTTP/1.1" 200 291533 "http://www.google.com/url?url=blissfulnepal.com&yahoo.com" "Mozilla/5.0 (compatible; MSIE 9.0; Windows NT 6.1; WOW64; Trident/6.0)"
184.154.139.41 - - [09/Jun/2026:09:28:26 -0400] "GET /tour-activity/adventure-sports/ HTTP/1.1" 200 110468 "http://www.google.com/url?url=blissfulnepal.com&yahoo.com" "Mozilla/5.0 (compatible; MSIE 9.0; Windows NT 6.1; WOW64; Trident/6.0)"
184.154.139.41 - - [09/Jun/2026:09:28:28 -0400] "GET /tour/nepal-in-detail-tour/ HTTP/1.1" 200 246093 "http://www.google.com/url?url=blissfulnepal.com&yahoo.com" "Mozilla/5.0 (compatible; MSIE 9.0; Windows NT 6.1; WOW64; Trident/6.0)"
184.154.139.41 - - [09/Jun/2026:09:28:30 -0400] "GET /tour-activity/voluntourism/ HTTP/1.1" 200 105273 "http://www.google.com/url?url=blissfulnepal.com&yahoo.com" "Mozilla/5.0 (compatible; MSIE 9.0; Windows NT 6.1; WOW64; Trident/6.0)"
184.154.139.41 - - [09/Jun/2026:09:28:32 -0400] "GET /annapurna-circuit/feed/ HTTP/1.1" 200 843 "http://www.google.com/url?url=blissfulnepal.com&yahoo.com" "Mozilla/5.0 (compatible; MSIE 9.0; Windows NT 6.1; WOW64; Trident/6.0)"
184.154.139.41 - - [09/Jun/2026:09:28:33 -0400] "GET /category/places/ HTTP/1.1" 200 139829 "http://www.google.com/url?url=blissfulnepal.com&yahoo.com" "Mozilla/5.0 (compatible; MSIE 9.0; Windows NT 6.1; WOW64; Trident/6.0)"
184.154.139.41 - - [09/Jun/2026:09:28:35 -0400] "GET /tour/upper-mustang-trek/ HTTP/1.1" 200 295414 "http://www.google.com/url?url=blissfulnepal.com&yahoo.com" "Mozilla/5.0 (compatible; MSIE 9.0; Windows NT 6.1; WOW64; Trident/6.0)"
184.154.139.41 - - [09/Jun/2026:09:28:38 -0400] "GET /tour/annapurna-base-camp-trek/ HTTP/1.1" 200 259131 "http://www.google.com/url?url=blissfulnepal.com&yahoo.com" "Mozilla/5.0 (compatible; MSIE 9.0; Windows NT 6.1; WOW64; Trident/6.0)"
184.154.139.41 - - [09/Jun/2026:09:28:41 -0400] "GET /tour-activity/religious-and-spiritual-tours/ HTTP/1.1" 200 111501 "http://www.google.com/url?url=blissfulnepal.com&yahoo.com" "Mozilla/5.0 (compatible; MSIE 9.0; Windows NT 6.1; WOW64; Trident/6.0)"
184.154.139.41 - - [09/Jun/2026:09:28:42 -0400] "GET /tour-category/luxury-traveler/ HTTP/1.1" 200 113195 "http://www.google.com/url?url=blissfulnepal.com&yahoo.com" "Mozilla/5.0 (compatible; MSIE 9.0; Windows NT 6.1; WOW64; Trident/6.0)"
184.154.139.41 - - [09/Jun/2026:09:28:44 -0400] "GET /tour/tsum-valley-trek/ HTTP/1.1" 200 293495 "http://www.google.com/url?url=blissfulnepal.com&yahoo.com" "Mozilla/5.0 (compatible; MSIE 9.0; Windows NT 6.1; WOW64; Trident/6.0)"
184.154.139.41 - - [09/Jun/2026:09:28:47 -0400] "GET /tour/blissful-nepal-tour/ HTTP/1.1" 200 196805 "http://www.google.com/url?url=blissfulnepal.com&yahoo.com" "Mozilla/5.0 (compatible; MSIE 9.0; Windows NT 6.1; WOW64; Trident/6.0)"
184.154.139.41 - - [09/Jun/2026:09:28:49 -0400] "GET /best-travel-agency-in-nepal/feed/ HTTP/1.1" 200 847 "http://www.google.com/url?url=blissfulnepal.com&yahoo.com" "Mozilla/5.0 (compatible; MSIE 9.0; Windows NT 6.1; WOW64; Trident/6.0)"
184.154.139.41 - - [09/Jun/2026:09:28:50 -0400] "GET /ghorepani-poon-hill-weather/feed/ HTTP/1.1" 200 825 "http://www.google.com/url?url=blissfulnepal.com&yahoo.com" "Mozilla/5.0 (compatible; MSIE 9.0; Windows NT 6.1; WOW64; Trident/6.0)"
184.154.139.41 - - [09/Jun/2026:09:28:51 -0400] "GET /tour/buddhist-pilgrimage-tour/ HTTP/1.1" 200 192566 "http://www.google.com/url?url=blissfulnepal.com&yahoo.com" "Mozilla/5.0 (compatible; MSIE 9.0; Windows NT 6.1; WOW64; Trident/6.0)"
184.154.139.41 - - [09/Jun/2026:09:28:53 -0400] "GET /tour/everest-base-camp-trek-with-helicopter-return/ HTTP/1.1" 200 240910 "http://www.google.com/url?url=blissfulnepal.com&yahoo.com" "Mozilla/5.0 (compatible; MSIE 9.0; Windows NT 6.1; WOW64; Trident/6.0)"
184.154.139.41 - - [09/Jun/2026:09:28:56 -0400] "GET /tour-destination/langtang-region/ HTTP/1.1" 200 122406 "http://www.google.com/url?url=blissfulnepal.com&yahoo.com" "Mozilla/5.0 (compatible; MSIE 9.0; Windows NT 6.1; WOW64; Trident/6.0)"
184.154.139.41 - - [09/Jun/2026:09:28:58 -0400] "GET /height-of-mount-everest/feed/ HTTP/1.1" 200 830 "http://www.google.com/url?url=blissfulnepal.com&yahoo.com" "Mozilla/5.0 (compatible; MSIE 9.0; Windows NT 6.1; WOW64; Trident/6.0)"
184.154.139.41 - - [09/Jun/2026:09:28:59 -0400] "GET /tour/bardia-national-park-wildlife-safari/ HTTP/1.1" 200 197643 "http://www.google.com/url?url=blissfulnepal.com&yahoo.com" "Mozilla/5.0 (compatible; MSIE 9.0; Windows NT 6.1; WOW64; Trident/6.0)"
184.154.139.41 - - [09/Jun/2026:09:29:01 -0400] "GET /tour-category/cultural-enthusiast/ HTTP/1.1" 200 113035 "http://www.google.com/url?url=blissfulnepal.com&yahoo.com" "Mozilla/5.0 (compatible; MSIE 9.0; Windows NT 6.1; WOW64; Trident/6.0)"
184.154.139.41 - - [09/Jun/2026:09:29:03 -0400] "GET /tour/everest-three-passes-trek/ HTTP/1.1" 200 303353 "http://www.google.com/url?url=blissfulnepal.com&yahoo.com" "Mozilla/5.0 (compatible; MSIE 9.0; Windows NT 6.1; WOW64; Trident/6.0)"
63.250.38.253 - - [09/Jun/2026:09:29:07 -0400] "POST /wp-cron.php?doing_wp_cron=1781011747.4099009037017822265625 HTTP/1.1" 200 0 "-" "WordPress/7.0; https://blissfulnepal.com"
184.154.139.41 - - [09/Jun/2026:09:29:06 -0400] "GET /tour/ghorepani-poon-hill-trek/ HTTP/1.1" 200 288095 "http://www.google.com/url?url=blissfulnepal.com&yahoo.com" "Mozilla/5.0 (compatible; MSIE 9.0; Windows NT 6.1; WOW64; Trident/6.0)"
184.154.139.41 - - [09/Jun/2026:09:29:09 -0400] "GET /tour-destination/dolpo-region/ HTTP/1.1" 200 118445 "http://www.google.com/url?url=blissfulnepal.com&yahoo.com" "Mozilla/5.0 (compatible; MSIE 9.0; Windows NT 6.1; WOW64; Trident/6.0)"
184.154.139.41 - - [09/Jun/2026:09:29:11 -0400] "GET /tour/mardi-himal-trek/ HTTP/1.1" 200 287974 "http://www.google.com/url?url=blissfulnepal.com&yahoo.com" "Mozilla/5.0 (compatible; MSIE 9.0; Windows NT 6.1; WOW64; Trident/6.0)"
66.249.69.66 - - [09/Jun/2026:09:29:11 -0400] "GET /products/14468989 HTTP/1.1" 404 20947 "-" "Mozilla/5.0 (Linux; Android 6.0.1; Nexus 5X Build/MMB29P) AppleWebKit/537.36 (KHTML, like Gecko) Chrome/148.0.7778.96 Mobile Safari/537.36 (compatible; Googlebot/2.1; +http://www.google.com/bot.html)"
184.154.139.41 - - [09/Jun/2026:09:29:13 -0400] "GET /tour/everest-panorama-trek/ HTTP/1.1" 200 298730 "http://www.google.com/url?url=blissfulnepal.com&yahoo.com" "Mozilla/5.0 (compatible; MSIE 9.0; Windows NT 6.1; WOW64; Trident/6.0)"
184.154.139.41 - - [09/Jun/2026:09:29:16 -0400] "GET /manaslu-weather-and-temperature/feed/ HTTP/1.1" 200 818 "http://www.google.com/url?url=blissfulnepal.com&yahoo.com" "Mozilla/5.0 (compatible; MSIE 9.0; Windows NT 6.1; WOW64; Trident/6.0)"
184.154.139.41 - - [09/Jun/2026:09:29:17 -0400] "GET /tour/hindu-pilgrimage-tour/ HTTP/1.1" 200 242791 "http://www.google.com/url?url=blissfulnepal.com&yahoo.com" "Mozilla/5.0 (compatible; MSIE 9.0; Windows NT 6.1; WOW64; Trident/6.0)"
184.154.139.41 - - [09/Jun/2026:09:29:20 -0400] "GET /tag/annapurna-region/ HTTP/1.1" 200 110748 "http://www.google.com/url?url=blissfulnepal.com&yahoo.com" "Mozilla/5.0 (compatible; MSIE 9.0; Windows NT 6.1; WOW64; Trident/6.0)"
184.154.139.41 - - [09/Jun/2026:09:29:22 -0400] "GET /everest-base-camp-trek-packages-2026-the-ultimate-guide-to-choosing-your-journey/feed/ HTTP/1.1" 200 966 "http://www.google.com/url?url=blissfulnepal.com&yahoo.com" "Mozilla/5.0 (compatible; MSIE 9.0; Windows NT 6.1; WOW64; Trident/6.0)"
184.154.139.41 - - [09/Jun/2026:09:29:23 -0400] "GET /category/climbing-and-expeditions/ HTTP/1.1" 200 127897 "http://www.google.com/url?url=blissfulnepal.com&yahoo.com" "Mozilla/5.0 (compatible; MSIE 9.0; Windows NT 6.1; WOW64; Trident/6.0)"
193.19.109.214 - - [09/Jun/2026:09:29:25 -0400] "POST /wp-login.php HTTP/1.1" 503 7732 "-" "Mozilla/5.0 (Windows NT 10.0; Win64; x64) AppleWebKit/537.36 Chrome/129.0.0.0 Safari/537.36"
184.154.139.41 - - [09/Jun/2026:09:29:25 -0400] "GET /category/adventures/ HTTP/1.1" 200 118142 "http://www.google.com/url?url=blissfulnepal.com&yahoo.com" "Mozilla/5.0 (compatible; MSIE 9.0; Windows NT 6.1; WOW64; Trident/6.0)"
184.154.139.41 - - [09/Jun/2026:09:29:26 -0400] "GET /mardi-himal-weather-and-temperature/feed/ HTTP/1.1" 200 830 "http://www.google.com/url?url=blissfulnepal.com&yahoo.com" "Mozilla/5.0 (compatible; MSIE 9.0; Windows NT 6.1; WOW64; Trident/6.0)"
184.154.139.41 - - [09/Jun/2026:09:29:27 -0400] "GET /tag/natt/ HTTP/1.1" 200 110199 "http://www.google.com/url?url=blissfulnepal.com&yahoo.com" "Mozilla/5.0 (compatible; MSIE 9.0; Windows NT 6.1; WOW64; Trident/6.0)"
184.154.139.41 - - [09/Jun/2026:09:29:29 -0400] "GET /tag/annapurna-trek/ HTTP/1.1" 200 110369 "http://www.google.com/url?url=blissfulnepal.com&yahoo.com" "Mozilla/5.0 (compatible; MSIE 9.0; Windows NT 6.1; WOW64; Trident/6.0)"
184.154.139.41 - - [09/Jun/2026:09:29:31 -0400] "GET /tourism-capital-of-nepal/feed/ HTTP/1.1" 200 817 "http://www.google.com/url?url=blissfulnepal.com&yahoo.com" "Mozilla/5.0 (compatible; MSIE 9.0; Windows NT 6.1; WOW64; Trident/6.0)"
184.154.139.41 - - [09/Jun/2026:09:29:32 -0400] "GET /tour/nar-phu-valley-trek/ HTTP/1.1" 200 280586 "http://www.google.com/url?url=blissfulnepal.com&yahoo.com" "Mozilla/5.0 (compatible; MSIE 9.0; Windows NT 6.1; WOW64; Trident/6.0)"
184.154.139.41 - - [09/Jun/2026:09:29:35 -0400] "GET /tag/himalayan-views/ HTTP/1.1" 200 110731 "http://www.google.com/url?url=blissfulnepal.com&yahoo.com" "Mozilla/5.0 (compatible; MSIE 9.0; Windows NT 6.1; WOW64; Trident/6.0)"
184.154.139.41 - - [09/Jun/2026:09:29:36 -0400] "GET /tour-destination/manaslu-region/ HTTP/1.1" 200 125359 "http://www.google.com/url?url=blissfulnepal.com&yahoo.com" "Mozilla/5.0 (compatible; MSIE 9.0; Windows NT 6.1; WOW64; Trident/6.0)"
184.154.139.41 - - [09/Jun/2026:09:29:38 -0400] "GET /mount-everest/feed/ HTTP/1.1" 200 809 "http://www.google.com/url?url=blissfulnepal.com&yahoo.com" "Mozilla/5.0 (compatible; MSIE 9.0; Windows NT 6.1; WOW64; Trident/6.0)"
184.154.139.41 - - [09/Jun/2026:09:29:39 -0400] "GET /lukla-airport-the-ultimate-2026-guide-to-the-gateway-of-everest/feed/ HTTP/1.1" 200 915 "http://www.google.com/url?url=blissfulnepal.com&yahoo.com" "Mozilla/5.0 (compatible; MSIE 9.0; Windows NT 6.1; WOW64; Trident/6.0)"
184.154.139.41 - - [09/Jun/2026:09:29:40 -0400] "GET /trekking-in-nepal-in-january/feed/ HTTP/1.1" 200 809 "http://www.google.com/url?url=blissfulnepal.com&yahoo.com" "Mozilla/5.0 (compatible; MSIE 9.0; Windows NT 6.1; WOW64; Trident/6.0)"
184.154.139.41 - - [09/Jun/2026:09:29:41 -0400] "GET /comments/feed/ HTTP/1.1" 200 764 "http://www.google.com/url?url=blissfulnepal.com&yahoo.com" "Mozilla/5.0 (compatible; MSIE 9.0; Windows NT 6.1; WOW64; Trident/6.0)"
184.154.139.41 - - [09/Jun/2026:09:29:42 -0400] "GET /tag/ebc-trek/ HTTP/1.1" 200 113681 "http://www.google.com/url?url=blissfulnepal.com&yahoo.com" "Mozilla/5.0 (compatible; MSIE 9.0; Windows NT 6.1; WOW64; Trident/6.0)"
184.154.139.41 - - [09/Jun/2026:09:29:44 -0400] "GET /tag/trekking-in-nepal/ HTTP/1.1" 200 113651 "http://www.google.com/url?url=blissfulnepal.com&yahoo.com" "Mozilla/5.0 (compatible; MSIE 9.0; Windows NT 6.1; WOW64; Trident/6.0)"
184.154.139.41 - - [09/Jun/2026:09:29:45 -0400] "GET /category/information/ HTTP/1.1" 200 144849 "http://www.google.com/url?url=blissfulnepal.com&yahoo.com" "Mozilla/5.0 (compatible; MSIE 9.0; Windows NT 6.1; WOW64; Trident/6.0)"
184.154.139.41 - - [09/Jun/2026:09:29:47 -0400] "GET /langtang-trek-cost/feed/ HTTP/1.1" 200 794 "http://www.google.com/url?url=blissfulnepal.com&yahoo.com" "Mozilla/5.0 (compatible; MSIE 9.0; Windows NT 6.1; WOW64; Trident/6.0)"
184.154.139.41 - - [09/Jun/2026:09:29:48 -0400] "GET /tour-destination/nepal/ HTTP/1.1" 200 141234 "http://www.google.com/url?url=blissfulnepal.com&yahoo.com" "Mozilla/5.0 (compatible; MSIE 9.0; Windows NT 6.1; WOW64; Trident/6.0)"
184.154.139.41 - - [09/Jun/2026:09:29:50 -0400] "GET /tour/chitwan-jungle-safari/ HTTP/1.1" 200 178366 "http://www.google.com/url?url=blissfulnepal.com&yahoo.com" "Mozilla/5.0 (compatible; MSIE 9.0; Windows NT 6.1; WOW64; Trident/6.0)"
184.154.139.41 - - [09/Jun/2026:09:29:52 -0400] "GET /mera-peak/feed/ HTTP/1.1" 200 793 "http://www.google.com/url?url=blissfulnepal.com&yahoo.com" "Mozilla/5.0 (compatible; MSIE 9.0; Windows NT 6.1; WOW64; Trident/6.0)"
184.154.139.41 - - [09/Jun/2026:09:29:53 -0400] "GET /beautiful-places-in-pokhara-valley/feed/ HTTP/1.1" 200 855 "http://www.google.com/url?url=blissfulnepal.com&yahoo.com" "Mozilla/5.0 (compatible; MSIE 9.0; Windows NT 6.1; WOW64; Trident/6.0)"
63.250.38.253 - - [09/Jun/2026:09:29:55 -0400] "POST /wp-cron.php?doing_wp_cron=1781011795.2767109870910644531250 HTTP/1.1" 200 0 "-" "WordPress/7.0; https://blissfulnepal.com"
184.154.139.41 - - [09/Jun/2026:09:29:54 -0400] "GET /manaslu-circuit-trek-distance/feed/ HTTP/1.1" 200 836 "http://www.google.com/url?url=blissfulnepal.com&yahoo.com" "Mozilla/5.0 (compatible; MSIE 9.0; Windows NT 6.1; WOW64; Trident/6.0)"
184.154.139.41 - - [09/Jun/2026:09:29:55 -0400] "GET /tour/manaslu-circuit-trek/ HTTP/1.1" 200 264059 "http://www.google.com/url?url=blissfulnepal.com&yahoo.com" "Mozilla/5.0 (compatible; MSIE 9.0; Windows NT 6.1; WOW64; Trident/6.0)"
184.154.139.41 - - [09/Jun/2026:09:29:58 -0400] "GET /tag/2026-travel-guide/ HTTP/1.1" 200 110420 "http://www.google.com/url?url=blissfulnepal.com&yahoo.com" "Mozilla/5.0 (compatible; MSIE 9.0; Windows NT 6.1; WOW64; Trident/6.0)"
184.154.139.41 - - [09/Jun/2026:09:30:00 -0400] "GET /tour/gokyo-lake-trek/ HTTP/1.1" 200 293808 "http://www.google.com/url?url=blissfulnepal.com&yahoo.com" "Mozilla/5.0 (compatible; MSIE 9.0; Windows NT 6.1; WOW64; Trident/6.0)"
184.154.139.41 - - [09/Jun/2026:09:30:02 -0400] "GET /tour-activity/day-tours/ HTTP/1.1" 200 119848 "http://www.google.com/url?url=blissfulnepal.com&yahoo.com" "Mozilla/5.0 (compatible; MSIE 9.0; Windows NT 6.1; WOW64; Trident/6.0)"
66.249.69.67 - - [09/Jun/2026:09:30:04 -0400] "GET /products/10599990 HTTP/1.1" 404 20947 "-" "Mozilla/5.0 (Linux; Android 6.0.1; Nexus 5X Build/MMB29P) AppleWebKit/537.36 (KHTML, like Gecko) Chrome/148.0.7778.96 Mobile Safari/537.36 (compatible; Googlebot/2.1; +http://www.google.com/bot.html)"
184.154.139.41 - - [09/Jun/2026:09:30:04 -0400] "GET /discovering-nepal-peaks-culture-and-the-spirit-of-the-himalayas/feed/ HTTP/1.1" 200 917 "http://www.google.com/url?url=blissfulnepal.com&yahoo.com" "Mozilla/5.0 (compatible; MSIE 9.0; Windows NT 6.1; WOW64; Trident/6.0)"
184.154.139.41 - - [09/Jun/2026:09:30:05 -0400] "GET /tag/adventure-travel/ HTTP/1.1" 200 110803 "http://www.google.com/url?url=blissfulnepal.com&yahoo.com" "Mozilla/5.0 (compatible; MSIE 9.0; Windows NT 6.1; WOW64; Trident/6.0)"
63.250.38.253 - - [09/Jun/2026:09:30:08 -0400] "POST /wp-cron.php?doing_wp_cron=1781011808.7440450191497802734375 HTTP/1.1" 200 0 "-" "WordPress/7.0; https://blissfulnepal.com"
184.154.139.41 - - [09/Jun/2026:09:30:07 -0400] "GET /tour-destination/everest-region/ HTTP/1.1" 200 123023 "http://www.google.com/url?url=blissfulnepal.com&yahoo.com" "Mozilla/5.0 (compatible; MSIE 9.0; Windows NT 6.1; WOW64; Trident/6.0)"
184.154.139.41 - - [09/Jun/2026:09:30:09 -0400] "GET /island-peak/feed/ HTTP/1.1" 200 797 "http://www.google.com/url?url=blissfulnepal.com&yahoo.com" "Mozilla/5.0 (compatible; MSIE 9.0; Windows NT 6.1; WOW64; Trident/6.0)"
184.154.139.41 - - [09/Jun/2026:09:30:10 -0400] "GET /tour/upper-dolpo-trek/ HTTP/1.1" 200 296026 "http://www.google.com/url?url=blissfulnepal.com&yahoo.com" "Mozilla/5.0 (compatible; MSIE 9.0; Windows NT 6.1; WOW64; Trident/6.0)"
184.154.139.41 - - [09/Jun/2026:09:30:13 -0400] "GET /tour-activity/nature-and-wildlife/ HTTP/1.1" 200 120957 "http://www.google.com/url?url=blissfulnepal.com&yahoo.com" "Mozilla/5.0 (compatible; MSIE 9.0; Windows NT 6.1; WOW64; Trident/6.0)"
184.154.139.41 - - [09/Jun/2026:09:30:15 -0400] "GET /tour/ancient-cities-of-kathmandu-valley-bhaktapur-and-patan/ HTTP/1.1" 200 177415 "http://www.google.com/url?url=blissfulnepal.com&yahoo.com" "Mozilla/5.0 (compatible; MSIE 9.0; Windows NT 6.1; WOW64; Trident/6.0)"
184.154.139.41 - - [09/Jun/2026:09:30:17 -0400] "GET /tour/mera-peak-climbing/ HTTP/1.1" 200 204443 "http://www.google.com/url?url=blissfulnepal.com&yahoo.com" "Mozilla/5.0 (compatible; MSIE 9.0; Windows NT 6.1; WOW64; Trident/6.0)"
184.154.139.41 - - [09/Jun/2026:09:30:19 -0400] "GET /kanchenjunga/feed/ HTTP/1.1" 200 806 "http://www.google.com/url?url=blissfulnepal.com&yahoo.com" "Mozilla/5.0 (compatible; MSIE 9.0; Windows NT 6.1; WOW64; Trident/6.0)"
184.154.139.41 - - [09/Jun/2026:09:30:20 -0400] "GET /category/travel-tips/ HTTP/1.1" 200 140827 "http://www.google.com/url?url=blissfulnepal.com&yahoo.com" "Mozilla/5.0 (compatible; MSIE 9.0; Windows NT 6.1; WOW64; Trident/6.0)"
184.154.139.41 - - [09/Jun/2026:09:30:22 -0400] "GET /annapurna-mountain/feed/ HTTP/1.1" 200 817 "http://www.google.com/url?url=blissfulnepal.com&yahoo.com" "Mozilla/5.0 (compatible; MSIE 9.0; Windows NT 6.1; WOW64; Trident/6.0)"
66.249.69.66 - - [09/Jun/2026:09:30:23 -0400] "GET / HTTP/1.1" 200 36099 "-" "Mozilla/5.0 (Linux; Android 6.0.1; Nexus 5X Build/MMB29P) AppleWebKit/537.36 (KHTML, like Gecko) Chrome/148.0.7778.96 Mobile Safari/537.36 (compatible; Googlebot/2.1; +http://www.google.com/bot.html)"
184.154.139.41 - - [09/Jun/2026:09:30:23 -0400] "GET /tour/gokyo-valley-trek/ HTTP/1.1" 301 0 "http://www.google.com/url?url=blissfulnepal.com&yahoo.com" "Mozilla/5.0 (compatible; MSIE 9.0; Windows NT 6.1; WOW64; Trident/6.0)"
63.250.38.253 - - [09/Jun/2026:09:30:25 -0400] "POST /wp-cron.php?doing_wp_cron=1781011825.7668890953063964843750 HTTP/1.1" 200 0 "-" "WordPress/7.0; https://blissfulnepal.com"
184.154.139.41 - - [09/Jun/2026:09:30:24 -0400] "GET /tag/himalayas/ HTTP/1.1" 200 119072 "http://www.google.com/url?url=blissfulnepal.com&yahoo.com" "Mozilla/5.0 (compatible; MSIE 9.0; Windows NT 6.1; WOW64; Trident/6.0)"
66.249.69.66 - - [09/Jun/2026:09:30:26 -0400] "GET /products/25661078 HTTP/1.1" 404 20947 "-" "Mozilla/5.0 (Linux; Android 6.0.1; Nexus 5X Build/MMB29P) AppleWebKit/537.36 (KHTML, like Gecko) Chrome/148.0.7778.96 Mobile Safari/537.36 (compatible; Googlebot/2.1; +http://www.google.com/bot.html)"
184.154.139.41 - - [09/Jun/2026:09:30:26 -0400] "GET /tour/kanchenjunga-base-camp-trek/ HTTP/1.1" 200 286368 "http://www.google.com/url?url=blissfulnepal.com&yahoo.com" "Mozilla/5.0 (compatible; MSIE 9.0; Windows NT 6.1; WOW64; Trident/6.0)"
184.154.139.41 - - [09/Jun/2026:09:30:29 -0400] "GET /tag/nepal-travel-2026/ HTTP/1.1" 200 110765 "http://www.google.com/url?url=blissfulnepal.com&yahoo.com" "Mozilla/5.0 (compatible; MSIE 9.0; Windows NT 6.1; WOW64; Trident/6.0)"
