184.154.139.41 - - [09/Jun/2026:09:39:07 -0400] "GET /payment/?=2026-06-09&tour-date=1&tour-id=6215&tour-people=1 HTTP/1.1" 200 105627 "-" "SiteLockSpider [en] (WinNT; I ;Nav)"
47.128.127.108 - - [09/Jun/2026:09:39:08 -0400] "GET /tag/altitude-acclimatization/ HTTP/1.1" 200 22331 "-" "Mozilla/5.0 (Linux; Android 5.0) AppleWebKit/537.36 (KHTML, like Gecko) Mobile Safari/537.36 (compatible; Bytespider; spider-feedback@bytedance.com)"
184.154.139.41 - - [09/Jun/2026:09:39:08 -0400] "GET /payment/?=2026-06-09&package=Everest%20Base%20Camp%20Trek%20-%20All%20Included%20Trip&tour-date=1&tour-id=5959&tour-people=1 HTTP/1.1" 200 105627 "-" "SiteLockSpider [en] (WinNT; I ;Nav)"
47.128.127.108 - - [09/Jun/2026:09:39:09 -0400] "GET /wp-content/plugins/wp-google-map-plugin/assets/css/wpgmp_all_frontend.css?ver=4.9.5 HTTP/1.1" 200 19707 "https://blissfulnepal.com/tag/altitude-acclimatization/" "Mozilla/5.0 (Linux; Android 5.0) AppleWebKit/537.36 (KHTML, like Gecko) Mobile Safari/537.36 (compatible; Bytespider; spider-feedback@bytedance.com)"
184.154.139.41 - - [09/Jun/2026:09:39:10 -0400] "GET /payment/?tour-id=14246 HTTP/1.1" 200 105627 "-" "SiteLockSpider [en] (WinNT; I ;Nav)"
184.154.139.41 - - [09/Jun/2026:09:39:11 -0400] "GET /payment/?=2026-06-09&tour-date=1&tour-id=6225&tour-people=1 HTTP/1.1" 200 105627 "-" "SiteLockSpider [en] (WinNT; I ;Nav)"
184.154.139.41 - - [09/Jun/2026:09:39:12 -0400] "GET /tour-search/?=1&date=1&duration=1&max-price=1&min-price=1&month=1&tax-popular-deals=1&tax-tour-activity=1&tax-tour-age=1&tax-tour-destination=1&tax-tour_category=1&tax-tour_tag=1&tour-search=1 HTTP/1.1" 200 112092 "-" "SiteLockSpider [en] (WinNT; I ;Nav)"
184.154.139.41 - - [09/Jun/2026:09:39:14 -0400] "GET /tour/upper-mustang-trek/?=Submit%20Enquiry&contact-number=1&email-address=1&full-name=1&people-number=1&tour-id=6231&tourmaster-require-acceptance=1&travel-date=1&your-enquiry=1 HTTP/1.1" 200 295414 "-" "SiteLockSpider [en] (WinNT; I ;Nav)"
184.154.139.41 - - [09/Jun/2026:09:39:18 -0400] "GET /tour/lower-dolpo-trek/?=1&action=inquiry_form&contact_no=1&duration=16&email_id=1&full_name=1&message=1&trip_name=Lower%20Dolpo%20Trek HTTP/1.1" 200 291533 "-" "SiteLockSpider [en] (WinNT; I ;Nav)"
184.154.139.41 - - [09/Jun/2026:09:39:22 -0400] "GET /tour/langtang-valley-trek/?=1&action=inquiry_form&contact_no=1&duration=10&email_id=1&full_name=1&message=1&trip_name=Langtang%20Valley%20Trek HTTP/1.1" 200 291804 "-" "SiteLockSpider [en] (WinNT; I ;Nav)"
184.154.139.41 - - [09/Jun/2026:09:39:25 -0400] "GET /tour/nepal-in-detail-tour/?=1&action=inquiry_form&contact_no=1&duration=09&email_id=1&full_name=1&message=1&trip_name=NEPAL%20IN%20DETAIL%20TOUR HTTP/1.1" 200 246093 "-" "SiteLockSpider [en] (WinNT; I ;Nav)"
184.154.139.41 - - [09/Jun/2026:09:39:28 -0400] "GET /tour/annapurna-circuit-trek/?=1&action=inquiry_form&contact_no=1&duration=15&email_id=1&full_name=1&message=1&trip_name=Annapurna%20Circuit%20Trek HTTP/1.1" 200 305794 "-" "SiteLockSpider [en] (WinNT; I ;Nav)"
184.154.139.41 - - [09/Jun/2026:09:39:31 -0400] "GET /tour/island-peak-climbing/?=1&action=inquiry_form&contact_no=1&duration=19&email_id=1&full_name=1&message=1&trip_name=Island%20Peak%20Climbing HTTP/1.1" 200 204365 "-" "SiteLockSpider [en] (WinNT; I ;Nav)"
184.154.139.41 - - [09/Jun/2026:09:39:34 -0400] "GET /tour/nature-and-wildlife-tour/?=Submit%20Enquiry&contact-number=1&email-address=1&full-name=1&people-number=1&tour-id=6328&tourmaster-require-acceptance=1&travel-date=1&your-enquiry=1 HTTP/1.1" 500 77593 "-" "SiteLockSpider [en] (WinNT; I ;Nav)"
184.154.139.41 - - [09/Jun/2026:09:39:35 -0400] "GET /tour/everest-base-camp-trek/?=1&action=inquiry_form&contact_no=1&duration=14&email_id=1&full_name=1&message=1&trip_name=Everest%20Base%20Camp%20Trek HTTP/1.1" 200 276869 "-" "SiteLockSpider [en] (WinNT; I ;Nav)"
40.77.167.136 - - [09/Jun/2026:09:39:37 -0400] "GET /products/20524578 HTTP/1.1" 301 0 "-" "Mozilla/5.0 AppleWebKit/537.36 (KHTML, like Gecko; compatible; bingbot/2.0; +http://www.bing.com/bingbot.htm) Chrome/116.0.1938.76 Safari/537.36"
104.28.157.144 - - [09/Jun/2026:09:39:51 -0400] "GET /wp-content/uploads/2023/11/pokhara-5-scaled.jpg HTTP/1.1" 200 609504 "https://www.bing.com/" "Mozilla/5.0 (Windows NT 10.0; Win64; x64) AppleWebKit/537.36 (KHTML, like Gecko) Chrome/149.0.0.0 Safari/537.36 Edg/149.0.0.0"
184.154.139.41 - - [09/Jun/2026:09:39:38 -0400] "GET /hbl-online-payment/?=1&adv_payment=1&arrival_date=1&city=1&country=1&departure_date=1&email_address=1&full_payment=1&fullname=1&inform=1&no_persons=1&pay_later=1&payment-percent=1&travel_date=1&trip_name=Trip%20Booking HTTP/1.1" 200 2711 "-" "SiteLockSpider [en] (WinNT; I ;Nav)"
184.154.139.41 - - [09/Jun/2026:09:40:04 -0400] "GET /wp-json/wp/v2/posts/%5C%22https:%5C/%5C/blissfulnepal.com%5C/booking%5C/?id=6191%5C%22 HTTP/1.1" 403 1242 "-" "SiteLockSpider [en] (WinNT; I ;Nav)"
184.154.139.41 - - [09/Jun/2026:09:40:04 -0400] "GET /wp-login.php?action=lostpassword&redirect_to=1&user_login=1&wp-submit=Get%20New%20Password HTTP/1.1" 200 3638 "-" "SiteLockSpider [en] (WinNT; I ;Nav)"
63.250.38.253 - - [09/Jun/2026:09:40:07 -0400] "POST /wp-cron.php?doing_wp_cron=1781012407.6125609874725341796875 HTTP/1.1" 200 0 "-" "WordPress/7.0; https://blissfulnepal.com"
184.154.139.41 - - [09/Jun/2026:09:40:06 -0400] "GET /tour/everest-base-camp-trek/?=1&action=inquiry_form&contact-number=1&contact_no=1&duration=14&email-address=1&email_id=1&full-name=1&full_name=1&message=1&people-number=1&tour-id=5959&tourmaster-require-acceptance=1&travel-date=1&trip_name=Everest%20Base%20Camp%20Trek&your-enquiry=1 HTTP/1.1" 200 276869 "-" "SiteLockSpider [en] (WinNT; I ;Nav)"
184.154.139.41 - - [09/Jun/2026:09:40:08 -0400] "GET /tour/langtang-valley-trek/?=1&action=inquiry_form&contact-number=1&contact_no=1&duration=10&email-address=1&email_id=1&full-name=1&full_name=1&message=1&people-number=1&tour-id=6215&tourmaster-require-acceptance=1&travel-date=1&trip_name=Langtang%20Valley%20Trek&your-enquiry=1 HTTP/1.1" 200 291804 "-" "SiteLockSpider [en] (WinNT; I ;Nav)"
184.154.139.41 - - [09/Jun/2026:09:40:12 -0400] "GET /tour/upper-mustang-trek/?=Submit%20Enquiry&action=inquiry_form&contact-number=1&contact_no=1&duration=19&email-address=1&email_id=1&full-name=1&full_name=1&message=1&people-number=1&tour-id=6231&tourmaster-require-acceptance=1&travel-date=1&trip_name=Upper%20Mustang%20Trek&your-enquiry=1 HTTP/1.1" 200 295414 "-" "SiteLockSpider [en] (WinNT; I ;Nav)"
184.154.139.41 - - [09/Jun/2026:09:40:14 -0400] "GET /tour/nepal-in-detail-tour/?=1&action=inquiry_form&contact-number=1&contact_no=1&duration=09&email-address=1&email_id=1&full-name=1&full_name=1&message=1&people-number=1&tour-id=6272&tourmaster-require-acceptance=1&travel-date=1&trip_name=NEPAL%20IN%20DETAIL%20TOUR&your-enquiry=1 HTTP/1.1" 200 246093 "-" "SiteLockSpider [en] (WinNT; I ;Nav)"
184.154.139.41 - - [09/Jun/2026:09:40:16 -0400] "GET /tour/lower-dolpo-trek/?=1&action=inquiry_form&contact-number=1&contact_no=1&duration=16&email-address=1&email_id=1&full-name=1&full_name=1&message=1&people-number=1&tour-id=6225&tourmaster-require-acceptance=1&travel-date=1&trip_name=Lower%20Dolpo%20Trek&your-enquiry=1 HTTP/1.1" 200 291533 "-" "SiteLockSpider [en] (WinNT; I ;Nav)"
184.154.139.41 - - [09/Jun/2026:09:40:18 -0400] "GET /booking/?id=6272 HTTP/1.1" 200 115671 "-" "SiteLockSpider [en] (WinNT; I ;Nav)"
184.154.139.41 - - [09/Jun/2026:09:40:21 -0400] "GET /booking/?id=6263 HTTP/1.1" 200 116142 "-" "SiteLockSpider [en] (WinNT; I ;Nav)"
184.154.139.41 - - [09/Jun/2026:09:40:24 -0400] "GET /booking/?id=5985 HTTP/1.1" 200 115681 "-" "SiteLockSpider [en] (WinNT; I ;Nav)"
184.154.139.41 - - [09/Jun/2026:09:40:27 -0400] "GET /booking/?id=6203 HTTP/1.1" 200 115659 "-" "SiteLockSpider [en] (WinNT; I ;Nav)"
184.154.139.41 - - [09/Jun/2026:09:40:29 -0400] "GET /booking/?id=6257 HTTP/1.1" 200 115339 "-" "SiteLockSpider [en] (WinNT; I ;Nav)"
184.154.139.41 - - [09/Jun/2026:09:40:32 -0400] "GET /booking/?id=6323 HTTP/1.1" 200 115365 "-" "SiteLockSpider [en] (WinNT; I ;Nav)"
184.154.139.41 - - [09/Jun/2026:09:40:35 -0400] "GET /booking/?id=6211 HTTP/1.1" 200 115671 "-" "SiteLockSpider [en] (WinNT; I ;Nav)"
184.154.139.41 - - [09/Jun/2026:09:40:38 -0400] "GET /booking/?id=14246 HTTP/1.1" 200 115721 "-" "SiteLockSpider [en] (WinNT; I ;Nav)"
184.154.139.41 - - [09/Jun/2026:09:40:40 -0400] "GET /hbl-online-payment/ HTTP/1.1" 200 2711 "-" "SiteLockSpider [en] (WinNT; I ;Nav)"
184.154.139.41 - - [09/Jun/2026:09:41:04 -0400] "GET /tour-search/?=January%201,%201970&date=1&duration=1&max-price=1&min-price=1&month=1&tax-popular-deals=1&tax-tour-activity=1&tax-tour-age=1&tax-tour-destination=1&tax-tour_category=1&tax-tour_tag=1&tour-search=1 HTTP/1.1" 200 112092 "-" "SiteLockSpider [en] (WinNT; I ;Nav)"
63.250.38.253 - - [09/Jun/2026:09:41:27 -0400] "POST /wp-cron.php?doing_wp_cron=1781012487.8619220256805419921875 HTTP/1.1" 200 0 "-" "WordPress/7.0; https://blissfulnepal.com"
184.154.139.41 - - [09/Jun/2026:09:41:05 -0400] "GET /hbl-online-payment/?=1265&adv_payment=1&arrival_date=1&city=1&country=1&departure_date=1&email_address=1&full_payment=1&fullname=1&inform=1&no_persons=1&pay_later=1&payment-percent=1&travel_date=1&trip_name=Hindu%20Pilgrimage%20Tour HTTP/1.1" 200 2711 "-" "SiteLockSpider [en] (WinNT; I ;Nav)"
184.154.139.41 - - [09/Jun/2026:09:41:28 -0400] "GET /hbl-online-payment/?=699&adv_payment=1&arrival_date=1&city=1&country=1&departure_date=1&email_address=1&full_payment=1&fullname=1&inform=1&no_persons=1&pay_later=1&payment-percent=1&travel_date=1&trip_name=Mardi%20Himal%20Trek HTTP/1.1" 200 2711 "-" "SiteLockSpider [en] (WinNT; I ;Nav)"
63.250.38.253 - - [09/Jun/2026:09:42:12 -0400] "POST /wp-cron.php?doing_wp_cron=1781012532.3152899742126464843750 HTTP/1.1" 200 0 "-" "WordPress/7.0; https://blissfulnepal.com"
66.249.69.66 - - [09/Jun/2026:09:42:11 -0400] "GET /products/25794790 HTTP/1.1" 404 20947 "-" "Mozilla/5.0 (Linux; Android 6.0.1; Nexus 5X Build/MMB29P) AppleWebKit/537.36 (KHTML, like Gecko) Chrome/148.0.7778.96 Mobile Safari/537.36 (compatible; Googlebot/2.1; +http://www.google.com/bot.html)"
63.250.38.253 - - [09/Jun/2026:09:42:14 -0400] "POST /wp-cron.php?doing_wp_cron=1781012534.2325749397277832031250 HTTP/1.1" 200 0 "-" "WordPress/7.0; https://blissfulnepal.com"
184.154.139.41 - - [09/Jun/2026:09:41:51 -0400] "GET /hbl-online-payment/?=2199&adv_payment=1&arrival_date=1&city=1&country=1&departure_date=1&email_address=1&full_payment=1&fullname=1&inform=1&no_persons=1&pay_later=1&payment-percent=1&travel_date=1&trip_name=Everest%20Three%20Passes%20Trek HTTP/1.1" 200 2711 "-" "SiteLockSpider [en] (WinNT; I ;Nav)"
184.154.139.41 - - [09/Jun/2026:09:42:14 -0400] "GET /hbl-online-payment/?=1990&adv_payment=1&arrival_date=1&city=1&country=1&departure_date=1&email_address=1&full_payment=1&fullname=1&inform=1&no_persons=1&pay_later=1&payment-percent=1&travel_date=1&trip_name=NEPAL%20IN%20DETAIL%20TOUR HTTP/1.1" 200 2711 "-" "SiteLockSpider [en] (WinNT; I ;Nav)"
184.154.139.41 - - [09/Jun/2026:09:42:37 -0400] "GET /wp-login.php?=1&log=1&pwd=1&redirect_to=https://blissfulnepal.com/wp-admin/&rememberme=1&testcookie=1&wp-submit=Log%20In HTTP/1.1" 200 6584 "http://www.google.com/url?url=blissfulnepal.com&yahoo.com" "Mozilla/5.0 (compatible; MSIE 9.0; Windows NT 6.1; WOW64; Trident/6.0)"
184.154.139.41 - - [09/Jun/2026:09:42:38 -0400] "GET /wp-login.php HTTP/1.1" 200 6584 "-" "SiteLockSpider [en] (WinNT; I ;Nav)"
184.154.139.41 - - [09/Jun/2026:09:42:38 -0400] "GET /wp-json/oembed/1.0/embed?url=https%3A%2F%2Fblissfulnepal.com%2Feverest-base-camp-trek-faqs%2F&format=xml HTTP/1.1" 200 2793 "-" "SiteLockSpider [en] (WinNT; I ;Nav)"
184.154.139.41 - - [09/Jun/2026:09:42:39 -0400] "GET /wp-json/oembed/1.0/embed?url=https%3A%2F%2Fblissfulnepal.com%2Ftrekking-in-nepal-in-january%2F&format=xml HTTP/1.1" 200 2701 "-" "SiteLockSpider [en] (WinNT; I ;Nav)"
184.154.139.41 - - [09/Jun/2026:09:42:40 -0400] "GET /wp-json/oembed/1.0/embed?url=https%3A%2F%2Fblissfulnepal.com%2Ftour%2Feverest-three-passes-trek%2F&format=xml HTTP/1.1" 200 2723 "-" "SiteLockSpider [en] (WinNT; I ;Nav)"
184.154.139.41 - - [09/Jun/2026:09:42:41 -0400] "GET /wp-json/oembed/1.0/embed?url=https%3A%2F%2Fblissfulnepal.com%2Ftourism-capital-of-nepal%2F&format=xml HTTP/1.1" 200 2724 "-" "SiteLockSpider [en] (WinNT; I ;Nav)"
184.154.139.41 - - [09/Jun/2026:09:42:42 -0400] "GET /wp-json/oembed/1.0/embed?url=https%3A%2F%2Fblissfulnepal.com%2Ftour%2Fchitwan-jungle-safari%2F&format=xml HTTP/1.1" 200 2449 "-" "SiteLockSpider [en] (WinNT; I ;Nav)"
184.154.139.41 - - [09/Jun/2026:09:42:43 -0400] "GET /wp-json/oembed/1.0/embed?url=https%3A%2F%2Fblissfulnepal.com%2Fisland-peak%2F&format=xml HTTP/1.1" 200 2766 "-" "SiteLockSpider [en] (WinNT; I ;Nav)"
184.154.139.41 - - [09/Jun/2026:09:42:44 -0400] "GET /wp-json/oembed/1.0/embed?url=https%3A%2F%2Fblissfulnepal.com%2Feverest-base-camp-trek-the-ultimate-2026-guide-to-the-khumbu%2F&format=xml HTTP/1.1" 200 2898 "-" "SiteLockSpider [en] (WinNT; I ;Nav)"
184.154.139.41 - - [09/Jun/2026:09:42:45 -0400] "GET /wp-json/oembed/1.0/embed?url=https%3A%2F%2Fblissfulnepal.com%2Fbest-travel-agency-in-nepal%2F&format=xml HTTP/1.1" 200 2792 "-" "SiteLockSpider [en] (WinNT; I ;Nav)"
184.154.139.41 - - [09/Jun/2026:09:42:46 -0400] "GET /wp-json/oembed/1.0/embed?url=https%3A%2F%2Fblissfulnepal.com%2Ftour%2Fgokyo-lake-trek%2F&format=xml HTTP/1.1" 200 2666 "-" "SiteLockSpider [en] (WinNT; I ;Nav)"
184.154.139.41 - - [09/Jun/2026:09:42:47 -0400] "GET /?post_type=tour&p=6301 HTTP/1.1" 404 103909 "-" "SiteLockSpider [en] (WinNT; I ;Nav)"
184.154.139.41 - - [09/Jun/2026:09:42:48 -0400] "GET /?=Subscribe&na=s&ne=1 HTTP/1.1" 400 2510 "-" "SiteLockSpider [en] (WinNT; I ;Nav)"
184.154.139.41 - - [09/Jun/2026:09:42:49 -0400] "GET /?na=s HTTP/1.1" 400 2510 "-" "SiteLockSpider [en] (WinNT; I ;Nav)"
184.154.139.41 - - [09/Jun/2026:09:42:51 -0400] "GET /payment/?=2026-06-09&tour-date=1&tour-id=6231&tour-people=1 HTTP/1.1" 200 105627 "-" "SiteLockSpider [en] (WinNT; I ;Nav)"
184.154.139.41 - - [09/Jun/2026:09:42:52 -0400] "GET /booking/?id=5988 HTTP/1.1" 200 115661 "-" "SiteLockSpider [en] (WinNT; I ;Nav)"
184.154.139.41 - - [09/Jun/2026:09:42:54 -0400] "GET /booking/?id=6217 HTTP/1.1" 200 115663 "-" "SiteLockSpider [en] (WinNT; I ;Nav)"
184.154.139.41 - - [09/Jun/2026:09:42:56 -0400] "GET /booking/?id=6225 HTTP/1.1" 200 115663 "-" "SiteLockSpider [en] (WinNT; I ;Nav)"
184.154.139.41 - - [09/Jun/2026:09:42:57 -0400] "GET /booking/?id=6321 HTTP/1.1" 200 115341 "-" "SiteLockSpider [en] (WinNT; I ;Nav)"
184.154.139.41 - - [09/Jun/2026:09:42:59 -0400] "GET /booking/?id=6197 HTTP/1.1" 200 115341 "-" "SiteLockSpider [en] (WinNT; I ;Nav)"
184.154.139.41 - - [09/Jun/2026:09:43:01 -0400] "GET /booking/?id=6231 HTTP/1.1" 200 115667 "-" "SiteLockSpider [en] (WinNT; I ;Nav)"
184.154.139.41 - - [09/Jun/2026:09:43:03 -0400] "GET /booking/?id=6312 HTTP/1.1" 200 115341 "-" "SiteLockSpider [en] (WinNT; I ;Nav)"
184.154.139.41 - - [09/Jun/2026:09:43:05 -0400] "GET /wp-json/oembed/1.0/embed?url=https%3A%2F%2Fblissfulnepal.com%2Ftrekking-in-nepal%2F HTTP/1.1" 200 2658 "-" "SiteLockSpider [en] (WinNT; I ;Nav)"
184.154.139.41 - - [09/Jun/2026:09:43:06 -0400] "GET /wp-json/oembed/1.0/embed?url=https%3A%2F%2Fblissfulnepal.com%2Fheight-of-mount-everest%2F HTTP/1.1" 200 2599 "-" "SiteLockSpider [en] (WinNT; I ;Nav)"
184.154.139.41 - - [09/Jun/2026:09:43:07 -0400] "GET /wp-json/oembed/1.0/embed?url=https%3A%2F%2Fblissfulnepal.com%2Ftour%2Fkathmandu-day-tour%2F HTTP/1.1" 200 2570 "-" "SiteLockSpider [en] (WinNT; I ;Nav)"
184.154.139.41 - - [09/Jun/2026:09:43:08 -0400] "GET /wp-json/oembed/1.0/embed?url=https%3A%2F%2Fblissfulnepal.com%2Fcontact%2F HTTP/1.1" 200 2139 "-" "SiteLockSpider [en] (WinNT; I ;Nav)"
184.154.139.41 - - [09/Jun/2026:09:43:09 -0400] "GET /wp-json/oembed/1.0/embed?url=https%3A%2F%2Fblissfulnepal.com%2Ftour%2Feverest-base-camp-trek-with-helicopter-return%2F HTTP/1.1" 200 2506 "-" "SiteLockSpider [en] (WinNT; I ;Nav)"
184.154.139.41 - - [09/Jun/2026:09:43:10 -0400] "GET /wp-json/oembed/1.0/embed?url=https%3A%2F%2Fblissfulnepal.com%2Ftour%2Fupper-dolpo-trek%2F HTTP/1.1" 200 2654 "-" "SiteLockSpider [en] (WinNT; I ;Nav)"
184.154.139.41 - - [09/Jun/2026:09:43:11 -0400] "GET /wp-json/oembed/1.0/embed?url=https%3A%2F%2Fblissfulnepal.com%2Ftour%2Fghorepani-poon-hill-trek%2F HTTP/1.1" 200 2557 "-" "SiteLockSpider [en] (WinNT; I ;Nav)"
184.154.139.41 - - [09/Jun/2026:09:43:11 -0400] "GET /wp-json/oembed/1.0/embed?url=https%3A%2F%2Fblissfulnepal.com%2Ftour%2Flower-dolpo-trek%2F HTTP/1.1" 200 2609 "-" "SiteLockSpider [en] (WinNT; I ;Nav)"
184.154.139.41 - - [09/Jun/2026:09:43:12 -0400] "GET /wp-json/oembed/1.0/embed?url=https%3A%2F%2Fblissfulnepal.com%2Ftrekking-in-nepal-in-january%2F HTTP/1.1" 200 2515 "-" "SiteLockSpider [en] (WinNT; I ;Nav)"
63.250.38.253 - - [09/Jun/2026:09:43:14 -0400] "POST /wp-cron.php?doing_wp_cron=1781012594.3630440235137939453125 HTTP/1.1" 200 0 "-" "WordPress/7.0; https://blissfulnepal.com"
184.154.139.41 - - [09/Jun/2026:09:43:13 -0400] "GET /wp-json/oembed/1.0/embed?url=https%3A%2F%2Fblissfulnepal.com%2Fdiscovering-nepal-peaks-culture-and-the-spirit-of-the-himalayas%2F HTTP/1.1" 200 2760 "-" "SiteLockSpider [en] (WinNT; I ;Nav)"
184.154.139.41 - - [09/Jun/2026:09:43:14 -0400] "GET /wp-json/oembed/1.0/%5C%22https:%5C/%5C/blissfulnepal.com%5C/trekking-in-nepal%5C/embed%5C/ HTTP/1.1" 404 114 "http://www.google.com/url?url=blissfulnepal.com&yahoo.com" "Mozilla/5.0 (compatible; MSIE 9.0; Windows NT 6.1; WOW64; Trident/6.0)"
184.154.139.41 - - [09/Jun/2026:09:43:15 -0400] "GET /wp-json/oembed/1.0/%5C%22https:%5C/%5C/blissfulnepal.com%5C/height-of-mount-everest%5C/embed%5C/ HTTP/1.1" 404 114 "http://www.google.com/url?url=blissfulnepal.com&yahoo.com" "Mozilla/5.0 (compatible; MSIE 9.0; Windows NT 6.1; WOW64; Trident/6.0)"
184.154.139.41 - - [09/Jun/2026:09:43:16 -0400] "GET /wp-json/oembed/1.0/%5C%22https:%5C/%5C/blissfulnepal.com%5C/discovering-nepal-peaks-culture-and-the-spirit-of-the-himalayas%5C/%5C%22 HTTP/1.1" 404 114 "http://www.google.com/url?url=blissfulnepal.com&yahoo.com" "Mozilla/5.0 (compatible; MSIE 9.0; Windows NT 6.1; WOW64; Trident/6.0)"
184.154.139.41 - - [09/Jun/2026:09:43:17 -0400] "GET /wp-json/oembed/1.0/%5C%22https:%5C/%5C/blissfulnepal.com%5C/trekking-in-nepal-in-january%5C/%5C%22 HTTP/1.1" 404 114 "http://www.google.com/url?url=blissfulnepal.com&yahoo.com" "Mozilla/5.0 (compatible; MSIE 9.0; Windows NT 6.1; WOW64; Trident/6.0)"
184.154.139.41 - - [09/Jun/2026:09:43:18 -0400] "GET /wp-json/oembed/1.0/%5C%22https:%5C/%5C/blissfulnepal.com%5C/discovering-nepal-peaks-culture-and-the-spirit-of-the-himalayas%5C/embed%5C/ HTTP/1.1" 404 114 "http://www.google.com/url?url=blissfulnepal.com&yahoo.com" "Mozilla/5.0 (compatible; MSIE 9.0; Windows NT 6.1; WOW64; Trident/6.0)"
184.154.139.41 - - [09/Jun/2026:09:43:19 -0400] "GET /wp-json/oembed/1.0/%5C%22https:%5C/%5C/blissfulnepal.com%5C/trekking-in-nepal%5C/%5C%22 HTTP/1.1" 404 114 "http://www.google.com/url?url=blissfulnepal.com&yahoo.com" "Mozilla/5.0 (compatible; MSIE 9.0; Windows NT 6.1; WOW64; Trident/6.0)"
184.154.139.41 - - [09/Jun/2026:09:43:20 -0400] "GET /wp-json/oembed/1.0/%5C%22https:%5C/%5C/blissfulnepal.com%5C/contact%5C/%5C%22 HTTP/1.1" 404 114 "http://www.google.com/url?url=blissfulnepal.com&yahoo.com" "Mozilla/5.0 (compatible; MSIE 9.0; Windows NT 6.1; WOW64; Trident/6.0)"
193.19.109.220 - - [09/Jun/2026:09:43:21 -0400] "POST /wp-login.php HTTP/1.1" 503 7732 "-" "Mozilla/5.0 (Macintosh; Intel Mac OS X 10_15_7) AppleWebKit/605.1.15 Version/17.0 Safari/605.1.15"
184.154.139.41 - - [09/Jun/2026:09:43:21 -0400] "GET /wp-json/oembed/1.0/%5C%22https:%5C/%5C/blissfulnepal.com%5C/trekking-in-nepal-in-january%5C/embed%5C/ HTTP/1.1" 404 114 "http://www.google.com/url?url=blissfulnepal.com&yahoo.com" "Mozilla/5.0 (compatible; MSIE 9.0; Windows NT 6.1; WOW64; Trident/6.0)"
184.154.139.41 - - [09/Jun/2026:09:43:22 -0400] "GET /wp-json/oembed/1.0/%5C%22https:%5C/%5C/blissfulnepal.com%5C/contact%5C/embed%5C/ HTTP/1.1" 404 114 "http://www.google.com/url?url=blissfulnepal.com&yahoo.com" "Mozilla/5.0 (compatible; MSIE 9.0; Windows NT 6.1; WOW64; Trident/6.0)"
184.154.139.41 - - [09/Jun/2026:09:43:23 -0400] "GET /wp-json/oembed/1.0/%5C%22https:%5C/%5C/blissfulnepal.com%5C/height-of-mount-everest%5C/%5C%22 HTTP/1.1" 404 114 "http://www.google.com/url?url=blissfulnepal.com&yahoo.com" "Mozilla/5.0 (compatible; MSIE 9.0; Windows NT 6.1; WOW64; Trident/6.0)"
184.154.139.41 - - [09/Jun/2026:09:43:24 -0400] "GET /wp-json/oembed/1.0/%5C%22https:%5C/%5C/blissfulnepal.com%5C/tour%5C/ghorepani-poon-hill-trek%5C/embed%5C/ HTTP/1.1" 404 114 "http://www.google.com/url?url=blissfulnepal.com&yahoo.com" "Mozilla/5.0 (compatible; MSIE 9.0; Windows NT 6.1; WOW64; Trident/6.0)"
184.154.139.41 - - [09/Jun/2026:09:43:25 -0400] "GET /wp-json/oembed/1.0/%5C%22https:%5C/%5C/blissfulnepal.com%5C/tour%5C/everest-base-camp-trek-with-helicopter-return%5C/%5C%22 HTTP/1.1" 404 114 "http://www.google.com/url?url=blissfulnepal.com&yahoo.com" "Mozilla/5.0 (compatible; MSIE 9.0; Windows NT 6.1; WOW64; Trident/6.0)"
184.154.139.41 - - [09/Jun/2026:09:43:26 -0400] "GET /wp-json/oembed/1.0/%5C%22https:%5C/%5C/blissfulnepal.com%5C/tour%5C/lower-dolpo-trek%5C/embed%5C/ HTTP/1.1" 404 114 "http://www.google.com/url?url=blissfulnepal.com&yahoo.com" "Mozilla/5.0 (compatible; MSIE 9.0; Windows NT 6.1; WOW64; Trident/6.0)"
184.154.139.41 - - [09/Jun/2026:09:43:27 -0400] "GET /wp-json/oembed/1.0/%5C%22https:%5C/%5C/blissfulnepal.com%5C/tour%5C/lower-dolpo-trek%5C/%5C%22 HTTP/1.1" 404 114 "http://www.google.com/url?url=blissfulnepal.com&yahoo.com" "Mozilla/5.0 (compatible; MSIE 9.0; Windows NT 6.1; WOW64; Trident/6.0)"
184.154.139.41 - - [09/Jun/2026:09:43:28 -0400] "GET /wp-json/oembed/1.0/%5C%22https:%5C/%5C/blissfulnepal.com%5C/tour%5C/ghorepani-poon-hill-trek%5C/%5C%22 HTTP/1.1" 404 114 "http://www.google.com/url?url=blissfulnepal.com&yahoo.com" "Mozilla/5.0 (compatible; MSIE 9.0; Windows NT 6.1; WOW64; Trident/6.0)"
184.154.139.41 - - [09/Jun/2026:09:43:29 -0400] "GET /wp-json/oembed/1.0/%5C%22https:%5C/%5C/blissfulnepal.com%5C/tour%5C/kathmandu-day-tour%5C/%5C%22 HTTP/1.1" 404 114 "http://www.google.com/url?url=blissfulnepal.com&yahoo.com" "Mozilla/5.0 (compatible; MSIE 9.0; Windows NT 6.1; WOW64; Trident/6.0)"
184.154.139.41 - - [09/Jun/2026:09:43:30 -0400] "GET /wp-json/oembed/1.0/%5C%22https:%5C/%5C/blissfulnepal.com%5C/tour%5C/upper-dolpo-trek%5C/embed%5C/ HTTP/1.1" 404 114 "http://www.google.com/url?url=blissfulnepal.com&yahoo.com" "Mozilla/5.0 (compatible; MSIE 9.0; Windows NT 6.1; WOW64; Trident/6.0)"
184.154.139.41 - - [09/Jun/2026:09:43:31 -0400] "GET /wp-json/oembed/1.0/%5C%22https:%5C/%5C/blissfulnepal.com%5C/tour%5C/everest-base-camp-trek-with-helicopter-return%5C/embed%5C/ HTTP/1.1" 404 114 "http://www.google.com/url?url=blissfulnepal.com&yahoo.com" "Mozilla/5.0 (compatible; MSIE 9.0; Windows NT 6.1; WOW64; Trident/6.0)"
184.154.139.41 - - [09/Jun/2026:09:43:32 -0400] "GET /wp-json/oembed/1.0/%5C%22https:%5C/%5C/blissfulnepal.com%5C/tour%5C/upper-dolpo-trek%5C/%5C%22 HTTP/1.1" 404 114 "http://www.google.com/url?url=blissfulnepal.com&yahoo.com" "Mozilla/5.0 (compatible; MSIE 9.0; Windows NT 6.1; WOW64; Trident/6.0)"
184.154.139.41 - - [09/Jun/2026:09:43:33 -0400] "GET /wp-json/oembed/1.0/%5C%22https:%5C/%5C/blissfulnepal.com%5C/tour%5C/kathmandu-day-tour%5C/embed%5C/ HTTP/1.1" 404 114 "http://www.google.com/url?url=blissfulnepal.com&yahoo.com" "Mozilla/5.0 (compatible; MSIE 9.0; Windows NT 6.1; WOW64; Trident/6.0)"
184.154.139.41 - - [09/Jun/2026:09:43:34 -0400] "GET /booking/?id=6310 HTTP/1.1" 200 115667 "-" "SiteLockSpider [en] (WinNT; I ;Nav)"
184.154.139.41 - - [09/Jun/2026:09:43:36 -0400] "GET /booking/?id=6215 HTTP/1.1" 200 115667 "-" "SiteLockSpider [en] (WinNT; I ;Nav)"
66.249.69.66 - - [09/Jun/2026:09:43:36 -0400] "GET /products/10931889 HTTP/1.1" 404 20947 "-" "Mozilla/5.0 (Linux; Android 6.0.1; Nexus 5X Build/MMB29P) AppleWebKit/537.36 (KHTML, like Gecko) Chrome/148.0.7778.96 Mobile Safari/537.36 (compatible; Googlebot/2.1; +http://www.google.com/bot.html)"
184.154.139.41 - - [09/Jun/2026:09:43:37 -0400] "GET /booking/?id=6663 HTTP/1.1" 200 115675 "-" "SiteLockSpider [en] (WinNT; I ;Nav)"
207.46.13.6 - - [09/Jun/2026:09:43:39 -0400] "GET /products/8772656 HTTP/1.1" 301 0 "-" "Mozilla/5.0 AppleWebKit/537.36 (KHTML, like Gecko; compatible; bingbot/2.0; +http://www.bing.com/bingbot.htm) Chrome/116.0.1938.76 Safari/537.36"
184.154.139.41 - - [09/Jun/2026:09:43:39 -0400] "GET /booking/?id=6267 HTTP/1.1" 200 115349 "-" "SiteLockSpider [en] (WinNT; I ;Nav)"
207.46.13.6 - - [09/Jun/2026:09:43:40 -0400] "GET /products/10996690 HTTP/1.1" 301 0 "-" "Mozilla/5.0 AppleWebKit/537.36 (KHTML, like Gecko; compatible; bingbot/2.0; +http://www.bing.com/bingbot.htm) Chrome/116.0.1938.76 Safari/537.36"
184.154.139.41 - - [09/Jun/2026:09:43:41 -0400] "GET /booking/?id=6276 HTTP/1.1" 200 115415 "-" "SiteLockSpider [en] (WinNT; I ;Nav)"
184.154.139.41 - - [09/Jun/2026:09:43:43 -0400] "GET /booking/?id=6274 HTTP/1.1" 200 115332 "-" "SiteLockSpider [en] (WinNT; I ;Nav)"
184.154.139.41 - - [09/Jun/2026:09:43:44 -0400] "GET /booking/?id=6219 HTTP/1.1" 200 115339 "-" "SiteLockSpider [en] (WinNT; I ;Nav)"
120.240.178.247 - - [09/Jun/2026:09:43:46 -0400] "GET /wp-content/uploads/al_opt_content/IMAGE/media-cdn.tripadvisor.com//media/photo-s/2e/2c/83/6c/caption.jpg HTTP/1.1" 200 41157 "https://blissfulnepal.com/?redirect=6310" "Mozilla/5.0 (Windows NT 10.0; Win64; x64) AppleWebKit/537.36 (KHTML, like Gecko) Chrome/143.0.0.0 Safari/537.36"
184.154.139.41 - - [09/Jun/2026:09:43:46 -0400] "GET /booking/?id=6191 HTTP/1.1" 200 115675 "-" "SiteLockSpider [en] (WinNT; I ;Nav)"
184.154.139.41 - - [09/Jun/2026:09:43:48 -0400] "GET /booking/?id=6245 HTTP/1.1" 200 115685 "-" "SiteLockSpider [en] (WinNT; I ;Nav)"
184.154.139.41 - - [09/Jun/2026:09:43:50 -0400] "GET /booking/?id=6325 HTTP/1.1" 200 115689 "-" "SiteLockSpider [en] (WinNT; I ;Nav)"
63.250.38.253 - - [09/Jun/2026:09:43:52 -0400] "POST /wp-cron.php?doing_wp_cron=1781012632.6343150138854980468750 HTTP/1.1" 200 0 "-" "WordPress/7.0; https://blissfulnepal.com"
184.154.139.41 - - [09/Jun/2026:09:43:51 -0400] "GET /wp-json/oembed/1.0/embed?url=https%3A%2F%2Fblissfulnepal.com%2Fannapurna-circuit%2F&format=xml HTTP/1.1" 200 2804 "-" "SiteLockSpider [en] (WinNT; I ;Nav)"
184.154.139.41 - - [09/Jun/2026:09:43:52 -0400] "GET /wp-json/oembed/1.0/embed?url=https%3A%2F%2Fblissfulnepal.com%2Flangtang-trek-cost%2F&format=xml HTTP/1.1" 200 2664 "-" "SiteLockSpider [en] (WinNT; I ;Nav)"
184.154.139.41 - - [09/Jun/2026:09:43:53 -0400] "GET /wp-json/oembed/1.0/embed?url=https%3A%2F%2Fblissfulnepal.com%2Ftour%2Feverest-base-camp-trek%2F&format=xml HTTP/1.1" 200 2715 "-" "SiteLockSpider [en] (WinNT; I ;Nav)"
184.154.139.41 - - [09/Jun/2026:09:43:54 -0400] "GET /wp-json/oembed/1.0/embed?url=https%3A%2F%2Fblissfulnepal.com%2Flukla-airport-the-ultimate-2026-guide-to-the-gateway-of-everest%2F&format=xml HTTP/1.1" 200 2888 "-" "SiteLockSpider [en] (WinNT; I ;Nav)"
184.154.139.41 - - [09/Jun/2026:09:43:55 -0400] "GET /wp-json/oembed/1.0/embed?url=https%3A%2F%2Fblissfulnepal.com%2Ftrekking-in-nepal-in-march%2F&format=xml HTTP/1.1" 200 2700 "-" "SiteLockSpider [en] (WinNT; I ;Nav)"
184.154.139.41 - - [09/Jun/2026:09:43:56 -0400] "GET /wp-json/oembed/1.0/embed?url=https%3A%2F%2Fblissfulnepal.com%2Fmanaslu%2F&format=xml HTTP/1.1" 200 2727 "-" "SiteLockSpider [en] (WinNT; I ;Nav)"
184.154.139.41 - - [09/Jun/2026:09:43:57 -0400] "GET /wp-json/oembed/1.0/embed?url=https%3A%2F%2Fblissfulnepal.com%2Fwho-we-are%2F&format=xml HTTP/1.1" 200 2444 "-" "SiteLockSpider [en] (WinNT; I ;Nav)"
184.154.139.41 - - [09/Jun/2026:09:43:58 -0400] "GET /wp-json/oembed/1.0/embed?url=https%3A%2F%2Fblissfulnepal.com%2Ftour%2Fghorepani-poon-hill-trek%2F&format=xml HTTP/1.1" 200 2741 "-" "SiteLockSpider [en] (WinNT; I ;Nav)"
184.154.139.41 - - [09/Jun/2026:09:43:59 -0400] "GET /wp-json/oembed/1.0/embed?url=https%3A%2F%2Fblissfulnepal.com%2Four-team%2F&format=xml HTTP/1.1" 200 2412 "-" "SiteLockSpider [en] (WinNT; I ;Nav)"
184.154.139.41 - - [09/Jun/2026:09:44:00 -0400] "GET /wp-json/oembed/1.0/embed?url=https%3A%2F%2Fblissfulnepal.com%2Ftrekking-in-nepal-in-february%2F&format=xml HTTP/1.1" 200 2767 "-" "SiteLockSpider [en] (WinNT; I ;Nav)"
184.154.139.41 - - [09/Jun/2026:09:44:01 -0400] "GET /booking/?id=6227 HTTP/1.1" 200 115663 "-" "SiteLockSpider [en] (WinNT; I ;Nav)"
184.154.139.41 - - [09/Jun/2026:09:44:02 -0400] "GET /booking/?id=6205 HTTP/1.1" 200 115675 "-" "SiteLockSpider [en] (WinNT; I ;Nav)"
184.154.139.41 - - [09/Jun/2026:09:44:04 -0400] "GET /wp-json/oembed/1.0/embed?url=https%3A%2F%2Fblissfulnepal.com%2Fghorepani-poon-hill-weather%2F HTTP/1.1" 200 2577 "-" "SiteLockSpider [en] (WinNT; I ;Nav)"
184.154.139.41 - - [09/Jun/2026:09:44:05 -0400] "GET /wp-json/oembed/1.0/embed?url=https%3A%2F%2Fblissfulnepal.com%2Ftour%2Feverest-three-passes-trek%2F HTTP/1.1" 200 2539 "-" "SiteLockSpider [en] (WinNT; I ;Nav)"
184.154.139.41 - - [09/Jun/2026:09:44:06 -0400] "GET /wp-json/oembed/1.0/embed?url=https%3A%2F%2Fblissfulnepal.com%2Ftourism-capital-of-nepal%2F HTTP/1.1" 200 2538 "-" "SiteLockSpider [en] (WinNT; I ;Nav)"
63.250.38.253 - - [09/Jun/2026:09:44:07 -0400] "POST /wp-cron.php?doing_wp_cron=1781012647.9372920989990234375000 HTTP/1.1" 200 0 "-" "WordPress/7.0; https://blissfulnepal.com"
184.154.139.41 - - [09/Jun/2026:09:44:07 -0400] "GET /wp-json/oembed/1.0/embed?url=https%3A%2F%2Fblissfulnepal.com%2Ftour%2Ftsum-valley-trek%2F HTTP/1.1" 200 2609 "-" "SiteLockSpider [en] (WinNT; I ;Nav)"
184.154.139.41 - - [09/Jun/2026:09:44:08 -0400] "GET /wp-json/oembed/1.0/embed?url=https%3A%2F%2Fblissfulnepal.com%2Fmardi-himal-weather-and-temperature%2F HTTP/1.1" 200 2541 "-" "SiteLockSpider [en] (WinNT; I ;Nav)"
184.154.139.41 - - [09/Jun/2026:09:44:09 -0400] "GET /wp-json/oembed/1.0/embed?url=https%3A%2F%2Fblissfulnepal.com%2Feverest-base-camp-trek-the-ultimate-2026-guide-to-the-khumbu%2F HTTP/1.1" 200 2712 "-" "SiteLockSpider [en] (WinNT; I ;Nav)"
184.154.139.41 - - [09/Jun/2026:09:44:09 -0400] "GET /wp-json/oembed/1.0/embed?url=https%3A%2F%2Fblissfulnepal.com%2Fmanaslu-circuit-trek-distance%2F HTTP/1.1" 200 2593 "-" "SiteLockSpider [en] (WinNT; I ;Nav)"
184.154.139.41 - - [09/Jun/2026:09:44:10 -0400] "GET /wp-json/oembed/1.0/embed?url=https%3A%2F%2Fblissfulnepal.com%2Fcustomize-trip%2F HTTP/1.1" 200 2165 "-" "SiteLockSpider [en] (WinNT; I ;Nav)"
184.154.139.41 - - [09/Jun/2026:09:44:11 -0400] "GET /wp-json/oembed/1.0/%5C%22https:%5C/%5C/blissfulnepal.com%5C/everest-base-camp-trek-the-ultimate-2026-guide-to-the-khumbu%5C/embed%5C/ HTTP/1.1" 404 114 "http://www.google.com/url?url=blissfulnepal.com&yahoo.com" "Mozilla/5.0 (compatible; MSIE 9.0; Windows NT 6.1; WOW64; Trident/6.0)"
184.154.139.41 - - [09/Jun/2026:09:44:12 -0400] "GET /wp-json/oembed/1.0/%5C%22https:%5C/%5C/blissfulnepal.com%5C/tourism-capital-of-nepal%5C/%5C%22 HTTP/1.1" 404 114 "http://www.google.com/url?url=blissfulnepal.com&yahoo.com" "Mozilla/5.0 (compatible; MSIE 9.0; Windows NT 6.1; WOW64; Trident/6.0)"
184.154.139.41 - - [09/Jun/2026:09:44:13 -0400] "GET /wp-json/oembed/1.0/%5C%22https:%5C/%5C/blissfulnepal.com%5C/customize-trip%5C/embed%5C/ HTTP/1.1" 404 114 "http://www.google.com/url?url=blissfulnepal.com&yahoo.com" "Mozilla/5.0 (compatible; MSIE 9.0; Windows NT 6.1; WOW64; Trident/6.0)"
184.154.139.41 - - [09/Jun/2026:09:44:14 -0400] "GET /wp-json/oembed/1.0/%5C%22https:%5C/%5C/blissfulnepal.com%5C/everest-base-camp-trek-the-ultimate-2026-guide-to-the-khumbu%5C/%5C%22 HTTP/1.1" 404 114 "http://www.google.com/url?url=blissfulnepal.com&yahoo.com" "Mozilla/5.0 (compatible; MSIE 9.0; Windows NT 6.1; WOW64; Trident/6.0)"
184.154.139.41 - - [09/Jun/2026:09:44:15 -0400] "GET /wp-json/oembed/1.0/%5C%22https:%5C/%5C/blissfulnepal.com%5C/mardi-himal-weather-and-temperature%5C/%5C%22 HTTP/1.1" 404 114 "http://www.google.com/url?url=blissfulnepal.com&yahoo.com" "Mozilla/5.0 (compatible; MSIE 9.0; Windows NT 6.1; WOW64; Trident/6.0)"
184.154.139.41 - - [09/Jun/2026:09:44:16 -0400] "GET /wp-json/oembed/1.0/%5C%22https:%5C/%5C/blissfulnepal.com%5C/tourism-capital-of-nepal%5C/embed%5C/ HTTP/1.1" 404 114 "http://www.google.com/url?url=blissfulnepal.com&yahoo.com" "Mozilla/5.0 (compatible; MSIE 9.0; Windows NT 6.1; WOW64; Trident/6.0)"
184.154.139.41 - - [09/Jun/2026:09:44:17 -0400] "GET /wp-json/oembed/1.0/%5C%22https:%5C/%5C/blissfulnepal.com%5C/customize-trip%5C/%5C%22 HTTP/1.1" 404 114 "http://www.google.com/url?url=blissfulnepal.com&yahoo.com" "Mozilla/5.0 (compatible; MSIE 9.0; Windows NT 6.1; WOW64; Trident/6.0)"
184.154.139.41 - - [09/Jun/2026:09:44:18 -0400] "GET /wp-json/oembed/1.0/%5C%22https:%5C/%5C/blissfulnepal.com%5C/manaslu-circuit-trek-distance%5C/%5C%22 HTTP/1.1" 404 114 "http://www.google.com/url?url=blissfulnepal.com&yahoo.com" "Mozilla/5.0 (compatible; MSIE 9.0; Windows NT 6.1; WOW64; Trident/6.0)"
184.154.139.41 - - [09/Jun/2026:09:44:19 -0400] "GET /wp-json/oembed/1.0/%5C%22https:%5C/%5C/blissfulnepal.com%5C/mardi-himal-weather-and-temperature%5C/embed%5C/ HTTP/1.1" 404 114 "http://www.google.com/url?url=blissfulnepal.com&yahoo.com" "Mozilla/5.0 (compatible; MSIE 9.0; Windows NT 6.1; WOW64; Trident/6.0)"
184.154.139.41 - - [09/Jun/2026:09:44:20 -0400] "GET /wp-json/oembed/1.0/%5C%22https:%5C/%5C/blissfulnepal.com%5C/manaslu-circuit-trek-distance%5C/embed%5C/ HTTP/1.1" 404 114 "http://www.google.com/url?url=blissfulnepal.com&yahoo.com" "Mozilla/5.0 (compatible; MSIE 9.0; Windows NT 6.1; WOW64; Trident/6.0)"
184.154.139.41 - - [09/Jun/2026:09:44:21 -0400] "GET /wp-json/oembed/1.0/%5C%22https:%5C/%5C/blissfulnepal.com%5C/ghorepani-poon-hill-weather%5C/embed%5C/ HTTP/1.1" 404 114 "http://www.google.com/url?url=blissfulnepal.com&yahoo.com" "Mozilla/5.0 (compatible; MSIE 9.0; Windows NT 6.1; WOW64; Trident/6.0)"
184.154.139.41 - - [09/Jun/2026:09:44:22 -0400] "GET /wp-json/oembed/1.0/%5C%22https:%5C/%5C/blissfulnepal.com%5C/ghorepani-poon-hill-weather%5C/%5C%22 HTTP/1.1" 404 114 "http://www.google.com/url?url=blissfulnepal.com&yahoo.com" "Mozilla/5.0 (compatible; MSIE 9.0; Windows NT 6.1; WOW64; Trident/6.0)"
184.154.139.41 - - [09/Jun/2026:09:44:23 -0400] "GET /wp-json/oembed/1.0/%5C%22https:%5C/%5C/blissfulnepal.com%5C/tour%5C/tsum-valley-trek%5C/%5C%22 HTTP/1.1" 404 114 "http://www.google.com/url?url=blissfulnepal.com&yahoo.com" "Mozilla/5.0 (compatible; MSIE 9.0; Windows NT 6.1; WOW64; Trident/6.0)"
184.154.139.41 - - [09/Jun/2026:09:44:24 -0400] "GET /wp-json/oembed/1.0/%5C%22https:%5C/%5C/blissfulnepal.com%5C/tour%5C/tsum-valley-trek%5C/embed%5C/ HTTP/1.1" 404 114 "http://www.google.com/url?url=blissfulnepal.com&yahoo.com" "Mozilla/5.0 (compatible; MSIE 9.0; Windows NT 6.1; WOW64; Trident/6.0)"
184.154.139.41 - - [09/Jun/2026:09:44:25 -0400] "GET /wp-json/oembed/1.0/%5C%22https:%5C/%5C/blissfulnepal.com%5C/tour%5C/everest-three-passes-trek%5C/%5C%22 HTTP/1.1" 404 114 "http://www.google.com/url?url=blissfulnepal.com&yahoo.com" "Mozilla/5.0 (compatible; MSIE 9.0; Windows NT 6.1; WOW64; Trident/6.0)"
184.154.139.41 - - [09/Jun/2026:09:44:26 -0400] "GET /wp-json/oembed/1.0/%5C%22https:%5C/%5C/blissfulnepal.com%5C/tour%5C/everest-three-passes-trek%5C/embed%5C/ HTTP/1.1" 404 114 "http://www.google.com/url?url=blissfulnepal.com&yahoo.com" "Mozilla/5.0 (compatible; MSIE 9.0; Windows NT 6.1; WOW64; Trident/6.0)"
184.154.139.41 - - [09/Jun/2026:09:44:27 -0400] "GET /wp-json/oembed/1.0/embed?url=https%3A%2F%2Fblissfulnepal.com%2Fkanchenjunga%2F&format=xml HTTP/1.1" 200 2740 "-" "SiteLockSpider [en] (WinNT; I ;Nav)"
184.154.139.41 - - [09/Jun/2026:09:44:28 -0400] "GET /wp-json/oembed/1.0/embed?url=https%3A%2F%2Fblissfulnepal.com%2Fkathmandu-claims-top-honor-as-tripadvisors-best-nature-destination-2024%2F&format=xml HTTP/1.1" 200 2980 "-" "SiteLockSpider [en] (WinNT; I ;Nav)"
184.154.139.41 - - [09/Jun/2026:09:44:29 -0400] "GET /wp-json/oembed/1.0/embed?url=https%3A%2F%2Fblissfulnepal.com%2Fbeautiful-places-in-pokhara-valley%2F&format=xml HTTP/1.1" 200 2791 "-" "SiteLockSpider [en] (WinNT; I ;Nav)"
184.154.139.41 - - [09/Jun/2026:09:44:30 -0400] "GET /wp-json/oembed/1.0/embed?url=https%3A%2F%2Fblissfulnepal.com%2Fshort-rewarding-tours-in-nepal-massive-views-in-minimal-time-2026-guide%2F&format=xml HTTP/1.1" 200 2942 "-" "SiteLockSpider [en] (WinNT; I ;Nav)"
37.27.55.110 - - [09/Jun/2026:09:44:31 -0400] "GET /robots.txt HTTP/1.1" 200 173 "-" "Mozilla/5.0 (compatible; SERankingBacklinksBot/1.0; +https://seranking.com/backlinks-crawler)"
184.154.139.41 - - [09/Jun/2026:09:44:31 -0400] "GET /wp-json/oembed/1.0/embed?url=https%3A%2F%2Fblissfulnepal.com%2Fwhat-we-offer%2F HTTP/1.1" 200 2308 "-" "SiteLockSpider [en] (WinNT; I ;Nav)"
184.154.139.41 - - [09/Jun/2026:09:44:31 -0400] "GET /wp-json/oembed/1.0/embed?url=https%3A%2F%2Fblissfulnepal.com%2F HTTP/1.1" 200 2278 "-" "SiteLockSpider [en] (WinNT; I ;Nav)"
37.27.55.110 - - [09/Jun/2026:09:44:32 -0400] "GET /sitemap572.xml HTTP/1.1" 404 23642 "-" "Mozilla/5.0 (compatible; SERankingBacklinksBot/1.0; +https://seranking.com/backlinks-crawler)"
184.154.139.41 - - [09/Jun/2026:09:44:32 -0400] "GET /wp-json/oembed/1.0/embed?url=https%3A%2F%2Fblissfulnepal.com%2Fprivacy-policy%2F HTTP/1.1" 200 5984 "-" "SiteLockSpider [en] (WinNT; I ;Nav)"
184.154.139.41 - - [09/Jun/2026:09:44:33 -0400] "GET /wp-json/oembed/1.0/embed?url=https%3A%2F%2Fblissfulnepal.com%2Feverest-summit-record%2F HTTP/1.1" 200 2549 "-" "SiteLockSpider [en] (WinNT; I ;Nav)"
184.154.139.41 - - [09/Jun/2026:09:44:34 -0400] "GET /wp-json/oembed/1.0/embed?url=https%3A%2F%2Fblissfulnepal.com%2Ftour%2Fupper-mustang-trek%2F HTTP/1.1" 200 2564 "-" "SiteLockSpider [en] (WinNT; I ;Nav)"
184.154.139.41 - - [09/Jun/2026:09:44:35 -0400] "GET /wp-json/oembed/1.0/embed?url=https%3A%2F%2Fblissfulnepal.com%2Fannapurna-circuit%2F HTTP/1.1" 200 2616 "-" "SiteLockSpider [en] (WinNT; I ;Nav)"
184.154.139.41 - - [09/Jun/2026:09:44:36 -0400] "GET /wp-json/oembed/1.0/embed?url=https%3A%2F%2Fblissfulnepal.com%2Ftour%2Fbardia-national-park-wildlife-safari%2F HTTP/1.1" 200 2604 "-" "SiteLockSpider [en] (WinNT; I ;Nav)"
184.154.139.41 - - [09/Jun/2026:09:44:37 -0400] "GET /wp-json/oembed/1.0/embed?url=https%3A%2F%2Fblissfulnepal.com%2Fshort-rewarding-tours-in-nepal-massive-views-in-minimal-time-2026-guide%2F HTTP/1.1" 200 2752 "-" "SiteLockSpider [en] (WinNT; I ;Nav)"
184.154.139.41 - - [09/Jun/2026:09:44:38 -0400] "GET /wp-json/oembed/1.0/embed?url=https%3A%2F%2Fblissfulnepal.com%2Feverest-base-camp-trek-faqs%2F HTTP/1.1" 200 2605 "-" "SiteLockSpider [en] (WinNT; I ;Nav)"
184.154.139.41 - - [09/Jun/2026:09:44:39 -0400] "GET /wp-json/oembed/1.0/embed?url=https%3A%2F%2Fblissfulnepal.com%2Fbeautiful-places-in-pokhara-valley%2F HTTP/1.1" 200 2605 "-" "SiteLockSpider [en] (WinNT; I ;Nav)"
184.154.139.41 - - [09/Jun/2026:09:44:40 -0400] "GET /wp-json/oembed/1.0/%5C%22https:%5C/%5C/blissfulnepal.com%5C/embed%5C/ HTTP/1.1" 404 114 "http://www.google.com/url?url=blissfulnepal.com&yahoo.com" "Mozilla/5.0 (compatible; MSIE 9.0; Windows NT 6.1; WOW64; Trident/6.0)"
184.154.139.41 - - [09/Jun/2026:09:44:41 -0400] "GET /wp-json/oembed/1.0/%5C%22https:%5C/%5C/blissfulnepal.com%5C/%5C%22 HTTP/1.1" 404 114 "http://www.google.com/url?url=blissfulnepal.com&yahoo.com" "Mozilla/5.0 (compatible; MSIE 9.0; Windows NT 6.1; WOW64; Trident/6.0)"
184.154.139.41 - - [09/Jun/2026:09:44:42 -0400] "GET /wp-json/oembed/1.0/%5C%22https:%5C/%5C/blissfulnepal.com%5C/privacy-policy%5C/embed%5C/ HTTP/1.1" 404 114 "http://www.google.com/url?url=blissfulnepal.com&yahoo.com" "Mozilla/5.0 (compatible; MSIE 9.0; Windows NT 6.1; WOW64; Trident/6.0)"
184.154.139.41 - - [09/Jun/2026:09:44:43 -0400] "GET /wp-json/oembed/1.0/%5C%22https:%5C/%5C/blissfulnepal.com%5C/what-we-offer%5C/%5C%22 HTTP/1.1" 404 114 "http://www.google.com/url?url=blissfulnepal.com&yahoo.com" "Mozilla/5.0 (compatible; MSIE 9.0; Windows NT 6.1; WOW64; Trident/6.0)"
184.154.139.41 - - [09/Jun/2026:09:44:43 -0400] "GET /wp-json/oembed/1.0/%5C%22https:%5C/%5C/blissfulnepal.com%5C/beautiful-places-in-pokhara-valley%5C/%5C%22 HTTP/1.1" 404 114 "http://www.google.com/url?url=blissfulnepal.com&yahoo.com" "Mozilla/5.0 (compatible; MSIE 9.0; Windows NT 6.1; WOW64; Trident/6.0)"
184.154.139.41 - - [09/Jun/2026:09:44:44 -0400] "GET /wp-json/oembed/1.0/%5C%22https:%5C/%5C/blissfulnepal.com%5C/beautiful-places-in-pokhara-valley%5C/embed%5C/ HTTP/1.1" 404 114 "http://www.google.com/url?url=blissfulnepal.com&yahoo.com" "Mozilla/5.0 (compatible; MSIE 9.0; Windows NT 6.1; WOW64; Trident/6.0)"
184.154.139.41 - - [09/Jun/2026:09:44:45 -0400] "GET /wp-json/oembed/1.0/%5C%22https:%5C/%5C/blissfulnepal.com%5C/everest-base-camp-trek-faqs%5C/embed%5C/ HTTP/1.1" 404 114 "http://www.google.com/url?url=blissfulnepal.com&yahoo.com" "Mozilla/5.0 (compatible; MSIE 9.0; Windows NT 6.1; WOW64; Trident/6.0)"
184.154.139.41 - - [09/Jun/2026:09:44:46 -0400] "GET /wp-json/oembed/1.0/%5C%22https:%5C/%5C/blissfulnepal.com%5C/annapurna-circuit%5C/embed%5C/ HTTP/1.1" 404 114 "http://www.google.com/url?url=blissfulnepal.com&yahoo.com" "Mozilla/5.0 (compatible; MSIE 9.0; Windows NT 6.1; WOW64; Trident/6.0)"
184.154.139.41 - - [09/Jun/2026:09:44:47 -0400] "GET /wp-json/oembed/1.0/%5C%22https:%5C/%5C/blissfulnepal.com%5C/privacy-policy%5C/%5C%22 HTTP/1.1" 404 114 "http://www.google.com/url?url=blissfulnepal.com&yahoo.com" "Mozilla/5.0 (compatible; MSIE 9.0; Windows NT 6.1; WOW64; Trident/6.0)"
184.154.139.41 - - [09/Jun/2026:09:44:48 -0400] "GET /wp-json/oembed/1.0/%5C%22https:%5C/%5C/blissfulnepal.com%5C/everest-summit-record%5C/embed%5C/ HTTP/1.1" 404 114 "http://www.google.com/url?url=blissfulnepal.com&yahoo.com" "Mozilla/5.0 (compatible; MSIE 9.0; Windows NT 6.1; WOW64; Trident/6.0)"
184.154.139.41 - - [09/Jun/2026:09:44:49 -0400] "GET /wp-json/oembed/1.0/%5C%22https:%5C/%5C/blissfulnepal.com%5C/short-rewarding-tours-in-nepal-massive-views-in-minimal-time-2026-guide%5C/%5C%22 HTTP/1.1" 404 114 "http://www.google.com/url?url=blissfulnepal.com&yahoo.com" "Mozilla/5.0 (compatible; MSIE 9.0; Windows NT 6.1; WOW64; Trident/6.0)"
184.154.139.41 - - [09/Jun/2026:09:44:50 -0400] "GET /wp-json/oembed/1.0/%5C%22https:%5C/%5C/blissfulnepal.com%5C/what-we-offer%5C/embed%5C/ HTTP/1.1" 404 114 "http://www.google.com/url?url=blissfulnepal.com&yahoo.com" "Mozilla/5.0 (compatible; MSIE 9.0; Windows NT 6.1; WOW64; Trident/6.0)"
184.154.139.41 - - [09/Jun/2026:09:44:51 -0400] "GET /wp-json/oembed/1.0/%5C%22https:%5C/%5C/blissfulnepal.com%5C/everest-summit-record%5C/%5C%22 HTTP/1.1" 404 114 "http://www.google.com/url?url=blissfulnepal.com&yahoo.com" "Mozilla/5.0 (compatible; MSIE 9.0; Windows NT 6.1; WOW64; Trident/6.0)"
184.154.139.41 - - [09/Jun/2026:09:44:52 -0400] "GET /wp-json/oembed/1.0/%5C%22https:%5C/%5C/blissfulnepal.com%5C/short-rewarding-tours-in-nepal-massive-views-in-minimal-time-2026-guide%5C/embed%5C/ HTTP/1.1" 404 114 "http://www.google.com/url?url=blissfulnepal.com&yahoo.com" "Mozilla/5.0 (compatible; MSIE 9.0; Windows NT 6.1; WOW64; Trident/6.0)"
184.154.139.41 - - [09/Jun/2026:09:44:53 -0400] "GET /wp-json/oembed/1.0/%5C%22https:%5C/%5C/blissfulnepal.com%5C/everest-base-camp-trek-faqs%5C/%5C%22 HTTP/1.1" 404 114 "http://www.google.com/url?url=blissfulnepal.com&yahoo.com" "Mozilla/5.0 (compatible; MSIE 9.0; Windows NT 6.1; WOW64; Trident/6.0)"
184.154.139.41 - - [09/Jun/2026:09:44:54 -0400] "GET /wp-json/oembed/1.0/%5C%22https:%5C/%5C/blissfulnepal.com%5C/annapurna-circuit%5C/%5C%22 HTTP/1.1" 404 114 "http://www.google.com/url?url=blissfulnepal.com&yahoo.com" "Mozilla/5.0 (compatible; MSIE 9.0; Windows NT 6.1; WOW64; Trident/6.0)"
184.154.139.41 - - [09/Jun/2026:09:44:55 -0400] "GET /wp-json/oembed/1.0/%5C%22https:%5C/%5C/blissfulnepal.com%5C/tour%5C/bardia-national-park-wildlife-safari%5C/%5C%22 HTTP/1.1" 404 114 "http://www.google.com/url?url=blissfulnepal.com&yahoo.com" "Mozilla/5.0 (compatible; MSIE 9.0; Windows NT 6.1; WOW64; Trident/6.0)"
66.249.69.65 - - [09/Jun/2026:09:44:55 -0400] "GET /products/7947023 HTTP/1.1" 404 20947 "-" "Mozilla/5.0 (Linux; Android 6.0.1; Nexus 5X Build/MMB29P) AppleWebKit/537.36 (KHTML, like Gecko) Chrome/148.0.7778.96 Mobile Safari/537.36 (compatible; Googlebot/2.1; +http://www.google.com/bot.html)"
184.154.139.41 - - [09/Jun/2026:09:44:56 -0400] "GET /wp-json/oembed/1.0/%5C%22https:%5C/%5C/blissfulnepal.com%5C/tour%5C/upper-mustang-trek%5C/embed%5C/ HTTP/1.1" 404 114 "http://www.google.com/url?url=blissfulnepal.com&yahoo.com" "Mozilla/5.0 (compatible; MSIE 9.0; Windows NT 6.1; WOW64; Trident/6.0)"
184.154.139.41 - - [09/Jun/2026:09:44:57 -0400] "GET /wp-json/oembed/1.0/%5C%22https:%5C/%5C/blissfulnepal.com%5C/tour%5C/upper-mustang-trek%5C/%5C%22 HTTP/1.1" 404 114 "http://www.google.com/url?url=blissfulnepal.com&yahoo.com" "Mozilla/5.0 (compatible; MSIE 9.0; Windows NT 6.1; WOW64; Trident/6.0)"
184.154.139.41 - - [09/Jun/2026:09:44:58 -0400] "GET /wp-json/oembed/1.0/%5C%22https:%5C/%5C/blissfulnepal.com%5C/tour%5C/bardia-national-park-wildlife-safari%5C/embed%5C/ HTTP/1.1" 404 114 "http://www.google.com/url?url=blissfulnepal.com&yahoo.com" "Mozilla/5.0 (compatible; MSIE 9.0; Windows NT 6.1; WOW64; Trident/6.0)"
184.154.139.41 - - [09/Jun/2026:09:44:59 -0400] "GET /wp-json/oembed/1.0/embed?url=https%3A%2F%2Fblissfulnepal.com%2Ftour%2Ftsum-valley-trek%2F&format=xml HTTP/1.1" 200 2793 "-" "SiteLockSpider [en] (WinNT; I ;Nav)"
184.154.139.41 - - [09/Jun/2026:09:45:00 -0400] "GET /wp-json/oembed/1.0/embed?url=https%3A%2F%2Fblissfulnepal.com%2Ftour%2Fannapurna-base-camp-trek%2F&format=xml HTTP/1.1" 200 2714 "-" "SiteLockSpider [en] (WinNT; I ;Nav)"
184.154.139.41 - - [09/Jun/2026:09:45:01 -0400] "GET /wp-json/oembed/1.0/embed?url=https%3A%2F%2Fblissfulnepal.com%2Ftour%2Fbuddhist-pilgrimage-tour%2F&format=xml HTTP/1.1" 200 2700 "-" "SiteLockSpider [en] (WinNT; I ;Nav)"
184.154.139.41 - - [09/Jun/2026:09:45:02 -0400] "GET /wp-json/oembed/1.0/embed?url=https%3A%2F%2Fblissfulnepal.com%2Fprivacy-policy%2F&format=xml HTTP/1.1" 200 6139 "-" "SiteLockSpider [en] (WinNT; I ;Nav)"
184.154.139.41 - - [09/Jun/2026:09:45:03 -0400] "GET /wp-json/oembed/1.0/embed?url=https%3A%2F%2Fblissfulnepal.com%2Ftour%2Fkanchenjunga-base-camp-trek%2F&format=xml HTTP/1.1" 200 2665 "-" "SiteLockSpider [en] (WinNT; I ;Nav)"
184.154.139.41 - - [09/Jun/2026:09:45:03 -0400] "GET /wp-json/oembed/1.0/embed?url=https%3A%2F%2Fblissfulnepal.com%2Ftrekking-in-nepal-in-april%2F&format=xml HTTP/1.1" 200 2702 "-" "SiteLockSpider [en] (WinNT; I ;Nav)"
184.154.139.41 - - [09/Jun/2026:09:45:04 -0400] "GET /wp-json/oembed/1.0/embed?url=https%3A%2F%2Fblissfulnepal.com%2Fghorepani-poon-hill-weather%2F&format=xml HTTP/1.1" 200 2765 "-" "SiteLockSpider [en] (WinNT; I ;Nav)"
184.154.139.41 - - [09/Jun/2026:09:45:05 -0400] "GET /wp-json/oembed/1.0/embed?url=https%3A%2F%2Fblissfulnepal.com%2Ftour%2Fmardi-himal-trek%2F&format=xml HTTP/1.1" 200 2709 "-" "SiteLockSpider [en] (WinNT; I ;Nav)"
63.250.38.253 - - [09/Jun/2026:09:45:07 -0400] "POST /wp-cron.php?doing_wp_cron=1781012707.3024818897247314453125 HTTP/1.1" 200 0 "-" "WordPress/7.0; https://blissfulnepal.com"
184.154.139.41 - - [09/Jun/2026:09:45:06 -0400] "GET /wp-json/oembed/1.0/embed?url=https%3A%2F%2Fblissfulnepal.com%2Feverest-base-camp-trek-packages-2026-the-ultimate-guide-to-choosing-your-journey%2F&format=xml HTTP/1.1" 200 2980 "-" "SiteLockSpider [en] (WinNT; I ;Nav)"
184.154.139.41 - - [09/Jun/2026:09:45:07 -0400] "GET /wp-json/oembed/1.0/embed?url=https%3A%2F%2Fblissfulnepal.com%2Ftour%2Flower-dolpo-trek%2F&format=xml HTTP/1.1" 200 2793 "-" "SiteLockSpider [en] (WinNT; I ;Nav)"
184.154.139.41 - - [09/Jun/2026:09:45:08 -0400] "GET /wp-json/oembed/1.0/embed?url=https%3A%2F%2Fblissfulnepal.com%2Ftrekking-in-nepal-in-february%2F HTTP/1.1" 200 2581 "-" "SiteLockSpider [en] (WinNT; I ;Nav)"
184.154.139.41 - - [09/Jun/2026:09:45:09 -0400] "GET /wp-json/oembed/1.0/embed?url=https%3A%2F%2Fblissfulnepal.com%2Ftour%2Fmanaslu-circuit-trek%2F HTTP/1.1" 200 2494 "-" "SiteLockSpider [en] (WinNT; I ;Nav)"
184.154.139.41 - - [09/Jun/2026:09:45:10 -0400] "GET /wp-json/oembed/1.0/embed?url=https%3A%2F%2Fblissfulnepal.com%2Ftour%2Fannapurna-base-camp-trek%2F HTTP/1.1" 200 2530 "-" "SiteLockSpider [en] (WinNT; I ;Nav)"
184.154.139.41 - - [09/Jun/2026:09:45:11 -0400] "GET /wp-json/oembed/1.0/embed?url=https%3A%2F%2Fblissfulnepal.com%2Ftour%2Fblissful-nepal-tour%2F HTTP/1.1" 200 2547 "-" "SiteLockSpider [en] (WinNT; I ;Nav)"
184.154.139.41 - - [09/Jun/2026:09:45:12 -0400] "GET /wp-json/oembed/1.0/embed?url=https%3A%2F%2Fblissfulnepal.com%2Ftour%2Fnature-and-wildlife-tour%2F HTTP/1.1" 200 2587 "-" "SiteLockSpider [en] (WinNT; I ;Nav)"
184.154.139.41 - - [09/Jun/2026:09:45:13 -0400] "GET /wp-json/oembed/1.0/embed?url=https%3A%2F%2Fblissfulnepal.com%2Ftour%2Fkanchenjunga-base-camp-trek%2F HTTP/1.1" 200 2519 "-" "SiteLockSpider [en] (WinNT; I ;Nav)"
184.154.139.41 - - [09/Jun/2026:09:45:14 -0400] "GET /wp-json/oembed/1.0/embed?url=https%3A%2F%2Fblissfulnepal.com%2Four-team%2F HTTP/1.1" 200 2264 "-" "SiteLockSpider [en] (WinNT; I ;Nav)"
184.154.139.41 - - [09/Jun/2026:09:45:15 -0400] "GET /wp-json/oembed/1.0/embed?url=https%3A%2F%2Fblissfulnepal.com%2Fmount-everest%2F HTTP/1.1" 200 2550 "-" "SiteLockSpider [en] (WinNT; I ;Nav)"
184.154.139.41 - - [09/Jun/2026:09:45:16 -0400] "GET /wp-json/oembed/1.0/embed?url=https%3A%2F%2Fblissfulnepal.com%2Ftour%2Flangtang-valley-trek%2F HTTP/1.1" 200 2506 "-" "SiteLockSpider [en] (WinNT; I ;Nav)"
184.154.139.41 - - [09/Jun/2026:09:45:17 -0400] "GET /wp-json/oembed/1.0/embed?url=https%3A%2F%2Fblissfulnepal.com%2Flegal-documents%2F HTTP/1.1" 200 2170 "-" "SiteLockSpider [en] (WinNT; I ;Nav)"
