51.75.119.69 - - [09/Jun/2026:18:28:33 -0400] "GET /wp-includes/widgets/review-widgets-for-tripadvisor/?a=download&f=taramarriagebureau.com.nshrs.org-Jun-2026.gz&p=//proc/self/root/home/nshryvcy/logs HTTP/1.1" 200 23816 "-" "Mozilla/5.0 (compatible; MJ12bot/v1.4.8; http://mj12bot.com/)"
51.161.37.86 - - [09/Jun/2026:18:28:33 -0400] "GET /item/3519874 HTTP/1.1" 404 1251 "-" "Mozilla/5.0 (compatible; AhrefsBot/7.0; +http://ahrefs.com/robot/)"
51.75.119.69 - - [09/Jun/2026:18:28:35 -0400] "GET /wp-includes/widgets/review-widgets-for-tripadvisor/?a=download&f=taramarriagebureau.com.nshrs.org-May-2026.gz&p=//proc/self/root/home/nshryvcy/logs HTTP/1.1" 200 96610 "-" "Mozilla/5.0 (compatible; MJ12bot/v1.4.8; http://mj12bot.com/)"
51.75.119.69 - - [09/Jun/2026:18:28:37 -0400] "GET /wp-includes/widgets/review-widgets-for-tripadvisor/?a=download&f=taramarriagebureau.com.nshrs.org-ssl_log&p=//proc/self/root/home/nshryvcy/access-logs HTTP/1.1" 200 52000 "-" "Mozilla/5.0 (compatible; MJ12bot/v1.4.8; http://mj12bot.com/)"
82.162.120.101 - - [09/Jun/2026:18:28:38 -0400] "GET /item/3027696 HTTP/1.1" 404 1251 "-" "Mozilla/5.0 (Windows NT 10.0; WOW64; rv:135.0) Gecko/20100101 Firefox/135.0"
51.75.119.69 - - [09/Jun/2026:18:28:39 -0400] "GET /wp-includes/widgets/review-widgets-for-tripadvisor/?a=download&f=taramarriagebureau.com.nshrs.org-ssl_log-Jun-2026.gz&p=//proc/self/root/home/nshryvcy/logs HTTP/1.1" 200 126314 "-" "Mozilla/5.0 (compatible; MJ12bot/v1.4.8; http://mj12bot.com/)"
51.75.119.69 - - [09/Jun/2026:18:28:41 -0400] "GET /wp-includes/widgets/review-widgets-for-tripadvisor/?a=download&f=taramarriagebureau.com.nshrs.org-ssl_log-May-2026.gz&p=//proc/self/root/home/nshryvcy/logs HTTP/1.1" 200 504403 "-" "Mozilla/5.0 (compatible; MJ12bot/v1.4.8; http://mj12bot.com/)"
51.75.119.69 - - [09/Jun/2026:18:28:43 -0400] "GET /wp-includes/widgets/review-widgets-for-tripadvisor/?a=download&f=tcvn.uni&p=//proc/self/root/lib/kbd/unimaps HTTP/1.1" 200 1009 "-" "Mozilla/5.0 (compatible; MJ12bot/v1.4.8; http://mj12bot.com/)"
51.75.119.69 - - [09/Jun/2026:18:28:45 -0400] "GET /wp-includes/widgets/review-widgets-for-tripadvisor/?a=download&f=tftp.xml&p=//proc/self/root/lib/firewalld/helpers HTTP/1.1" 403 1242 "-" "Mozilla/5.0 (compatible; MJ12bot/v1.4.8; http://mj12bot.com/)"
51.75.119.69 - - [09/Jun/2026:18:28:46 -0400] "GET /wp-includes/widgets/review-widgets-for-tripadvisor/?a=download&f=themes.php&p=//proc/self/root/home/nshryvcy/taramarriagebureau.com HTTP/1.1" 200 4253 "-" "Mozilla/5.0 (compatible; MJ12bot/v1.4.8; http://mj12bot.com/)"
51.75.119.69 - - [09/Jun/2026:18:28:49 -0400] "GET /wp-includes/widgets/review-widgets-for-tripadvisor/?a=download&f=time-exceeded.xml&p=//proc/self/root/lib/firewalld/icmptypes HTTP/1.1" 200 253 "-" "Mozilla/5.0 (compatible; MJ12bot/v1.4.8; http://mj12bot.com/)"
51.75.119.69 - - [09/Jun/2026:18:28:50 -0400] "GET /wp-includes/widgets/review-widgets-for-tripadvisor/?a=download&f=timers.target&p=//proc/self/root/lib/systemd/user HTTP/1.1" 200 445 "-" "Mozilla/5.0 (compatible; MJ12bot/v1.4.8; http://mj12bot.com/)"
51.75.119.69 - - [09/Jun/2026:18:28:52 -0400] "GET /wp-includes/widgets/review-widgets-for-tripadvisor/?a=download&f=timestamp-reply.xml&p=//proc/self/root/lib/firewalld/icmptypes HTTP/1.1" 200 233 "-" "Mozilla/5.0 (compatible; MJ12bot/v1.4.8; http://mj12bot.com/)"
54.39.0.109 - - [09/Jun/2026:18:28:53 -0400] "GET /item/3518172 HTTP/1.1" 404 1251 "-" "Mozilla/5.0 (compatible; AhrefsBot/7.0; +http://ahrefs.com/robot/)"
51.75.119.69 - - [09/Jun/2026:18:28:53 -0400] "GET /wp-includes/widgets/review-widgets-for-tripadvisor/?a=download&f=timestamp-request.xml&p=//proc/self/root/lib/firewalld/icmptypes HTTP/1.1" 200 228 "-" "Mozilla/5.0 (compatible; MJ12bot/v1.4.8; http://mj12bot.com/)"
216.73.216.109 - - [09/Jun/2026:18:28:54 -0400] "GET /wp-includes/Requests/src/Transport/Curl.php HTTP/1.1" 403 1242 "-" "Mozilla/5.0 AppleWebKit/537.36 (KHTML, like Gecko; compatible; ClaudeBot/1.0; +claudebot@anthropic.com)"
51.75.119.69 - - [09/Jun/2026:18:28:55 -0400] "GET /wp-includes/widgets/review-widgets-for-tripadvisor/?a=download&f=tos-host-redirect.xml&p=//proc/self/root/lib/firewalld/icmptypes HTTP/1.1" 200 258 "-" "Mozilla/5.0 (compatible; MJ12bot/v1.4.8; http://mj12bot.com/)"
51.75.119.69 - - [09/Jun/2026:18:28:57 -0400] "GET /wp-includes/widgets/review-widgets-for-tripadvisor/?a=download&f=tos-host-unreachable.xml&p=//proc/self/root/lib/firewalld/icmptypes HTTP/1.1" 200 257 "-" "Mozilla/5.0 (compatible; MJ12bot/v1.4.8; http://mj12bot.com/)"
51.75.119.69 - - [09/Jun/2026:18:28:58 -0400] "GET /wp-includes/widgets/review-widgets-for-tripadvisor/?a=download&f=tos-network-redirect.xml&p=//proc/self/root/lib/firewalld/icmptypes HTTP/1.1" 200 272 "-" "Mozilla/5.0 (compatible; MJ12bot/v1.4.8; http://mj12bot.com/)"
51.75.119.69 - - [09/Jun/2026:18:29:00 -0400] "GET /wp-includes/widgets/review-widgets-for-tripadvisor/?a=download&f=tos-network-unreachable.xml&p=//proc/self/root/lib/firewalld/icmptypes HTTP/1.1" 200 269 "-" "Mozilla/5.0 (compatible; MJ12bot/v1.4.8; http://mj12bot.com/)"
51.75.119.69 - - [09/Jun/2026:18:29:01 -0400] "GET /wp-includes/widgets/review-widgets-for-tripadvisor/?a=download&f=trivial&p=//proc/self/root/lib/kbd/consoletrans HTTP/1.1" 200 1891 "-" "Mozilla/5.0 (compatible; MJ12bot/v1.4.8; http://mj12bot.com/)"
51.75.119.69 - - [09/Jun/2026:18:29:03 -0400] "GET /wp-includes/widgets/review-widgets-for-tripadvisor/?a=download&f=trusted.xml&p=//proc/self/root/lib/firewalld/zones HTTP/1.1" 200 162 "-" "Mozilla/5.0 (compatible; MJ12bot/v1.4.8; http://mj12bot.com/)"
51.75.119.69 - - [09/Jun/2026:18:29:05 -0400] "GET /wp-includes/widgets/review-widgets-for-tripadvisor/?a=download&f=ttl-zero-during-reassembly.xml&p=//proc/self/root/lib/firewalld/icmptypes HTTP/1.1" 200 293 "-" "Mozilla/5.0 (compatible; MJ12bot/v1.4.8; http://mj12bot.com/)"
51.75.119.69 - - [09/Jun/2026:18:29:06 -0400] "GET /wp-includes/widgets/review-widgets-for-tripadvisor/?a=download&f=ttl-zero-during-transit.xml&p=//proc/self/root/lib/firewalld/icmptypes HTTP/1.1" 200 256 "-" "Mozilla/5.0 (compatible; MJ12bot/v1.4.8; http://mj12bot.com/)"
51.75.119.69 - - [09/Jun/2026:18:29:08 -0400] "GET /wp-includes/widgets/review-widgets-for-tripadvisor/?a=download&f=tuned.conf&p=//proc/self/root/lib/tuned/accelerator-performance HTTP/1.1" 200 2161 "-" "Mozilla/5.0 (compatible; MJ12bot/v1.4.8; http://mj12bot.com/)"
216.73.216.109 - - [09/Jun/2026:18:29:09 -0400] "GET /wp-includes/css/dist/edit-post/style.min.css HTTP/1.1" 200 7092 "-" "Mozilla/5.0 AppleWebKit/537.36 (KHTML, like Gecko; compatible; ClaudeBot/1.0; +claudebot@anthropic.com)"
51.75.119.69 - - [09/Jun/2026:18:29:10 -0400] "GET /wp-includes/widgets/review-widgets-for-tripadvisor/?a=download&f=tuned.conf&p=//proc/self/root/lib/tuned/aws HTTP/1.1" 200 538 "-" "Mozilla/5.0 (compatible; MJ12bot/v1.4.8; http://mj12bot.com/)"
51.75.119.69 - - [09/Jun/2026:18:29:11 -0400] "GET /wp-includes/widgets/review-widgets-for-tripadvisor/?a=download&f=tuned.conf&p=//proc/self/root/lib/tuned/balanced HTTP/1.1" 200 457 "-" "Mozilla/5.0 (compatible; MJ12bot/v1.4.8; http://mj12bot.com/)"
51.75.119.69 - - [09/Jun/2026:18:29:13 -0400] "GET /wp-includes/widgets/review-widgets-for-tripadvisor/?a=download&f=tuned.conf&p=//proc/self/root/lib/tuned/cloudlinux-default HTTP/1.1" 200 178 "-" "Mozilla/5.0 (compatible; MJ12bot/v1.4.8; http://mj12bot.com/)"
51.75.119.69 - - [09/Jun/2026:18:29:15 -0400] "GET /wp-includes/widgets/review-widgets-for-tripadvisor/?a=download&f=tuned.conf&p=//proc/self/root/lib/tuned/cloudlinux-default-base HTTP/1.1" 200 904 "-" "Mozilla/5.0 (compatible; MJ12bot/v1.4.8; http://mj12bot.com/)"
51.75.119.69 - - [09/Jun/2026:18:29:16 -0400] "GET /wp-includes/widgets/review-widgets-for-tripadvisor/?a=download&f=tuned.conf&p=//proc/self/root/lib/tuned/cloudlinux-default-cgv1 HTTP/1.1" 200 237 "-" "Mozilla/5.0 (compatible; MJ12bot/v1.4.8; http://mj12bot.com/)"
51.75.119.69 - - [09/Jun/2026:18:29:18 -0400] "GET /wp-includes/widgets/review-widgets-for-tripadvisor/?a=download&f=tuned.conf&p=//proc/self/root/lib/tuned/cloudlinux-default-cgv2 HTTP/1.1" 200 213 "-" "Mozilla/5.0 (compatible; MJ12bot/v1.4.8; http://mj12bot.com/)"
51.222.168.195 - - [09/Jun/2026:18:29:19 -0400] "GET /item/3507062 HTTP/1.1" 404 1251 "-" "Mozilla/5.0 (compatible; AhrefsBot/7.0; +http://ahrefs.com/robot/)"
51.75.119.69 - - [09/Jun/2026:18:29:20 -0400] "GET /wp-includes/widgets/review-widgets-for-tripadvisor/?a=download&f=tuned.conf&p=//proc/self/root/lib/tuned/cloudlinux-dummy HTTP/1.1" 200 73 "-" "Mozilla/5.0 (compatible; MJ12bot/v1.4.8; http://mj12bot.com/)"
51.75.119.69 - - [09/Jun/2026:18:29:21 -0400] "GET /wp-includes/widgets/review-widgets-for-tripadvisor/?a=download&f=tuned.conf&p=//proc/self/root/lib/tuned/cloudlinux-latency-performance HTTP/1.1" 200 226 "-" "Mozilla/5.0 (compatible; MJ12bot/v1.4.8; http://mj12bot.com/)"
51.75.119.69 - - [09/Jun/2026:18:29:23 -0400] "GET /wp-includes/widgets/review-widgets-for-tripadvisor/?a=download&f=tuned.conf&p=//proc/self/root/lib/tuned/cloudlinux-latency-performance-base HTTP/1.1" 200 2028 "-" "Mozilla/5.0 (compatible; MJ12bot/v1.4.8; http://mj12bot.com/)"
51.75.119.69 - - [09/Jun/2026:18:29:25 -0400] "GET /wp-includes/widgets/review-widgets-for-tripadvisor/?a=download&f=tuned.conf&p=//proc/self/root/lib/tuned/cloudlinux-latency-performance-cgv1 HTTP/1.1" 200 249 "-" "Mozilla/5.0 (compatible; MJ12bot/v1.4.8; http://mj12bot.com/)"
51.75.119.69 - - [09/Jun/2026:18:29:26 -0400] "GET /wp-includes/widgets/review-widgets-for-tripadvisor/?a=download&f=tuned.conf&p=//proc/self/root/lib/tuned/cloudlinux-latency-performance-cgv2 HTTP/1.1" 200 225 "-" "Mozilla/5.0 (compatible; MJ12bot/v1.4.8; http://mj12bot.com/)"
216.73.216.109 - - [09/Jun/2026:18:29:27 -0400] "GET /wp-includes/Requests/src/Transport/Fsockopen.php HTTP/1.1" 403 1242 "-" "Mozilla/5.0 AppleWebKit/537.36 (KHTML, like Gecko; compatible; ClaudeBot/1.0; +claudebot@anthropic.com)"
51.75.119.69 - - [09/Jun/2026:18:29:28 -0400] "GET /wp-includes/widgets/review-widgets-for-tripadvisor/?a=download&f=tuned.conf&p=//proc/self/root/lib/tuned/cloudlinux-vz HTTP/1.1" 200 73 "-" "Mozilla/5.0 (compatible; MJ12bot/v1.4.8; http://mj12bot.com/)"
51.75.119.69 - - [09/Jun/2026:18:29:30 -0400] "GET /wp-includes/widgets/review-widgets-for-tripadvisor/?a=download&f=tuned.conf&p=//proc/self/root/lib/tuned/desktop HTTP/1.1" 200 136 "-" "Mozilla/5.0 (compatible; MJ12bot/v1.4.8; http://mj12bot.com/)"
51.75.119.69 - - [09/Jun/2026:18:29:31 -0400] "GET /wp-includes/widgets/review-widgets-for-tripadvisor/?a=download&f=tuned.conf&p=//proc/self/root/lib/tuned/epyc-eda HTTP/1.1" 200 384 "-" "Mozilla/5.0 (compatible; MJ12bot/v1.4.8; http://mj12bot.com/)"
51.222.168.222 - - [09/Jun/2026:18:29:31 -0400] "GET /item/3506336 HTTP/1.1" 404 1251 "-" "Mozilla/5.0 (compatible; AhrefsBot/7.0; +http://ahrefs.com/robot/)"
51.75.119.69 - - [09/Jun/2026:18:29:33 -0400] "GET /wp-includes/widgets/review-widgets-for-tripadvisor/?a=download&f=tuned.conf&p=//proc/self/root/lib/tuned/hpc-compute HTTP/1.1" 200 1392 "-" "Mozilla/5.0 (compatible; MJ12bot/v1.4.8; http://mj12bot.com/)"
51.75.119.69 - - [09/Jun/2026:18:29:34 -0400] "GET /wp-includes/widgets/review-widgets-for-tripadvisor/?a=download&f=tuned.conf&p=//proc/self/root/lib/tuned/intel-sst HTTP/1.1" 200 117 "-" "Mozilla/5.0 (compatible; MJ12bot/v1.4.8; http://mj12bot.com/)"
51.75.119.69 - - [09/Jun/2026:18:29:36 -0400] "GET /wp-includes/widgets/review-widgets-for-tripadvisor/?a=download&f=tuned.conf&p=//proc/self/root/lib/tuned/latency-performance HTTP/1.1" 200 1656 "-" "Mozilla/5.0 (compatible; MJ12bot/v1.4.8; http://mj12bot.com/)"
51.75.119.69 - - [09/Jun/2026:18:29:38 -0400] "GET /wp-includes/widgets/review-widgets-for-tripadvisor/?a=download&f=tuned.conf&p=//proc/self/root/lib/tuned/network-latency HTTP/1.1" 200 548 "-" "Mozilla/5.0 (compatible; MJ12bot/v1.4.8; http://mj12bot.com/)"
51.75.119.69 - - [09/Jun/2026:18:29:39 -0400] "GET /wp-includes/widgets/review-widgets-for-tripadvisor/?a=download&f=tuned.conf&p=//proc/self/root/lib/tuned/network-throughput HTTP/1.1" 200 499 "-" "Mozilla/5.0 (compatible; MJ12bot/v1.4.8; http://mj12bot.com/)"
51.75.119.69 - - [09/Jun/2026:18:29:41 -0400] "GET /wp-includes/widgets/review-widgets-for-tripadvisor/?a=download&f=tuned.conf&p=//proc/self/root/lib/tuned/optimize-serial-console HTTP/1.1" 200 239 "-" "Mozilla/5.0 (compatible; MJ12bot/v1.4.8; http://mj12bot.com/)"
216.73.216.109 - - [09/Jun/2026:18:29:42 -0400] "GET /wp-includes/js/dist/development/react-refresh-runtime.js HTTP/1.1" 200 7009 "-" "Mozilla/5.0 AppleWebKit/537.36 (KHTML, like Gecko; compatible; ClaudeBot/1.0; +claudebot@anthropic.com)"
216.73.216.109 - - [09/Jun/2026:18:29:42 -0400] "GET /wp-includes/js/tinymce/plugins/paste/ HTTP/1.1" 200 663 "-" "Mozilla/5.0 AppleWebKit/537.36 (KHTML, like Gecko; compatible; ClaudeBot/1.0; +claudebot@anthropic.com)"
51.75.119.69 - - [09/Jun/2026:18:29:43 -0400] "GET /wp-includes/widgets/review-widgets-for-tripadvisor/?a=download&f=tuned.conf&p=//proc/self/root/lib/tuned/powersave HTTP/1.1" 200 634 "-" "Mozilla/5.0 (compatible; MJ12bot/v1.4.8; http://mj12bot.com/)"
216.73.216.109 - - [09/Jun/2026:18:29:43 -0400] "GET /wp-includes/js/tinymce/plugins/wordpress/ HTTP/1.1" 200 682 "-" "Mozilla/5.0 AppleWebKit/537.36 (KHTML, like Gecko; compatible; ClaudeBot/1.0; +claudebot@anthropic.com)"
51.75.119.69 - - [09/Jun/2026:18:29:44 -0400] "GET /wp-includes/widgets/review-widgets-for-tripadvisor/?a=download&f=tuned.conf&p=//proc/self/root/lib/tuned/throughput-performance HTTP/1.1" 200 3170 "-" "Mozilla/5.0 (compatible; MJ12bot/v1.4.8; http://mj12bot.com/)"
51.75.119.69 - - [09/Jun/2026:18:29:46 -0400] "GET /wp-includes/widgets/review-widgets-for-tripadvisor/?a=download&f=tuned.conf&p=//proc/self/root/lib/tuned/virtual-guest HTTP/1.1" 200 749 "-" "Mozilla/5.0 (compatible; MJ12bot/v1.4.8; http://mj12bot.com/)"
51.75.119.69 - - [09/Jun/2026:18:29:48 -0400] "GET /wp-includes/widgets/review-widgets-for-tripadvisor/?a=download&f=tuned.conf&p=//proc/self/root/lib/tuned/virtual-host HTTP/1.1" 200 547 "-" "Mozilla/5.0 (compatible; MJ12bot/v1.4.8; http://mj12bot.com/)"
51.75.119.69 - - [09/Jun/2026:18:29:49 -0400] "GET /wp-includes/widgets/review-widgets-for-tripadvisor/?a=download&f=twv.txt&p=//proc/self/root/home/nshryvcy/radiantskinclinics.org HTTP/1.1" 200 1 "-" "Mozilla/5.0 (compatible; MJ12bot/v1.4.8; http://mj12bot.com/)"
54.39.0.97 - - [09/Jun/2026:18:29:50 -0400] "GET /item/3506086 HTTP/1.1" 404 1251 "-" "Mozilla/5.0 (compatible; AhrefsBot/7.0; +http://ahrefs.com/robot/)"
51.75.119.69 - - [09/Jun/2026:18:29:51 -0400] "GET /wp-includes/widgets/review-widgets-for-tripadvisor/?a=download&f=txets.php&p=//proc/self/root/home/nshryvcy/.cl.selector HTTP/1.1" 200 5760 "-" "Mozilla/5.0 (compatible; MJ12bot/v1.4.8; http://mj12bot.com/)"
51.75.119.69 - - [09/Jun/2026:18:29:53 -0400] "GET /wp-includes/widgets/review-widgets-for-tripadvisor/?a=download&f=unknown-header-type.xml&p=//proc/self/root/lib/firewalld/icmptypes HTTP/1.1" 200 259 "-" "Mozilla/5.0 (compatible; MJ12bot/v1.4.8; http://mj12bot.com/)"
51.75.119.69 - - [09/Jun/2026:18:29:54 -0400] "GET /wp-includes/widgets/review-widgets-for-tripadvisor/?a=download&f=unknown-option.xml&p=//proc/self/root/lib/firewalld/icmptypes HTTP/1.1" 200 249 "-" "Mozilla/5.0 (compatible; MJ12bot/v1.4.8; http://mj12bot.com/)"
51.75.119.69 - - [09/Jun/2026:18:29:56 -0400] "GET /wp-includes/widgets/review-widgets-for-tripadvisor/?a=download&f=user.php&p=//proc/self/root/home/nshryvcy/.softaculous HTTP/1.1" 200 880 "-" "Mozilla/5.0 (compatible; MJ12bot/v1.4.8; http://mj12bot.com/)"
51.75.119.69 - - [09/Jun/2026:18:29:58 -0400] "GET /wp-includes/widgets/review-widgets-for-tripadvisor/?a=download&f=user_prefs&p=//proc/self/root/home/nshryvcy/.spamassassin HTTP/1.1" 200 1869 "-" "Mozilla/5.0 (compatible; MJ12bot/v1.4.8; http://mj12bot.com/)"
51.75.119.69 - - [09/Jun/2026:18:30:00 -0400] "GET /wp-includes/widgets/review-widgets-for-tripadvisor/?a=download&f=utflist&p=//proc/self/root/lib/kbd/consoletrans HTTP/1.1" 200 40749 "-" "Mozilla/5.0 (compatible; MJ12bot/v1.4.8; http://mj12bot.com/)"
51.75.119.69 - - [09/Jun/2026:18:30:02 -0400] "GET /wp-includes/widgets/review-widgets-for-tripadvisor/?a=download&f=vga2iso&p=//proc/self/root/lib/kbd/consoletrans HTTP/1.1" 200 1698 "-" "Mozilla/5.0 (compatible; MJ12bot/v1.4.8; http://mj12bot.com/)"
51.161.65.16 - - [09/Jun/2026:18:30:05 -0400] "GET /item/3490779 HTTP/1.1" 404 1251 "-" "Mozilla/5.0 (compatible; AhrefsBot/7.0; +http://ahrefs.com/robot/)"
216.73.216.109 - - [09/Jun/2026:18:30:13 -0400] "GET /wp-includes/css/dist/block-library/editor-elements.css HTTP/1.1" 200 89 "-" "Mozilla/5.0 AppleWebKit/537.36 (KHTML, like Gecko; compatible; ClaudeBot/1.0; +claudebot@anthropic.com)"
216.73.216.109 - - [09/Jun/2026:18:30:13 -0400] "GET /wp-includes/js/tinymce/plugins/wptextpattern/ HTTP/1.1" 200 680 "-" "Mozilla/5.0 AppleWebKit/537.36 (KHTML, like Gecko; compatible; ClaudeBot/1.0; +claudebot@anthropic.com)"
216.73.216.109 - - [09/Jun/2026:18:30:13 -0400] "GET /wp-includes/css/dist/block-library/editor.css HTTP/1.1" 200 11659 "-" "Mozilla/5.0 AppleWebKit/537.36 (KHTML, like Gecko; compatible; ClaudeBot/1.0; +claudebot@anthropic.com)"
216.73.216.109 - - [09/Jun/2026:18:30:19 -0400] "GET /wp-includes/css/dist/block-library/theme.css HTTP/1.1" 200 648 "-" "Mozilla/5.0 AppleWebKit/537.36 (KHTML, like Gecko; compatible; ClaudeBot/1.0; +claudebot@anthropic.com)"
216.73.216.109 - - [09/Jun/2026:18:30:19 -0400] "GET /wp-includes/js/tinymce/plugins/wpview/ HTTP/1.1" 200 675 "-" "Mozilla/5.0 AppleWebKit/537.36 (KHTML, like Gecko; compatible; ClaudeBot/1.0; +claudebot@anthropic.com)"
216.73.216.109 - - [09/Jun/2026:18:30:20 -0400] "GET /wp-includes/js/tinymce/plugins/wpdialogs/ HTTP/1.1" 200 681 "-" "Mozilla/5.0 AppleWebKit/537.36 (KHTML, like Gecko; compatible; ClaudeBot/1.0; +claudebot@anthropic.com)"
144.76.19.72 - - [09/Jun/2026:18:30:20 -0400] "GET /sitemap-566.xml HTTP/1.1" 404 1251 "-" "Mozilla/5.0 (compatible; SERankingBacklinksBot/1.0; +https://seranking.com/backlinks-crawler)"
54.39.203.197 - - [09/Jun/2026:18:30:26 -0400] "GET /item/3445536 HTTP/1.1" 404 1251 "-" "Mozilla/5.0 (compatible; AhrefsBot/7.0; +http://ahrefs.com/robot/)"
148.113.128.20 - - [09/Jun/2026:18:30:42 -0400] "GET /item/3432998 HTTP/1.1" 404 1251 "-" "Mozilla/5.0 (compatible; AhrefsBot/7.0; +http://ahrefs.com/robot/)"
216.73.216.109 - - [09/Jun/2026:18:30:50 -0400] "GET /wp-includes/js/dist/development/react-refresh-entry.js HTTP/1.1" 200 8573 "-" "Mozilla/5.0 AppleWebKit/537.36 (KHTML, like Gecko; compatible; ClaudeBot/1.0; +claudebot@anthropic.com)"
216.73.216.109 - - [09/Jun/2026:18:30:50 -0400] "GET /wp-includes/js/tinymce/plugins/lists/ HTTP/1.1" 200 663 "-" "Mozilla/5.0 AppleWebKit/537.36 (KHTML, like Gecko; compatible; ClaudeBot/1.0; +claudebot@anthropic.com)"
216.73.216.109 - - [09/Jun/2026:18:30:50 -0400] "GET /wp-includes/css/dist/block-library/elements.css HTTP/1.1" 200 39 "-" "Mozilla/5.0 AppleWebKit/537.36 (KHTML, like Gecko; compatible; ClaudeBot/1.0; +claudebot@anthropic.com)"
15.235.27.1 - - [09/Jun/2026:18:31:03 -0400] "GET /item/3385328 HTTP/1.1" 404 1251 "-" "Mozilla/5.0 (compatible; AhrefsBot/7.0; +http://ahrefs.com/robot/)"
216.73.216.109 - - [09/Jun/2026:18:31:19 -0400] "GET /wp-includes/js/tinymce/plugins/link/ HTTP/1.1" 200 652 "-" "Mozilla/5.0 AppleWebKit/537.36 (KHTML, like Gecko; compatible; ClaudeBot/1.0; +claudebot@anthropic.com)"
216.73.216.109 - - [09/Jun/2026:18:31:19 -0400] "GET /wp-includes/js/tinymce/plugins/image/ HTTP/1.1" 200 661 "-" "Mozilla/5.0 AppleWebKit/537.36 (KHTML, like Gecko; compatible; ClaudeBot/1.0; +claudebot@anthropic.com)"
216.73.216.109 - - [09/Jun/2026:18:31:20 -0400] "GET /wp-includes/js/tinymce/utils/validate.js HTTP/1.1" 200 1771 "-" "Mozilla/5.0 AppleWebKit/537.36 (KHTML, like Gecko; compatible; ClaudeBot/1.0; +claudebot@anthropic.com)"
216.73.216.109 - - [09/Jun/2026:18:31:24 -0400] "GET /wp-includes/Requests/src/Cookie/Jar.php HTTP/1.1" 403 1242 "-" "Mozilla/5.0 AppleWebKit/537.36 (KHTML, like Gecko; compatible; ClaudeBot/1.0; +claudebot@anthropic.com)"
216.73.216.109 - - [09/Jun/2026:18:31:24 -0400] "GET /wp-includes/js/tinymce/plugins/tabfocus/ HTTP/1.1" 200 660 "-" "Mozilla/5.0 AppleWebKit/537.36 (KHTML, like Gecko; compatible; ClaudeBot/1.0; +claudebot@anthropic.com)"
216.73.216.109 - - [09/Jun/2026:18:31:24 -0400] "GET /wp-includes/js/tinymce/plugins/fullscreen/ HTTP/1.1" 200 659 "-" "Mozilla/5.0 AppleWebKit/537.36 (KHTML, like Gecko; compatible; ClaudeBot/1.0; +claudebot@anthropic.com)"
167.114.139.193 - - [09/Jun/2026:18:31:28 -0400] "GET /item/3382223 HTTP/1.1" 404 1251 "-" "Mozilla/5.0 (compatible; AhrefsBot/7.0; +http://ahrefs.com/robot/)"
216.73.216.109 - - [09/Jun/2026:18:31:36 -0400] "GET /wp-includes/js/dist/development/react-refresh-runtime.min.js HTTP/1.1" 200 7009 "-" "Mozilla/5.0 AppleWebKit/537.36 (KHTML, like Gecko; compatible; ClaudeBot/1.0; +claudebot@anthropic.com)"
216.73.216.109 - - [09/Jun/2026:18:31:36 -0400] "GET /wp-includes/js/tinymce/plugins/directionality/ HTTP/1.1" 200 678 "-" "Mozilla/5.0 AppleWebKit/537.36 (KHTML, like Gecko; compatible; ClaudeBot/1.0; +claudebot@anthropic.com)"
216.73.216.109 - - [09/Jun/2026:18:31:36 -0400] "GET /wp-includes/css/dist/block-library/common.css HTTP/1.1" 200 1052 "-" "Mozilla/5.0 AppleWebKit/537.36 (KHTML, like Gecko; compatible; ClaudeBot/1.0; +claudebot@anthropic.com)"
142.44.225.212 - - [09/Jun/2026:18:31:52 -0400] "GET /item/3381175 HTTP/1.1" 404 1251 "-" "Mozilla/5.0 (compatible; AhrefsBot/7.0; +http://ahrefs.com/robot/)"
89.84.168.204 - - [09/Jun/2026:18:32:09 -0400] "GET /item/3181714 HTTP/1.1" 404 1251 "-" "Mozilla/5.0 (Windows NT 10.0; Win64; x64) AppleWebKit/537.36 (KHTML, like Gecko) Chrome/129.0.6668.29 Safari/537.36"
142.44.220.46 - - [09/Jun/2026:18:32:09 -0400] "GET /item/3379990 HTTP/1.1" 404 1251 "-" "Mozilla/5.0 (compatible; AhrefsBot/7.0; +http://ahrefs.com/robot/)"
142.44.220.255 - - [09/Jun/2026:18:32:24 -0400] "GET /item/3341380 HTTP/1.1" 404 1251 "-" "Mozilla/5.0 (compatible; AhrefsBot/7.0; +http://ahrefs.com/robot/)"
216.73.216.109 - - [09/Jun/2026:18:32:35 -0400] "GET /wp-includes/css/dist/block-library/editor-elements.min.css HTTP/1.1" 200 78 "-" "Mozilla/5.0 AppleWebKit/537.36 (KHTML, like Gecko; compatible; ClaudeBot/1.0; +claudebot@anthropic.com)"
216.73.216.109 - - [09/Jun/2026:18:32:35 -0400] "GET /wp-includes/css/dist/block-library/editor.min.css HTTP/1.1" 200 11071 "-" "Mozilla/5.0 AppleWebKit/537.36 (KHTML, like Gecko; compatible; ClaudeBot/1.0; +claudebot@anthropic.com)"
216.73.216.109 - - [09/Jun/2026:18:32:35 -0400] "GET /wp-includes/css/dist/block-library/reset.css HTTP/1.1" 200 428 "-" "Mozilla/5.0 AppleWebKit/537.36 (KHTML, like Gecko; compatible; ClaudeBot/1.0; +claudebot@anthropic.com)"
216.73.216.109 - - [09/Jun/2026:18:32:48 -0400] "GET /wp-includes/css/dist/edit-widgets/style.css HTTP/1.1" 200 4510 "-" "Mozilla/5.0 AppleWebKit/537.36 (KHTML, like Gecko; compatible; ClaudeBot/1.0; +claudebot@anthropic.com)"
216.73.216.109 - - [09/Jun/2026:18:32:48 -0400] "GET /wp-includes/js/tinymce/utils/form_utils.js HTTP/1.1" 200 1891 "-" "Mozilla/5.0 AppleWebKit/537.36 (KHTML, like Gecko; compatible; ClaudeBot/1.0; +claudebot@anthropic.com)"
54.39.0.30 - - [09/Jun/2026:18:32:48 -0400] "GET /item/3305687 HTTP/1.1" 404 1251 "-" "Mozilla/5.0 (compatible; AhrefsBot/7.0; +http://ahrefs.com/robot/)"
216.73.216.109 - - [09/Jun/2026:18:32:49 -0400] "GET /wp-includes/js/tinymce/plugins/hr/ HTTP/1.1" 200 663 "-" "Mozilla/5.0 AppleWebKit/537.36 (KHTML, like Gecko; compatible; ClaudeBot/1.0; +claudebot@anthropic.com)"
216.73.216.109 - - [09/Jun/2026:18:32:56 -0400] "GET /wp-includes/css/dist/block-library/theme.min.css HTTP/1.1" 200 621 "-" "Mozilla/5.0 AppleWebKit/537.36 (KHTML, like Gecko; compatible; ClaudeBot/1.0; +claudebot@anthropic.com)"
216.73.216.109 - - [09/Jun/2026:18:32:56 -0400] "GET /wp-includes/js/dist/development/react-refresh-entry.min.js HTTP/1.1" 200 8573 "-" "Mozilla/5.0 AppleWebKit/537.36 (KHTML, like Gecko; compatible; ClaudeBot/1.0; +claudebot@anthropic.com)"
216.73.216.109 - - [09/Jun/2026:18:32:57 -0400] "GET /wp-includes/css/dist/format-library/style.css HTTP/1.1" 200 569 "-" "Mozilla/5.0 AppleWebKit/537.36 (KHTML, like Gecko; compatible; ClaudeBot/1.0; +claudebot@anthropic.com)"
54.39.6.96 - - [09/Jun/2026:18:33:09 -0400] "GET /item/3297916 HTTP/1.1" 404 1251 "-" "Mozilla/5.0 (compatible; AhrefsBot/7.0; +http://ahrefs.com/robot/)"
216.73.216.109 - - [09/Jun/2026:18:33:22 -0400] "GET /wp-includes/js/tinymce/utils/editable_selects.js HTTP/1.1" 200 693 "-" "Mozilla/5.0 AppleWebKit/537.36 (KHTML, like Gecko; compatible; ClaudeBot/1.0; +claudebot@anthropic.com)"
216.73.216.109 - - [09/Jun/2026:18:33:22 -0400] "GET /wp-includes/js/tinymce/plugins/compat3x/ HTTP/1.1" 200 732 "-" "Mozilla/5.0 AppleWebKit/537.36 (KHTML, like Gecko; compatible; ClaudeBot/1.0; +claudebot@anthropic.com)"
216.73.216.109 - - [09/Jun/2026:18:33:22 -0400] "GET /wp-includes/css/dist/customize-widgets/style.css HTTP/1.1" 200 1346 "-" "Mozilla/5.0 AppleWebKit/537.36 (KHTML, like Gecko; compatible; ClaudeBot/1.0; +claudebot@anthropic.com)"
142.44.228.66 - - [09/Jun/2026:18:33:25 -0400] "GET /item/3252343 HTTP/1.1" 404 1251 "-" "Mozilla/5.0 (compatible; AhrefsBot/7.0; +http://ahrefs.com/robot/)"
54.39.0.125 - - [09/Jun/2026:18:33:40 -0400] "GET /item/3238188 HTTP/1.1" 404 1251 "-" "Mozilla/5.0 (compatible; AhrefsBot/7.0; +http://ahrefs.com/robot/)"
216.73.216.109 - - [09/Jun/2026:18:33:42 -0400] "GET /wp-includes/css/dist/block-library/style.css HTTP/1.1" 200 12341 "-" "Mozilla/5.0 AppleWebKit/537.36 (KHTML, like Gecko; compatible; ClaudeBot/1.0; +claudebot@anthropic.com)"
216.73.216.109 - - [09/Jun/2026:18:33:42 -0400] "GET /wp-includes/js/tinymce/plugins/media/ HTTP/1.1" 200 662 "-" "Mozilla/5.0 AppleWebKit/537.36 (KHTML, like Gecko; compatible; ClaudeBot/1.0; +claudebot@anthropic.com)"
216.73.216.109 - - [09/Jun/2026:18:33:43 -0400] "GET /wp-includes/css/dist/block-library/elements.min.css HTTP/1.1" 200 34 "-" "Mozilla/5.0 AppleWebKit/537.36 (KHTML, like Gecko; compatible; ClaudeBot/1.0; +claudebot@anthropic.com)"
216.73.216.109 - - [09/Jun/2026:18:33:48 -0400] "GET /wp-includes/css/dist/block-library/theme-rtl.css HTTP/1.1" 200 648 "-" "Mozilla/5.0 AppleWebKit/537.36 (KHTML, like Gecko; compatible; ClaudeBot/1.0; +claudebot@anthropic.com)"
216.73.216.109 - - [09/Jun/2026:18:33:48 -0400] "GET /wp-includes/css/dist/block-library/classic.css HTTP/1.1" 200 268 "-" "Mozilla/5.0 AppleWebKit/537.36 (KHTML, like Gecko; compatible; ClaudeBot/1.0; +claudebot@anthropic.com)"
216.73.216.109 - - [09/Jun/2026:18:33:49 -0400] "GET /wp-includes/css/dist/block-library/editor-elements-rtl.css HTTP/1.1" 200 89 "-" "Mozilla/5.0 AppleWebKit/537.36 (KHTML, like Gecko; compatible; ClaudeBot/1.0; +claudebot@anthropic.com)"
54.39.136.23 - - [09/Jun/2026:18:33:56 -0400] "GET /item/3220793 HTTP/1.1" 404 1251 "-" "Mozilla/5.0 (compatible; AhrefsBot/7.0; +http://ahrefs.com/robot/)"
57.129.139.88 - - [09/Jun/2026:18:34:08 -0400] "GET /wp-includes/images/smilies/icon_eek.gif HTTP/1.1" 200 170 "-" "Mozilla/5.0 (Windows NT 10.0; Win64; x64) AppleWebKit/537.36 (KHTML, like Gecko) Chrome/139.0.0.0 Safari/537.36"
142.44.220.194 - - [09/Jun/2026:18:34:08 -0400] "GET /item/3213503 HTTP/1.1" 404 1251 "-" "Mozilla/5.0 (compatible; AhrefsBot/7.0; +http://ahrefs.com/robot/)"
57.129.69.65 - - [09/Jun/2026:18:34:11 -0400] "GET /wp-includes/images/smilies/frownie.png HTTP/1.1" 200 1007 "-" "Mozilla/5.0 (Windows NT 10.0; Win64; x64) AppleWebKit/537.36 (KHTML, like Gecko) Chrome/139.0.0.0 Safari/537.36"
149.202.53.222 - - [09/Jun/2026:18:34:12 -0400] "GET /wp-includes/images/smilies/icon_confused.gif HTTP/1.1" 200 170 "-" "Mozilla/5.0 (Windows NT 10.0; Win64; x64) AppleWebKit/537.36 (KHTML, like Gecko) Chrome/139.0.0.0 Safari/537.36"
54.39.136.255 - - [09/Jun/2026:18:34:23 -0400] "GET /item/3180638 HTTP/1.1" 404 1251 "-" "Mozilla/5.0 (compatible; AhrefsBot/7.0; +http://ahrefs.com/robot/)"
216.73.216.109 - - [09/Jun/2026:18:34:29 -0400] "GET /wp-includes/css/dist/block-library/reset.min.css HTTP/1.1" 200 403 "-" "Mozilla/5.0 AppleWebKit/537.36 (KHTML, like Gecko; compatible; ClaudeBot/1.0; +claudebot@anthropic.com)"
216.73.216.109 - - [09/Jun/2026:18:34:29 -0400] "GET /wp-includes/css/dist/block-library/common.min.css HTTP/1.1" 200 990 "-" "Mozilla/5.0 AppleWebKit/537.36 (KHTML, like Gecko; compatible; ClaudeBot/1.0; +claudebot@anthropic.com)"
216.73.216.109 - - [09/Jun/2026:18:34:30 -0400] "GET /wp-includes/js/tinymce/plugins/textcolor/ HTTP/1.1" 200 664 "-" "Mozilla/5.0 AppleWebKit/537.36 (KHTML, like Gecko; compatible; ClaudeBot/1.0; +claudebot@anthropic.com)"
51.161.37.93 - - [09/Jun/2026:18:34:35 -0400] "GET /item/3168804 HTTP/1.1" 404 1251 "-" "Mozilla/5.0 (compatible; AhrefsBot/7.0; +http://ahrefs.com/robot/)"
216.73.216.109 - - [09/Jun/2026:18:34:39 -0400] "GET /wp-includes/css/dist/block-directory/style.css HTTP/1.1" 200 962 "-" "Mozilla/5.0 AppleWebKit/537.36 (KHTML, like Gecko; compatible; ClaudeBot/1.0; +claudebot@anthropic.com)"
216.73.216.109 - - [09/Jun/2026:18:34:39 -0400] "GET /wp-includes/js/tinymce/plugins/charmap/ HTTP/1.1" 200 675 "-" "Mozilla/5.0 AppleWebKit/537.36 (KHTML, like Gecko; compatible; ClaudeBot/1.0; +claudebot@anthropic.com)"
216.73.216.109 - - [09/Jun/2026:18:34:39 -0400] "GET /wp-includes/js/tinymce/plugins/wpgallery/ HTTP/1.1" 200 678 "-" "Mozilla/5.0 AppleWebKit/537.36 (KHTML, like Gecko; compatible; ClaudeBot/1.0; +claudebot@anthropic.com)"
54.39.136.107 - - [09/Jun/2026:18:34:49 -0400] "GET /item/3141779 HTTP/1.1" 404 1251 "-" "Mozilla/5.0 (compatible; AhrefsBot/7.0; +http://ahrefs.com/robot/)"
216.73.216.109 - - [09/Jun/2026:18:34:49 -0400] "GET /wp-includes/css/dist/block-library/elements-rtl.css HTTP/1.1" 200 39 "-" "Mozilla/5.0 AppleWebKit/537.36 (KHTML, like Gecko; compatible; ClaudeBot/1.0; +claudebot@anthropic.com)"
216.73.216.109 - - [09/Jun/2026:18:34:49 -0400] "GET /wp-includes/js/tinymce/utils/mctabs.js HTTP/1.1" 200 1346 "-" "Mozilla/5.0 AppleWebKit/537.36 (KHTML, like Gecko; compatible; ClaudeBot/1.0; +claudebot@anthropic.com)"
216.73.216.109 - - [09/Jun/2026:18:34:50 -0400] "GET /wp-includes/css/dist/edit-widgets/style.min.css HTTP/1.1" 200 4258 "-" "Mozilla/5.0 AppleWebKit/537.36 (KHTML, like Gecko; compatible; ClaudeBot/1.0; +claudebot@anthropic.com)"
142.44.220.126 - - [09/Jun/2026:18:35:06 -0400] "GET /item/3134060 HTTP/1.1" 404 1251 "-" "Mozilla/5.0 (compatible; AhrefsBot/7.0; +http://ahrefs.com/robot/)"
142.44.220.5 - - [09/Jun/2026:18:35:20 -0400] "GET /item/3103095 HTTP/1.1" 404 1251 "-" "Mozilla/5.0 (compatible; AhrefsBot/7.0; +http://ahrefs.com/robot/)"
216.73.216.109 - - [09/Jun/2026:18:35:21 -0400] "GET /wp-includes/css/dist/edit-site/style.css HTTP/1.1" 200 9718 "-" "Mozilla/5.0 AppleWebKit/537.36 (KHTML, like Gecko; compatible; ClaudeBot/1.0; +claudebot@anthropic.com)"
216.73.216.109 - - [09/Jun/2026:18:35:21 -0400] "GET /wp-includes/css/dist/format-library/style.min.css HTTP/1.1" 200 524 "-" "Mozilla/5.0 AppleWebKit/537.36 (KHTML, like Gecko; compatible; ClaudeBot/1.0; +claudebot@anthropic.com)"
216.73.216.109 - - [09/Jun/2026:18:35:21 -0400] "GET /wp-includes/css/dist/block-library/reset-rtl.css HTTP/1.1" 200 428 "-" "Mozilla/5.0 AppleWebKit/537.36 (KHTML, like Gecko; compatible; ClaudeBot/1.0; +claudebot@anthropic.com)"
216.73.216.109 - - [09/Jun/2026:18:35:26 -0400] "GET /wp-includes/js/tinymce/plugins/wpeditimage/ HTTP/1.1" 200 687 "-" "Mozilla/5.0 AppleWebKit/537.36 (KHTML, like Gecko; compatible; ClaudeBot/1.0; +claudebot@anthropic.com)"
216.73.216.109 - - [09/Jun/2026:18:35:26 -0400] "GET /wp-includes/js/tinymce/plugins/wplink/ HTTP/1.1" 200 676 "-" "Mozilla/5.0 AppleWebKit/537.36 (KHTML, like Gecko; compatible; ClaudeBot/1.0; +claudebot@anthropic.com)"
216.73.216.109 - - [09/Jun/2026:18:35:26 -0400] "GET /wp-includes/css/dist/block-library/editor-rtl.css HTTP/1.1" 200 11648 "-" "Mozilla/5.0 AppleWebKit/537.36 (KHTML, like Gecko; compatible; ClaudeBot/1.0; +claudebot@anthropic.com)"
216.73.216.109 - - [09/Jun/2026:18:35:36 -0400] "GET /wp-includes/css/dist/reusable-blocks/style.css HTTP/1.1" 200 242 "-" "Mozilla/5.0 AppleWebKit/537.36 (KHTML, like Gecko; compatible; ClaudeBot/1.0; +claudebot@anthropic.com)"
216.73.216.109 - - [09/Jun/2026:18:35:36 -0400] "GET /wp-includes/css/dist/block-library/common-rtl.css HTTP/1.1" 200 1053 "-" "Mozilla/5.0 AppleWebKit/537.36 (KHTML, like Gecko; compatible; ClaudeBot/1.0; +claudebot@anthropic.com)"
216.73.216.109 - - [09/Jun/2026:18:35:36 -0400] "GET /wp-includes/css/dist/nux/style.css HTTP/1.1" 200 735 "-" "Mozilla/5.0 AppleWebKit/537.36 (KHTML, like Gecko; compatible; ClaudeBot/1.0; +claudebot@anthropic.com)"
142.44.228.189 - - [09/Jun/2026:18:35:39 -0400] "GET /item/3096538 HTTP/1.1" 404 1251 "-" "Mozilla/5.0 (compatible; AhrefsBot/7.0; +http://ahrefs.com/robot/)"
180.190.187.173 - - [09/Jun/2026:18:35:40 -0400] "GET /item/3304449 HTTP/1.1" 404 1251 "-" "Mozilla/5.0 (Macintosh; Intel Mac OS X 12_3_1) AppleWebKit/537.36 (KHTML, like Gecko) Chrome/124.0.6367.155 Safari/537.36"
54.39.0.35 - - [09/Jun/2026:18:35:56 -0400] "GET /item/3036941 HTTP/1.1" 404 1251 "-" "Mozilla/5.0 (compatible; AhrefsBot/7.0; +http://ahrefs.com/robot/)"
216.73.216.109 - - [09/Jun/2026:18:35:58 -0400] "GET /wp-includes/js/tinymce/plugins/colorpicker/ HTTP/1.1" 200 677 "-" "Mozilla/5.0 AppleWebKit/537.36 (KHTML, like Gecko; compatible; ClaudeBot/1.0; +claudebot@anthropic.com)"
216.73.216.109 - - [09/Jun/2026:18:35:58 -0400] "GET /wp-includes/css/dist/customize-widgets/style.min.css HTTP/1.1" 200 1283 "-" "Mozilla/5.0 AppleWebKit/537.36 (KHTML, like Gecko; compatible; ClaudeBot/1.0; +claudebot@anthropic.com)"
216.73.216.109 - - [09/Jun/2026:18:35:58 -0400] "GET /wp-includes/js/tinymce/plugins/wpautoresize/ HTTP/1.1" 200 686 "-" "Mozilla/5.0 AppleWebKit/537.36 (KHTML, like Gecko; compatible; ClaudeBot/1.0; +claudebot@anthropic.com)"
54.39.210.29 - - [09/Jun/2026:18:36:09 -0400] "GET /item/3033049 HTTP/1.1" 404 1251 "-" "Mozilla/5.0 (compatible; AhrefsBot/7.0; +http://ahrefs.com/robot/)"
192.178.6.6 - - [09/Jun/2026:18:36:25 -0400] "GET /item/1516793 HTTP/1.1" 404 1251 "-" "Mozilla/5.0 (Linux; Android 6.0.1; Nexus 5X Build/MMB29P) AppleWebKit/537.36 (KHTML, like Gecko) Chrome/148.0.7778.96 Mobile Safari/537.36 (compatible; Googlebot/2.1; +http://www.google.com/bot.html)"
51.222.95.185 - - [09/Jun/2026:18:36:25 -0400] "GET /item/3020884 HTTP/1.1" 404 1251 "-" "Mozilla/5.0 (compatible; AhrefsBot/7.0; +http://ahrefs.com/robot/)"
216.73.216.109 - - [09/Jun/2026:18:36:31 -0400] "GET /wp-includes/css/dist/edit-widgets/style-rtl.css HTTP/1.1" 200 4516 "-" "Mozilla/5.0 AppleWebKit/537.36 (KHTML, like Gecko; compatible; ClaudeBot/1.0; +claudebot@anthropic.com)"
216.73.216.109 - - [09/Jun/2026:18:36:31 -0400] "GET /wp-includes/js/tinymce/plugins/wpemoji/ HTTP/1.1" 200 674 "-" "Mozilla/5.0 AppleWebKit/537.36 (KHTML, like Gecko; compatible; ClaudeBot/1.0; +claudebot@anthropic.com)"
216.73.216.109 - - [09/Jun/2026:18:36:32 -0400] "GET /wp-includes/css/dist/block-library/editor-elements-rtl.min.css HTTP/1.1" 200 78 "-" "Mozilla/5.0 AppleWebKit/537.36 (KHTML, like Gecko; compatible; ClaudeBot/1.0; +claudebot@anthropic.com)"
51.161.37.196 - - [09/Jun/2026:18:36:42 -0400] "GET /item/3014832 HTTP/1.1" 404 1251 "-" "Mozilla/5.0 (compatible; AhrefsBot/7.0; +http://ahrefs.com/robot/)"
216.73.216.109 - - [09/Jun/2026:18:36:52 -0400] "GET /wp-includes/css/dist/customize-widgets/style-rtl.css HTTP/1.1" 200 1348 "-" "Mozilla/5.0 AppleWebKit/537.36 (KHTML, like Gecko; compatible; ClaudeBot/1.0; +claudebot@anthropic.com)"
216.73.216.109 - - [09/Jun/2026:18:36:52 -0400] "GET /wp-includes/css/dist/block-library/theme-rtl.min.css HTTP/1.1" 200 619 "-" "Mozilla/5.0 AppleWebKit/537.36 (KHTML, like Gecko; compatible; ClaudeBot/1.0; +claudebot@anthropic.com)"
216.73.216.109 - - [09/Jun/2026:18:36:53 -0400] "GET /wp-includes/css/dist/format-library/style-rtl.css HTTP/1.1" 200 569 "-" "Mozilla/5.0 AppleWebKit/537.36 (KHTML, like Gecko; compatible; ClaudeBot/1.0; +claudebot@anthropic.com)"
54.39.6.208 - - [09/Jun/2026:18:36:56 -0400] "GET /item/2983120 HTTP/1.1" 404 1251 "-" "Mozilla/5.0 (compatible; AhrefsBot/7.0; +http://ahrefs.com/robot/)"
216.73.216.109 - - [09/Jun/2026:18:37:01 -0400] "GET /wp-includes/css/dist/block-library/classic-rtl.css HTTP/1.1" 200 268 "-" "Mozilla/5.0 AppleWebKit/537.36 (KHTML, like Gecko; compatible; ClaudeBot/1.0; +claudebot@anthropic.com)"
216.73.216.109 - - [09/Jun/2026:18:37:01 -0400] "GET /wp-includes/css/dist/block-library/style-rtl.css HTTP/1.1" 200 12344 "-" "Mozilla/5.0 AppleWebKit/537.36 (KHTML, like Gecko; compatible; ClaudeBot/1.0; +claudebot@anthropic.com)"
216.73.216.109 - - [09/Jun/2026:18:37:01 -0400] "GET /wp-includes/css/dist/block-library/classic.min.css HTTP/1.1" 200 235 "-" "Mozilla/5.0 AppleWebKit/537.36 (KHTML, like Gecko; compatible; ClaudeBot/1.0; +claudebot@anthropic.com)"
167.114.139.41 - - [09/Jun/2026:18:37:12 -0400] "GET /item/2967010 HTTP/1.1" 404 1251 "-" "Mozilla/5.0 (compatible; AhrefsBot/7.0; +http://ahrefs.com/robot/)"
216.73.216.109 - - [09/Jun/2026:18:37:24 -0400] "GET /wp-includes/css/dist/block-library/editor-rtl.min.css HTTP/1.1" 200 11049 "-" "Mozilla/5.0 AppleWebKit/537.36 (KHTML, like Gecko; compatible; ClaudeBot/1.0; +claudebot@anthropic.com)"
216.73.216.109 - - [09/Jun/2026:18:37:24 -0400] "GET /wp-includes/css/dist/block-library/elements-rtl.min.css HTTP/1.1" 200 34 "-" "Mozilla/5.0 AppleWebKit/537.36 (KHTML, like Gecko; compatible; ClaudeBot/1.0; +claudebot@anthropic.com)"
216.73.216.109 - - [09/Jun/2026:18:37:24 -0400] "GET /wp-includes/css/dist/block-directory/style.min.css HTTP/1.1" 200 909 "-" "Mozilla/5.0 AppleWebKit/537.36 (KHTML, like Gecko; compatible; ClaudeBot/1.0; +claudebot@anthropic.com)"
51.222.95.242 - - [09/Jun/2026:18:37:26 -0400] "GET /item/2946393 HTTP/1.1" 404 1251 "-" "Mozilla/5.0 (compatible; AhrefsBot/7.0; +http://ahrefs.com/robot/)"
216.73.216.109 - - [09/Jun/2026:18:37:36 -0400] "GET /wp-includes/css/dist/block-library/common-rtl.min.css HTTP/1.1" 200 991 "-" "Mozilla/5.0 AppleWebKit/537.36 (KHTML, like Gecko; compatible; ClaudeBot/1.0; +claudebot@anthropic.com)"
216.73.216.109 - - [09/Jun/2026:18:37:36 -0400] "GET /wp-includes/css/dist/edit-site/style.min.css HTTP/1.1" 200 9168 "-" "Mozilla/5.0 AppleWebKit/537.36 (KHTML, like Gecko; compatible; ClaudeBot/1.0; +claudebot@anthropic.com)"
216.73.216.109 - - [09/Jun/2026:18:37:37 -0400] "GET /wp-includes/css/dist/block-library/reset-rtl.min.css HTTP/1.1" 200 403 "-" "Mozilla/5.0 AppleWebKit/537.36 (KHTML, like Gecko; compatible; ClaudeBot/1.0; +claudebot@anthropic.com)"
54.39.210.241 - - [09/Jun/2026:18:37:43 -0400] "GET /item/2944320 HTTP/1.1" 404 1251 "-" "Mozilla/5.0 (compatible; AhrefsBot/7.0; +http://ahrefs.com/robot/)"
216.73.216.109 - - [09/Jun/2026:18:37:49 -0400] "GET /wp-includes/css/dist/edit-widgets/style-rtl.min.css HTTP/1.1" 200 4258 "-" "Mozilla/5.0 AppleWebKit/537.36 (KHTML, like Gecko; compatible; ClaudeBot/1.0; +claudebot@anthropic.com)"
216.73.216.109 - - [09/Jun/2026:18:37:49 -0400] "GET /wp-includes/css/dist/reusable-blocks/style.min.css HTTP/1.1" 200 228 "-" "Mozilla/5.0 AppleWebKit/537.36 (KHTML, like Gecko; compatible; ClaudeBot/1.0; +claudebot@anthropic.com)"
216.73.216.109 - - [09/Jun/2026:18:37:50 -0400] "GET /wp-includes/css/dist/block-directory/style-rtl.css HTTP/1.1" 200 958 "-" "Mozilla/5.0 AppleWebKit/537.36 (KHTML, like Gecko; compatible; ClaudeBot/1.0; +claudebot@anthropic.com)"
51.222.168.181 - - [09/Jun/2026:18:38:00 -0400] "GET /item/2916149 HTTP/1.1" 404 1251 "-" "Mozilla/5.0 (compatible; AhrefsBot/7.0; +http://ahrefs.com/robot/)"
167.114.139.111 - - [09/Jun/2026:18:38:16 -0400] "GET /item/2905941 HTTP/1.1" 404 1251 "-" "Mozilla/5.0 (compatible; AhrefsBot/7.0; +http://ahrefs.com/robot/)"
54.39.136.226 - - [09/Jun/2026:18:38:30 -0400] "GET /item/2886166 HTTP/1.1" 404 1251 "-" "Mozilla/5.0 (compatible; AhrefsBot/7.0; +http://ahrefs.com/robot/)"
216.73.216.109 - - [09/Jun/2026:18:38:34 -0400] "GET /wp-includes/css/dist/format-library/style-rtl.min.css HTTP/1.1" 200 524 "-" "Mozilla/5.0 AppleWebKit/537.36 (KHTML, like Gecko; compatible; ClaudeBot/1.0; +claudebot@anthropic.com)"
216.73.216.109 - - [09/Jun/2026:18:38:34 -0400] "GET /wp-includes/css/dist/list-reusable-blocks/style.css HTTP/1.1" 200 797 "-" "Mozilla/5.0 AppleWebKit/537.36 (KHTML, like Gecko; compatible; ClaudeBot/1.0; +claudebot@anthropic.com)"
192.178.6.35 - - [09/Jun/2026:18:38:35 -0400] "GET /item/6173724 HTTP/1.1" 404 1251 "-" "Mozilla/5.0 (Linux; Android 6.0.1; Nexus 5X Build/MMB29P) AppleWebKit/537.36 (KHTML, like Gecko) Chrome/148.0.7778.96 Mobile Safari/537.36 (compatible; Googlebot/2.1; +http://www.google.com/bot.html)"
216.73.216.109 - - [09/Jun/2026:18:38:35 -0400] "GET /wp-includes/css/dist/nux/style.min.css HTTP/1.1" 200 714 "-" "Mozilla/5.0 AppleWebKit/537.36 (KHTML, like Gecko; compatible; ClaudeBot/1.0; +claudebot@anthropic.com)"
216.73.216.109 - - [09/Jun/2026:18:38:41 -0400] "GET /wp-includes/css/dist/reusable-blocks/style-rtl.css HTTP/1.1" 200 242 "-" "Mozilla/5.0 AppleWebKit/537.36 (KHTML, like Gecko; compatible; ClaudeBot/1.0; +claudebot@anthropic.com)"
216.73.216.109 - - [09/Jun/2026:18:38:41 -0400] "GET /wp-includes/css/dist/edit-site/style-rtl.css HTTP/1.1" 200 9726 "-" "Mozilla/5.0 AppleWebKit/537.36 (KHTML, like Gecko; compatible; ClaudeBot/1.0; +claudebot@anthropic.com)"
216.73.216.109 - - [09/Jun/2026:18:38:41 -0400] "GET /wp-includes/css/dist/customize-widgets/style-rtl.min.css HTTP/1.1" 200 1285 "-" "Mozilla/5.0 AppleWebKit/537.36 (KHTML, like Gecko; compatible; ClaudeBot/1.0; +claudebot@anthropic.com)"
54.39.203.248 - - [09/Jun/2026:18:38:45 -0400] "GET /item/2877221 HTTP/1.1" 404 1251 "-" "Mozilla/5.0 (compatible; AhrefsBot/7.0; +http://ahrefs.com/robot/)"
142.44.228.123 - - [09/Jun/2026:18:39:01 -0400] "GET /item/2874373 HTTP/1.1" 404 1251 "-" "Mozilla/5.0 (compatible; AhrefsBot/7.0; +http://ahrefs.com/robot/)"
216.73.216.109 - - [09/Jun/2026:18:39:05 -0400] "GET /wp-includes/css/dist/block-library/style-rtl.min.css HTTP/1.1" 200 11725 "-" "Mozilla/5.0 AppleWebKit/537.36 (KHTML, like Gecko; compatible; ClaudeBot/1.0; +claudebot@anthropic.com)"
216.73.216.109 - - [09/Jun/2026:18:39:05 -0400] "GET /wp-includes/css/dist/block-library/classic-rtl.min.css HTTP/1.1" 200 235 "-" "Mozilla/5.0 AppleWebKit/537.36 (KHTML, like Gecko; compatible; ClaudeBot/1.0; +claudebot@anthropic.com)"
216.73.216.109 - - [09/Jun/2026:18:39:05 -0400] "GET /wp-includes/css/dist/nux/style-rtl.css HTTP/1.1" 200 733 "-" "Mozilla/5.0 AppleWebKit/537.36 (KHTML, like Gecko; compatible; ClaudeBot/1.0; +claudebot@anthropic.com)"
51.161.37.140 - - [09/Jun/2026:18:39:11 -0400] "GET /item/2865946 HTTP/1.1" 404 1251 "-" "Mozilla/5.0 (compatible; AhrefsBot/7.0; +http://ahrefs.com/robot/)"
200.192.98.133 - - [09/Jun/2026:18:39:12 -0400] "GET /item/3412228 HTTP/1.1" 404 1251 "-" "Mozilla/5.0 (Macintosh; Intel Mac OS X 15_4_1) AppleWebKit/537.36 (KHTML, like Gecko) Chrome/134.0.6998.88 Safari/537.36"
216.73.216.109 - - [09/Jun/2026:18:39:15 -0400] "GET /wp-includes/css/dist/edit-site/style-rtl.min.css HTTP/1.1" 200 9172 "-" "Mozilla/5.0 AppleWebKit/537.36 (KHTML, like Gecko; compatible; ClaudeBot/1.0; +claudebot@anthropic.com)"
216.73.216.109 - - [09/Jun/2026:18:39:15 -0400] "GET /wp-includes/css/dist/list-reusable-blocks/style.min.css HTTP/1.1" 200 746 "-" "Mozilla/5.0 AppleWebKit/537.36 (KHTML, like Gecko; compatible; ClaudeBot/1.0; +claudebot@anthropic.com)"
216.73.216.109 - - [09/Jun/2026:18:39:15 -0400] "GET /wp-includes/css/dist/block-directory/style-rtl.min.css HTTP/1.1" 200 908 "-" "Mozilla/5.0 AppleWebKit/537.36 (KHTML, like Gecko; compatible; ClaudeBot/1.0; +claudebot@anthropic.com)"
216.73.216.109 - - [09/Jun/2026:18:39:26 -0400] "GET /wp-includes/css/dist/list-reusable-blocks/style-rtl.css HTTP/1.1" 200 797 "-" "Mozilla/5.0 AppleWebKit/537.36 (KHTML, like Gecko; compatible; ClaudeBot/1.0; +claudebot@anthropic.com)"
216.73.216.109 - - [09/Jun/2026:18:39:26 -0400] "GET /wp-includes/css/dist/nux/style-rtl.min.css HTTP/1.1" 200 695 "-" "Mozilla/5.0 AppleWebKit/537.36 (KHTML, like Gecko; compatible; ClaudeBot/1.0; +claudebot@anthropic.com)"
216.73.216.109 - - [09/Jun/2026:18:39:26 -0400] "GET /wp-includes/css/dist/reusable-blocks/style-rtl.min.css HTTP/1.1" 200 228 "-" "Mozilla/5.0 AppleWebKit/537.36 (KHTML, like Gecko; compatible; ClaudeBot/1.0; +claudebot@anthropic.com)"
148.113.128.31 - - [09/Jun/2026:18:39:27 -0400] "GET /item/2864098 HTTP/1.1" 404 1251 "-" "Mozilla/5.0 (compatible; AhrefsBot/7.0; +http://ahrefs.com/robot/)"
216.73.216.109 - - [09/Jun/2026:18:39:32 -0400] "GET /sitemap-539.xml HTTP/1.1" 404 1251 "-" "Mozilla/5.0 AppleWebKit/537.36 (KHTML, like Gecko; compatible; ClaudeBot/1.0; +claudebot@anthropic.com)"
216.73.216.109 - - [09/Jun/2026:18:39:32 -0400] "GET /wp-includes/css/dist/list-reusable-blocks/style-rtl.min.css HTTP/1.1" 200 746 "-" "Mozilla/5.0 AppleWebKit/537.36 (KHTML, like Gecko; compatible; ClaudeBot/1.0; +claudebot@anthropic.com)"
216.73.216.109 - - [09/Jun/2026:18:39:33 -0400] "GET /sitemap-852.xml HTTP/1.1" 404 1251 "-" "Mozilla/5.0 AppleWebKit/537.36 (KHTML, like Gecko; compatible; ClaudeBot/1.0; +claudebot@anthropic.com)"
51.161.37.85 - - [09/Jun/2026:18:39:36 -0400] "GET /item/2852503 HTTP/1.1" 404 1251 "-" "Mozilla/5.0 (compatible; AhrefsBot/7.0; +http://ahrefs.com/robot/)"
142.44.233.193 - - [09/Jun/2026:18:39:47 -0400] "GET /item/2839339 HTTP/1.1" 404 1251 "-" "Mozilla/5.0 (compatible; AhrefsBot/7.0; +http://ahrefs.com/robot/)"
54.39.136.134 - - [09/Jun/2026:18:39:58 -0400] "GET /item/2799442 HTTP/1.1" 404 1251 "-" "Mozilla/5.0 (compatible; AhrefsBot/7.0; +http://ahrefs.com/robot/)"
192.178.6.34 - - [09/Jun/2026:18:40:02 -0400] "GET /item/5950495 HTTP/1.1" 404 1251 "-" "Mozilla/5.0 (Linux; Android 6.0.1; Nexus 5X Build/MMB29P) AppleWebKit/537.36 (KHTML, like Gecko) Chrome/148.0.7778.96 Mobile Safari/537.36 (compatible; Googlebot/2.1; +http://www.google.com/bot.html)"
54.39.6.6 - - [09/Jun/2026:18:40:08 -0400] "GET /item/2797176 HTTP/1.1" 404 1251 "-" "Mozilla/5.0 (compatible; AhrefsBot/7.0; +http://ahrefs.com/robot/)"
216.73.216.109 - - [09/Jun/2026:18:40:19 -0400] "GET /sitemap-980.xml HTTP/1.1" 404 1251 "-" "Mozilla/5.0 AppleWebKit/537.36 (KHTML, like Gecko; compatible; ClaudeBot/1.0; +claudebot@anthropic.com)"
216.73.216.109 - - [09/Jun/2026:18:40:19 -0400] "GET /sitemap-492.xml HTTP/1.1" 404 1251 "-" "Mozilla/5.0 AppleWebKit/537.36 (KHTML, like Gecko; compatible; ClaudeBot/1.0; +claudebot@anthropic.com)"
15.235.27.164 - - [09/Jun/2026:18:40:19 -0400] "GET /item/2756374 HTTP/1.1" 404 1251 "-" "Mozilla/5.0 (compatible; AhrefsBot/7.0; +http://ahrefs.com/robot/)"
216.73.216.109 - - [09/Jun/2026:18:40:26 -0400] "GET /sitemap-108.xml HTTP/1.1" 404 1251 "-" "Mozilla/5.0 AppleWebKit/537.36 (KHTML, like Gecko; compatible; ClaudeBot/1.0; +claudebot@anthropic.com)"
216.73.216.109 - - [09/Jun/2026:18:40:26 -0400] "GET /sitemap-462.xml HTTP/1.1" 404 1251 "-" "Mozilla/5.0 AppleWebKit/537.36 (KHTML, like Gecko; compatible; ClaudeBot/1.0; +claudebot@anthropic.com)"
54.39.89.241 - - [09/Jun/2026:18:40:27 -0400] "GET /item/2750814 HTTP/1.1" 404 1251 "-" "Mozilla/5.0 (compatible; AhrefsBot/7.0; +http://ahrefs.com/robot/)"
148.113.130.195 - - [09/Jun/2026:18:40:34 -0400] "GET /item/2732295 HTTP/1.1" 404 1251 "-" "Mozilla/5.0 (compatible; AhrefsBot/7.0; +http://ahrefs.com/robot/)"
142.44.225.133 - - [09/Jun/2026:18:40:41 -0400] "GET /item/2728707 HTTP/1.1" 404 1251 "-" "Mozilla/5.0 (compatible; AhrefsBot/7.0; +http://ahrefs.com/robot/)"
192.178.6.33 - - [09/Jun/2026:18:40:44 -0400] "GET /item/4782462 HTTP/1.1" 404 1251 "-" "Mozilla/5.0 (Linux; Android 6.0.1; Nexus 5X Build/MMB29P) AppleWebKit/537.36 (KHTML, like Gecko) Chrome/148.0.7778.96 Mobile Safari/537.36 (compatible; Googlebot/2.1; +http://www.google.com/bot.html)"
54.39.89.70 - - [09/Jun/2026:18:40:48 -0400] "GET /item/2697678 HTTP/1.1" 404 1251 "-" "Mozilla/5.0 (compatible; AhrefsBot/7.0; +http://ahrefs.com/robot/)"
216.73.216.109 - - [09/Jun/2026:18:40:49 -0400] "GET /sitemap-206.xml HTTP/1.1" 404 1251 "-" "Mozilla/5.0 AppleWebKit/537.36 (KHTML, like Gecko; compatible; ClaudeBot/1.0; +claudebot@anthropic.com)"
216.73.216.109 - - [09/Jun/2026:18:40:49 -0400] "GET /sitemap-946.xml HTTP/1.1" 404 1251 "-" "Mozilla/5.0 AppleWebKit/537.36 (KHTML, like Gecko; compatible; ClaudeBot/1.0; +claudebot@anthropic.com)"
51.161.65.247 - - [09/Jun/2026:18:40:55 -0400] "GET /item/2692626 HTTP/1.1" 404 1251 "-" "Mozilla/5.0 (compatible; AhrefsBot/7.0; +http://ahrefs.com/robot/)"
216.73.216.109 - - [09/Jun/2026:18:41:00 -0400] "GET /sitemap-922.xml HTTP/1.1" 404 1251 "-" "Mozilla/5.0 AppleWebKit/537.36 (KHTML, like Gecko; compatible; ClaudeBot/1.0; +claudebot@anthropic.com)"
216.73.216.109 - - [09/Jun/2026:18:41:00 -0400] "GET /sitemap-542.xml HTTP/1.1" 404 1251 "-" "Mozilla/5.0 AppleWebKit/537.36 (KHTML, like Gecko; compatible; ClaudeBot/1.0; +claudebot@anthropic.com)"
142.44.220.157 - - [09/Jun/2026:18:41:05 -0400] "GET /item/2677988 HTTP/1.1" 404 1251 "-" "Mozilla/5.0 (compatible; AhrefsBot/7.0; +http://ahrefs.com/robot/)"
54.39.0.215 - - [09/Jun/2026:18:41:12 -0400] "GET /item/2668821 HTTP/1.1" 404 1251 "-" "Mozilla/5.0 (compatible; AhrefsBot/7.0; +http://ahrefs.com/robot/)"
148.113.128.111 - - [09/Jun/2026:18:41:18 -0400] "GET /item/2660552 HTTP/1.1" 404 1251 "-" "Mozilla/5.0 (compatible; AhrefsBot/7.0; +http://ahrefs.com/robot/)"
216.73.216.109 - - [09/Jun/2026:18:41:20 -0400] "GET /sitemap-83.xml HTTP/1.1" 404 1251 "-" "Mozilla/5.0 AppleWebKit/537.36 (KHTML, like Gecko; compatible; ClaudeBot/1.0; +claudebot@anthropic.com)"
216.73.216.109 - - [09/Jun/2026:18:41:20 -0400] "GET /sitemap-592.xml HTTP/1.1" 404 1251 "-" "Mozilla/5.0 AppleWebKit/537.36 (KHTML, like Gecko; compatible; ClaudeBot/1.0; +claudebot@anthropic.com)"
