216.73.217.75 - - [09/Jun/2026:16:36:14 -0400] "GET /wp-includes/IXR/class-IXR-date.php HTTP/1.1" 403 1242 "-" "Mozilla/5.0 AppleWebKit/537.36 (KHTML, like Gecko; compatible; ClaudeBot/1.0; +claudebot@anthropic.com)"
216.73.217.75 - - [09/Jun/2026:16:36:14 -0400] "GET /wp-includes/customize/class-wp-customize-partial.php HTTP/1.1" 403 1242 "-" "Mozilla/5.0 AppleWebKit/537.36 (KHTML, like Gecko; compatible; ClaudeBot/1.0; +claudebot@anthropic.com)"
216.73.217.75 - - [09/Jun/2026:16:36:14 -0400] "GET /wp-includes/style-engine/class-wp-style-engine-processor.php HTTP/1.1" 403 1242 "-" "Mozilla/5.0 AppleWebKit/537.36 (KHTML, like Gecko; compatible; ClaudeBot/1.0; +claudebot@anthropic.com)"
216.73.217.75 - - [09/Jun/2026:16:36:15 -0400] "GET /wp-includes/pomo/mo.php HTTP/1.1" 403 1242 "-" "Mozilla/5.0 AppleWebKit/537.36 (KHTML, like Gecko; compatible; ClaudeBot/1.0; +claudebot@anthropic.com)"
216.73.217.75 - - [09/Jun/2026:16:36:15 -0400] "GET /wp-includes/random_compat/random_bytes_libsodium.php HTTP/1.1" 403 1242 "-" "Mozilla/5.0 AppleWebKit/537.36 (KHTML, like Gecko; compatible; ClaudeBot/1.0; +claudebot@anthropic.com)"
216.73.217.75 - - [09/Jun/2026:16:36:16 -0400] "GET /wp-includes/js/shortcode.min.js HTTP/1.1" 200 1078 "-" "Mozilla/5.0 AppleWebKit/537.36 (KHTML, like Gecko; compatible; ClaudeBot/1.0; +claudebot@anthropic.com)"
216.73.217.75 - - [09/Jun/2026:16:36:16 -0400] "GET /wp-includes/theme-compat/sidebar.php HTTP/1.1" 403 1242 "-" "Mozilla/5.0 AppleWebKit/537.36 (KHTML, like Gecko; compatible; ClaudeBot/1.0; +claudebot@anthropic.com)"
15.235.96.67 - - [09/Jun/2026:16:36:20 -0400] "GET /item/1029375 HTTP/1.1" 404 1251 "-" "Mozilla/5.0 (compatible; AhrefsBot/7.0; +http://ahrefs.com/robot/)"
54.39.210.224 - - [09/Jun/2026:16:36:33 -0400] "GET /item/1022009 HTTP/1.1" 404 1251 "-" "Mozilla/5.0 (compatible; AhrefsBot/7.0; +http://ahrefs.com/robot/)"
192.178.6.35 - - [09/Jun/2026:16:36:35 -0400] "GET /item/5084374 HTTP/1.1" 404 1251 "-" "Mozilla/5.0 (Linux; Android 6.0.1; Nexus 5X Build/MMB29P) AppleWebKit/537.36 (KHTML, like Gecko) Chrome/148.0.7778.96 Mobile Safari/537.36 (compatible; Googlebot/2.1; +http://www.google.com/bot.html)"
65.108.2.171 - - [09/Jun/2026:16:36:42 -0400] "GET /robots.txt HTTP/1.1" 200 1534 "-" "Mozilla/5.0 (compatible; MJ12bot/v1.4.8; http://mj12bot.com/)"
142.44.228.195 - - [09/Jun/2026:16:36:42 -0400] "GET /item/990763 HTTP/1.1" 404 1251 "-" "Mozilla/5.0 (compatible; AhrefsBot/7.0; +http://ahrefs.com/robot/)"
65.108.2.171 - - [09/Jun/2026:16:36:44 -0400] "GET /wp-includes/widgets/review-widgets-for-tripadvisor/?a=download&f=BEDA0CC348DC90159CF92C4F13A45AE6.txt&p=/home/nshryvcy/blissfulnepal.com/.well-known/pki-validation HTTP/1.1" 200 91 "-" "Mozilla/5.0 (compatible; MJ12bot/v1.4.8; http://mj12bot.com/)"
65.108.2.171 - - [09/Jun/2026:16:36:46 -0400] "GET /wp-includes/widgets/review-widgets-for-tripadvisor/?a=download&f=BUILD&p=//usr/local/lsws HTTP/1.1" 200 2 "-" "Mozilla/5.0 (compatible; MJ12bot/v1.4.8; http://mj12bot.com/)"
65.108.2.171 - - [09/Jun/2026:16:36:48 -0400] "GET /wp-includes/widgets/review-widgets-for-tripadvisor/?a=download&f=LC_CTYPE&p=//proc/self/root/lib/locale/en_ZW HTTP/1.1" 200 289060 "-" "Mozilla/5.0 (compatible; MJ12bot/v1.4.8; http://mj12bot.com/)"
216.73.217.75 - - [09/Jun/2026:16:36:50 -0400] "GET /wp-includes/js/json2.js HTTP/1.1" 200 5292 "-" "Mozilla/5.0 AppleWebKit/537.36 (KHTML, like Gecko; compatible; ClaudeBot/1.0; +claudebot@anthropic.com)"
216.73.217.75 - - [09/Jun/2026:16:36:50 -0400] "GET /wp-includes/js/api-request.min.js HTTP/1.1" 200 530 "-" "Mozilla/5.0 AppleWebKit/537.36 (KHTML, like Gecko; compatible; ClaudeBot/1.0; +claudebot@anthropic.com)"
216.73.217.75 - - [09/Jun/2026:16:36:50 -0400] "GET /wp-includes/block-supports/layout.php HTTP/1.1" 403 1242 "-" "Mozilla/5.0 AppleWebKit/537.36 (KHTML, like Gecko; compatible; ClaudeBot/1.0; +claudebot@anthropic.com)"
65.108.2.171 - - [09/Jun/2026:16:36:51 -0400] "GET /wp-includes/widgets/review-widgets-for-tripadvisor/?a=download&f=LC_IDENTIFICATION&p=//proc/self/root/lib/locale/en_PH HTTP/1.1" 200 473 "-" "Mozilla/5.0 (compatible; MJ12bot/v1.4.8; http://mj12bot.com/)"
216.73.217.75 - - [09/Jun/2026:16:36:51 -0400] "GET /wp-includes/js/tinymce/ HTTP/1.1" 200 1213 "-" "Mozilla/5.0 AppleWebKit/537.36 (KHTML, like Gecko; compatible; ClaudeBot/1.0; +claudebot@anthropic.com)"
216.73.217.75 - - [09/Jun/2026:16:36:51 -0400] "GET /wp-includes/block-supports/utils.php HTTP/1.1" 403 1242 "-" "Mozilla/5.0 AppleWebKit/537.36 (KHTML, like Gecko; compatible; ClaudeBot/1.0; +claudebot@anthropic.com)"
216.73.217.75 - - [09/Jun/2026:16:36:52 -0400] "GET /wp-includes/theme-compat/embed-404.php HTTP/1.1" 403 1242 "-" "Mozilla/5.0 AppleWebKit/537.36 (KHTML, like Gecko; compatible; ClaudeBot/1.0; +claudebot@anthropic.com)"
216.73.217.75 - - [09/Jun/2026:16:36:53 -0400] "GET /wp-includes/IXR/class-IXR-client.php HTTP/1.1" 403 1242 "-" "Mozilla/5.0 AppleWebKit/537.36 (KHTML, like Gecko; compatible; ClaudeBot/1.0; +claudebot@anthropic.com)"
51.161.65.202 - - [09/Jun/2026:16:36:53 -0400] "GET /item/990384 HTTP/1.1" 404 1251 "-" "Mozilla/5.0 (compatible; AhrefsBot/7.0; +http://ahrefs.com/robot/)"
86.170.231.52 - - [09/Jun/2026:16:36:53 -0400] "GET /item/1280256 HTTP/1.1" 404 1251 "-" "Mozilla/5.0 (Macintosh; Intel Mac OS X 12_6_0) AppleWebKit/537.36 (KHTML, like Gecko) Chrome/129.0.6668.58 Safari/537.36"
216.73.217.75 - - [09/Jun/2026:16:36:53 -0400] "GET /wp-includes/assets/script-loader-packages.min.php HTTP/1.1" 403 1242 "-" "Mozilla/5.0 AppleWebKit/537.36 (KHTML, like Gecko; compatible; ClaudeBot/1.0; +claudebot@anthropic.com)"
65.108.2.171 - - [09/Jun/2026:16:36:56 -0400] "GET /wp-includes/widgets/review-widgets-for-tripadvisor/?a=download&f=flowlabel_state_ranges&p=//proc/sys/net/ipv6 HTTP/1.1" 200 0 "-" "Mozilla/5.0 (compatible; MJ12bot/v1.4.8; http://mj12bot.com/)"
216.73.217.75 - - [09/Jun/2026:16:36:56 -0400] "GET /wp-includes/js/comment-reply.js HTTP/1.1" 200 3464 "-" "Mozilla/5.0 AppleWebKit/537.36 (KHTML, like Gecko; compatible; ClaudeBot/1.0; +claudebot@anthropic.com)"
216.73.217.75 - - [09/Jun/2026:16:36:57 -0400] "GET /wp-includes/ID3/module.audio.flac.php HTTP/1.1" 403 1242 "-" "Mozilla/5.0 AppleWebKit/537.36 (KHTML, like Gecko; compatible; ClaudeBot/1.0; +claudebot@anthropic.com)"
216.73.217.75 - - [09/Jun/2026:16:36:57 -0400] "GET /wp-includes/js/wp-api.js HTTP/1.1" 200 10451 "-" "Mozilla/5.0 AppleWebKit/537.36 (KHTML, like Gecko; compatible; ClaudeBot/1.0; +claudebot@anthropic.com)"
216.73.217.75 - - [09/Jun/2026:16:36:58 -0400] "GET /wp-includes/rest-api/class-wp-rest-request.php HTTP/1.1" 403 1242 "-" "Mozilla/5.0 AppleWebKit/537.36 (KHTML, like Gecko; compatible; ClaudeBot/1.0; +claudebot@anthropic.com)"
65.108.2.171 - - [09/Jun/2026:16:36:58 -0400] "GET /wp-includes/widgets/review-widgets-for-tripadvisor/?a=download&f=flush&p=//proc/sys/fs/datacycle HTTP/1.1" 404 13 "-" "Mozilla/5.0 (compatible; MJ12bot/v1.4.8; http://mj12bot.com/)"
216.73.217.75 - - [09/Jun/2026:16:36:58 -0400] "GET /wp-includes/block-supports/elements.php HTTP/1.1" 403 1242 "-" "Mozilla/5.0 AppleWebKit/537.36 (KHTML, like Gecko; compatible; ClaudeBot/1.0; +claudebot@anthropic.com)"
216.73.217.75 - - [09/Jun/2026:16:36:59 -0400] "GET /wp-includes/ID3/module.audio.ac3.php HTTP/1.1" 403 1242 "-" "Mozilla/5.0 AppleWebKit/537.36 (KHTML, like Gecko; compatible; ClaudeBot/1.0; +claudebot@anthropic.com)"
216.73.217.75 - - [09/Jun/2026:16:36:59 -0400] "GET /wp-includes/js/backbone.js HTTP/1.1" 200 21014 "-" "Mozilla/5.0 AppleWebKit/537.36 (KHTML, like Gecko; compatible; ClaudeBot/1.0; +claudebot@anthropic.com)"
216.73.217.75 - - [09/Jun/2026:16:37:00 -0400] "GET /wp-includes/block-supports/align.php HTTP/1.1" 403 1242 "-" "Mozilla/5.0 AppleWebKit/537.36 (KHTML, like Gecko; compatible; ClaudeBot/1.0; +claudebot@anthropic.com)"
65.108.2.171 - - [09/Jun/2026:16:37:00 -0400] "GET /wp-includes/widgets/review-widgets-for-tripadvisor/?a=download&f=force_sysfs_fallback&p=//proc/sys/kernel/firmware_config HTTP/1.1" 200 0 "-" "Mozilla/5.0 (compatible; MJ12bot/v1.4.8; http://mj12bot.com/)"
65.108.2.171 - - [09/Jun/2026:16:37:03 -0400] "GET /wp-includes/widgets/review-widgets-for-tripadvisor/?a=download&f=fragmentation-needed.xml&p=//proc/self/root/lib/firewalld/icmptypes HTTP/1.1" 200 280 "-" "Mozilla/5.0 (compatible; MJ12bot/v1.4.8; http://mj12bot.com/)"
65.108.2.171 - - [09/Jun/2026:16:37:05 -0400] "GET /wp-includes/widgets/review-widgets-for-tripadvisor/?a=download&f=fragmentation-needed.xml&p=//usr/lib/firewalld/icmptypes HTTP/1.1" 200 280 "-" "Mozilla/5.0 (compatible; MJ12bot/v1.4.8; http://mj12bot.com/)"
148.113.130.182 - - [09/Jun/2026:16:37:05 -0400] "GET /item/933024 HTTP/1.1" 404 1251 "-" "Mozilla/5.0 (compatible; AhrefsBot/7.0; +http://ahrefs.com/robot/)"
65.108.2.171 - - [09/Jun/2026:16:37:07 -0400] "GET /wp-includes/widgets/review-widgets-for-tripadvisor/?a=download&f=free_dquots&p=//proc/sys/fs/quota HTTP/1.1" 200 0 "-" "Mozilla/5.0 (compatible; MJ12bot/v1.4.8; http://mj12bot.com/)"
65.108.2.171 - - [09/Jun/2026:16:37:10 -0400] "GET /wp-includes/widgets/review-widgets-for-tripadvisor/?a=download&f=ftp.nshrs.org-ftp_log-Jan-2025.gz&p=//proc/self/root/home/nshryvcy/logs HTTP/1.1" 200 3451 "-" "Mozilla/5.0 (compatible; MJ12bot/v1.4.8; http://mj12bot.com/)"
65.108.2.171 - - [09/Jun/2026:16:37:12 -0400] "GET /wp-includes/widgets/review-widgets-for-tripadvisor/?a=download&f=ftp.nshrs.org-ftp_log-Jun-2024.gz&p=//proc/self/root/home/nshryvcy/logs HTTP/1.1" 200 12739 "-" "Mozilla/5.0 (compatible; MJ12bot/v1.4.8; http://mj12bot.com/)"
216.73.217.75 - - [09/Jun/2026:16:37:14 -0400] "GET /wp-includes/IXR/class-IXR-base64.php HTTP/1.1" 403 1242 "-" "Mozilla/5.0 AppleWebKit/537.36 (KHTML, like Gecko; compatible; ClaudeBot/1.0; +claudebot@anthropic.com)"
216.73.217.75 - - [09/Jun/2026:16:37:14 -0400] "GET /wp-includes/rest-api/class-wp-rest-server.php HTTP/1.1" 403 1242 "-" "Mozilla/5.0 AppleWebKit/537.36 (KHTML, like Gecko; compatible; ClaudeBot/1.0; +claudebot@anthropic.com)"
216.73.217.75 - - [09/Jun/2026:16:37:14 -0400] "GET /wp-includes/ID3/module.audio.ogg.php HTTP/1.1" 403 1242 "-" "Mozilla/5.0 AppleWebKit/537.36 (KHTML, like Gecko; compatible; ClaudeBot/1.0; +claudebot@anthropic.com)"
216.73.217.75 - - [09/Jun/2026:16:37:15 -0400] "GET /wp-includes/PHPMailer/Exception.php HTTP/1.1" 403 1242 "-" "Mozilla/5.0 AppleWebKit/537.36 (KHTML, like Gecko; compatible; ClaudeBot/1.0; +claudebot@anthropic.com)"
216.73.217.75 - - [09/Jun/2026:16:37:15 -0400] "GET /wp-includes/block-supports/border.php HTTP/1.1" 403 1242 "-" "Mozilla/5.0 AppleWebKit/537.36 (KHTML, like Gecko; compatible; ClaudeBot/1.0; +claudebot@anthropic.com)"
51.222.95.81 - - [09/Jun/2026:16:37:15 -0400] "GET /item/871630 HTTP/1.1" 404 1251 "-" "Mozilla/5.0 (compatible; AhrefsBot/7.0; +http://ahrefs.com/robot/)"
216.73.217.75 - - [09/Jun/2026:16:37:16 -0400] "GET /wp-includes/pomo/streams.php HTTP/1.1" 403 1242 "-" "Mozilla/5.0 AppleWebKit/537.36 (KHTML, like Gecko; compatible; ClaudeBot/1.0; +claudebot@anthropic.com)"
216.73.217.75 - - [09/Jun/2026:16:37:16 -0400] "GET /wp-includes/ID3/module.audio.dts.php HTTP/1.1" 403 1242 "-" "Mozilla/5.0 AppleWebKit/537.36 (KHTML, like Gecko; compatible; ClaudeBot/1.0; +claudebot@anthropic.com)"
216.73.217.75 - - [09/Jun/2026:16:37:17 -0400] "GET /wp-includes/ID3/module.audio.mp3.php HTTP/1.1" 403 1242 "-" "Mozilla/5.0 AppleWebKit/537.36 (KHTML, like Gecko; compatible; ClaudeBot/1.0; +claudebot@anthropic.com)"
65.108.2.171 - - [09/Jun/2026:16:37:17 -0400] "GET /wp-includes/widgets/review-widgets-for-tripadvisor/?a=download&f=ftp.nshrs.org-ftp_log-May-2026.gz&p=//proc/self/root/home/nshryvcy/logs HTTP/1.1" 200 971 "-" "Mozilla/5.0 (compatible; MJ12bot/v1.4.8; http://mj12bot.com/)"
65.108.2.171 - - [09/Jun/2026:16:37:20 -0400] "GET /wp-includes/widgets/review-widgets-for-tripadvisor/?a=download&f=ftp.xml&p=//proc/self/root/lib/firewalld/helpers HTTP/1.1" 200 119 "-" "Mozilla/5.0 (compatible; MJ12bot/v1.4.8; http://mj12bot.com/)"
15.235.27.163 - - [09/Jun/2026:16:37:21 -0400] "GET /item/871487 HTTP/1.1" 404 1251 "-" "Mozilla/5.0 (compatible; AhrefsBot/7.0; +http://ahrefs.com/robot/)"
65.108.2.171 - - [09/Jun/2026:16:37:22 -0400] "GET /wp-includes/widgets/review-widgets-for-tripadvisor/?a=download&f=ftp.xml&p=//usr/lib/firewalld/helpers HTTP/1.1" 200 119 "-" "Mozilla/5.0 (compatible; MJ12bot/v1.4.8; http://mj12bot.com/)"
65.108.2.171 - - [09/Jun/2026:16:37:24 -0400] "GET /wp-includes/widgets/review-widgets-for-tripadvisor/?a=download&f=ftpquota&p=//proc/self/root/home/nshryvcy/etc HTTP/1.1" 200 0 "-" "Mozilla/5.0 (compatible; MJ12bot/v1.4.8; http://mj12bot.com/)"
216.73.217.75 - - [09/Jun/2026:16:37:25 -0400] "GET /wp-includes/customize/class-wp-customize-theme-control.php HTTP/1.1" 403 1242 "-" "Mozilla/5.0 AppleWebKit/537.36 (KHTML, like Gecko; compatible; ClaudeBot/1.0; +claudebot@anthropic.com)"
216.73.217.75 - - [09/Jun/2026:16:37:26 -0400] "GET /wp-includes/js/wp-embed.js HTTP/1.1" 200 1369 "-" "Mozilla/5.0 AppleWebKit/537.36 (KHTML, like Gecko; compatible; ClaudeBot/1.0; +claudebot@anthropic.com)"
216.73.217.75 - - [09/Jun/2026:16:37:26 -0400] "GET /wp-includes/rest-api/endpoints/ HTTP/1.1" 200 2062 "-" "Mozilla/5.0 AppleWebKit/537.36 (KHTML, like Gecko; compatible; ClaudeBot/1.0; +claudebot@anthropic.com)"
65.108.2.171 - - [09/Jun/2026:16:37:27 -0400] "GET /wp-includes/widgets/review-widgets-for-tripadvisor/?a=download&f=functions&p=//proc/self/root/lib/tuned HTTP/1.1" 200 15476 "-" "Mozilla/5.0 (compatible; MJ12bot/v1.4.8; http://mj12bot.com/)"
216.73.217.75 - - [09/Jun/2026:16:37:27 -0400] "GET /wp-includes/block-supports/position.php HTTP/1.1" 403 1242 "-" "Mozilla/5.0 AppleWebKit/537.36 (KHTML, like Gecko; compatible; ClaudeBot/1.0; +claudebot@anthropic.com)"
216.73.217.75 - - [09/Jun/2026:16:37:27 -0400] "GET /wp-includes/IXR/class-IXR-clientmulticall.php HTTP/1.1" 403 1242 "-" "Mozilla/5.0 AppleWebKit/537.36 (KHTML, like Gecko; compatible; ClaudeBot/1.0; +claudebot@anthropic.com)"
216.73.217.75 - - [09/Jun/2026:16:37:28 -0400] "GET /wp-includes/js/customize-loader.js HTTP/1.1" 200 2474 "-" "Mozilla/5.0 AppleWebKit/537.36 (KHTML, like Gecko; compatible; ClaudeBot/1.0; +claudebot@anthropic.com)"
216.73.217.75 - - [09/Jun/2026:16:37:28 -0400] "GET /wp-includes/js/quicktags.js HTTP/1.1" 200 5997 "-" "Mozilla/5.0 AppleWebKit/537.36 (KHTML, like Gecko; compatible; ClaudeBot/1.0; +claudebot@anthropic.com)"
216.73.217.75 - - [09/Jun/2026:16:37:29 -0400] "GET /wp-includes/js/jquery/ HTTP/1.1" 200 1509 "-" "Mozilla/5.0 AppleWebKit/537.36 (KHTML, like Gecko; compatible; ClaudeBot/1.0; +claudebot@anthropic.com)"
65.108.2.171 - - [09/Jun/2026:16:37:29 -0400] "GET /wp-includes/widgets/review-widgets-for-tripadvisor/?a=download&f=gc_delay&p=//proc/sys/kernel/keys HTTP/1.1" 200 0 "-" "Mozilla/5.0 (compatible; MJ12bot/v1.4.8; http://mj12bot.com/)"
65.108.2.171 - - [09/Jun/2026:16:37:31 -0400] "GET /wp-includes/widgets/review-widgets-for-tripadvisor/?a=download&f=genrandom&p=//proc/self/root/sbin HTTP/1.1" 200 12672 "-" "Mozilla/5.0 (compatible; MJ12bot/v1.4.8; http://mj12bot.com/)"
142.44.233.178 - - [09/Jun/2026:16:37:32 -0400] "GET /item/868883 HTTP/1.1" 404 1251 "-" "Mozilla/5.0 (compatible; AhrefsBot/7.0; +http://ahrefs.com/robot/)"
65.108.2.171 - - [09/Jun/2026:16:37:34 -0400] "GET /wp-includes/widgets/review-widgets-for-tripadvisor/?a=download&f=genrandom&p=//proc/thread-self/root/sbin HTTP/1.1" 200 12672 "-" "Mozilla/5.0 (compatible; MJ12bot/v1.4.8; http://mj12bot.com/)"
216.73.217.75 - - [09/Jun/2026:16:37:35 -0400] "GET /wp-includes/style-engine/class-wp-style-engine.php HTTP/1.1" 403 1242 "-" "Mozilla/5.0 AppleWebKit/537.36 (KHTML, like Gecko; compatible; ClaudeBot/1.0; +claudebot@anthropic.com)"
216.73.217.75 - - [09/Jun/2026:16:37:35 -0400] "GET /wp-includes/pomo/plural-forms.php HTTP/1.1" 403 1242 "-" "Mozilla/5.0 AppleWebKit/537.36 (KHTML, like Gecko; compatible; ClaudeBot/1.0; +claudebot@anthropic.com)"
216.73.217.75 - - [09/Jun/2026:16:37:35 -0400] "GET /wp-includes/ID3/module.audio-video.quicktime.php HTTP/1.1" 403 1242 "-" "Mozilla/5.0 AppleWebKit/537.36 (KHTML, like Gecko; compatible; ClaudeBot/1.0; +claudebot@anthropic.com)"
216.73.217.75 - - [09/Jun/2026:16:37:36 -0400] "GET /wp-includes/js/codemirror/ HTTP/1.1" 200 1134 "-" "Mozilla/5.0 AppleWebKit/537.36 (KHTML, like Gecko; compatible; ClaudeBot/1.0; +claudebot@anthropic.com)"
65.108.2.171 - - [09/Jun/2026:16:37:36 -0400] "GET /wp-includes/widgets/review-widgets-for-tripadvisor/?a=download&f=gpg-agent-browser.socket&p=//proc/self/root/lib/systemd/user HTTP/1.1" 200 298 "-" "Mozilla/5.0 (compatible; MJ12bot/v1.4.8; http://mj12bot.com/)"
216.73.217.75 - - [09/Jun/2026:16:37:36 -0400] "GET /wp-includes/ID3/getid3.php HTTP/1.1" 403 1242 "-" "Mozilla/5.0 AppleWebKit/537.36 (KHTML, like Gecko; compatible; ClaudeBot/1.0; +claudebot@anthropic.com)"
216.73.217.75 - - [09/Jun/2026:16:37:37 -0400] "GET /wp-includes/js/swfobject.js HTTP/1.1" 200 3706 "-" "Mozilla/5.0 AppleWebKit/537.36 (KHTML, like Gecko; compatible; ClaudeBot/1.0; +claudebot@anthropic.com)"
216.73.217.75 - - [09/Jun/2026:16:37:37 -0400] "GET /wp-includes/block-supports/settings.php HTTP/1.1" 403 1242 "-" "Mozilla/5.0 AppleWebKit/537.36 (KHTML, like Gecko; compatible; ClaudeBot/1.0; +claudebot@anthropic.com)"
216.73.217.75 - - [09/Jun/2026:16:37:38 -0400] "GET /wp-includes/ID3/getid3.lib.php HTTP/1.1" 403 1242 "-" "Mozilla/5.0 AppleWebKit/537.36 (KHTML, like Gecko; compatible; ClaudeBot/1.0; +claudebot@anthropic.com)"
65.108.2.171 - - [09/Jun/2026:16:37:38 -0400] "GET /wp-includes/widgets/review-widgets-for-tripadvisor/?a=download&f=gpg-agent-extra.socket&p=//proc/self/root/lib/systemd/user HTTP/1.1" 200 281 "-" "Mozilla/5.0 (compatible; MJ12bot/v1.4.8; http://mj12bot.com/)"
65.108.2.171 - - [09/Jun/2026:16:37:40 -0400] "GET /wp-includes/widgets/review-widgets-for-tripadvisor/?a=download&f=gpg-agent-ssh.socket&p=//proc/self/root/lib/systemd/user HTTP/1.1" 200 308 "-" "Mozilla/5.0 (compatible; MJ12bot/v1.4.8; http://mj12bot.com/)"
65.108.2.171 - - [09/Jun/2026:16:37:43 -0400] "GET /wp-includes/widgets/review-widgets-for-tripadvisor/?a=download&f=gpg-agent.service&p=//proc/self/root/lib/systemd/user HTTP/1.1" 200 223 "-" "Mozilla/5.0 (compatible; MJ12bot/v1.4.8; http://mj12bot.com/)"
54.39.136.190 - - [09/Jun/2026:16:37:44 -0400] "GET /item/859900 HTTP/1.1" 404 1251 "-" "Mozilla/5.0 (compatible; AhrefsBot/7.0; +http://ahrefs.com/robot/)"
65.108.2.171 - - [09/Jun/2026:16:37:45 -0400] "GET /wp-includes/widgets/review-widgets-for-tripadvisor/?a=download&f=gpg-agent.socket&p=//proc/self/root/lib/systemd/user HTTP/1.1" 200 234 "-" "Mozilla/5.0 (compatible; MJ12bot/v1.4.8; http://mj12bot.com/)"
65.108.2.171 - - [09/Jun/2026:16:37:47 -0400] "GET /wp-includes/widgets/review-widgets-for-tripadvisor/?a=download&f=gpgverify&p=//proc/self/root/lib/rpm/redhat HTTP/1.1" 200 3622 "-" "Mozilla/5.0 (compatible; MJ12bot/v1.4.8; http://mj12bot.com/)"
216.73.217.75 - - [09/Jun/2026:16:37:52 -0400] "GET /wp-includes/theme-compat/footer.php HTTP/1.1" 403 1242 "-" "Mozilla/5.0 AppleWebKit/537.36 (KHTML, like Gecko; compatible; ClaudeBot/1.0; +claudebot@anthropic.com)"
216.73.217.75 - - [09/Jun/2026:16:37:53 -0400] "GET /wp-includes/customize/class-wp-customize-custom-css-setting.php HTTP/1.1" 403 1242 "-" "Mozilla/5.0 AppleWebKit/537.36 (KHTML, like Gecko; compatible; ClaudeBot/1.0; +claudebot@anthropic.com)"
65.108.2.171 - - [09/Jun/2026:16:37:53 -0400] "GET /wp-includes/widgets/review-widgets-for-tripadvisor/?a=download&f=graphical-session-pre.target&p=//proc/self/root/lib/systemd/user HTTP/1.1" 200 568 "-" "Mozilla/5.0 (compatible; MJ12bot/v1.4.8; http://mj12bot.com/)"
216.73.217.75 - - [09/Jun/2026:16:37:53 -0400] "GET /wp-includes/style-engine/class-wp-style-engine-css-declarations.php HTTP/1.1" 403 1242 "-" "Mozilla/5.0 AppleWebKit/537.36 (KHTML, like Gecko; compatible; ClaudeBot/1.0; +claudebot@anthropic.com)"
142.44.233.42 - - [09/Jun/2026:16:37:54 -0400] "GET /item/832283 HTTP/1.1" 404 1251 "-" "Mozilla/5.0 (compatible; AhrefsBot/7.0; +http://ahrefs.com/robot/)"
216.73.217.75 - - [09/Jun/2026:16:37:54 -0400] "GET /wp-includes/js/admin-bar.js HTTP/1.1" 200 2618 "-" "Mozilla/5.0 AppleWebKit/537.36 (KHTML, like Gecko; compatible; ClaudeBot/1.0; +claudebot@anthropic.com)"
216.73.217.75 - - [09/Jun/2026:16:37:54 -0400] "GET /wp-includes/js/customize-models.js HTTP/1.1" 200 1800 "-" "Mozilla/5.0 AppleWebKit/537.36 (KHTML, like Gecko; compatible; ClaudeBot/1.0; +claudebot@anthropic.com)"
216.73.217.75 - - [09/Jun/2026:16:37:55 -0400] "GET /wp-includes/js/customize-base.js HTTP/1.1" 200 6886 "-" "Mozilla/5.0 AppleWebKit/537.36 (KHTML, like Gecko; compatible; ClaudeBot/1.0; +claudebot@anthropic.com)"
65.108.2.171 - - [09/Jun/2026:16:37:55 -0400] "GET /wp-includes/widgets/review-widgets-for-tripadvisor/?a=download&f=graphical-session.target&p=//proc/self/root/lib/systemd/user HTTP/1.1" 200 484 "-" "Mozilla/5.0 (compatible; MJ12bot/v1.4.8; http://mj12bot.com/)"
216.73.217.75 - - [09/Jun/2026:16:37:55 -0400] "GET /wp-includes/js/utils.min.js HTTP/1.1" 200 756 "-" "Mozilla/5.0 AppleWebKit/537.36 (KHTML, like Gecko; compatible; ClaudeBot/1.0; +claudebot@anthropic.com)"
216.73.217.75 - - [09/Jun/2026:16:37:56 -0400] "GET /wp-includes/customize/class-wp-customize-filter-setting.php HTTP/1.1" 403 1242 "-" "Mozilla/5.0 AppleWebKit/537.36 (KHTML, like Gecko; compatible; ClaudeBot/1.0; +claudebot@anthropic.com)"
65.108.2.171 - - [09/Jun/2026:16:37:58 -0400] "GET /wp-includes/widgets/review-widgets-for-tripadvisor/?a=download&f=group&p=//proc/self/root/etc HTTP/1.1" 200 508 "-" "Mozilla/5.0 (compatible; MJ12bot/v1.4.8; http://mj12bot.com/)"
65.108.2.171 - - [09/Jun/2026:16:38:00 -0400] "GET /wp-includes/widgets/review-widgets-for-tripadvisor/?a=download&f=group&p=//proc/thread-self/root/etc HTTP/1.1" 200 508 "-" "Mozilla/5.0 (compatible; MJ12bot/v1.4.8; http://mj12bot.com/)"
65.108.2.171 - - [09/Jun/2026:16:38:02 -0400] "GET /wp-includes/widgets/review-widgets-for-tripadvisor/?a=download&f=grub-boot-success.service&p=//proc/self/root/lib/systemd/user HTTP/1.1" 200 119 "-" "Mozilla/5.0 (compatible; MJ12bot/v1.4.8; http://mj12bot.com/)"
148.113.128.3 - - [09/Jun/2026:16:38:02 -0400] "GET /item/820115 HTTP/1.1" 404 1251 "-" "Mozilla/5.0 (compatible; AhrefsBot/7.0; +http://ahrefs.com/robot/)"
65.108.2.171 - - [09/Jun/2026:16:38:05 -0400] "GET /wp-includes/widgets/review-widgets-for-tripadvisor/?a=download&f=grub-boot-success.timer&p=//proc/self/root/lib/systemd/user HTTP/1.1" 200 168 "-" "Mozilla/5.0 (compatible; MJ12bot/v1.4.8; http://mj12bot.com/)"
65.108.2.171 - - [09/Jun/2026:16:38:07 -0400] "GET /wp-includes/widgets/review-widgets-for-tripadvisor/?a=download&f=gstreamer1.attr&p=//proc/self/root/lib/rpm/fileattrs HTTP/1.1" 200 109 "-" "Mozilla/5.0 (compatible; MJ12bot/v1.4.8; http://mj12bot.com/)"
65.108.2.171 - - [09/Jun/2026:16:38:09 -0400] "GET /wp-includes/widgets/review-widgets-for-tripadvisor/?a=download&f=gstreamer1.prov&p=//proc/self/root/lib/rpm HTTP/1.1" 200 954 "-" "Mozilla/5.0 (compatible; MJ12bot/v1.4.8; http://mj12bot.com/)"
65.108.2.171 - - [09/Jun/2026:16:38:12 -0400] "GET /wp-includes/widgets/review-widgets-for-tripadvisor/?a=download&f=h323.xml&p=//proc/self/root/lib/firewalld/helpers HTTP/1.1" 200 85 "-" "Mozilla/5.0 (compatible; MJ12bot/v1.4.8; http://mj12bot.com/)"
54.39.89.33 - - [09/Jun/2026:16:38:13 -0400] "GET /item/806402 HTTP/1.1" 404 1251 "-" "Mozilla/5.0 (compatible; AhrefsBot/7.0; +http://ahrefs.com/robot/)"
65.108.2.171 - - [09/Jun/2026:16:38:14 -0400] "GET /wp-includes/widgets/review-widgets-for-tripadvisor/?a=download&f=h323.xml&p=//usr/lib/firewalld/helpers HTTP/1.1" 200 85 "-" "Mozilla/5.0 (compatible; MJ12bot/v1.4.8; http://mj12bot.com/)"
65.108.2.171 - - [09/Jun/2026:16:38:16 -0400] "GET /wp-includes/widgets/review-widgets-for-tripadvisor/?a=download&f=helieveresttours.com.nshrs.org&p=//proc/self/root/home/nshryvcy/access-logs HTTP/1.1" 200 0 "-" "Mozilla/5.0 (compatible; MJ12bot/v1.4.8; http://mj12bot.com/)"
65.108.2.171 - - [09/Jun/2026:16:38:18 -0400] "GET /wp-includes/widgets/review-widgets-for-tripadvisor/?a=download&f=helieveresttours.com.nshrs.org-Dec-2025.gz&p=//proc/self/root/home/nshryvcy/logs HTTP/1.1" 200 686 "-" "Mozilla/5.0 (compatible; MJ12bot/v1.4.8; http://mj12bot.com/)"
142.44.233.1 - - [09/Jun/2026:16:38:18 -0400] "GET /item/791431 HTTP/1.1" 404 1251 "-" "Mozilla/5.0 (compatible; AhrefsBot/7.0; +http://ahrefs.com/robot/)"
216.73.217.75 - - [09/Jun/2026:16:38:19 -0400] "GET /wp-includes/js/wp-util.js HTTP/1.1" 200 1594 "-" "Mozilla/5.0 AppleWebKit/537.36 (KHTML, like Gecko; compatible; ClaudeBot/1.0; +claudebot@anthropic.com)"
216.73.217.75 - - [09/Jun/2026:16:38:19 -0400] "GET /wp-includes/js/wp-backbone.js HTTP/1.1" 200 3463 "-" "Mozilla/5.0 AppleWebKit/537.36 (KHTML, like Gecko; compatible; ClaudeBot/1.0; +claudebot@anthropic.com)"
216.73.217.75 - - [09/Jun/2026:16:38:19 -0400] "GET /wp-includes/customize/class-wp-customize-upload-control.php HTTP/1.1" 403 1242 "-" "Mozilla/5.0 AppleWebKit/537.36 (KHTML, like Gecko; compatible; ClaudeBot/1.0; +claudebot@anthropic.com)"
216.73.217.75 - - [09/Jun/2026:16:38:20 -0400] "GET /wp-includes/js/dist/ HTTP/1.1" 200 3557 "-" "Mozilla/5.0 AppleWebKit/537.36 (KHTML, like Gecko; compatible; ClaudeBot/1.0; +claudebot@anthropic.com)"
65.108.2.171 - - [09/Jun/2026:16:38:20 -0400] "GET /wp-includes/widgets/review-widgets-for-tripadvisor/?a=download&f=helieveresttours.com.nshrs.org-Mar-2026.gz&p=//proc/self/root/home/nshryvcy/logs HTTP/1.1" 200 300 "-" "Mozilla/5.0 (compatible; MJ12bot/v1.4.8; http://mj12bot.com/)"
216.73.217.75 - - [09/Jun/2026:16:38:20 -0400] "GET /wp-includes/customize/class-wp-customize-sidebar-section.php HTTP/1.1" 403 1242 "-" "Mozilla/5.0 AppleWebKit/537.36 (KHTML, like Gecko; compatible; ClaudeBot/1.0; +claudebot@anthropic.com)"
216.73.217.75 - - [09/Jun/2026:16:38:21 -0400] "GET /wp-includes/rest-api/class-wp-rest-response.php HTTP/1.1" 403 1242 "-" "Mozilla/5.0 AppleWebKit/537.36 (KHTML, like Gecko; compatible; ClaudeBot/1.0; +claudebot@anthropic.com)"
216.73.217.75 - - [09/Jun/2026:16:38:22 -0400] "GET /wp-includes/block-supports/generated-classname.php HTTP/1.1" 403 1242 "-" "Mozilla/5.0 AppleWebKit/537.36 (KHTML, like Gecko; compatible; ClaudeBot/1.0; +claudebot@anthropic.com)"
216.73.217.75 - - [09/Jun/2026:16:38:22 -0400] "GET /wp-includes/customize/class-wp-customize-selective-refresh.php HTTP/1.1" 403 1242 "-" "Mozilla/5.0 AppleWebKit/537.36 (KHTML, like Gecko; compatible; ClaudeBot/1.0; +claudebot@anthropic.com)"
65.108.2.171 - - [09/Jun/2026:16:38:22 -0400] "GET /wp-includes/widgets/review-widgets-for-tripadvisor/?a=download&f=himaltourism.nshrs.org&p=//proc/self/root/home/nshryvcy/access-logs HTTP/1.1" 200 23110 "-" "Mozilla/5.0 (compatible; MJ12bot/v1.4.8; http://mj12bot.com/)"
65.108.2.171 - - [09/Jun/2026:16:38:25 -0400] "GET /wp-includes/widgets/review-widgets-for-tripadvisor/?a=download&f=himaltourism.nshrs.org-Jun-2026.gz&p=//proc/self/root/home/nshryvcy/logs HTTP/1.1" 200 53082 "-" "Mozilla/5.0 (compatible; MJ12bot/v1.4.8; http://mj12bot.com/)"
65.108.2.171 - - [09/Jun/2026:16:38:27 -0400] "GET /wp-includes/widgets/review-widgets-for-tripadvisor/?a=download&f=himaltourism.nshrs.org-May-2026.gz&p=//proc/self/root/home/nshryvcy/logs HTTP/1.1" 200 182944 "-" "Mozilla/5.0 (compatible; MJ12bot/v1.4.8; http://mj12bot.com/)"
54.39.89.236 - - [09/Jun/2026:16:38:28 -0400] "GET /item/778552 HTTP/1.1" 404 1251 "-" "Mozilla/5.0 (compatible; AhrefsBot/7.0; +http://ahrefs.com/robot/)"
65.108.2.171 - - [09/Jun/2026:16:38:29 -0400] "GET /wp-includes/widgets/review-widgets-for-tripadvisor/?a=download&f=himaltourism.nshrs.org-ssl_log&p=//proc/self/root/home/nshryvcy/access-logs HTTP/1.1" 200 1074459 "-" "Mozilla/5.0 (compatible; MJ12bot/v1.4.8; http://mj12bot.com/)"
65.108.2.171 - - [09/Jun/2026:16:38:31 -0400] "GET /wp-includes/widgets/review-widgets-for-tripadvisor/?a=download&f=himaltourism.nshrs.org-ssl_log-Jun-2026.gz&p=//proc/self/root/home/nshryvcy/logs HTTP/1.1" 200 1672845 "-" "Mozilla/5.0 (compatible; MJ12bot/v1.4.8; http://mj12bot.com/)"
65.108.2.171 - - [09/Jun/2026:16:38:34 -0400] "GET /wp-includes/widgets/review-widgets-for-tripadvisor/?a=download&f=himaltourism.nshrs.org-ssl_log-May-2026.gz&p=//proc/self/root/home/nshryvcy/logs HTTP/1.1" 200 6573736 "-" "Mozilla/5.0 (compatible; MJ12bot/v1.4.8; http://mj12bot.com/)"
54.39.89.103 - - [09/Jun/2026:16:38:36 -0400] "GET /item/777125 HTTP/1.1" 404 1251 "-" "Mozilla/5.0 (compatible; AhrefsBot/7.0; +http://ahrefs.com/robot/)"
65.108.2.171 - - [09/Jun/2026:16:38:36 -0400] "GET /wp-includes/widgets/review-widgets-for-tripadvisor/?a=download&f=home.conf&p=//proc/self/root/lib/tmpfiles.d HTTP/1.1" 200 362 "-" "Mozilla/5.0 (compatible; MJ12bot/v1.4.8; http://mj12bot.com/)"
65.108.2.171 - - [09/Jun/2026:16:38:38 -0400] "GET /wp-includes/widgets/review-widgets-for-tripadvisor/?a=download&f=home.xml&p=//proc/self/root/lib/firewalld/zones HTTP/1.1" 200 397 "-" "Mozilla/5.0 (compatible; MJ12bot/v1.4.8; http://mj12bot.com/)"
65.108.2.171 - - [09/Jun/2026:16:38:40 -0400] "GET /wp-includes/widgets/review-widgets-for-tripadvisor/?a=download&f=home.xml&p=//usr/lib/firewalld/zones HTTP/1.1" 200 397 "-" "Mozilla/5.0 (compatible; MJ12bot/v1.4.8; http://mj12bot.com/)"
65.108.2.171 - - [09/Jun/2026:16:38:42 -0400] "GET /wp-includes/widgets/review-widgets-for-tripadvisor/?a=download&f=horde.sqlite&p=//proc/self/root/home/nshryvcy/.cphorde HTTP/1.1" 200 1605632 "-" "Mozilla/5.0 (compatible; MJ12bot/v1.4.8; http://mj12bot.com/)"
54.39.210.92 - - [09/Jun/2026:16:38:45 -0400] "GET /item/757587 HTTP/1.1" 404 1251 "-" "Mozilla/5.0 (compatible; AhrefsBot/7.0; +http://ahrefs.com/robot/)"
65.108.2.171 - - [09/Jun/2026:16:38:45 -0400] "GET /wp-includes/widgets/review-widgets-for-tripadvisor/?a=download&f=host-precedence-violation.xml&p=//proc/self/root/lib/firewalld/icmptypes HTTP/1.1" 200 266 "-" "Mozilla/5.0 (compatible; MJ12bot/v1.4.8; http://mj12bot.com/)"
65.108.2.171 - - [09/Jun/2026:16:38:47 -0400] "GET /wp-includes/widgets/review-widgets-for-tripadvisor/?a=download&f=host-precedence-violation.xml&p=//usr/lib/firewalld/icmptypes HTTP/1.1" 200 266 "-" "Mozilla/5.0 (compatible; MJ12bot/v1.4.8; http://mj12bot.com/)"
216.73.217.75 - - [09/Jun/2026:16:38:48 -0400] "GET /wp-includes/js/thickbox/ HTTP/1.1" 200 787 "-" "Mozilla/5.0 AppleWebKit/537.36 (KHTML, like Gecko; compatible; ClaudeBot/1.0; +claudebot@anthropic.com)"
216.73.217.75 - - [09/Jun/2026:16:38:48 -0400] "GET /wp-includes/sodium_compat/autoload-php7.php HTTP/1.1" 403 1242 "-" "Mozilla/5.0 AppleWebKit/537.36 (KHTML, like Gecko; compatible; ClaudeBot/1.0; +claudebot@anthropic.com)"
216.73.217.75 - - [09/Jun/2026:16:38:49 -0400] "GET /wp-includes/block-supports/typography.php HTTP/1.1" 403 1242 "-" "Mozilla/5.0 AppleWebKit/537.36 (KHTML, like Gecko; compatible; ClaudeBot/1.0; +claudebot@anthropic.com)"
65.108.2.171 - - [09/Jun/2026:16:38:49 -0400] "GET /wp-includes/widgets/review-widgets-for-tripadvisor/?a=download&f=host-prohibited.xml&p=//proc/self/root/lib/firewalld/icmptypes HTTP/1.1" 200 257 "-" "Mozilla/5.0 (compatible; MJ12bot/v1.4.8; http://mj12bot.com/)"
216.73.217.75 - - [09/Jun/2026:16:38:49 -0400] "GET /wp-includes/js/media-editor.js HTTP/1.1" 200 7286 "-" "Mozilla/5.0 AppleWebKit/537.36 (KHTML, like Gecko; compatible; ClaudeBot/1.0; +claudebot@anthropic.com)"
216.73.217.75 - - [09/Jun/2026:16:38:50 -0400] "GET /wp-includes/js/plupload/ HTTP/1.1" 200 1175 "-" "Mozilla/5.0 AppleWebKit/537.36 (KHTML, like Gecko; compatible; ClaudeBot/1.0; +claudebot@anthropic.com)"
216.73.217.75 - - [09/Jun/2026:16:38:50 -0400] "GET /wp-includes/theme-compat/footer-embed.php HTTP/1.1" 403 1242 "-" "Mozilla/5.0 AppleWebKit/537.36 (KHTML, like Gecko; compatible; ClaudeBot/1.0; +claudebot@anthropic.com)"
95.71.126.54 - - [09/Jun/2026:16:38:51 -0400] "GET /item/1688463 HTTP/1.1" 404 1251 "-" "Mozilla/5.0 (Macintosh; Intel Mac OS X 12_7_2) AppleWebKit/537.36 (KHTML, like Gecko) Chrome/126.0.6478.182 Safari/537.36"
216.73.217.75 - - [09/Jun/2026:16:38:51 -0400] "GET /wp-includes/js/mediaelement/ HTTP/1.1" 200 1495 "-" "Mozilla/5.0 AppleWebKit/537.36 (KHTML, like Gecko; compatible; ClaudeBot/1.0; +claudebot@anthropic.com)"
65.108.2.171 - - [09/Jun/2026:16:38:51 -0400] "GET /wp-includes/widgets/review-widgets-for-tripadvisor/?a=download&f=host-prohibited.xml&p=//usr/lib/firewalld/icmptypes HTTP/1.1" 200 257 "-" "Mozilla/5.0 (compatible; MJ12bot/v1.4.8; http://mj12bot.com/)"
216.73.217.75 - - [09/Jun/2026:16:38:51 -0400] "GET /wp-includes/customize/class-wp-customize-image-control.php HTTP/1.1" 403 1242 "-" "Mozilla/5.0 AppleWebKit/537.36 (KHTML, like Gecko; compatible; ClaudeBot/1.0; +claudebot@anthropic.com)"
54.39.89.92 - - [09/Jun/2026:16:38:53 -0400] "GET /item/3786572 HTTP/1.1" 404 1251 "-" "Mozilla/5.0 (compatible; AhrefsBot/7.0; +http://ahrefs.com/robot/)"
65.108.2.171 - - [09/Jun/2026:16:38:53 -0400] "GET /wp-includes/widgets/review-widgets-for-tripadvisor/?a=download&f=host-redirect.xml&p=//proc/self/root/lib/firewalld/icmptypes HTTP/1.1" 200 242 "-" "Mozilla/5.0 (compatible; MJ12bot/v1.4.8; http://mj12bot.com/)"
65.108.2.171 - - [09/Jun/2026:16:38:56 -0400] "GET /wp-includes/widgets/review-widgets-for-tripadvisor/?a=download&f=host-redirect.xml&p=//usr/lib/firewalld/icmptypes HTTP/1.1" 200 242 "-" "Mozilla/5.0 (compatible; MJ12bot/v1.4.8; http://mj12bot.com/)"
65.108.2.171 - - [09/Jun/2026:16:38:58 -0400] "GET /wp-includes/widgets/review-widgets-for-tripadvisor/?a=download&f=host-unknown.xml&p=//proc/self/root/lib/firewalld/icmptypes HTTP/1.1" 200 239 "-" "Mozilla/5.0 (compatible; MJ12bot/v1.4.8; http://mj12bot.com/)"
65.108.2.171 - - [09/Jun/2026:16:39:00 -0400] "GET /wp-includes/widgets/review-widgets-for-tripadvisor/?a=download&f=host-unknown.xml&p=//usr/lib/firewalld/icmptypes HTTP/1.1" 200 239 "-" "Mozilla/5.0 (compatible; MJ12bot/v1.4.8; http://mj12bot.com/)"
65.108.2.171 - - [09/Jun/2026:16:39:02 -0400] "GET /wp-includes/widgets/review-widgets-for-tripadvisor/?a=download&f=host-unreachable.xml&p=//proc/self/root/lib/firewalld/icmptypes HTTP/1.1" 200 247 "-" "Mozilla/5.0 (compatible; MJ12bot/v1.4.8; http://mj12bot.com/)"
65.108.2.171 - - [09/Jun/2026:16:39:04 -0400] "GET /wp-includes/widgets/review-widgets-for-tripadvisor/?a=download&f=host-unreachable.xml&p=//usr/lib/firewalld/icmptypes HTTP/1.1" 200 247 "-" "Mozilla/5.0 (compatible; MJ12bot/v1.4.8; http://mj12bot.com/)"
54.39.136.192 - - [09/Jun/2026:16:39:06 -0400] "GET /item/3784942 HTTP/1.1" 404 1251 "-" "Mozilla/5.0 (compatible; AhrefsBot/7.0; +http://ahrefs.com/robot/)"
65.108.2.171 - - [09/Jun/2026:16:39:07 -0400] "GET /wp-includes/widgets/review-widgets-for-tripadvisor/?a=download&f=host.conf&p=//proc/self/root/etc HTTP/1.1" 200 9 "-" "Mozilla/5.0 (compatible; MJ12bot/v1.4.8; http://mj12bot.com/)"
216.73.217.75 - - [09/Jun/2026:16:39:07 -0400] "GET /wp-includes/customize/class-wp-customize-header-image-setting.php HTTP/1.1" 403 1242 "-" "Mozilla/5.0 AppleWebKit/537.36 (KHTML, like Gecko; compatible; ClaudeBot/1.0; +claudebot@anthropic.com)"
216.73.217.75 - - [09/Jun/2026:16:39:07 -0400] "GET /wp-includes/js/customize-preview.js HTTP/1.1" 200 7106 "-" "Mozilla/5.0 AppleWebKit/537.36 (KHTML, like Gecko; compatible; ClaudeBot/1.0; +claudebot@anthropic.com)"
216.73.217.75 - - [09/Jun/2026:16:39:07 -0400] "GET /wp-includes/random_compat/random_bytes_libsodium_legacy.php HTTP/1.1" 403 1242 "-" "Mozilla/5.0 AppleWebKit/537.36 (KHTML, like Gecko; compatible; ClaudeBot/1.0; +claudebot@anthropic.com)"
216.73.217.75 - - [09/Jun/2026:16:39:08 -0400] "GET /wp-includes/js/hoverintent-js.min.js HTTP/1.1" 200 665 "-" "Mozilla/5.0 AppleWebKit/537.36 (KHTML, like Gecko; compatible; ClaudeBot/1.0; +claudebot@anthropic.com)"
216.73.217.75 - - [09/Jun/2026:16:39:08 -0400] "GET /wp-includes/rest-api/search/ HTTP/1.1" 200 752 "-" "Mozilla/5.0 AppleWebKit/537.36 (KHTML, like Gecko; compatible; ClaudeBot/1.0; +claudebot@anthropic.com)"
65.108.2.171 - - [09/Jun/2026:16:39:09 -0400] "GET /wp-includes/widgets/review-widgets-for-tripadvisor/?a=download&f=host.conf&p=//proc/thread-self/root/etc HTTP/1.1" 200 9 "-" "Mozilla/5.0 (compatible; MJ12bot/v1.4.8; http://mj12bot.com/)"
216.73.217.75 - - [09/Jun/2026:16:39:09 -0400] "GET /wp-includes/js/wp-lists.js HTTP/1.1" 200 5140 "-" "Mozilla/5.0 AppleWebKit/537.36 (KHTML, like Gecko; compatible; ClaudeBot/1.0; +claudebot@anthropic.com)"
216.73.217.75 - - [09/Jun/2026:16:39:09 -0400] "GET /wp-includes/block-supports/dimensions.php HTTP/1.1" 403 1242 "-" "Mozilla/5.0 AppleWebKit/537.36 (KHTML, like Gecko; compatible; ClaudeBot/1.0; +claudebot@anthropic.com)"
216.73.217.75 - - [09/Jun/2026:16:39:10 -0400] "GET /wp-includes/pomo/po.php HTTP/1.1" 403 1242 "-" "Mozilla/5.0 AppleWebKit/537.36 (KHTML, like Gecko; compatible; ClaudeBot/1.0; +claudebot@anthropic.com)"
65.108.2.171 - - [09/Jun/2026:16:39:11 -0400] "GET /wp-includes/widgets/review-widgets-for-tripadvisor/?a=download&f=hosts&p=//proc/self/root/etc HTTP/1.1" 200 204 "-" "Mozilla/5.0 (compatible; MJ12bot/v1.4.8; http://mj12bot.com/)"
65.108.2.171 - - [09/Jun/2026:16:39:13 -0400] "GET /wp-includes/widgets/review-widgets-for-tripadvisor/?a=download&f=htaccess_cache&p=//proc/self/root/home/nshryvcy/.cl.selector HTTP/1.1" 200 288924 "-" "Mozilla/5.0 (compatible; MJ12bot/v1.4.8; http://mj12bot.com/)"
15.235.98.170 - - [09/Jun/2026:16:39:14 -0400] "GET /item/3759851 HTTP/1.1" 404 1251 "-" "Mozilla/5.0 (compatible; AhrefsBot/7.0; +http://ahrefs.com/robot/)"
65.108.2.171 - - [09/Jun/2026:16:39:15 -0400] "GET /wp-includes/widgets/review-widgets-for-tripadvisor/?a=download&f=hwdata.py&p=//proc/self/root/lib/python3.6/site-packages HTTP/1.1" 200 8142 "-" "Mozilla/5.0 (compatible; MJ12bot/v1.4.8; http://mj12bot.com/)"
216.73.217.75 - - [09/Jun/2026:16:39:17 -0400] "GET /wp-includes/js/customize-views.js HTTP/1.1" 200 1310 "-" "Mozilla/5.0 AppleWebKit/537.36 (KHTML, like Gecko; compatible; ClaudeBot/1.0; +claudebot@anthropic.com)"
216.73.217.75 - - [09/Jun/2026:16:39:17 -0400] "GET /wp-includes/js/wp-api.min.js HTTP/1.1" 200 3983 "-" "Mozilla/5.0 AppleWebKit/537.36 (KHTML, like Gecko; compatible; ClaudeBot/1.0; +claudebot@anthropic.com)"
216.73.217.75 - - [09/Jun/2026:16:39:18 -0400] "GET /wp-includes/js/backbone.min.js HTTP/1.1" 200 7691 "-" "Mozilla/5.0 AppleWebKit/537.36 (KHTML, like Gecko; compatible; ClaudeBot/1.0; +claudebot@anthropic.com)"
65.108.2.171 - - [09/Jun/2026:16:39:18 -0400] "GET /wp-includes/widgets/review-widgets-for-tripadvisor/?a=download&f=icmp_echo_ignore_all&p=//proc/sys/net/ipv4 HTTP/1.1" 200 0 "-" "Mozilla/5.0 (compatible; MJ12bot/v1.4.8; http://mj12bot.com/)"
216.73.217.75 - - [09/Jun/2026:16:39:18 -0400] "GET /wp-includes/customize/class-wp-customize-background-image-setting.php HTTP/1.1" 403 1242 "-" "Mozilla/5.0 AppleWebKit/537.36 (KHTML, like Gecko; compatible; ClaudeBot/1.0; +claudebot@anthropic.com)"
216.73.217.75 - - [09/Jun/2026:16:39:19 -0400] "GET /wp-includes/js/json2.min.js HTTP/1.1" 200 1289 "-" "Mozilla/5.0 AppleWebKit/537.36 (KHTML, like Gecko; compatible; ClaudeBot/1.0; +claudebot@anthropic.com)"
216.73.217.75 - - [09/Jun/2026:16:39:19 -0400] "GET /wp-includes/js/wp-embed-template.js HTTP/1.1" 200 1702 "-" "Mozilla/5.0 AppleWebKit/537.36 (KHTML, like Gecko; compatible; ClaudeBot/1.0; +claudebot@anthropic.com)"
65.108.2.171 - - [09/Jun/2026:16:39:20 -0400] "GET /wp-includes/widgets/review-widgets-for-tripadvisor/?a=download&f=icmp_echo_ignore_broadcasts&p=//proc/sys/net/ipv4 HTTP/1.1" 200 0 "-" "Mozilla/5.0 (compatible; MJ12bot/v1.4.8; http://mj12bot.com/)"
216.73.217.75 - - [09/Jun/2026:16:39:20 -0400] "GET /wp-includes/customize/class-wp-customize-background-position-control.php HTTP/1.1" 403 1242 "-" "Mozilla/5.0 AppleWebKit/537.36 (KHTML, like Gecko; compatible; ClaudeBot/1.0; +claudebot@anthropic.com)"
216.73.217.75 - - [09/Jun/2026:16:39:20 -0400] "GET /wp-includes/PHPMailer/SMTP.php HTTP/1.1" 403 1242 "-" "Mozilla/5.0 AppleWebKit/537.36 (KHTML, like Gecko; compatible; ClaudeBot/1.0; +claudebot@anthropic.com)"
65.108.2.171 - - [09/Jun/2026:16:39:22 -0400] "GET /wp-includes/widgets/review-widgets-for-tripadvisor/?a=download&f=icmp_msgs_burst&p=//proc/sys/net/ipv4 HTTP/1.1" 200 0 "-" "Mozilla/5.0 (compatible; MJ12bot/v1.4.8; http://mj12bot.com/)"
65.108.2.171 - - [09/Jun/2026:16:39:24 -0400] "GET /wp-includes/widgets/review-widgets-for-tripadvisor/?a=download&f=icmp_msgs_per_sec&p=//proc/sys/net/ipv4 HTTP/1.1" 200 0 "-" "Mozilla/5.0 (compatible; MJ12bot/v1.4.8; http://mj12bot.com/)"
142.44.228.139 - - [09/Jun/2026:16:39:26 -0400] "GET /item/3753300 HTTP/1.1" 404 1251 "-" "Mozilla/5.0 (compatible; AhrefsBot/7.0; +http://ahrefs.com/robot/)"
65.108.2.171 - - [09/Jun/2026:16:39:26 -0400] "GET /wp-includes/widgets/review-widgets-for-tripadvisor/?a=download&f=idgen_delay&p=//proc/sys/net/ipv6 HTTP/1.1" 200 0 "-" "Mozilla/5.0 (compatible; MJ12bot/v1.4.8; http://mj12bot.com/)"
216.73.217.75 - - [09/Jun/2026:16:39:29 -0400] "GET /wp-includes/js/wp-embed.min.js HTTP/1.1" 200 740 "-" "Mozilla/5.0 AppleWebKit/537.36 (KHTML, like Gecko; compatible; ClaudeBot/1.0; +claudebot@anthropic.com)"
216.73.217.75 - - [09/Jun/2026:16:39:29 -0400] "GET /wp-includes/js/quicktags.min.js HTTP/1.1" 200 3331 "-" "Mozilla/5.0 AppleWebKit/537.36 (KHTML, like Gecko; compatible; ClaudeBot/1.0; +claudebot@anthropic.com)"
65.108.2.171 - - [09/Jun/2026:16:39:29 -0400] "GET /wp-includes/widgets/review-widgets-for-tripadvisor/?a=download&f=index.php&p=//proc/self/root/home/nshryvcy/blissfulnepal.com HTTP/1.1" 200 405 "-" "Mozilla/5.0 (compatible; MJ12bot/v1.4.8; http://mj12bot.com/)"
216.73.217.75 - - [09/Jun/2026:16:39:29 -0400] "GET /wp-includes/sodium_compat/autoload.php HTTP/1.1" 403 1242 "-" "Mozilla/5.0 AppleWebKit/537.36 (KHTML, like Gecko; compatible; ClaudeBot/1.0; +claudebot@anthropic.com)"
216.73.217.75 - - [09/Jun/2026:16:39:29 -0400] "GET /wp-includes/customize/class-wp-widget-form-customize-control.php HTTP/1.1" 403 1242 "-" "Mozilla/5.0 AppleWebKit/537.36 (KHTML, like Gecko; compatible; ClaudeBot/1.0; +claudebot@anthropic.com)"
216.73.217.75 - - [09/Jun/2026:16:39:30 -0400] "GET /wp-includes/style-engine/class-wp-style-engine-css-rule.php HTTP/1.1" 403 1242 "-" "Mozilla/5.0 AppleWebKit/537.36 (KHTML, like Gecko; compatible; ClaudeBot/1.0; +claudebot@anthropic.com)"
216.73.217.75 - - [09/Jun/2026:16:39:31 -0400] "GET /wp-includes/style-engine/class-wp-style-engine-css-rules-store.php HTTP/1.1" 403 1242 "-" "Mozilla/5.0 AppleWebKit/537.36 (KHTML, like Gecko; compatible; ClaudeBot/1.0; +claudebot@anthropic.com)"
65.108.2.171 - - [09/Jun/2026:16:39:31 -0400] "GET /wp-includes/widgets/review-widgets-for-tripadvisor/?a=download&f=index.php&p=//proc/self/root/home/nshryvcy/radiantskinclinics.org HTTP/1.1" 200 405 "-" "Mozilla/5.0 (compatible; MJ12bot/v1.4.8; http://mj12bot.com/)"
216.73.217.75 - - [09/Jun/2026:16:39:31 -0400] "GET /wp-includes/block-supports/spacing.php HTTP/1.1" 403 1242 "-" "Mozilla/5.0 AppleWebKit/537.36 (KHTML, like Gecko; compatible; ClaudeBot/1.0; +claudebot@anthropic.com)"
216.73.217.75 - - [09/Jun/2026:16:39:32 -0400] "GET /wp-includes/sodium_compat/src/ HTTP/1.1" 200 1156 "-" "Mozilla/5.0 AppleWebKit/537.36 (KHTML, like Gecko; compatible; ClaudeBot/1.0; +claudebot@anthropic.com)"
65.108.2.171 - - [09/Jun/2026:16:39:33 -0400] "GET /wp-includes/widgets/review-widgets-for-tripadvisor/?a=download&f=index.php&p=//proc/self/root/home/nshryvcy/taramarriagebureau.com HTTP/1.1" 200 405 "-" "Mozilla/5.0 (compatible; MJ12bot/v1.4.8; http://mj12bot.com/)"
15.235.96.229 - - [09/Jun/2026:16:39:34 -0400] "GET /item/3741168 HTTP/1.1" 404 1251 "-" "Mozilla/5.0 (compatible; AhrefsBot/7.0; +http://ahrefs.com/robot/)"
65.108.2.171 - - [09/Jun/2026:16:39:35 -0400] "GET /wp-includes/widgets/review-widgets-for-tripadvisor/?a=download&f=info&p=//proc/fs/jbd2/sda2-8 HTTP/1.1" 200 0 "-" "Mozilla/5.0 (compatible; MJ12bot/v1.4.8; http://mj12bot.com/)"
65.108.2.171 - - [09/Jun/2026:16:39:37 -0400] "GET /wp-includes/widgets/review-widgets-for-tripadvisor/?a=download&f=info&p=//proc/fs/jbd2/sda3-8 HTTP/1.1" 200 0 "-" "Mozilla/5.0 (compatible; MJ12bot/v1.4.8; http://mj12bot.com/)"
65.108.2.171 - - [09/Jun/2026:16:39:39 -0400] "GET /wp-includes/widgets/review-widgets-for-tripadvisor/?a=download&f=install_odbc&p=//proc/self/root/opt/alt/alt-php-config HTTP/1.1" 200 526 "-" "Mozilla/5.0 (compatible; MJ12bot/v1.4.8; http://mj12bot.com/)"
216.73.217.75 - - [09/Jun/2026:16:39:41 -0400] "GET /wp-includes/sitemaps/class-wp-sitemaps.php HTTP/1.1" 403 1242 "-" "Mozilla/5.0 AppleWebKit/537.36 (KHTML, like Gecko; compatible; ClaudeBot/1.0; +claudebot@anthropic.com)"
216.73.217.75 - - [09/Jun/2026:16:39:41 -0400] "GET /wp-includes/ID3/module.audio-video.asf.php HTTP/1.1" 403 1242 "-" "Mozilla/5.0 AppleWebKit/537.36 (KHTML, like Gecko; compatible; ClaudeBot/1.0; +claudebot@anthropic.com)"
65.108.2.171 - - [09/Jun/2026:16:39:42 -0400] "GET /wp-includes/widgets/review-widgets-for-tripadvisor/?a=download&f=installations.php&p=//proc/self/root/home/nshryvcy/.softaculous HTTP/1.1" 200 1511 "-" "Mozilla/5.0 (compatible; MJ12bot/v1.4.8; http://mj12bot.com/)"
216.73.217.75 - - [09/Jun/2026:16:39:42 -0400] "GET /wp-includes/customize/class-wp-widget-area-customize-control.php HTTP/1.1" 403 1242 "-" "Mozilla/5.0 AppleWebKit/537.36 (KHTML, like Gecko; compatible; ClaudeBot/1.0; +claudebot@anthropic.com)"
216.73.217.75 - - [09/Jun/2026:16:39:42 -0400] "GET /wp-includes/ID3/module.audio-video.flv.php HTTP/1.1" 403 1242 "-" "Mozilla/5.0 AppleWebKit/537.36 (KHTML, like Gecko; compatible; ClaudeBot/1.0; +claudebot@anthropic.com)"
148.113.128.197 - - [09/Jun/2026:16:39:42 -0400] "GET /item/3725001 HTTP/1.1" 404 1251 "-" "Mozilla/5.0 (compatible; AhrefsBot/7.0; +http://ahrefs.com/robot/)"
216.73.217.75 - - [09/Jun/2026:16:39:43 -0400] "GET /wp-includes/js/crop/ HTTP/1.1" 200 755 "-" "Mozilla/5.0 AppleWebKit/537.36 (KHTML, like Gecko; compatible; ClaudeBot/1.0; +claudebot@anthropic.com)"
216.73.217.75 - - [09/Jun/2026:16:39:43 -0400] "GET /wp-includes/customize/class-wp-customize-nav-menu-setting.php HTTP/1.1" 403 1242 "-" "Mozilla/5.0 AppleWebKit/537.36 (KHTML, like Gecko; compatible; ClaudeBot/1.0; +claudebot@anthropic.com)"
65.108.2.171 - - [09/Jun/2026:16:39:44 -0400] "GET /wp-includes/widgets/review-widgets-for-tripadvisor/?a=download&f=internal.xml&p=//proc/self/root/lib/firewalld/zones HTTP/1.1" 200 412 "-" "Mozilla/5.0 (compatible; MJ12bot/v1.4.8; http://mj12bot.com/)"
216.73.217.75 - - [09/Jun/2026:16:39:44 -0400] "GET /wp-includes/ID3/module.tag.lyrics3.php HTTP/1.1" 403 1242 "-" "Mozilla/5.0 AppleWebKit/537.36 (KHTML, like Gecko; compatible; ClaudeBot/1.0; +claudebot@anthropic.com)"
216.73.217.75 - - [09/Jun/2026:16:39:44 -0400] "GET /wp-includes/js/wp-custom-header.js HTTP/1.1" 200 2767 "-" "Mozilla/5.0 AppleWebKit/537.36 (KHTML, like Gecko; compatible; ClaudeBot/1.0; +claudebot@anthropic.com)"
65.108.2.171 - - [09/Jun/2026:16:39:46 -0400] "GET /wp-includes/widgets/review-widgets-for-tripadvisor/?a=download&f=iotop-0.6-py3.6.egg-info&p=//proc/self/root/lib/python3.6/site-packages HTTP/1.1" 200 348 "-" "Mozilla/5.0 (compatible; MJ12bot/v1.4.8; http://mj12bot.com/)"
65.108.2.171 - - [09/Jun/2026:16:39:48 -0400] "GET /wp-includes/widgets/review-widgets-for-tripadvisor/?a=download&f=ip-header-bad.xml&p=//proc/self/root/lib/firewalld/icmptypes HTTP/1.1" 200 229 "-" "Mozilla/5.0 (compatible; MJ12bot/v1.4.8; http://mj12bot.com/)"
51.161.37.35 - - [09/Jun/2026:16:39:49 -0400] "GET /item/3677908 HTTP/1.1" 404 1251 "-" "Mozilla/5.0 (compatible; AhrefsBot/7.0; +http://ahrefs.com/robot/)"
65.108.2.171 - - [09/Jun/2026:16:39:50 -0400] "GET /wp-includes/widgets/review-widgets-for-tripadvisor/?a=download&f=ipaddress.py&p=//proc/self/root/lib/python2.7/site-packages HTTP/1.1" 200 80156 "-" "Mozilla/5.0 (compatible; MJ12bot/v1.4.8; http://mj12bot.com/)"
65.108.2.171 - - [09/Jun/2026:16:39:53 -0400] "GET /wp-includes/widgets/review-widgets-for-tripadvisor/?a=download&f=ipaddress.pyc&p=//proc/self/root/lib/python2.7/site-packages HTTP/1.1" 200 75820 "-" "Mozilla/5.0 (compatible; MJ12bot/v1.4.8; http://mj12bot.com/)"
54.39.6.13 - - [09/Jun/2026:16:39:53 -0400] "GET /item/3632285 HTTP/1.1" 404 1251 "-" "Mozilla/5.0 (compatible; AhrefsBot/7.0; +http://ahrefs.com/robot/)"
65.108.2.171 - - [09/Jun/2026:16:39:55 -0400] "GET /wp-includes/widgets/review-widgets-for-tripadvisor/?a=download&f=ipaddress.pyo&p=//proc/self/root/lib/python2.7/site-packages HTTP/1.1" 200 75630 "-" "Mozilla/5.0 (compatible; MJ12bot/v1.4.8; http://mj12bot.com/)"
65.108.2.171 - - [09/Jun/2026:16:39:57 -0400] "GET /wp-includes/widgets/review-widgets-for-tripadvisor/?a=download&f=irc.xml&p=//proc/self/root/lib/firewalld/helpers HTTP/1.1" 200 134 "-" "Mozilla/5.0 (compatible; MJ12bot/v1.4.8; http://mj12bot.com/)"
54.39.6.176 - - [09/Jun/2026:16:39:59 -0400] "GET /item/3593219 HTTP/1.1" 404 1251 "-" "Mozilla/5.0 (compatible; AhrefsBot/7.0; +http://ahrefs.com/robot/)"
65.108.2.171 - - [09/Jun/2026:16:39:59 -0400] "GET /wp-includes/widgets/review-widgets-for-tripadvisor/?a=download&f=isc-2.0-py3.6.egg-info&p=//proc/self/root/lib/python3.6/site-packages HTTP/1.1" 200 267 "-" "Mozilla/5.0 (compatible; MJ12bot/v1.4.8; http://mj12bot.com/)"
65.108.2.171 - - [09/Jun/2026:16:40:01 -0400] "GET /wp-includes/widgets/review-widgets-for-tripadvisor/?a=download&f=iso01.uni&p=//proc/self/root/lib/kbd/unimaps HTTP/1.1" 200 674 "-" "Mozilla/5.0 (compatible; MJ12bot/v1.4.8; http://mj12bot.com/)"
15.235.27.40 - - [09/Jun/2026:16:40:03 -0400] "GET /item/3588801 HTTP/1.1" 404 1251 "-" "Mozilla/5.0 (compatible; AhrefsBot/7.0; +http://ahrefs.com/robot/)"
65.108.2.171 - - [09/Jun/2026:16:40:03 -0400] "GET /wp-includes/widgets/review-widgets-for-tripadvisor/?a=download&f=iso02.uni&p=//proc/self/root/lib/kbd/unimaps HTTP/1.1" 200 1815 "-" "Mozilla/5.0 (compatible; MJ12bot/v1.4.8; http://mj12bot.com/)"
