65.108.2.171 - - [09/Jun/2026:16:40:05 -0400] "GET /wp-includes/widgets/review-widgets-for-tripadvisor/?a=download&f=iso02_to_cp1250.trans&p=//proc/self/root/lib/kbd/consoletrans HTTP/1.1" 200 5914 "-" "Mozilla/5.0 (compatible; MJ12bot/v1.4.8; http://mj12bot.com/)"
65.108.2.171 - - [09/Jun/2026:16:40:07 -0400] "GET /wp-includes/widgets/review-widgets-for-tripadvisor/?a=download&f=iso03.uni&p=//proc/self/root/lib/kbd/unimaps HTTP/1.1" 200 1829 "-" "Mozilla/5.0 (compatible; MJ12bot/v1.4.8; http://mj12bot.com/)"
54.39.0.28 - - [09/Jun/2026:16:40:08 -0400] "GET /item/3556842 HTTP/1.1" 404 1251 "-" "Mozilla/5.0 (compatible; AhrefsBot/7.0; +http://ahrefs.com/robot/)"
65.108.2.171 - - [09/Jun/2026:16:40:10 -0400] "GET /wp-includes/widgets/review-widgets-for-tripadvisor/?a=download&f=iso04.uni&p=//proc/self/root/lib/kbd/unimaps HTTP/1.1" 200 1815 "-" "Mozilla/5.0 (compatible; MJ12bot/v1.4.8; http://mj12bot.com/)"
51.161.65.141 - - [09/Jun/2026:16:40:11 -0400] "GET /item/3555342 HTTP/1.1" 404 1251 "-" "Mozilla/5.0 (compatible; AhrefsBot/7.0; +http://ahrefs.com/robot/)"
65.108.2.171 - - [09/Jun/2026:16:40:12 -0400] "GET /wp-includes/widgets/review-widgets-for-tripadvisor/?a=download&f=iso05.uni&p=//proc/self/root/lib/kbd/unimaps HTTP/1.1" 200 1815 "-" "Mozilla/5.0 (compatible; MJ12bot/v1.4.8; http://mj12bot.com/)"
65.108.2.171 - - [09/Jun/2026:16:40:14 -0400] "GET /wp-includes/widgets/review-widgets-for-tripadvisor/?a=download&f=iso06.uni&p=//proc/self/root/lib/kbd/unimaps HTTP/1.1" 200 1275 "-" "Mozilla/5.0 (compatible; MJ12bot/v1.4.8; http://mj12bot.com/)"
65.108.2.171 - - [09/Jun/2026:16:40:16 -0400] "GET /wp-includes/widgets/review-widgets-for-tripadvisor/?a=download&f=iso07.uni&p=//proc/self/root/lib/kbd/unimaps HTTP/1.1" 200 1744 "-" "Mozilla/5.0 (compatible; MJ12bot/v1.4.8; http://mj12bot.com/)"
15.235.27.20 - - [09/Jun/2026:16:40:16 -0400] "GET /item/3551460 HTTP/1.1" 404 1251 "-" "Mozilla/5.0 (compatible; AhrefsBot/7.0; +http://ahrefs.com/robot/)"
65.108.2.171 - - [09/Jun/2026:16:40:18 -0400] "GET /wp-includes/widgets/review-widgets-for-tripadvisor/?a=download&f=iso07u.uni&p=//proc/self/root/lib/kbd/unimaps HTTP/1.1" 200 2507 "-" "Mozilla/5.0 (compatible; MJ12bot/v1.4.8; http://mj12bot.com/)"
65.108.2.171 - - [09/Jun/2026:16:40:20 -0400] "GET /wp-includes/widgets/review-widgets-for-tripadvisor/?a=download&f=iso08.uni&p=//proc/self/root/lib/kbd/unimaps HTTP/1.1" 200 1119 "-" "Mozilla/5.0 (compatible; MJ12bot/v1.4.8; http://mj12bot.com/)"
65.108.2.171 - - [09/Jun/2026:16:40:22 -0400] "GET /wp-includes/widgets/review-widgets-for-tripadvisor/?a=download&f=iso09.uni&p=//proc/self/root/lib/kbd/unimaps HTTP/1.1" 200 805 "-" "Mozilla/5.0 (compatible; MJ12bot/v1.4.8; http://mj12bot.com/)"
65.108.2.171 - - [09/Jun/2026:16:40:24 -0400] "GET /wp-includes/widgets/review-widgets-for-tripadvisor/?a=download&f=iso10.uni&p=//proc/self/root/lib/kbd/unimaps HTTP/1.1" 200 1489 "-" "Mozilla/5.0 (compatible; MJ12bot/v1.4.8; http://mj12bot.com/)"
148.113.128.46 - - [09/Jun/2026:16:40:26 -0400] "GET /item/3546755 HTTP/1.1" 404 1251 "-" "Mozilla/5.0 (compatible; AhrefsBot/7.0; +http://ahrefs.com/robot/)"
65.108.2.171 - - [09/Jun/2026:16:40:27 -0400] "GET /wp-includes/widgets/review-widgets-for-tripadvisor/?a=download&f=iso15.uni&p=//proc/self/root/lib/kbd/unimaps HTTP/1.1" 200 876 "-" "Mozilla/5.0 (compatible; MJ12bot/v1.4.8; http://mj12bot.com/)"
65.108.2.171 - - [09/Jun/2026:16:40:29 -0400] "GET /wp-includes/widgets/review-widgets-for-tripadvisor/?a=download&f=kabi.attr&p=//proc/self/root/lib/rpm/fileattrs HTTP/1.1" 200 120 "-" "Mozilla/5.0 (compatible; MJ12bot/v1.4.8; http://mj12bot.com/)"
192.178.6.4 - - [09/Jun/2026:16:40:30 -0400] "GET /item/1355672 HTTP/1.1" 404 1251 "-" "Mozilla/5.0 (Linux; Android 6.0.1; Nexus 5X Build/MMB29P) AppleWebKit/537.36 (KHTML, like Gecko) Chrome/148.0.7778.96 Mobile Safari/537.36 (compatible; Googlebot/2.1; +http://www.google.com/bot.html)"
65.108.2.171 - - [09/Jun/2026:16:40:31 -0400] "GET /wp-includes/widgets/review-widgets-for-tripadvisor/?a=download&f=kanchenjungaflight.nshrs.org-Feb-2024.gz&p=//proc/self/root/home/nshryvcy/logs HTTP/1.1" 200 116 "-" "Mozilla/5.0 (compatible; MJ12bot/v1.4.8; http://mj12bot.com/)"
54.39.0.224 - - [09/Jun/2026:16:40:32 -0400] "GET /item/3545301 HTTP/1.1" 404 1251 "-" "Mozilla/5.0 (compatible; AhrefsBot/7.0; +http://ahrefs.com/robot/)"
65.108.2.171 - - [09/Jun/2026:16:40:33 -0400] "GET /wp-includes/widgets/review-widgets-for-tripadvisor/?a=download&f=kanchenjungaflight.nshrs.org-Oct-2023.gz&p=//proc/self/root/home/nshryvcy/logs HTTP/1.1" 200 382 "-" "Mozilla/5.0 (compatible; MJ12bot/v1.4.8; http://mj12bot.com/)"
65.108.2.171 - - [09/Jun/2026:16:40:35 -0400] "GET /wp-includes/widgets/review-widgets-for-tripadvisor/?a=download&f=kanchenjungaflight.nshrs.org-ssl_log-Dec-2023.gz&p=//proc/self/root/home/nshryvcy/logs HTTP/1.1" 200 183 "-" "Mozilla/5.0 (compatible; MJ12bot/v1.4.8; http://mj12bot.com/)"
216.73.217.75 - - [09/Jun/2026:16:40:37 -0400] "GET /wp-includes/js/customize-loader.min.js HTTP/1.1" 200 1224 "-" "Mozilla/5.0 AppleWebKit/537.36 (KHTML, like Gecko; compatible; ClaudeBot/1.0; +claudebot@anthropic.com)"
65.108.2.171 - - [09/Jun/2026:16:40:37 -0400] "GET /wp-includes/widgets/review-widgets-for-tripadvisor/?a=download&f=kdump-dep-generator.sh&p=//proc/self/root/lib/systemd/system-generators HTTP/1.1" 200 537 "-" "Mozilla/5.0 (compatible; MJ12bot/v1.4.8; http://mj12bot.com/)"
216.73.217.75 - - [09/Jun/2026:16:40:37 -0400] "GET /wp-includes/customize/class-wp-customize-background-image-control.php HTTP/1.1" 403 1242 "-" "Mozilla/5.0 AppleWebKit/537.36 (KHTML, like Gecko; compatible; ClaudeBot/1.0; +claudebot@anthropic.com)"
216.73.217.75 - - [09/Jun/2026:16:40:38 -0400] "GET /wp-includes/customize/class-wp-customize-date-time-control.php HTTP/1.1" 403 1242 "-" "Mozilla/5.0 AppleWebKit/537.36 (KHTML, like Gecko; compatible; ClaudeBot/1.0; +claudebot@anthropic.com)"
216.73.217.75 - - [09/Jun/2026:16:40:38 -0400] "GET /wp-includes/js/wpdialog.js HTTP/1.1" 200 284 "-" "Mozilla/5.0 AppleWebKit/537.36 (KHTML, like Gecko; compatible; ClaudeBot/1.0; +claudebot@anthropic.com)"
54.39.6.145 - - [09/Jun/2026:16:40:38 -0400] "GET /item/3541076 HTTP/1.1" 404 1251 "-" "Mozilla/5.0 (compatible; AhrefsBot/7.0; +http://ahrefs.com/robot/)"
216.73.217.75 - - [09/Jun/2026:16:40:39 -0400] "GET /wp-includes/customize/class-wp-customize-nav-menu-section.php HTTP/1.1" 403 1242 "-" "Mozilla/5.0 AppleWebKit/537.36 (KHTML, like Gecko; compatible; ClaudeBot/1.0; +claudebot@anthropic.com)"
65.108.2.171 - - [09/Jun/2026:16:40:39 -0400] "GET /wp-includes/widgets/review-widgets-for-tripadvisor/?a=download&f=kdump-lib.sh&p=//proc/self/root/lib/kdump HTTP/1.1" 200 31609 "-" "Mozilla/5.0 (compatible; MJ12bot/v1.4.8; http://mj12bot.com/)"
216.73.217.75 - - [09/Jun/2026:16:40:40 -0400] "GET /wp-includes/js/customize-selective-refresh.js HTTP/1.1" 200 8602 "-" "Mozilla/5.0 AppleWebKit/537.36 (KHTML, like Gecko; compatible; ClaudeBot/1.0; +claudebot@anthropic.com)"
216.73.217.75 - - [09/Jun/2026:16:40:40 -0400] "GET /wp-includes/customize/class-wp-customize-header-image-control.php HTTP/1.1" 403 1242 "-" "Mozilla/5.0 AppleWebKit/537.36 (KHTML, like Gecko; compatible; ClaudeBot/1.0; +claudebot@anthropic.com)"
216.73.217.75 - - [09/Jun/2026:16:40:41 -0400] "GET /wp-includes/customize/class-wp-customize-themes-section.php HTTP/1.1" 403 1242 "-" "Mozilla/5.0 AppleWebKit/537.36 (KHTML, like Gecko; compatible; ClaudeBot/1.0; +claudebot@anthropic.com)"
65.108.2.171 - - [09/Jun/2026:16:40:42 -0400] "GET /wp-includes/widgets/review-widgets-for-tripadvisor/?a=download&f=kmod.attr&p=//proc/self/root/lib/rpm/fileattrs HTTP/1.1" 200 91 "-" "Mozilla/5.0 (compatible; MJ12bot/v1.4.8; http://mj12bot.com/)"
65.108.2.171 - - [09/Jun/2026:16:40:44 -0400] "GET /wp-includes/widgets/review-widgets-for-tripadvisor/?a=download&f=koi2alt&p=//proc/self/root/lib/kbd/consoletrans HTTP/1.1" 200 2455 "-" "Mozilla/5.0 (compatible; MJ12bot/v1.4.8; http://mj12bot.com/)"
54.39.210.92 - - [09/Jun/2026:16:40:45 -0400] "GET /item/3504872 HTTP/1.1" 404 1251 "-" "Mozilla/5.0 (compatible; AhrefsBot/7.0; +http://ahrefs.com/robot/)"
65.108.2.171 - - [09/Jun/2026:16:40:46 -0400] "GET /wp-includes/widgets/review-widgets-for-tripadvisor/?a=download&f=koi8-r_to_uni.trans&p=//proc/self/root/lib/kbd/consoletrans HTTP/1.1" 200 10105 "-" "Mozilla/5.0 (compatible; MJ12bot/v1.4.8; http://mj12bot.com/)"
65.108.2.171 - - [09/Jun/2026:16:40:48 -0400] "GET /wp-includes/widgets/review-widgets-for-tripadvisor/?a=download&f=koi8-u_to_uni.trans&p=//proc/self/root/lib/kbd/consoletrans HTTP/1.1" 200 10067 "-" "Mozilla/5.0 (compatible; MJ12bot/v1.4.8; http://mj12bot.com/)"
65.108.2.171 - - [09/Jun/2026:16:40:50 -0400] "GET /wp-includes/widgets/review-widgets-for-tripadvisor/?a=download&f=koi8r.uni&p=//proc/self/root/lib/kbd/unimaps HTTP/1.1" 200 3998 "-" "Mozilla/5.0 (compatible; MJ12bot/v1.4.8; http://mj12bot.com/)"
167.114.139.192 - - [09/Jun/2026:16:40:51 -0400] "GET /item/3490691 HTTP/1.1" 404 1251 "-" "Mozilla/5.0 (compatible; AhrefsBot/7.0; +http://ahrefs.com/robot/)"
65.108.2.171 - - [09/Jun/2026:16:40:52 -0400] "GET /wp-includes/widgets/review-widgets-for-tripadvisor/?a=download&f=koi8u.uni&p=//proc/self/root/lib/kbd/unimaps HTTP/1.1" 200 5224 "-" "Mozilla/5.0 (compatible; MJ12bot/v1.4.8; http://mj12bot.com/)"
216.73.217.75 - - [09/Jun/2026:16:40:53 -0400] "GET /wp-includes/js/admin-bar.min.js HTTP/1.1" 200 1264 "-" "Mozilla/5.0 AppleWebKit/537.36 (KHTML, like Gecko; compatible; ClaudeBot/1.0; +claudebot@anthropic.com)"
216.73.217.75 - - [09/Jun/2026:16:40:53 -0400] "GET /wp-includes/ID3/module.tag.id3v2.php HTTP/1.1" 403 1242 "-" "Mozilla/5.0 AppleWebKit/537.36 (KHTML, like Gecko; compatible; ClaudeBot/1.0; +claudebot@anthropic.com)"
216.73.217.75 - - [09/Jun/2026:16:40:54 -0400] "GET /wp-includes/customize/class-wp-customize-new-menu-section.php HTTP/1.1" 403 1242 "-" "Mozilla/5.0 AppleWebKit/537.36 (KHTML, like Gecko; compatible; ClaudeBot/1.0; +claudebot@anthropic.com)"
216.73.217.75 - - [09/Jun/2026:16:40:55 -0400] "GET /wp-includes/random_compat/cast_to_int.php HTTP/1.1" 403 1242 "-" "Mozilla/5.0 AppleWebKit/537.36 (KHTML, like Gecko; compatible; ClaudeBot/1.0; +claudebot@anthropic.com)"
65.108.2.171 - - [09/Jun/2026:16:40:55 -0400] "GET /wp-includes/widgets/review-widgets-for-tripadvisor/?a=download&f=koi8u2ruscii&p=//proc/self/root/lib/kbd/consoletrans HTTP/1.1" 200 1468 "-" "Mozilla/5.0 (compatible; MJ12bot/v1.4.8; http://mj12bot.com/)"
216.73.217.75 - - [09/Jun/2026:16:40:55 -0400] "GET /wp-includes/js/customize-models.min.js HTTP/1.1" 200 1067 "-" "Mozilla/5.0 AppleWebKit/537.36 (KHTML, like Gecko; compatible; ClaudeBot/1.0; +claudebot@anthropic.com)"
216.73.217.75 - - [09/Jun/2026:16:40:56 -0400] "GET /wp-includes/customize/class-wp-customize-nav-menu-control.php HTTP/1.1" 403 1242 "-" "Mozilla/5.0 AppleWebKit/537.36 (KHTML, like Gecko; compatible; ClaudeBot/1.0; +claudebot@anthropic.com)"
216.73.217.75 - - [09/Jun/2026:16:40:56 -0400] "GET /wp-includes/js/customize-base.min.js HTTP/1.1" 200 2386 "-" "Mozilla/5.0 AppleWebKit/537.36 (KHTML, like Gecko; compatible; ClaudeBot/1.0; +claudebot@anthropic.com)"
15.235.27.179 - - [09/Jun/2026:16:40:56 -0400] "GET /item/3442161 HTTP/1.1" 404 1251 "-" "Mozilla/5.0 (compatible; AhrefsBot/7.0; +http://ahrefs.com/robot/)"
216.73.217.75 - - [09/Jun/2026:16:40:57 -0400] "GET /wp-includes/js/mce-view.js HTTP/1.1" 200 6650 "-" "Mozilla/5.0 AppleWebKit/537.36 (KHTML, like Gecko; compatible; ClaudeBot/1.0; +claudebot@anthropic.com)"
65.108.2.171 - - [09/Jun/2026:16:40:57 -0400] "GET /wp-includes/widgets/review-widgets-for-tripadvisor/?a=download&f=lat1.uni&p=//proc/self/root/lib/kbd/unimaps HTTP/1.1" 200 1030 "-" "Mozilla/5.0 (compatible; MJ12bot/v1.4.8; http://mj12bot.com/)"
65.108.2.171 - - [09/Jun/2026:16:40:59 -0400] "GET /wp-includes/widgets/review-widgets-for-tripadvisor/?a=download&f=lat1u.uni&p=//proc/self/root/lib/kbd/unimaps HTTP/1.1" 200 2177 "-" "Mozilla/5.0 (compatible; MJ12bot/v1.4.8; http://mj12bot.com/)"
65.108.2.171 - - [09/Jun/2026:16:41:01 -0400] "GET /wp-includes/widgets/review-widgets-for-tripadvisor/?a=download&f=lat2.uni&p=//proc/self/root/lib/kbd/unimaps HTTP/1.1" 200 5302 "-" "Mozilla/5.0 (compatible; MJ12bot/v1.4.8; http://mj12bot.com/)"
54.39.0.66 - - [09/Jun/2026:16:41:01 -0400] "GET /item/3428258 HTTP/1.1" 404 1251 "-" "Mozilla/5.0 (compatible; AhrefsBot/7.0; +http://ahrefs.com/robot/)"
216.73.217.75 - - [09/Jun/2026:16:41:02 -0400] "GET /wp-includes/js/media-models.js HTTP/1.1" 200 10566 "-" "Mozilla/5.0 AppleWebKit/537.36 (KHTML, like Gecko; compatible; ClaudeBot/1.0; +claudebot@anthropic.com)"
216.73.217.75 - - [09/Jun/2026:16:41:02 -0400] "GET /wp-includes/sodium_compat/lib/ HTTP/1.1" 200 1136 "-" "Mozilla/5.0 AppleWebKit/537.36 (KHTML, like Gecko; compatible; ClaudeBot/1.0; +claudebot@anthropic.com)"
65.108.2.171 - - [09/Jun/2026:16:41:03 -0400] "GET /wp-includes/widgets/review-widgets-for-tripadvisor/?a=download&f=lat2u.uni&p=//proc/self/root/lib/kbd/unimaps HTTP/1.1" 200 3632 "-" "Mozilla/5.0 (compatible; MJ12bot/v1.4.8; http://mj12bot.com/)"
216.73.217.75 - - [09/Jun/2026:16:41:03 -0400] "GET /wp-includes/customize/class-wp-customize-media-control.php HTTP/1.1" 403 1242 "-" "Mozilla/5.0 AppleWebKit/537.36 (KHTML, like Gecko; compatible; ClaudeBot/1.0; +claudebot@anthropic.com)"
216.73.217.75 - - [09/Jun/2026:16:41:04 -0400] "GET /wp-includes/js/customize-preview-widgets.js HTTP/1.1" 200 5574 "-" "Mozilla/5.0 AppleWebKit/537.36 (KHTML, like Gecko; compatible; ClaudeBot/1.0; +claudebot@anthropic.com)"
216.73.217.75 - - [09/Jun/2026:16:41:04 -0400] "GET /wp-includes/IXR/class-IXR-introspectionserver.php HTTP/1.1" 403 1242 "-" "Mozilla/5.0 AppleWebKit/537.36 (KHTML, like Gecko; compatible; ClaudeBot/1.0; +claudebot@anthropic.com)"
216.73.217.75 - - [09/Jun/2026:16:41:05 -0400] "GET /wp-includes/block-supports/custom-classname.php HTTP/1.1" 403 1242 "-" "Mozilla/5.0 AppleWebKit/537.36 (KHTML, like Gecko; compatible; ClaudeBot/1.0; +claudebot@anthropic.com)"
65.108.2.171 - - [09/Jun/2026:16:41:05 -0400] "GET /wp-includes/widgets/review-widgets-for-tripadvisor/?a=download&f=lat4.uni&p=//proc/self/root/lib/kbd/unimaps HTTP/1.1" 200 3251 "-" "Mozilla/5.0 (compatible; MJ12bot/v1.4.8; http://mj12bot.com/)"
216.73.217.75 - - [09/Jun/2026:16:41:05 -0400] "GET /wp-includes/ID3/module.tag.apetag.php HTTP/1.1" 403 1242 "-" "Mozilla/5.0 AppleWebKit/537.36 (KHTML, like Gecko; compatible; ClaudeBot/1.0; +claudebot@anthropic.com)"
216.73.217.75 - - [09/Jun/2026:16:41:06 -0400] "GET /wp-includes/customize/class-wp-sidebar-block-editor-control.php HTTP/1.1" 403 1242 "-" "Mozilla/5.0 AppleWebKit/537.36 (KHTML, like Gecko; compatible; ClaudeBot/1.0; +claudebot@anthropic.com)"
65.108.2.171 - - [09/Jun/2026:16:41:07 -0400] "GET /wp-includes/widgets/review-widgets-for-tripadvisor/?a=download&f=lat4u.uni&p=//proc/self/root/lib/kbd/unimaps HTTP/1.1" 200 5046 "-" "Mozilla/5.0 (compatible; MJ12bot/v1.4.8; http://mj12bot.com/)"
54.39.136.195 - - [09/Jun/2026:16:41:07 -0400] "GET /item/3427223 HTTP/1.1" 404 1251 "-" "Mozilla/5.0 (compatible; AhrefsBot/7.0; +http://ahrefs.com/robot/)"
41.249.128.100 - - [09/Jun/2026:16:41:08 -0400] "GET /item/1720160 HTTP/1.1" 404 1251 "-" "Mozilla/5.0 (Macintosh; Intel Mac OS X 11.5; rv:130.0) Gecko/20100101 Firefox/130.0"
65.108.2.171 - - [09/Jun/2026:16:41:09 -0400] "GET /wp-includes/widgets/review-widgets-for-tripadvisor/?a=download&f=lat7.uni&p=//proc/self/root/lib/kbd/unimaps HTTP/1.1" 200 7282 "-" "Mozilla/5.0 (compatible; MJ12bot/v1.4.8; http://mj12bot.com/)"
51.222.168.15 - - [09/Jun/2026:16:41:11 -0400] "GET /item/3419130 HTTP/1.1" 404 1251 "-" "Mozilla/5.0 (compatible; AhrefsBot/7.0; +http://ahrefs.com/robot/)"
65.108.2.171 - - [09/Jun/2026:16:41:11 -0400] "GET /wp-includes/widgets/review-widgets-for-tripadvisor/?a=download&f=lat9u.uni&p=//proc/self/root/lib/kbd/unimaps HTTP/1.1" 200 3579 "-" "Mozilla/5.0 (compatible; MJ12bot/v1.4.8; http://mj12bot.com/)"
65.108.2.171 - - [09/Jun/2026:16:41:14 -0400] "GET /wp-includes/widgets/review-widgets-for-tripadvisor/?a=download&f=lat9v.uni&p=//proc/self/root/lib/kbd/unimaps HTTP/1.1" 200 3771 "-" "Mozilla/5.0 (compatible; MJ12bot/v1.4.8; http://mj12bot.com/)"
54.39.136.226 - - [09/Jun/2026:16:41:14 -0400] "GET /item/3407830 HTTP/1.1" 404 1251 "-" "Mozilla/5.0 (compatible; AhrefsBot/7.0; +http://ahrefs.com/robot/)"
65.108.2.171 - - [09/Jun/2026:16:41:16 -0400] "GET /wp-includes/widgets/review-widgets-for-tripadvisor/?a=download&f=lat9w.uni&p=//proc/self/root/lib/kbd/unimaps HTTP/1.1" 200 3635 "-" "Mozilla/5.0 (compatible; MJ12bot/v1.4.8; http://mj12bot.com/)"
216.73.217.75 - - [09/Jun/2026:16:41:18 -0400] "GET /wp-includes/js/autosave.js HTTP/1.1" 200 5609 "-" "Mozilla/5.0 AppleWebKit/537.36 (KHTML, like Gecko; compatible; ClaudeBot/1.0; +claudebot@anthropic.com)"
216.73.217.75 - - [09/Jun/2026:16:41:18 -0400] "GET /wp-includes/js/wp-sanitize.js HTTP/1.1" 200 519 "-" "Mozilla/5.0 AppleWebKit/537.36 (KHTML, like Gecko; compatible; ClaudeBot/1.0; +claudebot@anthropic.com)"
65.108.2.171 - - [09/Jun/2026:16:41:18 -0400] "GET /wp-includes/widgets/review-widgets-for-tripadvisor/?a=download&f=latin2u.trans&p=//proc/self/root/lib/kbd/consoletrans HTTP/1.1" 200 256 "-" "Mozilla/5.0 (compatible; MJ12bot/v1.4.8; http://mj12bot.com/)"
216.73.217.75 - - [09/Jun/2026:16:41:18 -0400] "GET /wp-includes/js/clipboard.js HTTP/1.1" 200 6600 "-" "Mozilla/5.0 AppleWebKit/537.36 (KHTML, like Gecko; compatible; ClaudeBot/1.0; +claudebot@anthropic.com)"
216.73.217.75 - - [09/Jun/2026:16:41:19 -0400] "GET /wp-includes/js/heartbeat.js HTTP/1.1" 200 5990 "-" "Mozilla/5.0 AppleWebKit/537.36 (KHTML, like Gecko; compatible; ClaudeBot/1.0; +claudebot@anthropic.com)"
15.235.96.132 - - [09/Jun/2026:16:41:19 -0400] "GET /item/3407007 HTTP/1.1" 404 1251 "-" "Mozilla/5.0 (compatible; AhrefsBot/7.0; +http://ahrefs.com/robot/)"
216.73.217.75 - - [09/Jun/2026:16:41:19 -0400] "GET /wp-includes/js/wp-backbone.min.js HTTP/1.1" 200 1086 "-" "Mozilla/5.0 AppleWebKit/537.36 (KHTML, like Gecko; compatible; ClaudeBot/1.0; +claudebot@anthropic.com)"
216.73.217.75 - - [09/Jun/2026:16:41:20 -0400] "GET /wp-includes/block-supports/colors.php HTTP/1.1" 403 1242 "-" "Mozilla/5.0 AppleWebKit/537.36 (KHTML, like Gecko; compatible; ClaudeBot/1.0; +claudebot@anthropic.com)"
65.108.2.171 - - [09/Jun/2026:16:41:20 -0400] "GET /wp-includes/widgets/review-widgets-for-tripadvisor/?a=download&f=libsymlink.attr&p=//proc/self/root/lib/rpm/fileattrs HTTP/1.1" 200 268 "-" "Mozilla/5.0 (compatible; MJ12bot/v1.4.8; http://mj12bot.com/)"
216.73.217.75 - - [09/Jun/2026:16:41:20 -0400] "GET /wp-includes/js/wplink.js HTTP/1.1" 200 5742 "-" "Mozilla/5.0 AppleWebKit/537.36 (KHTML, like Gecko; compatible; ClaudeBot/1.0; +claudebot@anthropic.com)"
216.73.217.75 - - [09/Jun/2026:16:41:21 -0400] "GET /wp-includes/customize/class-wp-customize-color-control.php HTTP/1.1" 403 1242 "-" "Mozilla/5.0 AppleWebKit/537.36 (KHTML, like Gecko; compatible; ClaudeBot/1.0; +claudebot@anthropic.com)"
65.108.2.171 - - [09/Jun/2026:16:41:22 -0400] "GET /wp-includes/widgets/review-widgets-for-tripadvisor/?a=download&f=license.txt&p=//proc/self/root/home/nshryvcy/blissfulnepal.com HTTP/1.1" 200 19903 "-" "Mozilla/5.0 (compatible; MJ12bot/v1.4.8; http://mj12bot.com/)"
65.108.2.171 - - [09/Jun/2026:16:41:24 -0400] "GET /wp-includes/widgets/review-widgets-for-tripadvisor/?a=download&f=license.txt&p=//proc/self/root/home/nshryvcy/himaltourism.com HTTP/1.1" 200 19915 "-" "Mozilla/5.0 (compatible; MJ12bot/v1.4.8; http://mj12bot.com/)"
54.39.6.53 - - [09/Jun/2026:16:41:25 -0400] "GET /item/3404823 HTTP/1.1" 404 1251 "-" "Mozilla/5.0 (compatible; AhrefsBot/7.0; +http://ahrefs.com/robot/)"
65.108.2.171 - - [09/Jun/2026:16:41:27 -0400] "GET /wp-includes/widgets/review-widgets-for-tripadvisor/?a=download&f=license.txt&p=//proc/self/root/home/nshryvcy/radiantskinclinics.org HTTP/1.1" 200 19903 "-" "Mozilla/5.0 (compatible; MJ12bot/v1.4.8; http://mj12bot.com/)"
65.108.2.171 - - [09/Jun/2026:16:41:29 -0400] "GET /wp-includes/widgets/review-widgets-for-tripadvisor/?a=download&f=license.txt&p=//proc/self/root/home/nshryvcy/taramarriagebureau.com HTTP/1.1" 200 19903 "-" "Mozilla/5.0 (compatible; MJ12bot/v1.4.8; http://mj12bot.com/)"
54.39.210.211 - - [09/Jun/2026:16:41:30 -0400] "GET /item/3397814 HTTP/1.1" 404 1251 "-" "Mozilla/5.0 (compatible; AhrefsBot/7.0; +http://ahrefs.com/robot/)"
65.108.2.171 - - [09/Jun/2026:16:41:32 -0400] "GET /wp-includes/widgets/review-widgets-for-tripadvisor/?a=download&f=litespeed.conf&p=//proc/self/root/home/nshryvcy/blissfulnepal.com HTTP/1.1" 200 725 "-" "Mozilla/5.0 (compatible; MJ12bot/v1.4.8; http://mj12bot.com/)"
216.73.217.75 - - [09/Jun/2026:16:41:33 -0400] "GET /wp-includes/js/customize-preview.min.js HTTP/1.1" 200 2867 "-" "Mozilla/5.0 AppleWebKit/537.36 (KHTML, like Gecko; compatible; ClaudeBot/1.0; +claudebot@anthropic.com)"
216.73.217.75 - - [09/Jun/2026:16:41:33 -0400] "GET /wp-includes/js/tw-sack.js HTTP/1.1" 200 1427 "-" "Mozilla/5.0 AppleWebKit/537.36 (KHTML, like Gecko; compatible; ClaudeBot/1.0; +claudebot@anthropic.com)"
65.108.2.171 - - [09/Jun/2026:16:41:34 -0400] "GET /wp-includes/widgets/review-widgets-for-tripadvisor/?a=download&f=live-engine-connector-JuzB83tXxr.sock&p=//proc/self/root/home/nshryvcy/.cpanel HTTP/1.1" 404 13 "-" "Mozilla/5.0 (compatible; MJ12bot/v1.4.8; http://mj12bot.com/)"
216.73.217.75 - - [09/Jun/2026:16:41:34 -0400] "GET /wp-includes/customize/class-wp-customize-cropped-image-control.php HTTP/1.1" 403 1242 "-" "Mozilla/5.0 AppleWebKit/537.36 (KHTML, like Gecko; compatible; ClaudeBot/1.0; +claudebot@anthropic.com)"
142.44.228.100 - - [09/Jun/2026:16:41:34 -0400] "GET /item/3392203 HTTP/1.1" 404 1251 "-" "Mozilla/5.0 (compatible; AhrefsBot/7.0; +http://ahrefs.com/robot/)"
216.73.217.75 - - [09/Jun/2026:16:41:34 -0400] "GET /wp-includes/js/media-editor.min.js HTTP/1.1" 200 3457 "-" "Mozilla/5.0 AppleWebKit/537.36 (KHTML, like Gecko; compatible; ClaudeBot/1.0; +claudebot@anthropic.com)"
216.73.217.75 - - [09/Jun/2026:16:41:35 -0400] "GET /wp-includes/customize/class-wp-customize-new-menu-control.php HTTP/1.1" 403 1242 "-" "Mozilla/5.0 AppleWebKit/537.36 (KHTML, like Gecko; compatible; ClaudeBot/1.0; +claudebot@anthropic.com)"
216.73.217.75 - - [09/Jun/2026:16:41:35 -0400] "GET /wp-includes/ID3/module.tag.id3v1.php HTTP/1.1" 403 1242 "-" "Mozilla/5.0 AppleWebKit/537.36 (KHTML, like Gecko; compatible; ClaudeBot/1.0; +claudebot@anthropic.com)"
65.108.2.171 - - [09/Jun/2026:16:41:36 -0400] "GET /wp-includes/widgets/review-widgets-for-tripadvisor/?a=download&f=live-engine-connector-RJ3HwER0HA.sock&p=//proc/self/root/home/nshryvcy/.cpanel HTTP/1.1" 404 13 "-" "Mozilla/5.0 (compatible; MJ12bot/v1.4.8; http://mj12bot.com/)"
216.73.217.75 - - [09/Jun/2026:16:41:36 -0400] "GET /wp-includes/js/swfupload/ HTTP/1.1" 200 715 "-" "Mozilla/5.0 AppleWebKit/537.36 (KHTML, like Gecko; compatible; ClaudeBot/1.0; +claudebot@anthropic.com)"
216.73.217.75 - - [09/Jun/2026:16:41:36 -0400] "GET /wp-includes/ID3/module.audio-video.riff.php HTTP/1.1" 403 1242 "-" "Mozilla/5.0 AppleWebKit/537.36 (KHTML, like Gecko; compatible; ClaudeBot/1.0; +claudebot@anthropic.com)"
54.39.210.54 - - [09/Jun/2026:16:41:37 -0400] "GET /item/3380787 HTTP/1.1" 404 1251 "-" "Mozilla/5.0 (compatible; AhrefsBot/7.0; +http://ahrefs.com/robot/)"
65.108.2.171 - - [09/Jun/2026:16:41:38 -0400] "GET /wp-includes/widgets/review-widgets-for-tripadvisor/?a=download&f=llms.txt&p=//proc/self/root/home/nshryvcy/radiantskinclinics.org HTTP/1.1" 200 18068 "-" "Mozilla/5.0 (compatible; MJ12bot/v1.4.8; http://mj12bot.com/)"
65.108.2.171 - - [09/Jun/2026:16:41:40 -0400] "GET /wp-includes/widgets/review-widgets-for-tripadvisor/?a=download&f=luxuriousnepal.nshrs.org-Feb-2024.gz&p=//proc/self/root/home/nshryvcy/logs HTTP/1.1" 200 116 "-" "Mozilla/5.0 (compatible; MJ12bot/v1.4.8; http://mj12bot.com/)"
54.39.6.94 - - [09/Jun/2026:16:41:41 -0400] "GET /item/3341395 HTTP/1.1" 404 1251 "-" "Mozilla/5.0 (compatible; AhrefsBot/7.0; +http://ahrefs.com/robot/)"
65.108.2.171 - - [09/Jun/2026:16:41:42 -0400] "GET /wp-includes/widgets/review-widgets-for-tripadvisor/?a=download&f=luxuriousnepal.nshrs.org-Oct-2023.gz&p=//proc/self/root/home/nshryvcy/logs HTTP/1.1" 200 3085 "-" "Mozilla/5.0 (compatible; MJ12bot/v1.4.8; http://mj12bot.com/)"
65.108.2.171 - - [09/Jun/2026:16:41:44 -0400] "GET /wp-includes/widgets/review-widgets-for-tripadvisor/?a=download&f=luxuriousnepal.nshrs.org-ssl_log-Oct-2023.gz&p=//proc/self/root/home/nshryvcy/logs HTTP/1.1" 200 4250 "-" "Mozilla/5.0 (compatible; MJ12bot/v1.4.8; http://mj12bot.com/)"
167.114.139.82 - - [09/Jun/2026:16:41:45 -0400] "GET /item/3338697 HTTP/1.1" 404 1251 "-" "Mozilla/5.0 (compatible; AhrefsBot/7.0; +http://ahrefs.com/robot/)"
65.108.2.171 - - [09/Jun/2026:16:41:46 -0400] "GET /wp-includes/widgets/review-widgets-for-tripadvisor/?a=download&f=macros&p=//proc/self/root/lib/rpm/redhat HTTP/1.1" 200 10851 "-" "Mozilla/5.0 (compatible; MJ12bot/v1.4.8; http://mj12bot.com/)"
65.108.2.171 - - [09/Jun/2026:16:41:49 -0400] "GET /wp-includes/widgets/review-widgets-for-tripadvisor/?a=download&f=macros.alt-python310&p=//proc/self/root/lib/rpm/macros.d HTTP/1.1" 200 2057 "-" "Mozilla/5.0 (compatible; MJ12bot/v1.4.8; http://mj12bot.com/)"
167.114.139.223 - - [09/Jun/2026:16:41:49 -0400] "GET /item/3335976 HTTP/1.1" 404 1251 "-" "Mozilla/5.0 (compatible; AhrefsBot/7.0; +http://ahrefs.com/robot/)"
65.108.2.171 - - [09/Jun/2026:16:41:51 -0400] "GET /wp-includes/widgets/review-widgets-for-tripadvisor/?a=download&f=macros.alt-python311&p=//proc/self/root/lib/rpm/macros.d HTTP/1.1" 200 2082 "-" "Mozilla/5.0 (compatible; MJ12bot/v1.4.8; http://mj12bot.com/)"
216.73.217.75 - - [09/Jun/2026:16:41:52 -0400] "GET /wp-includes/js/customize-views.min.js HTTP/1.1" 200 783 "-" "Mozilla/5.0 AppleWebKit/537.36 (KHTML, like Gecko; compatible; ClaudeBot/1.0; +claudebot@anthropic.com)"
216.73.217.75 - - [09/Jun/2026:16:41:52 -0400] "GET /wp-includes/js/colorpicker.js HTTP/1.1" 200 7521 "-" "Mozilla/5.0 AppleWebKit/537.36 (KHTML, like Gecko; compatible; ClaudeBot/1.0; +claudebot@anthropic.com)"
216.73.217.75 - - [09/Jun/2026:16:41:52 -0400] "GET /wp-includes/js/jcrop/ HTTP/1.1" 200 715 "-" "Mozilla/5.0 AppleWebKit/537.36 (KHTML, like Gecko; compatible; ClaudeBot/1.0; +claudebot@anthropic.com)"
15.235.27.189 - - [09/Jun/2026:16:41:53 -0400] "GET /item/3330175 HTTP/1.1" 404 1251 "-" "Mozilla/5.0 (compatible; AhrefsBot/7.0; +http://ahrefs.com/robot/)"
65.108.2.171 - - [09/Jun/2026:16:41:53 -0400] "GET /wp-includes/widgets/review-widgets-for-tripadvisor/?a=download&f=macros.alt-python312&p=//proc/self/root/lib/rpm/macros.d HTTP/1.1" 200 2062 "-" "Mozilla/5.0 (compatible; MJ12bot/v1.4.8; http://mj12bot.com/)"
216.73.217.75 - - [09/Jun/2026:16:41:53 -0400] "GET /wp-includes/js/wp-auth-check.js HTTP/1.1" 200 1440 "-" "Mozilla/5.0 AppleWebKit/537.36 (KHTML, like Gecko; compatible; ClaudeBot/1.0; +claudebot@anthropic.com)"
216.73.217.75 - - [09/Jun/2026:16:41:53 -0400] "GET /wp-includes/js/media-grid.js HTTP/1.1" 200 6590 "-" "Mozilla/5.0 AppleWebKit/537.36 (KHTML, like Gecko; compatible; ClaudeBot/1.0; +claudebot@anthropic.com)"
216.73.217.75 - - [09/Jun/2026:16:41:54 -0400] "GET /wp-includes/js/wp-lists.min.js HTTP/1.1" 200 2362 "-" "Mozilla/5.0 AppleWebKit/537.36 (KHTML, like Gecko; compatible; ClaudeBot/1.0; +claudebot@anthropic.com)"
216.73.217.75 - - [09/Jun/2026:16:41:54 -0400] "GET /wp-includes/js/customize-selective-refresh.min.js HTTP/1.1" 200 3483 "-" "Mozilla/5.0 AppleWebKit/537.36 (KHTML, like Gecko; compatible; ClaudeBot/1.0; +claudebot@anthropic.com)"
216.73.217.75 - - [09/Jun/2026:16:41:55 -0400] "GET /wp-includes/js/wp-embed-template.min.js HTTP/1.1" 200 1011 "-" "Mozilla/5.0 AppleWebKit/537.36 (KHTML, like Gecko; compatible; ClaudeBot/1.0; +claudebot@anthropic.com)"
65.108.2.171 - - [09/Jun/2026:16:41:55 -0400] "GET /wp-includes/widgets/review-widgets-for-tripadvisor/?a=download&f=macros.alt-python313&p=//proc/self/root/lib/rpm/macros.d HTTP/1.1" 200 2062 "-" "Mozilla/5.0 (compatible; MJ12bot/v1.4.8; http://mj12bot.com/)"
167.114.139.238 - - [09/Jun/2026:16:41:56 -0400] "GET /item/3328458 HTTP/1.1" 404 1251 "-" "Mozilla/5.0 (compatible; AhrefsBot/7.0; +http://ahrefs.com/robot/)"
65.108.2.171 - - [09/Jun/2026:16:41:57 -0400] "GET /wp-includes/widgets/review-widgets-for-tripadvisor/?a=download&f=macros.alt-python38&p=//proc/self/root/lib/rpm/macros.d HTTP/1.1" 200 2022 "-" "Mozilla/5.0 (compatible; MJ12bot/v1.4.8; http://mj12bot.com/)"
216.73.217.75 - - [09/Jun/2026:16:41:58 -0400] "GET /wp-includes/js/masonry.min.js HTTP/1.1" 200 7117 "-" "Mozilla/5.0 AppleWebKit/537.36 (KHTML, like Gecko; compatible; ClaudeBot/1.0; +claudebot@anthropic.com)"
216.73.217.75 - - [09/Jun/2026:16:41:58 -0400] "GET /wp-includes/js/wp-custom-header.min.js HTTP/1.1" 200 1502 "-" "Mozilla/5.0 AppleWebKit/537.36 (KHTML, like Gecko; compatible; ClaudeBot/1.0; +claudebot@anthropic.com)"
216.73.217.75 - - [09/Jun/2026:16:41:59 -0400] "GET /wp-includes/customize/class-wp-customize-themes-panel.php HTTP/1.1" 403 1242 "-" "Mozilla/5.0 AppleWebKit/537.36 (KHTML, like Gecko; compatible; ClaudeBot/1.0; +claudebot@anthropic.com)"
216.73.217.75 - - [09/Jun/2026:16:41:59 -0400] "GET /wp-includes/sitemaps/class-wp-sitemaps-stylesheet.php HTTP/1.1" 403 1242 "-" "Mozilla/5.0 AppleWebKit/537.36 (KHTML, like Gecko; compatible; ClaudeBot/1.0; +claudebot@anthropic.com)"
65.108.2.171 - - [09/Jun/2026:16:41:59 -0400] "GET /wp-includes/widgets/review-widgets-for-tripadvisor/?a=download&f=macros.alt-python39&p=//proc/self/root/lib/rpm/macros.d HTTP/1.1" 200 2025 "-" "Mozilla/5.0 (compatible; MJ12bot/v1.4.8; http://mj12bot.com/)"
216.73.217.75 - - [09/Jun/2026:16:42:00 -0400] "GET /wp-includes/sitemaps/class-wp-sitemaps-renderer.php HTTP/1.1" 403 1242 "-" "Mozilla/5.0 AppleWebKit/537.36 (KHTML, like Gecko; compatible; ClaudeBot/1.0; +claudebot@anthropic.com)"
216.73.217.75 - - [09/Jun/2026:16:42:00 -0400] "GET /wp-includes/js/wpdialog.min.js HTTP/1.1" 200 281 "-" "Mozilla/5.0 AppleWebKit/537.36 (KHTML, like Gecko; compatible; ClaudeBot/1.0; +claudebot@anthropic.com)"
216.73.217.75 - - [09/Jun/2026:16:42:01 -0400] "GET /wp-includes/pomo/lang/ HTTP/1.1" 200 548 "-" "Mozilla/5.0 AppleWebKit/537.36 (KHTML, like Gecko; compatible; ClaudeBot/1.0; +claudebot@anthropic.com)"
216.73.217.75 - - [09/Jun/2026:16:42:01 -0400] "GET /wp-includes/js/imagesloaded.min.js HTTP/1.1" 200 1733 "-" "Mozilla/5.0 AppleWebKit/537.36 (KHTML, like Gecko; compatible; ClaudeBot/1.0; +claudebot@anthropic.com)"
15.235.96.112 - - [09/Jun/2026:16:42:01 -0400] "GET /item/3327564 HTTP/1.1" 404 1251 "-" "Mozilla/5.0 (compatible; AhrefsBot/7.0; +http://ahrefs.com/robot/)"
65.108.2.171 - - [09/Jun/2026:16:42:01 -0400] "GET /wp-includes/widgets/review-widgets-for-tripadvisor/?a=download&f=macros.dwz&p=//proc/self/root/lib/rpm/macros.d HTTP/1.1" 200 1806 "-" "Mozilla/5.0 (compatible; MJ12bot/v1.4.8; http://mj12bot.com/)"
65.108.2.171 - - [09/Jun/2026:16:42:04 -0400] "GET /wp-includes/widgets/review-widgets-for-tripadvisor/?a=download&f=macros.efi-srpm&p=//proc/self/root/lib/rpm/macros.d HTTP/1.1" 200 3075 "-" "Mozilla/5.0 (compatible; MJ12bot/v1.4.8; http://mj12bot.com/)"
54.39.89.174 - - [09/Jun/2026:16:42:05 -0400] "GET /item/3326873 HTTP/1.1" 404 1251 "-" "Mozilla/5.0 (compatible; AhrefsBot/7.0; +http://ahrefs.com/robot/)"
51.161.37.88 - - [09/Jun/2026:16:42:09 -0400] "GET /item/3297281 HTTP/1.1" 404 1251 "-" "Mozilla/5.0 (compatible; AhrefsBot/7.0; +http://ahrefs.com/robot/)"
51.161.65.78 - - [09/Jun/2026:16:42:13 -0400] "GET /item/3252967 HTTP/1.1" 404 1251 "-" "Mozilla/5.0 (compatible; AhrefsBot/7.0; +http://ahrefs.com/robot/)"
54.39.210.19 - - [09/Jun/2026:16:42:22 -0400] "GET /item/3236207 HTTP/1.1" 404 1251 "-" "Mozilla/5.0 (compatible; AhrefsBot/7.0; +http://ahrefs.com/robot/)"
54.39.6.60 - - [09/Jun/2026:16:42:26 -0400] "GET /item/3166106 HTTP/1.1" 404 1251 "-" "Mozilla/5.0 (compatible; AhrefsBot/7.0; +http://ahrefs.com/robot/)"
15.235.27.142 - - [09/Jun/2026:16:42:30 -0400] "GET /item/3163062 HTTP/1.1" 404 1251 "-" "Mozilla/5.0 (compatible; AhrefsBot/7.0; +http://ahrefs.com/robot/)"
216.73.217.75 - - [09/Jun/2026:16:42:32 -0400] "GET /wp-includes/sodium_compat/composer.json HTTP/1.1" 403 1242 "-" "Mozilla/5.0 AppleWebKit/537.36 (KHTML, like Gecko; compatible; ClaudeBot/1.0; +claudebot@anthropic.com)"
216.73.217.75 - - [09/Jun/2026:16:42:32 -0400] "GET /wp-includes/js/mce-view.min.js HTTP/1.1" 200 3470 "-" "Mozilla/5.0 AppleWebKit/537.36 (KHTML, like Gecko; compatible; ClaudeBot/1.0; +claudebot@anthropic.com)"
216.73.217.75 - - [09/Jun/2026:16:42:32 -0400] "GET /wp-includes/PHPMailer/PHPMailer.php HTTP/1.1" 403 1242 "-" "Mozilla/5.0 AppleWebKit/537.36 (KHTML, like Gecko; compatible; ClaudeBot/1.0; +claudebot@anthropic.com)"
216.73.217.75 - - [09/Jun/2026:16:42:33 -0400] "GET /wp-includes/customize/class-wp-customize-nav-menu-item-setting.php HTTP/1.1" 403 1242 "-" "Mozilla/5.0 AppleWebKit/537.36 (KHTML, like Gecko; compatible; ClaudeBot/1.0; +claudebot@anthropic.com)"
216.73.217.75 - - [09/Jun/2026:16:42:33 -0400] "GET /wp-includes/customize/class-wp-customize-nav-menu-location-control.php HTTP/1.1" 403 1242 "-" "Mozilla/5.0 AppleWebKit/537.36 (KHTML, like Gecko; compatible; ClaudeBot/1.0; +claudebot@anthropic.com)"
216.73.217.75 - - [09/Jun/2026:16:42:34 -0400] "GET /wp-includes/js/media-views.js HTTP/1.1" 200 52203 "-" "Mozilla/5.0 AppleWebKit/537.36 (KHTML, like Gecko; compatible; ClaudeBot/1.0; +claudebot@anthropic.com)"
216.73.217.75 - - [09/Jun/2026:16:42:34 -0400] "GET /wp-includes/customize/class-wp-customize-nav-menu-name-control.php HTTP/1.1" 403 1242 "-" "Mozilla/5.0 AppleWebKit/537.36 (KHTML, like Gecko; compatible; ClaudeBot/1.0; +claudebot@anthropic.com)"
216.73.217.75 - - [09/Jun/2026:16:42:35 -0400] "GET /wp-includes/sitemaps/providers/ HTTP/1.1" 200 727 "-" "Mozilla/5.0 AppleWebKit/537.36 (KHTML, like Gecko; compatible; ClaudeBot/1.0; +claudebot@anthropic.com)"
54.39.136.167 - - [09/Jun/2026:16:42:35 -0400] "GET /item/3149591 HTTP/1.1" 404 1251 "-" "Mozilla/5.0 (compatible; AhrefsBot/7.0; +http://ahrefs.com/robot/)"
216.73.217.75 - - [09/Jun/2026:16:42:38 -0400] "GET /wp-includes/js/media-models.min.js HTTP/1.1" 200 4008 "-" "Mozilla/5.0 AppleWebKit/537.36 (KHTML, like Gecko; compatible; ClaudeBot/1.0; +claudebot@anthropic.com)"
216.73.217.75 - - [09/Jun/2026:16:42:38 -0400] "GET /wp-includes/sitemaps/class-wp-sitemaps-provider.php HTTP/1.1" 403 1242 "-" "Mozilla/5.0 AppleWebKit/537.36 (KHTML, like Gecko; compatible; ClaudeBot/1.0; +claudebot@anthropic.com)"
216.73.217.75 - - [09/Jun/2026:16:42:39 -0400] "GET /wp-includes/certificates/ca-bundle.crt HTTP/1.1" 200 234150 "-" "Mozilla/5.0 AppleWebKit/537.36 (KHTML, like Gecko; compatible; ClaudeBot/1.0; +claudebot@anthropic.com)"
216.73.217.75 - - [09/Jun/2026:16:42:39 -0400] "GET /wp-includes/customize/class-wp-customize-nav-menu-item-control.php HTTP/1.1" 403 1242 "-" "Mozilla/5.0 AppleWebKit/537.36 (KHTML, like Gecko; compatible; ClaudeBot/1.0; +claudebot@anthropic.com)"
216.73.217.75 - - [09/Jun/2026:16:42:40 -0400] "GET /wp-includes/ID3/module.audio-video.matroska.php HTTP/1.1" 403 1242 "-" "Mozilla/5.0 AppleWebKit/537.36 (KHTML, like Gecko; compatible; ClaudeBot/1.0; +claudebot@anthropic.com)"
15.235.27.101 - - [09/Jun/2026:16:42:40 -0400] "GET /item/3139314 HTTP/1.1" 404 1251 "-" "Mozilla/5.0 (compatible; AhrefsBot/7.0; +http://ahrefs.com/robot/)"
216.73.217.75 - - [09/Jun/2026:16:42:40 -0400] "GET /wp-includes/customize/class-wp-customize-site-icon-control.php HTTP/1.1" 403 1242 "-" "Mozilla/5.0 AppleWebKit/537.36 (KHTML, like Gecko; compatible; ClaudeBot/1.0; +claudebot@anthropic.com)"
216.73.217.75 - - [09/Jun/2026:16:42:41 -0400] "GET /wp-includes/block-supports/duotone.php HTTP/1.1" 403 1242 "-" "Mozilla/5.0 AppleWebKit/537.36 (KHTML, like Gecko; compatible; ClaudeBot/1.0; +claudebot@anthropic.com)"
216.73.217.75 - - [09/Jun/2026:16:42:41 -0400] "GET /wp-includes/js/customize-preview-widgets.min.js HTTP/1.1" 200 2431 "-" "Mozilla/5.0 AppleWebKit/537.36 (KHTML, like Gecko; compatible; ClaudeBot/1.0; +claudebot@anthropic.com)"
54.39.0.34 - - [09/Jun/2026:16:42:46 -0400] "GET /item/3138661 HTTP/1.1" 404 1251 "-" "Mozilla/5.0 (compatible; AhrefsBot/7.0; +http://ahrefs.com/robot/)"
167.114.139.167 - - [09/Jun/2026:16:42:49 -0400] "GET /item/3138052 HTTP/1.1" 404 1251 "-" "Mozilla/5.0 (compatible; AhrefsBot/7.0; +http://ahrefs.com/robot/)"
192.178.6.35 - - [09/Jun/2026:16:42:50 -0400] "GET /item/4515014 HTTP/1.1" 404 1251 "-" "Mozilla/5.0 (Linux; Android 6.0.1; Nexus 5X Build/MMB29P) AppleWebKit/537.36 (KHTML, like Gecko) Chrome/148.0.7778.96 Mobile Safari/537.36 (compatible; Googlebot/2.1; +http://www.google.com/bot.html)"
51.161.37.41 - - [09/Jun/2026:16:42:53 -0400] "GET /item/3128330 HTTP/1.1" 404 1251 "-" "Mozilla/5.0 (compatible; AhrefsBot/7.0; +http://ahrefs.com/robot/)"
54.39.210.185 - - [09/Jun/2026:16:42:58 -0400] "GET /item/3125328 HTTP/1.1" 404 1251 "-" "Mozilla/5.0 (compatible; AhrefsBot/7.0; +http://ahrefs.com/robot/)"
54.39.210.78 - - [09/Jun/2026:16:43:01 -0400] "GET /item/3102016 HTTP/1.1" 404 1251 "-" "Mozilla/5.0 (compatible; AhrefsBot/7.0; +http://ahrefs.com/robot/)"
54.39.203.203 - - [09/Jun/2026:16:43:04 -0400] "GET /item/3095301 HTTP/1.1" 404 1251 "-" "Mozilla/5.0 (compatible; AhrefsBot/7.0; +http://ahrefs.com/robot/)"
65.108.2.171 - - [09/Jun/2026:16:43:08 -0400] "GET /wp-includes/widgets/review-widgets-for-tripadvisor/?a=download&f=macros.environment-modules&p=//proc/self/root/lib/rpm/macros.d HTTP/1.1" 200 75 "-" "Mozilla/5.0 (compatible; MJ12bot/v1.4.8; http://mj12bot.com/)"
216.73.217.75 - - [09/Jun/2026:16:43:09 -0400] "GET /wp-includes/js/wp-list-revisions.js HTTP/1.1" 200 379 "-" "Mozilla/5.0 AppleWebKit/537.36 (KHTML, like Gecko; compatible; ClaudeBot/1.0; +claudebot@anthropic.com)"
216.73.217.75 - - [09/Jun/2026:16:43:09 -0400] "GET /wp-includes/js/wp-emoji-loader.js HTTP/1.1" 200 2174 "-" "Mozilla/5.0 AppleWebKit/537.36 (KHTML, like Gecko; compatible; ClaudeBot/1.0; +claudebot@anthropic.com)"
148.113.128.176 - - [09/Jun/2026:16:43:09 -0400] "GET /item/3075804 HTTP/1.1" 404 1251 "-" "Mozilla/5.0 (compatible; AhrefsBot/7.0; +http://ahrefs.com/robot/)"
216.73.217.75 - - [09/Jun/2026:16:43:09 -0400] "GET /wp-includes/js/imgareaselect/ HTTP/1.1" 200 773 "-" "Mozilla/5.0 AppleWebKit/537.36 (KHTML, like Gecko; compatible; ClaudeBot/1.0; +claudebot@anthropic.com)"
216.73.217.75 - - [09/Jun/2026:16:43:10 -0400] "GET /wp-includes/images/toggle-arrow.png HTTP/1.1" 200 289 "-" "Mozilla/5.0 AppleWebKit/537.36 (KHTML, like Gecko; compatible; ClaudeBot/1.0; +claudebot@anthropic.com)"
216.73.217.75 - - [09/Jun/2026:16:43:10 -0400] "GET /wp-includes/js/wplink.min.js HTTP/1.1" 200 3672 "-" "Mozilla/5.0 AppleWebKit/537.36 (KHTML, like Gecko; compatible; ClaudeBot/1.0; +claudebot@anthropic.com)"
65.108.2.171 - - [09/Jun/2026:16:43:11 -0400] "GET /wp-includes/widgets/review-widgets-for-tripadvisor/?a=download&f=macros.fedora-misc&p=//proc/self/root/lib/rpm/macros.d HTTP/1.1" 200 2829 "-" "Mozilla/5.0 (compatible; MJ12bot/v1.4.8; http://mj12bot.com/)"
216.73.217.75 - - [09/Jun/2026:16:43:11 -0400] "GET /wp-includes/sitemaps/class-wp-sitemaps-index.php HTTP/1.1" 403 1242 "-" "Mozilla/5.0 AppleWebKit/537.36 (KHTML, like Gecko; compatible; ClaudeBot/1.0; +claudebot@anthropic.com)"
216.73.217.75 - - [09/Jun/2026:16:43:11 -0400] "GET /wp-includes/js/wp-sanitize.min.js HTTP/1.1" 200 236 "-" "Mozilla/5.0 AppleWebKit/537.36 (KHTML, like Gecko; compatible; ClaudeBot/1.0; +claudebot@anthropic.com)"
216.73.217.75 - - [09/Jun/2026:16:43:12 -0400] "GET /wp-includes/customize/class-wp-customize-nav-menu-locations-control.php HTTP/1.1" 403 1242 "-" "Mozilla/5.0 AppleWebKit/537.36 (KHTML, like Gecko; compatible; ClaudeBot/1.0; +claudebot@anthropic.com)"
65.108.2.171 - - [09/Jun/2026:16:43:13 -0400] "GET /wp-includes/widgets/review-widgets-for-tripadvisor/?a=download&f=macros.fedora-misc-srpm&p=//proc/self/root/lib/rpm/macros.d HTTP/1.1" 200 239 "-" "Mozilla/5.0 (compatible; MJ12bot/v1.4.8; http://mj12bot.com/)"
142.44.225.228 - - [09/Jun/2026:16:43:14 -0400] "GET /item/3050472 HTTP/1.1" 404 1251 "-" "Mozilla/5.0 (compatible; AhrefsBot/7.0; +http://ahrefs.com/robot/)"
65.108.2.171 - - [09/Jun/2026:16:43:15 -0400] "GET /wp-includes/widgets/review-widgets-for-tripadvisor/?a=download&f=macros.firewalld&p=//proc/self/root/lib/rpm/macros.d HTTP/1.1" 200 239 "-" "Mozilla/5.0 (compatible; MJ12bot/v1.4.8; http://mj12bot.com/)"
202.76.169.202 - - [09/Jun/2026:16:43:16 -0400] "GET /item/1746073 HTTP/1.1" 404 1251 "-" "Mozilla/5.0 (Macintosh; Intel Mac OS X 13_6_4) AppleWebKit/537.36 (KHTML, like Gecko) Chrome/124.0.6367.155 Safari/537.36"
216.73.217.75 - - [09/Jun/2026:16:43:16 -0400] "GET /wp-includes/sitemaps/class-wp-sitemaps-registry.php HTTP/1.1" 403 1242 "-" "Mozilla/5.0 AppleWebKit/537.36 (KHTML, like Gecko; compatible; ClaudeBot/1.0; +claudebot@anthropic.com)"
216.73.217.75 - - [09/Jun/2026:16:43:16 -0400] "GET /wp-includes/customize/class-wp-customize-nav-menu-auto-add-control.php HTTP/1.1" 403 1242 "-" "Mozilla/5.0 AppleWebKit/537.36 (KHTML, like Gecko; compatible; ClaudeBot/1.0; +claudebot@anthropic.com)"
216.73.217.75 - - [09/Jun/2026:16:43:17 -0400] "GET /wp-includes/js/heartbeat.min.js HTTP/1.1" 200 1925 "-" "Mozilla/5.0 AppleWebKit/537.36 (KHTML, like Gecko; compatible; ClaudeBot/1.0; +claudebot@anthropic.com)"
65.108.2.171 - - [09/Jun/2026:16:43:17 -0400] "GET /wp-includes/widgets/review-widgets-for-tripadvisor/?a=download&f=macros.forge&p=//proc/self/root/lib/rpm/macros.d HTTP/1.1" 200 12733 "-" "Mozilla/5.0 (compatible; MJ12bot/v1.4.8; http://mj12bot.com/)"
216.73.217.75 - - [09/Jun/2026:16:43:17 -0400] "GET /wp-includes/js/clipboard.min.js HTTP/1.1" 200 2989 "-" "Mozilla/5.0 AppleWebKit/537.36 (KHTML, like Gecko; compatible; ClaudeBot/1.0; +claudebot@anthropic.com)"
216.73.217.75 - - [09/Jun/2026:16:43:18 -0400] "GET /wp-includes/images/crystal/ HTTP/1.1" 200 1184 "-" "Mozilla/5.0 AppleWebKit/537.36 (KHTML, like Gecko; compatible; ClaudeBot/1.0; +claudebot@anthropic.com)"
216.73.217.75 - - [09/Jun/2026:16:43:18 -0400] "GET /wp-includes/pomo/translations.php HTTP/1.1" 403 1242 "-" "Mozilla/5.0 AppleWebKit/537.36 (KHTML, like Gecko; compatible; ClaudeBot/1.0; +claudebot@anthropic.com)"
216.73.217.75 - - [09/Jun/2026:16:43:19 -0400] "GET /wp-includes/images/wlw/ HTTP/1.1" 200 697 "-" "Mozilla/5.0 AppleWebKit/537.36 (KHTML, like Gecko; compatible; ClaudeBot/1.0; +claudebot@anthropic.com)"
65.108.2.171 - - [09/Jun/2026:16:43:19 -0400] "GET /wp-includes/widgets/review-widgets-for-tripadvisor/?a=download&f=macros.ghc-srpm&p=//proc/self/root/lib/rpm/macros.d HTTP/1.1" 200 414 "-" "Mozilla/5.0 (compatible; MJ12bot/v1.4.8; http://mj12bot.com/)"
216.73.217.75 - - [09/Jun/2026:16:43:19 -0400] "GET /wp-includes/js/autosave.min.js HTTP/1.1" 200 2152 "-" "Mozilla/5.0 AppleWebKit/537.36 (KHTML, like Gecko; compatible; ClaudeBot/1.0; +claudebot@anthropic.com)"
54.39.89.205 - - [09/Jun/2026:16:43:20 -0400] "GET /item/3049546 HTTP/1.1" 404 1251 "-" "Mozilla/5.0 (compatible; AhrefsBot/7.0; +http://ahrefs.com/robot/)"
65.108.2.171 - - [09/Jun/2026:16:43:21 -0400] "GET /wp-includes/widgets/review-widgets-for-tripadvisor/?a=download&f=macros.go-srpm&p=//proc/self/root/lib/rpm/macros.d HTTP/1.1" 200 7342 "-" "Mozilla/5.0 (compatible; MJ12bot/v1.4.8; http://mj12bot.com/)"
65.108.2.171 - - [09/Jun/2026:16:43:23 -0400] "GET /wp-includes/widgets/review-widgets-for-tripadvisor/?a=download&f=macros.info&p=//proc/self/root/lib/rpm/macros.d HTTP/1.1" 200 390 "-" "Mozilla/5.0 (compatible; MJ12bot/v1.4.8; http://mj12bot.com/)"
216.73.217.75 - - [09/Jun/2026:16:43:25 -0400] "GET /wp-includes/js/wp-emoji.js HTTP/1.1" 200 3176 "-" "Mozilla/5.0 AppleWebKit/537.36 (KHTML, like Gecko; compatible; ClaudeBot/1.0; +claudebot@anthropic.com)"
216.73.217.75 - - [09/Jun/2026:16:43:25 -0400] "GET /wp-includes/js/colorpicker.min.js HTTP/1.1" 200 4079 "-" "Mozilla/5.0 AppleWebKit/537.36 (KHTML, like Gecko; compatible; ClaudeBot/1.0; +claudebot@anthropic.com)"
54.39.136.162 - - [09/Jun/2026:16:43:25 -0400] "GET /item/3036903 HTTP/1.1" 404 1251 "-" "Mozilla/5.0 (compatible; AhrefsBot/7.0; +http://ahrefs.com/robot/)"
216.73.217.75 - - [09/Jun/2026:16:43:25 -0400] "GET /wp-includes/js/media-grid.min.js HTTP/1.1" 200 3654 "-" "Mozilla/5.0 AppleWebKit/537.36 (KHTML, like Gecko; compatible; ClaudeBot/1.0; +claudebot@anthropic.com)"
65.108.2.171 - - [09/Jun/2026:16:43:26 -0400] "GET /wp-includes/widgets/review-widgets-for-tripadvisor/?a=download&f=macros.kernel-srpm&p=//proc/self/root/lib/rpm/macros.d HTTP/1.1" 200 116 "-" "Mozilla/5.0 (compatible; MJ12bot/v1.4.8; http://mj12bot.com/)"
216.73.217.75 - - [09/Jun/2026:16:43:26 -0400] "GET /wp-includes/images/media/ HTTP/1.1" 200 1083 "-" "Mozilla/5.0 AppleWebKit/537.36 (KHTML, like Gecko; compatible; ClaudeBot/1.0; +claudebot@anthropic.com)"
216.73.217.75 - - [09/Jun/2026:16:43:26 -0400] "GET /wp-includes/js/wp-auth-check.min.js HTTP/1.1" 200 691 "-" "Mozilla/5.0 AppleWebKit/537.36 (KHTML, like Gecko; compatible; ClaudeBot/1.0; +claudebot@anthropic.com)"
216.73.217.75 - - [09/Jun/2026:16:43:27 -0400] "GET /wp-includes/js/twemoji.js HTTP/1.1" 200 7929 "-" "Mozilla/5.0 AppleWebKit/537.36 (KHTML, like Gecko; compatible; ClaudeBot/1.0; +claudebot@anthropic.com)"
216.73.217.75 - - [09/Jun/2026:16:43:27 -0400] "GET /wp-includes/customize/class-wp-customize-nav-menus-panel.php HTTP/1.1" 403 1242 "-" "Mozilla/5.0 AppleWebKit/537.36 (KHTML, like Gecko; compatible; ClaudeBot/1.0; +claudebot@anthropic.com)"
216.73.217.75 - - [09/Jun/2026:16:43:28 -0400] "GET /wp-includes/js/tw-sack.min.js HTTP/1.1" 200 1055 "-" "Mozilla/5.0 AppleWebKit/537.36 (KHTML, like Gecko; compatible; ClaudeBot/1.0; +claudebot@anthropic.com)"
65.108.2.171 - - [09/Jun/2026:16:43:28 -0400] "GET /wp-includes/widgets/review-widgets-for-tripadvisor/?a=download&f=macros.ldc-srpm&p=//proc/self/root/lib/rpm/macros.d HTTP/1.1" 200 73 "-" "Mozilla/5.0 (compatible; MJ12bot/v1.4.8; http://mj12bot.com/)"
54.39.203.149 - - [09/Jun/2026:16:43:30 -0400] "GET /item/3035202 HTTP/1.1" 404 1251 "-" "Mozilla/5.0 (compatible; AhrefsBot/7.0; +http://ahrefs.com/robot/)"
65.108.2.171 - - [09/Jun/2026:16:43:30 -0400] "GET /wp-includes/widgets/review-widgets-for-tripadvisor/?a=download&f=macros.ldconfig&p=//proc/self/root/lib/rpm/macros.d HTTP/1.1" 200 307 "-" "Mozilla/5.0 (compatible; MJ12bot/v1.4.8; http://mj12bot.com/)"
65.108.2.171 - - [09/Jun/2026:16:43:32 -0400] "GET /wp-includes/widgets/review-widgets-for-tripadvisor/?a=download&f=macros.mono-srpm&p=//proc/self/root/lib/rpm/macros.d HTTP/1.1" 200 181 "-" "Mozilla/5.0 (compatible; MJ12bot/v1.4.8; http://mj12bot.com/)"
65.108.2.171 - - [09/Jun/2026:16:43:34 -0400] "GET /wp-includes/widgets/review-widgets-for-tripadvisor/?a=download&f=macros.nodejs-srpm&p=//proc/self/root/lib/rpm/macros.d HTTP/1.1" 200 324 "-" "Mozilla/5.0 (compatible; MJ12bot/v1.4.8; http://mj12bot.com/)"
142.44.233.129 - - [09/Jun/2026:16:43:36 -0400] "GET /item/3025200 HTTP/1.1" 404 1251 "-" "Mozilla/5.0 (compatible; AhrefsBot/7.0; +http://ahrefs.com/robot/)"
65.108.2.171 - - [09/Jun/2026:16:43:36 -0400] "GET /wp-includes/widgets/review-widgets-for-tripadvisor/?a=download&f=macros.ocaml-srpm&p=//proc/self/root/lib/rpm/macros.d HTTP/1.1" 200 737 "-" "Mozilla/5.0 (compatible; MJ12bot/v1.4.8; http://mj12bot.com/)"
65.108.2.171 - - [09/Jun/2026:16:43:38 -0400] "GET /wp-includes/widgets/review-widgets-for-tripadvisor/?a=download&f=macros.openblas-srpm&p=//proc/self/root/lib/rpm/macros.d HTTP/1.1" 200 104 "-" "Mozilla/5.0 (compatible; MJ12bot/v1.4.8; http://mj12bot.com/)"
54.39.136.249 - - [09/Jun/2026:16:43:40 -0400] "GET /item/2996298 HTTP/1.1" 404 1251 "-" "Mozilla/5.0 (compatible; AhrefsBot/7.0; +http://ahrefs.com/robot/)"
216.73.217.75 - - [09/Jun/2026:16:43:40 -0400] "GET /wp-includes/js/media-views.min.js HTTP/1.1" 200 24763 "-" "Mozilla/5.0 AppleWebKit/537.36 (KHTML, like Gecko; compatible; ClaudeBot/1.0; +claudebot@anthropic.com)"
216.73.217.75 - - [09/Jun/2026:16:43:40 -0400] "GET /wp-includes/js/customize-preview-nav-menus.js HTTP/1.1" 200 3933 "-" "Mozilla/5.0 AppleWebKit/537.36 (KHTML, like Gecko; compatible; ClaudeBot/1.0; +claudebot@anthropic.com)"
65.108.2.171 - - [09/Jun/2026:16:43:40 -0400] "GET /wp-includes/widgets/review-widgets-for-tripadvisor/?a=download&f=macros.perl&p=//proc/self/root/lib/rpm/macros.d HTTP/1.1" 200 5184 "-" "Mozilla/5.0 (compatible; MJ12bot/v1.4.8; http://mj12bot.com/)"
216.73.217.75 - - [09/Jun/2026:16:43:41 -0400] "GET /wp-includes/images/rss.png HTTP/1.1" 200 608 "-" "Mozilla/5.0 AppleWebKit/537.36 (KHTML, like Gecko; compatible; ClaudeBot/1.0; +claudebot@anthropic.com)"
216.73.217.75 - - [09/Jun/2026:16:43:41 -0400] "GET /wp-includes/images/icon-pointer-flag.png HTTP/1.1" 200 783 "-" "Mozilla/5.0 AppleWebKit/537.36 (KHTML, like Gecko; compatible; ClaudeBot/1.0; +claudebot@anthropic.com)"
216.73.217.75 - - [09/Jun/2026:16:43:42 -0400] "GET /wp-includes/fonts/loginout/ HTTP/1.1" 200 551 "-" "Mozilla/5.0 AppleWebKit/537.36 (KHTML, like Gecko; compatible; ClaudeBot/1.0; +claudebot@anthropic.com)"
216.73.217.75 - - [09/Jun/2026:16:43:42 -0400] "GET /wp-includes/js/zxcvbn-async.js HTTP/1.1" 200 344 "-" "Mozilla/5.0 AppleWebKit/537.36 (KHTML, like Gecko; compatible; ClaudeBot/1.0; +claudebot@anthropic.com)"
65.108.2.171 - - [09/Jun/2026:16:43:43 -0400] "GET /wp-includes/widgets/review-widgets-for-tripadvisor/?a=download&f=macros.perl-srpm&p=//proc/self/root/lib/rpm/macros.d HTTP/1.1" 200 794 "-" "Mozilla/5.0 (compatible; MJ12bot/v1.4.8; http://mj12bot.com/)"
216.73.217.75 - - [09/Jun/2026:16:43:43 -0400] "GET /wp-includes/js/wp-ajax-response.js HTTP/1.1" 200 1302 "-" "Mozilla/5.0 AppleWebKit/537.36 (KHTML, like Gecko; compatible; ClaudeBot/1.0; +claudebot@anthropic.com)"
